CREATE TABLE `system_alerts_status` (
  `system_alerts_status_id` int(11) NOT NULL,
  `customers_id` int(11) NOT NULL,
  `guid` int(11) NOT NULL,
  `status_read` tinyint(1) NOT NULL,
  `status_read_date` datetime NOT NULL
) ENGINE=MyISAM DEFAULT CHARSET=utf8;

--
-- Daten für Tabelle `system_alerts_status`
--

INSERT INTO `system_alerts_status` (`system_alerts_status_id`, `customers_id`, `guid`, `status_read`, `status_read_date`) VALUES
(1, 1, 3, 1, '2008-11-26 08:31:35'),
(2, 1, 2, 1, '2008-11-26 08:31:37'),
(3, 1, 1, 1, '2008-11-26 08:31:38'),
(4, 1, 4, 1, '2009-01-24 10:34:12'),
(5, 4987, 4, 1, '2009-02-19 19:07:38'),
(6, 4987, 3, 1, '2009-02-19 19:07:42'),
(7, 4987, 2, 1, '2009-02-19 19:07:44'),
(8, 4987, 1, 1, '2009-02-19 19:07:35'),
(9, 4987, 5, 1, '2009-06-27 19:44:11'),
(10, 1, 6, 1, '2009-07-14 18:13:48'),
(11, 1, 5, 1, '2009-07-14 18:13:51'),
(12, 4987, 6, 1, '2009-07-15 12:59:55'),
(13, 4987, 7, 1, '2009-10-20 15:04:24'),
(14, 1, 7, 1, '2009-11-13 11:15:21'),
(15, 4988, 7, 1, '2010-03-18 18:43:05'),
(16, 4988, 6, 1, '2010-03-18 18:43:07'),
(17, 4988, 5, 1, '2010-03-18 18:43:08'),
(18, 4988, 4, 1, '2010-03-18 18:43:10'),
(19, 4988, 3, 1, '2010-03-18 18:43:11'),
(20, 4988, 2, 1, '2010-03-18 18:43:13'),
(21, 4988, 1, 1, '2010-03-18 18:43:04'),
(22, 1, 9, 1, '2011-09-28 17:18:02'),
(23, 1, 8, 1, '2011-09-28 17:18:05');

-- --------------------------------------------------------

--
-- Tabellenstruktur für Tabelle `table_lock`
--

CREATE TABLE `table_lock` (
  `id` int(11) NOT NULL,
  `action_key` varchar(64) NOT NULL DEFAULT '',
  `status` enum('locked','open') NOT NULL DEFAULT 'locked',
  `last_lock` datetime NOT NULL DEFAULT '0000-00-00 00:00:00'
) ENGINE=MyISAM DEFAULT CHARSET=utf8;

--
-- Daten für Tabelle `table_lock`
--

INSERT INTO `table_lock` (`id`, `action_key`, `status`, `last_lock`) VALUES
(1, 'addtimer', 'locked', '2023-11-07 16:30:07');

-- --------------------------------------------------------

--
-- Tabellenstruktur für Tabelle `tags`
--

CREATE TABLE `tags` (
  `tags_id` int(11) NOT NULL,
  `tag` varchar(64) NOT NULL,
  `date_added` datetime NOT NULL,
  `editor_id` int(11) NOT NULL,
  `type` varchar(8) NOT NULL
) ENGINE=InnoDB DEFAULT CHARSET=utf8;

--
-- Daten für Tabelle `tags`
--

INSERT INTO `tags` (`tags_id`, `tag`, `date_added`, `editor_id`, `type`) VALUES
(1, 'Votiv Glas', '2017-10-19 16:19:24', 5000, 'product'),
(2, 'Leuchtglas', '2017-10-19 16:19:36', 5000, 'product'),
(3, 'Votiv-Gläser', '2017-10-19 16:19:51', 5000, 'product'),
(4, 'Hellmann Versand', '2017-10-19 16:20:04', 5000, 'product'),
(5, 'farbig', '2017-10-19 16:20:08', 5000, 'product'),
(6, 'bunt', '2017-10-19 16:20:10', 5000, 'product'),
(7, 'Teelicht', '2017-10-19 16:20:21', 5000, 'product'),
(8, 'Teelichthalter', '2017-10-19 16:20:25', 5000, 'product'),
(9, 'Windlicht', '2017-10-19 16:20:28', 5000, 'product'),
(10, 'Windlichthalter', '2017-10-19 16:20:44', 5000, 'product'),
(11, 'Teelichter', '2017-10-19 16:20:47', 5000, 'product'),
(12, 'Votiv-Gläser', '2017-10-24 14:06:32', 5000, 'product'),
(13, 'Frühling', '2017-10-24 14:54:22', 5000, 'product'),
(14, 'Sommer', '2017-10-24 14:54:25', 5000, 'product'),
(15, 'Frühling', '2017-10-24 14:54:34', 5000, 'product'),
(16, 'Votiv-Gläser', '2017-10-24 14:55:17', 5000, 'product'),
(19, 'Stadt', '2017-10-24 14:55:57', 5000, 'product'),
(20, 'Votiv-Gläser', '2017-10-24 14:57:06', 5000, 'product'),
(21, 'Winter', '2017-10-24 14:57:31', 5000, 'product'),
(22, 'Weihnachten', '2017-10-24 14:57:35', 5000, 'product'),
(23, 'Votiv-Gläser', '2017-10-24 15:06:08', 5000, 'product'),
(24, 'Blumen', '2017-10-24 15:06:48', 5000, 'product'),
(25, 'Votiv-Gläser', '2017-10-24 15:24:17', 5000, 'product'),
(26, 'Votiv-Gläser', '2017-10-24 15:29:34', 5000, 'product'),
(27, 'Votiv-Gläser', '2017-10-24 16:24:43', 5000, 'product'),
(28, 'Ort', '2017-10-24 16:25:08', 5000, 'product'),
(29, 'Votiv-Gläser', '2017-10-24 16:30:00', 5000, 'product'),
(30, 'Votiv-Gläser', '2017-10-24 16:32:23', 5000, 'product'),
(31, 'Votiv-Gläser', '2017-10-24 16:35:11', 5000, 'product'),
(32, 'Rottöne', '2017-10-24 16:35:34', 5000, 'product'),
(33, 'Votiv-Gläser', '2017-10-24 16:52:49', 5000, 'product'),
(34, 'Votiv-Gläser', '2017-10-24 17:11:26', 5000, 'product'),
(36, 'Landschaft', '2017-10-24 17:12:03', 5000, 'product'),
(37, 'Frühling', '2017-10-24 17:12:18', 5000, 'product'),
(38, 'Votiv-Gläser', '2017-10-24 17:35:52', 5000, 'product'),
(39, 'Tiere', '2017-10-24 17:36:04', 5000, 'product'),
(40, 'Frühling', '2017-10-24 17:36:19', 5000, 'product'),
(41, 'Votiv-Gläser', '2017-10-24 17:43:48', 5000, 'product'),
(42, 'Votiv-Gläser', '2017-10-24 17:52:40', 5000, 'product'),
(43, 'Votiv-Gläser', '2017-10-24 17:57:29', 5000, 'product'),
(44, 'Votiv-Gläser', '2017-10-24 18:01:17', 5000, 'product'),
(45, 'Votiv-Gläser', '2017-10-24 18:07:22', 5000, 'product'),
(46, 'Nacht', '2017-10-24 18:07:38', 5000, 'product'),
(47, 'Votiv-Gläser', '2017-10-24 18:11:44', 5000, 'product'),
(48, 'Votiv-Gläser', '2017-10-25 15:43:41', 5000, 'product'),
(49, 'Rottöne', '2017-10-25 15:44:06', 5000, 'product'),
(50, 'Votiv-Gläser', '2017-10-25 15:51:31', 5000, 'product'),
(51, 'Votiv-Gläser', '2017-10-25 15:57:29', 5000, 'product'),
(52, 'Frühling', '2017-10-25 15:57:49', 5000, 'product'),
(53, 'Frühling', '2017-10-25 16:16:02', 5000, 'product'),
(54, 'Rottöne', '2017-10-25 16:19:37', 5000, 'product'),
(55, 'Liebe', '2017-10-25 16:19:53', 5000, 'product'),
(56, 'Frühling', '2017-10-25 16:24:25', 5000, 'product'),
(57, 'Herbst', '2017-10-25 16:47:53', 5000, 'product'),
(58, 'Frühling', '2017-10-25 16:52:41', 5000, 'product'),
(59, 'Sonne', '2017-10-25 16:52:47', 5000, 'product'),
(60, 'maritim', '2017-10-25 16:56:36', 5000, 'product'),
(61, 'Frühling', '2017-10-25 16:59:02', 5000, 'product'),
(62, 'Kunst', '2017-10-25 17:02:49', 5000, 'product'),
(63, 'Frühling', '2017-10-25 19:06:54', 5000, 'product'),
(64, 'Weihnachtsmarkt', '2017-10-26 13:28:05', 5000, 'product'),
(65, 'blau', '2017-10-26 13:36:03', 5000, 'product'),
(66, 'Schnee', '2017-10-26 14:57:24', 5000, 'product'),
(67, 'Katze', '2017-10-26 15:13:30', 5000, 'product'),
(68, 'Sterne', '2017-10-26 15:21:05', 5000, 'product'),
(69, 'weiss', '2017-10-26 15:21:11', 5000, 'product'),
(70, 'Frühling', '2017-10-26 15:50:40', 5000, 'product'),
(71, 'kirchlisch', '2017-10-26 16:04:38', 5000, 'product'),
(72, 'Frühling', '2017-10-26 16:29:27', 5000, 'product'),
(73, 'Vogel', '2017-10-26 17:45:59', 5000, 'product'),
(74, 'Unterteller', '2017-11-02 17:54:28', 5000, 'product'),
(75, 'Ersatzteller', '2017-11-02 17:55:02', 5000, 'product'),
(76, 'LED-Dioden', '2017-11-02 17:56:11', 5000, 'product'),
(77, 'Batterie', '2017-11-02 17:56:19', 5000, 'product'),
(78, 'Starlight', '2017-11-05 11:12:34', 5000, 'product'),
(79, 'LED-Base', '2017-11-05 11:12:40', 5000, 'product'),
(80, 'LEDBase', '2017-11-05 11:12:45', 5000, 'product'),
(81, 'Pflanzen', '2017-11-07 15:26:03', 5000, 'product'),
(82, 'Frühling', '2017-11-07 15:26:15', 5000, 'product'),
(83, 'Schwan', '2017-11-07 15:36:39', 5000, 'product'),
(84, 'Fisch', '2017-11-07 15:41:29', 5000, 'product'),
(85, 'Personen', '2017-11-07 17:45:17', 5000, 'product'),
(86, 'religiös', '2017-11-07 18:28:42', 5000, 'product'),
(87, 'Kirche', '2017-11-07 18:28:46', 5000, 'product'),
(88, 'Frühling', '2017-11-07 18:32:18', 5000, 'product'),
(89, 'Frühling', '2017-11-11 16:28:36', 5000, 'product'),
(91, 'Lampe', '2017-11-17 13:27:27', 5000, 'product'),
(92, 'Leuchte', '2017-11-17 13:27:29', 5000, 'product'),
(93, 'Frühling', '2017-11-17 13:27:56', 5000, 'product'),
(94, '3 Arm', '2017-11-22 15:09:42', 5000, 'product'),
(95, '11cm', '2017-11-22 15:10:01', 5000, 'product'),
(96, '6 Arm', '2017-11-22 16:54:57', 5000, 'product'),
(97, 'Frühling', '2017-11-24 14:02:55', 5000, 'product'),
(98, 'gute Nacht', '2017-11-24 14:03:12', 5000, 'product'),
(99, 'Weihnachtskrippe', '2017-11-28 14:01:10', 5000, 'product'),
(100, 'Frühling', '2017-11-28 14:37:59', 5000, 'product'),
(101, 'Sunday', '2017-12-01 14:36:51', 5000, 'product'),
(102, 'Frühling', '2017-12-01 14:56:48', 5000, 'product'),
(103, 'modern', '2017-12-01 15:39:13', 5000, 'product'),
(104, 'Frühling', '2017-12-01 16:06:24', 5000, 'product'),
(105, 'Frühling', '2017-12-01 16:17:18', 5000, 'product'),
(106, 'Weltall', '2017-12-28 17:20:23', 5000, 'product'),
(108, 'Frühling', '2017-12-28 17:57:50', 5000, 'product'),
(109, 'Frühling', '2017-12-29 17:09:08', 5000, 'product'),
(110, 'Frühling', '2017-12-29 18:40:28', 5000, 'product'),
(111, 'Porzellan', '2018-01-02 14:09:56', 5000, 'product'),
(112, 'Lotus', '2018-01-19 10:17:43', 5000, 'product'),
(113, 'Dorf', '2020-02-14 14:08:14', 5000, 'product'),
(114, 'Flower', '2020-02-14 14:08:49', 5000, 'product'),
(115, 'Natur', '2020-08-13 15:04:06', 5000, 'product'),
(116, 'universell', '2020-09-02 15:53:37', 5000, 'product'),
(117, 'Votiv-Gläser', '2020-09-02 15:54:32', 5000, 'product'),
(118, 'Votiv-Gläser', '2020-09-02 16:01:58', 5000, 'product'),
(119, 'Votiv-Gläser', '2020-09-02 16:24:14', 5000, 'product'),
(120, 'Meer', '2020-09-02 16:24:25', 5000, 'product'),
(121, 'Votiv-Gläser', '2020-09-02 16:33:45', 5000, 'product'),
(122, 'Frühling', '2020-09-02 16:33:54', 5000, 'product'),
(123, 'Frühling', '2020-09-02 16:43:53', 5000, 'product'),
(124, 'Votiv-Gläser', '2020-09-02 16:56:17', 5000, 'product'),
(125, 'Votiv-Gläser', '2020-09-02 17:07:31', 5000, 'product'),
(126, 'heiliger Abend', '2020-09-02 17:07:57', 5000, 'product'),
(127, 'Votiv-Gläser', '2020-09-02 17:14:31', 5000, 'product'),
(128, 'Votiv-Gläser', '2020-09-02 17:22:40', 5000, 'product'),
(129, 'orange', '2020-09-02 17:22:53', 5000, 'product'),
(130, 'Frühling', '2020-09-02 17:23:13', 5000, 'product'),
(131, 'Votiv-Gläser', '2020-09-02 17:24:58', 5000, 'product'),
(132, 'Votiv-Gläser', '2020-09-02 17:31:57', 5000, 'product'),
(133, 'Frühling', '2020-09-02 17:32:20', 5000, 'product'),
(134, 'Votiv-Gläser', '2020-09-02 17:46:12', 5000, 'product'),
(135, 'Votiv-Gläser', '2020-09-02 17:52:57', 5000, 'product'),
(136, 'Votiv-Gläser', '2020-09-02 18:02:55', 5000, 'product'),
(137, 'Frühling', '2020-09-02 18:03:15', 5000, 'product'),
(138, 'Votiv-Gläser', '2020-09-02 18:56:51', 5000, 'product'),
(139, 'Votiv-Gläser', '2020-09-02 19:01:06', 5000, 'product'),
(140, 'Votiv-Gläser', '2020-09-02 19:05:18', 5000, 'product'),
(141, 'Votiv-Gläser', '2020-09-02 19:11:21', 5000, 'product'),
(142, 'neutral', '2020-09-02 19:11:27', 5000, 'product'),
(143, 'Votiv-Gläser', '2020-09-02 19:18:25', 5000, 'product'),
(144, 'gelb', '2020-09-02 19:18:49', 5000, 'product'),
(145, 'Votiv-Gläser', '2020-09-03 11:02:04', 5000, 'product'),
(146, 'Frühling', '2020-09-03 11:02:29', 5000, 'product'),
(147, 'Votiv-Gläser', '2020-09-03 11:08:30', 5000, 'product'),
(148, 'Frühling', '2020-09-03 11:08:45', 5000, 'product'),
(149, 'Votiv-Gläser', '2020-09-03 11:13:42', 5000, 'product'),
(150, 'Frühling', '2020-09-03 11:14:17', 5000, 'product'),
(151, 'Votiv-Gläser', '2020-09-03 11:26:29', 5000, 'product'),
(152, 'Frühling', '2020-09-03 11:26:45', 5000, 'product'),
(153, 'Votiv-Gläser', '2020-09-03 11:31:29', 5000, 'product'),
(154, 'Votiv-Gläser', '2020-09-03 11:51:51', 5000, 'product'),
(155, 'rot', '2020-09-03 11:52:03', 5000, 'product'),
(156, 'Votiv-Gläser', '2020-09-03 12:51:47', 5000, 'product'),
(157, 'Kätzchen', '2020-09-03 12:55:41', 5000, 'product'),
(158, 'Votiv-Gläser', '2020-09-03 13:01:33', 5000, 'product'),
(159, 'Votiv-Gläser', '2020-09-03 13:10:42', 5000, 'product'),
(160, 'Rottöne', '2020-09-03 13:10:53', 5000, 'product'),
(161, 'Votiv-Gläser', '2020-09-03 13:15:13', 5000, 'product'),
(162, 'Votiv-Gläser', '2020-09-03 14:57:07', 5000, 'product'),
(163, 'Frühling', '2020-09-03 14:57:20', 5000, 'product'),
(164, 'Rottöne', '2020-09-03 14:57:45', 5000, 'product'),
(165, 'Votiv-Gläser', '2020-09-03 15:03:17', 5000, 'product'),
(166, 'Frühling', '2020-09-03 15:03:30', 5000, 'product'),
(167, 'Rottöne', '2020-09-03 15:03:39', 5000, 'product'),
(168, 'Votiv-Gläser', '2020-09-03 15:18:44', 5000, 'product'),
(169, 'Frühling', '2020-09-03 15:19:07', 5000, 'product'),
(170, 'Rottöne', '2020-09-03 15:19:18', 5000, 'product'),
(171, 'Votiv-Gläser', '2020-09-03 15:30:09', 5000, 'product'),
(172, 'Welle', '2020-09-03 15:30:33', 5000, 'product'),
(173, 'Wave', '2020-09-03 15:30:36', 5000, 'product'),
(174, 'Votiv-Gläser', '2020-09-03 15:37:46', 5000, 'product'),
(175, 'Votiv-Gläser', '2020-09-03 15:43:45', 5000, 'product'),
(176, 'Votiv-Gläser', '2020-09-03 15:55:49', 5000, 'product'),
(177, 'Votiv-Gläser', '2020-09-03 16:05:42', 5000, 'product'),
(178, 'Votiv-Gläser', '2020-09-03 16:40:59', 5000, 'product'),
(179, 'Votiv-Gläser', '2020-09-03 17:12:00', 5000, 'product'),
(180, 'Votiv-Gläser', '2020-09-03 17:22:39', 5000, 'product'),
(181, 'Muttertag', '2020-09-03 17:23:04', 5000, 'product'),
(182, 'Votiv-Gläser', '2020-09-03 17:32:45', 5000, 'product'),
(183, 'Votiv-Gläser', '2020-09-07 15:43:45', 5000, 'product'),
(184, 'Votiv-Gläser', '2020-09-10 18:16:07', 5000, 'product'),
(185, 'Votiv-Gläser', '2020-09-10 18:32:54', 5000, 'product'),
(186, 'Votiv-Gläser', '2020-09-10 18:59:59', 5000, 'product'),
(187, 'Votiv-Gläser', '2020-09-16 18:00:13', 5000, 'product'),
(188, 'kalt', '2020-09-16 18:00:24', 5000, 'product'),
(189, 'Votiv-Gläser', '2020-09-16 18:06:07', 5000, 'product'),
(190, 'Votiv-Gläser', '2020-09-16 18:10:43', 5000, 'product'),
(191, 'künstlerisch', '2020-09-16 18:10:56', 5000, 'product'),
(192, 'Votiv-Gläser', '2020-09-16 18:22:07', 5000, 'product'),
(193, 'künstlerisch', '2020-09-16 18:22:30', 5000, 'product'),
(194, 'Votiv-Gläser', '2020-09-16 18:26:59', 5000, 'product'),
(195, 'Votiv-Gläser', '2020-09-16 18:30:37', 5000, 'product'),
(196, 'Votiv-Gläser', '2020-09-16 18:34:48', 5000, 'product'),
(197, 'künstlerisch', '2020-09-16 18:35:34', 5000, 'product'),
(198, 'Votiv-Gläser', '2020-09-17 14:53:04', 5000, 'product'),
(199, 'Votiv-Gläser', '2020-09-17 15:05:08', 5000, 'product'),
(200, 'Votiv-Gläser', '2020-09-17 15:09:10', 5000, 'product'),
(201, 'Votiv-Gläser', '2020-09-17 15:12:35', 5000, 'product'),
(202, 'Votiv-Gläser', '2020-09-17 15:17:24', 5000, 'product'),
(203, 'Votiv-Gläser', '2020-09-17 15:22:47', 5000, 'product'),
(204, 'Votiv-Gläser', '2020-09-17 15:27:14', 5000, 'product'),
(205, 'Weihnachtsmann', '2020-09-17 15:27:41', 5000, 'product'),
(206, 'Votiv-Gläser', '2020-09-17 15:31:22', 5000, 'product'),
(207, 'Votiv-Gläser', '2020-09-17 15:36:24', 5000, 'product'),
(208, 'grün', '2020-09-17 15:36:43', 5000, 'product'),
(209, 'Votiv-Gläser', '2020-09-17 15:41:28', 5000, 'product'),
(210, 'Votiv-Gläser', '2020-09-17 15:44:17', 5000, 'product'),
(211, 'Votiv-Gläser', '2020-09-17 15:47:45', 5000, 'product'),
(212, 'Votiv-Gläser', '2020-09-17 15:54:15', 5000, 'product'),
(213, 'Votiv-Gläser', '2020-09-17 15:57:29', 5000, 'product'),
(214, 'Wasser', '2020-09-17 15:57:37', 5000, 'product'),
(215, 'See', '2020-09-17 15:57:47', 5000, 'product'),
(216, 'Votiv-Gläser', '2020-09-17 16:01:06', 5000, 'product'),
(217, 'Votiv-Gläser', '2020-09-17 16:04:00', 5000, 'product'),
(218, 'Rottöne', '2020-09-17 16:04:09', 5000, 'product'),
(219, 'Votiv-Gläser', '2020-09-17 16:08:37', 5000, 'product'),
(220, 'Votiv-Gläser', '2020-09-17 16:13:22', 5000, 'product'),
(221, 'Votiv-Gläser', '2020-09-17 16:16:12', 5000, 'product'),
(222, 'Votiv-Gläser', '2020-09-17 16:19:36', 5000, 'product'),
(223, 'Votiv-Gläser', '2020-09-17 16:23:18', 5000, 'product'),
(224, 'Votiv-Gläser', '2020-09-17 16:32:09', 5000, 'product'),
(225, 'Rottöne', '2020-09-17 16:32:16', 5000, 'product'),
(226, 'Votiv-Gläser', '2020-09-17 16:55:36', 5000, 'product'),
(227, 'Vögel', '2020-11-12 17:21:28', 5000, 'product'),
(228, 'Sehenswürdigkeiten', '2020-11-12 17:26:37', 5000, 'product'),
(229, 'Sehenswürdigkeiten', '2020-11-13 12:58:31', 5000, 'product'),
(230, 'Sehenswürdigkeiten', '2020-11-13 13:47:34', 5000, 'product'),
(231, 'Frühling', '2020-11-16 17:31:16', 5000, 'product'),
(232, 'Sehenswürdigkeiten', '2020-11-16 17:45:27', 5000, 'product'),
(233, 'Sehenswürdigkeiten', '2020-11-17 14:17:29', 5000, 'product'),
(234, 'Sehenswürdigkeiten', '2020-11-17 14:34:04', 5000, 'product'),
(235, 'Sehenswürdigkeiten', '2020-11-17 14:38:42', 5000, 'product'),
(236, 'Sehenswürdigkeiten', '2020-11-17 14:45:07', 5000, 'product'),
(237, 'Sehenswürdigkeiten', '2020-11-17 14:54:41', 5000, 'product'),
(238, 'Sehenswürdigkeiten', '2020-11-17 14:58:17', 5000, 'product'),
(239, 'Geschenke', '2020-11-17 15:10:41', 5000, 'product'),
(240, 'Frühling', '2020-11-19 18:12:40', 5000, 'product'),
(241, 'Sehenswürdigkeiten', '2020-11-19 18:19:23', 5000, 'product'),
(242, 'Sehenswürdigkeiten', '2020-11-19 18:27:34', 5000, 'product'),
(243, 'Rottöne', '2020-11-24 15:22:01', 5000, 'product'),
(244, 'Rottöne', '2020-11-24 15:32:17', 5000, 'product'),
(245, 'Rottöne', '2020-11-24 15:39:43', 5000, 'product'),
(246, 'Rottöne', '2020-11-24 15:45:12', 5000, 'product'),
(247, 'Sehenswürdigkeiten', '2020-11-24 15:52:39', 5000, 'product'),
(248, 'Sehenswürdigkeiten', '2020-11-24 15:55:05', 5000, 'product'),
(249, 'Rottöne', '2020-11-24 16:41:11', 5000, 'product'),
(250, 'Rottöne', '2020-11-24 16:43:34', 5000, 'product'),
(251, 'rosa', '2020-11-24 16:46:06', 5000, 'product'),
(252, 'Sehenswürdigkeiten', '2020-11-24 16:55:53', 5000, 'product'),
(253, 'Sehenswürdigkeiten', '2020-11-24 16:58:00', 5000, 'product'),
(254, 'Sehenswürdigkeiten', '2020-11-24 17:30:58', 5000, 'product'),
(255, 'Ersatzglas, mit Bohrung, Glas für Standleuchter Leuchtständer', '2021-09-30 14:44:36', 4999, 'product'),
(256, 'Ersatzglas, mit Bohrung, Glas für Standleuchter Leuchtständer', '2021-09-30 15:19:12', 4999, 'product'),
(257, 'Ersatzglas, mit Bohrung, Glas für Standleuchter Leuchtständer', '2021-09-30 15:45:20', 4999, 'product'),
(258, 'Ersatzglas, mit Bohrung, Glas für Standleuchter Leuchtständer', '2021-09-30 16:04:24', 4999, 'product'),
(259, 'Ersatzglas, mit Bohrung, Glas für Standleuchter Leuchtständer', '2021-09-30 16:12:23', 4999, 'product'),
(260, 'Ersatzglas, mit Bohrung, Glas für Standleuchter Leuchtständer', '2021-09-30 16:16:14', 4999, 'product'),
(261, 'Ersatzglas, mit Bohrung, Glas für Standleuchter Leuchtständer', '2021-09-30 16:22:50', 4999, 'product'),
(262, 'Ersatzglas, mit Bohrung, Glas für Standleuchter Leuchtständer', '2021-09-30 16:29:17', 4999, 'product'),
(263, 'Duftstövchen', '2021-10-13 15:12:53', 5000, 'product'),
(264, 'Duftstöfchen', '2021-10-13 15:12:59', 5000, 'product'),
(265, 'Stövchen', '2021-10-13 15:13:06', 5000, 'product'),
(266, 'Stöfchen', '2021-10-13 15:13:13', 5000, 'product'),
(268, 'Duftlampe', '2021-10-13 15:15:35', 5000, 'product'),
(269, 'Duftstöfchen', '2021-10-13 15:16:37', 5000, 'product'),
(270, 'Duftstövchen', '2021-10-13 15:16:40', 5000, 'product'),
(271, 'Stöfchen', '2021-10-13 15:16:43', 5000, 'product'),
(272, 'Stövchen', '2021-10-13 15:16:47', 5000, 'product'),
(273, 'Duftstöfchen', '2021-10-13 15:17:51', 5000, 'product'),
(274, 'Duftstövchen', '2021-10-13 15:17:54', 5000, 'product'),
(275, 'Stöfchen', '2021-10-13 15:17:59', 5000, 'product'),
(276, 'Stövchen', '2021-10-13 15:18:07', 5000, 'product'),
(277, 'Duftstövchen', '2021-10-13 15:18:44', 5000, 'product'),
(278, 'Duftstöfchen', '2021-10-13 15:18:50', 5000, 'product'),
(279, 'Stövchen', '2021-10-13 15:19:03', 5000, 'product'),
(280, 'Stöfchen', '2021-10-13 15:19:09', 5000, 'product'),
(281, 'Duftstöfchen', '2021-10-13 15:20:28', 5000, 'product'),
(282, 'Duftstövchen', '2021-10-13 15:20:32', 5000, 'product'),
(283, 'Stöfchen', '2021-10-13 15:20:38', 5000, 'product'),
(284, 'Stövchen', '2021-10-13 15:20:42', 5000, 'product'),
(285, 'Duftstöfchen', '2021-10-13 15:21:22', 5000, 'product'),
(286, 'Duftstövchen', '2021-10-13 15:21:26', 5000, 'product'),
(287, 'Stöfchen', '2021-10-13 15:21:30', 5000, 'product'),
(288, 'Stövchen', '2021-10-13 15:21:36', 5000, 'product'),
(289, 'Duftstöfchen', '2021-10-13 15:24:32', 5000, 'product'),
(290, 'Duftstövchen', '2021-10-13 15:24:35', 5000, 'product'),
(291, 'Stöfchen', '2021-10-13 15:24:39', 5000, 'product'),
(292, 'Stövchen', '2021-10-13 15:24:43', 5000, 'product'),
(293, 'Duftstöfchen', '2021-10-13 15:27:31', 5000, 'product'),
(294, 'Duftstövchen', '2021-10-13 15:27:36', 5000, 'product'),
(295, 'Stöfchen', '2021-10-13 15:27:40', 5000, 'product'),
(296, 'Stövchen', '2021-10-13 15:27:44', 5000, 'product'),
(297, 'Duftstöfchen', '2021-10-13 15:28:45', 5000, 'product'),
(298, 'Duftstövchen', '2021-10-13 15:28:49', 5000, 'product'),
(299, 'Stöfchen', '2021-10-13 15:28:53', 5000, 'product'),
(300, 'Stövchen', '2021-10-13 15:28:57', 5000, 'product'),
(301, 'Duftstöfchen', '2021-10-13 15:29:38', 5000, 'product'),
(302, 'Duftstövchen', '2021-10-13 15:29:41', 5000, 'product'),
(303, 'Stöfchen', '2021-10-13 15:29:46', 5000, 'product'),
(304, 'Stövchen', '2021-10-13 15:29:50', 5000, 'product'),
(305, 'Duftstöfchen', '2021-10-13 15:30:28', 5000, 'product'),
(306, 'Duftstövchen', '2021-10-13 15:30:32', 5000, 'product'),
(307, 'Stöfchen', '2021-10-13 15:30:37', 5000, 'product'),
(308, 'Stövchen', '2021-10-13 15:30:42', 5000, 'product'),
(309, 'Duftstöfchen', '2021-10-13 15:31:25', 5000, 'product'),
(310, 'Duftstövchen', '2021-10-13 15:31:28', 5000, 'product'),
(311, 'Stöfchen', '2021-10-13 15:31:33', 5000, 'product'),
(312, 'Stövchen', '2021-10-13 15:31:38', 5000, 'product'),
(313, 'Duftstöfchen', '2021-10-13 15:32:30', 5000, 'product'),
(314, 'Duftstövchen', '2021-10-13 15:32:34', 5000, 'product'),
(315, 'Stöfchen', '2021-10-13 15:32:38', 5000, 'product'),
(316, 'Stövchen', '2021-10-13 15:32:42', 5000, 'product');

-- --------------------------------------------------------

--
-- Tabellenstruktur für Tabelle `tags_products`
--

CREATE TABLE `tags_products` (
  `tags_products_id` int(11) NOT NULL,
  `tags_id` int(11) NOT NULL,
  `products_id` int(11) NOT NULL
) ENGINE=MyISAM DEFAULT CHARSET=utf8;

--
-- Daten für Tabelle `tags_products`
--

INSERT INTO `tags_products` (`tags_products_id`, `tags_id`, `products_id`) VALUES
(1, 1, 138),
(2, 2, 138),
(3, 3, 138),
(4, 4, 138),
(5, 5, 138),
(6, 6, 138),
(7, 7, 138),
(8, 8, 138),
(9, 9, 138),
(10, 10, 138),
(11, 11, 138),
(12, 4, 139),
(13, 2, 139),
(14, 7, 139),
(15, 11, 139),
(16, 8, 139),
(17, 1, 139),
(18, 12, 139),
(19, 9, 139),
(20, 10, 139),
(21, 6, 139),
(22, 5, 139),
(23, 13, 139),
(24, 14, 139),
(25, 15, 138),
(26, 14, 138),
(27, 4, 145),
(28, 2, 145),
(29, 7, 145),
(30, 11, 145),
(31, 8, 145),
(32, 1, 145),
(33, 16, 145),
(34, 9, 145),
(35, 10, 145),
(39, 4, 146),
(40, 2, 146),
(38, 19, 145),
(41, 7, 146),
(42, 11, 146),
(43, 8, 146),
(44, 1, 146),
(45, 20, 146),
(46, 9, 146),
(47, 10, 146),
(48, 21, 146),
(49, 22, 146),
(50, 19, 146),
(51, 4, 147),
(52, 2, 147),
(53, 7, 147),
(54, 11, 147),
(55, 8, 147),
(56, 1, 147),
(57, 23, 147),
(58, 9, 147),
(59, 10, 147),
(60, 6, 147),
(61, 24, 147),
(62, 4, 148),
(63, 2, 148),
(64, 7, 148),
(65, 11, 148),
(66, 8, 148),
(67, 1, 148),
(68, 25, 148),
(69, 9, 148),
(70, 10, 148),
(71, 21, 148),
(72, 19, 148),
(73, 22, 148),
(74, 4, 152),
(75, 2, 152),
(76, 7, 152),
(77, 11, 152),
(78, 8, 152),
(79, 1, 152),
(80, 26, 152),
(81, 9, 152),
(82, 10, 152),
(83, 21, 152),
(84, 19, 152),
(85, 22, 152),
(86, 4, 156),
(87, 2, 156),
(88, 7, 156),
(89, 11, 156),
(90, 8, 156),
(91, 1, 156),
(92, 27, 156),
(93, 9, 156),
(94, 10, 156),
(95, 19, 156),
(96, 6, 156),
(97, 28, 156),
(98, 4, 160),
(99, 2, 160),
(100, 7, 160),
(101, 11, 160),
(102, 8, 160),
(103, 1, 160),
(104, 29, 160),
(105, 9, 160),
(106, 10, 160),
(107, 21, 160),
(108, 19, 160),
(109, 28, 160),
(110, 22, 160),
(111, 4, 162),
(112, 2, 162),
(113, 7, 162),
(114, 11, 162),
(115, 8, 162),
(116, 1, 162),
(117, 30, 162),
(118, 9, 162),
(119, 10, 162),
(120, 21, 162),
(121, 19, 162),
(122, 28, 162),
(123, 22, 162),
(124, 4, 163),
(125, 2, 163),
(126, 7, 163),
(127, 11, 163),
(128, 8, 163),
(129, 1, 163),
(130, 31, 163),
(131, 22, 163),
(132, 21, 163),
(133, 32, 163),
(134, 9, 163),
(135, 10, 163),
(136, 4, 167),
(137, 2, 167),
(138, 7, 167),
(139, 11, 167),
(140, 8, 167),
(141, 1, 167),
(142, 33, 167),
(143, 9, 167),
(144, 10, 167),
(145, 22, 167),
(146, 6, 167),
(147, 4, 169),
(148, 2, 169),
(149, 7, 169),
(150, 11, 169),
(151, 8, 169),
(152, 1, 169),
(153, 34, 169),
(154, 9, 169),
(155, 10, 169),
(156, 14, 169),
(158, 36, 169),
(159, 6, 169),
(160, 37, 169),
(161, 4, 175),
(162, 2, 175),
(163, 7, 175),
(164, 11, 175),
(165, 8, 175),
(166, 1, 175),
(167, 38, 175),
(168, 9, 175),
(169, 10, 175),
(170, 39, 175),
(171, 14, 175),
(172, 40, 175),
(173, 4, 186),
(174, 2, 186),
(175, 7, 186),
(176, 11, 186),
(177, 8, 186),
(178, 1, 186),
(179, 41, 186),
(180, 9, 186),
(181, 10, 186),
(182, 21, 186),
(183, 22, 186),
(184, 4, 193),
(185, 2, 193),
(186, 7, 193),
(187, 11, 193),
(188, 8, 193),
(189, 1, 193),
(190, 42, 193),
(191, 9, 193),
(192, 10, 193),
(193, 21, 193),
(194, 19, 193),
(195, 36, 193),
(196, 4, 195),
(197, 2, 195),
(198, 7, 195),
(199, 11, 195),
(200, 8, 195),
(201, 1, 195),
(202, 43, 195),
(203, 9, 195),
(204, 10, 195),
(205, 14, 195),
(206, 36, 195),
(207, 28, 195),
(208, 4, 198),
(209, 2, 198),
(210, 7, 198),
(211, 11, 198),
(212, 8, 198),
(213, 1, 198),
(214, 44, 198),
(215, 9, 198),
(216, 10, 198),
(217, 14, 198),
(218, 19, 198),
(219, 28, 198),
(220, 4, 200),
(221, 2, 200),
(222, 7, 200),
(223, 11, 200),
(224, 8, 200),
(225, 1, 200),
(226, 45, 200),
(227, 9, 200),
(228, 10, 200),
(229, 19, 200),
(230, 46, 200),
(231, 28, 200),
(232, 21, 200),
(233, 4, 202),
(234, 2, 202),
(235, 7, 202),
(236, 11, 202),
(237, 8, 202),
(238, 1, 202),
(239, 47, 202),
(240, 9, 202),
(241, 10, 202),
(242, 14, 202),
(243, 39, 202),
(244, 36, 202),
(245, 4, 208),
(246, 2, 208),
(247, 7, 208),
(248, 11, 208),
(249, 8, 208),
(250, 1, 208),
(251, 48, 208),
(252, 9, 208),
(253, 10, 208),
(254, 21, 208),
(255, 22, 208),
(256, 49, 208),
(257, 4, 215),
(258, 2, 215),
(259, 7, 215),
(260, 11, 215),
(261, 8, 215),
(262, 1, 215),
(263, 50, 215),
(264, 9, 215),
(265, 10, 215),
(266, 14, 215),
(267, 36, 215),
(268, 6, 215),
(269, 4, 219),
(270, 2, 219),
(271, 7, 219),
(272, 11, 219),
(273, 8, 219),
(274, 1, 219),
(275, 51, 219),
(276, 9, 219),
(277, 10, 219),
(278, 39, 219),
(279, 52, 219),
(280, 14, 219),
(281, 4, 226),
(282, 2, 226),
(283, 7, 226),
(284, 11, 226),
(285, 8, 226),
(286, 1, 226),
(287, 9, 226),
(288, 10, 226),
(289, 19, 226),
(290, 6, 226),
(291, 4, 227),
(292, 2, 227),
(293, 7, 227),
(294, 11, 227),
(295, 8, 227),
(296, 1, 227),
(297, 9, 227),
(298, 10, 227),
(299, 19, 227),
(300, 14, 227),
(301, 53, 227),
(302, 6, 227),
(303, 4, 229),
(304, 2, 229),
(305, 7, 229),
(306, 11, 229),
(307, 8, 229),
(308, 1, 229),
(309, 9, 229),
(310, 10, 229),
(311, 24, 229),
(312, 54, 229),
(313, 14, 229),
(314, 55, 229),
(315, 4, 231),
(316, 2, 231),
(317, 7, 231),
(318, 11, 231),
(319, 8, 231),
(320, 1, 231),
(321, 9, 231),
(322, 10, 231),
(323, 19, 231),
(324, 6, 231),
(325, 14, 231),
(326, 56, 231),
(327, 4, 237),
(328, 2, 237),
(329, 7, 237),
(330, 11, 237),
(331, 8, 237),
(332, 1, 237),
(333, 9, 237),
(334, 10, 237),
(335, 21, 237),
(336, 19, 237),
(337, 22, 237),
(338, 46, 237),
(339, 4, 261),
(340, 2, 261),
(341, 7, 261),
(342, 11, 261),
(343, 8, 261),
(344, 1, 261),
(345, 9, 261),
(346, 10, 261),
(347, 19, 261),
(348, 28, 261),
(349, 6, 261),
(350, 36, 261),
(351, 4, 281),
(352, 2, 281),
(353, 7, 281),
(354, 11, 281),
(355, 8, 281),
(356, 1, 281),
(357, 9, 281),
(358, 10, 281),
(359, 14, 281),
(360, 57, 281),
(361, 24, 281),
(362, 4, 288),
(363, 2, 288),
(364, 7, 288),
(365, 11, 288),
(366, 8, 288),
(367, 1, 288),
(368, 9, 288),
(369, 10, 288),
(370, 19, 288),
(371, 58, 288),
(372, 14, 288),
(373, 59, 288),
(374, 57, 288),
(375, 28, 288),
(376, 6, 288),
(377, 4, 290),
(378, 2, 290),
(379, 7, 290),
(380, 11, 290),
(381, 8, 290),
(382, 1, 290),
(383, 9, 290),
(384, 10, 290),
(385, 24, 290),
(386, 6, 290),
(387, 60, 290),
(388, 14, 290),
(389, 57, 290),
(390, 4, 291),
(391, 2, 291),
(392, 7, 291),
(393, 11, 291),
(394, 8, 291),
(395, 1, 291),
(396, 9, 291),
(397, 10, 291),
(398, 19, 291),
(399, 61, 291),
(400, 14, 291),
(401, 57, 291),
(402, 28, 291),
(403, 6, 291),
(404, 4, 292),
(405, 2, 292),
(406, 7, 292),
(407, 11, 292),
(408, 8, 292),
(409, 1, 292),
(410, 9, 292),
(411, 10, 292),
(412, 6, 292),
(413, 62, 292),
(414, 28, 292),
(415, 4, 296),
(416, 2, 296),
(417, 7, 296),
(418, 11, 296),
(419, 8, 296),
(420, 1, 296),
(421, 9, 296),
(422, 10, 296),
(423, 21, 296),
(424, 19, 296),
(425, 22, 296),
(426, 28, 296),
(427, 4, 297),
(428, 2, 297),
(429, 7, 297),
(430, 11, 297),
(431, 8, 297),
(432, 1, 297),
(433, 9, 297),
(434, 10, 297),
(435, 21, 297),
(436, 19, 297),
(437, 22, 297),
(438, 36, 297),
(439, 4, 308),
(440, 7, 308),
(441, 11, 308),
(442, 8, 308),
(443, 9, 308),
(444, 10, 308),
(445, 63, 308),
(446, 14, 308),
(447, 57, 308),
(448, 21, 308),
(449, 4, 319),
(450, 7, 319),
(451, 11, 319),
(452, 8, 319),
(453, 9, 319),
(454, 10, 319),
(455, 21, 319),
(456, 22, 319),
(457, 19, 319),
(458, 28, 319),
(459, 4, 323),
(460, 7, 323),
(461, 11, 323),
(462, 8, 323),
(463, 9, 323),
(464, 10, 323),
(465, 21, 323),
(466, 22, 323),
(467, 19, 323),
(468, 64, 323),
(469, 4, 327),
(470, 7, 327),
(471, 11, 327),
(472, 8, 327),
(473, 9, 327),
(475, 10, 327),
(476, 14, 327),
(477, 46, 327),
(478, 19, 327),
(479, 28, 327),
(480, 65, 327),
(481, 4, 316),
(482, 7, 316),
(483, 11, 316),
(484, 8, 316),
(485, 9, 316),
(486, 10, 316),
(487, 6, 316),
(488, 24, 316),
(489, 4, 330),
(490, 7, 330),
(491, 11, 330),
(492, 8, 330),
(493, 9, 330),
(494, 10, 330),
(495, 21, 330),
(496, 22, 330),
(497, 19, 330),
(498, 36, 330),
(499, 46, 330),
(500, 4, 332),
(501, 7, 332),
(502, 11, 332),
(503, 8, 332),
(504, 9, 332),
(505, 10, 332),
(506, 21, 332),
(507, 19, 332),
(508, 66, 332),
(509, 28, 332),
(510, 4, 333),
(511, 7, 333),
(512, 11, 333),
(513, 8, 333),
(514, 9, 333),
(515, 10, 333),
(516, 21, 333),
(517, 19, 333),
(518, 66, 333),
(519, 28, 333),
(520, 4, 334),
(521, 7, 334),
(522, 11, 334),
(523, 8, 334),
(524, 9, 334),
(525, 10, 334),
(526, 21, 334),
(527, 22, 334),
(528, 4, 338),
(529, 7, 338),
(530, 11, 338),
(531, 8, 338),
(532, 9, 338),
(533, 10, 338),
(534, 21, 338),
(535, 22, 338),
(536, 6, 338),
(537, 4, 340),
(538, 7, 340),
(539, 11, 340),
(540, 8, 340),
(541, 9, 340),
(542, 10, 340),
(543, 14, 340),
(544, 59, 340),
(545, 24, 340),
(546, 6, 340),
(547, 4, 346),
(548, 7, 346),
(549, 11, 346),
(550, 8, 346),
(551, 9, 346),
(552, 10, 346),
(553, 39, 346),
(554, 67, 346),
(555, 6, 346),
(556, 28, 346),
(557, 4, 356),
(558, 7, 356),
(559, 11, 356),
(560, 8, 356),
(561, 9, 356),
(562, 10, 356),
(563, 21, 356),
(564, 22, 356),
(565, 68, 356),
(566, 69, 356),
(567, 4, 364),
(568, 7, 364),
(569, 11, 364),
(570, 8, 364),
(571, 9, 364),
(572, 10, 364),
(573, 19, 364),
(574, 59, 364),
(575, 14, 364),
(576, 4, 366),
(577, 7, 366),
(578, 11, 366),
(579, 8, 366),
(580, 9, 366),
(581, 10, 366),
(582, 14, 366),
(583, 59, 366),
(584, 19, 366),
(585, 28, 366),
(586, 4, 370),
(587, 7, 370),
(588, 11, 370),
(589, 8, 370),
(590, 9, 370),
(591, 10, 370),
(592, 39, 370),
(593, 14, 370),
(594, 59, 370),
(595, 4, 368),
(596, 7, 368),
(597, 11, 368),
(598, 8, 368),
(599, 9, 368),
(600, 10, 368),
(601, 19, 368),
(602, 46, 368),
(603, 28, 368),
(604, 4, 382),
(605, 7, 382),
(606, 11, 382),
(607, 8, 382),
(608, 9, 382),
(609, 10, 382),
(610, 39, 382),
(611, 6, 382),
(612, 4, 362),
(613, 7, 362),
(614, 11, 362),
(615, 8, 362),
(616, 9, 362),
(617, 10, 362),
(618, 21, 362),
(619, 19, 362),
(620, 28, 362),
(621, 36, 362),
(622, 66, 362),
(623, 4, 375),
(624, 7, 375),
(625, 11, 375),
(626, 8, 375),
(627, 9, 375),
(628, 10, 375),
(629, 21, 375),
(630, 22, 375),
(631, 6, 375),
(632, 4, 379),
(633, 7, 379),
(634, 11, 379),
(635, 8, 379),
(636, 9, 379),
(637, 10, 379),
(638, 24, 379),
(639, 70, 379),
(640, 14, 379),
(641, 57, 379),
(642, 59, 379),
(643, 4, 388),
(644, 7, 388),
(645, 11, 388),
(646, 8, 388),
(647, 9, 388),
(648, 10, 388),
(649, 19, 388),
(650, 6, 388),
(651, 28, 388),
(652, 4, 389),
(653, 7, 389),
(654, 11, 389),
(655, 8, 389),
(656, 9, 389),
(657, 10, 389),
(658, 19, 389),
(659, 28, 389),
(660, 6, 389),
(661, 36, 389),
(662, 4, 390),
(663, 7, 390),
(664, 11, 390),
(665, 8, 390),
(666, 9, 390),
(667, 10, 390),
(668, 24, 390),
(669, 6, 390),
(670, 14, 390),
(671, 57, 390),
(672, 55, 390),
(673, 4, 391),
(674, 7, 391),
(675, 11, 391),
(676, 8, 391),
(677, 9, 391),
(678, 10, 391),
(679, 19, 391),
(680, 28, 391),
(681, 71, 391),
(682, 22, 391),
(683, 4, 394),
(684, 7, 394),
(685, 11, 394),
(686, 8, 394),
(687, 9, 394),
(688, 10, 394),
(689, 19, 394),
(690, 59, 394),
(691, 14, 394),
(692, 4, 399),
(693, 7, 399),
(694, 11, 399),
(695, 8, 399),
(696, 9, 399),
(697, 10, 399),
(698, 21, 399),
(699, 22, 399),
(700, 64, 399),
(701, 19, 399),
(702, 28, 399),
(703, 4, 426),
(704, 7, 426),
(705, 11, 426),
(706, 8, 426),
(707, 9, 426),
(708, 10, 426),
(709, 21, 426),
(710, 22, 426),
(711, 19, 426),
(712, 28, 426),
(713, 36, 426),
(714, 4, 429),
(715, 7, 429),
(716, 11, 429),
(717, 8, 429),
(718, 9, 429),
(719, 10, 429),
(720, 19, 429),
(721, 36, 429),
(722, 14, 429),
(723, 72, 429),
(724, 4, 451),
(725, 7, 451),
(726, 11, 451),
(727, 8, 451),
(728, 9, 451),
(729, 10, 451),
(730, 4, 464),
(731, 7, 464),
(732, 11, 464),
(733, 8, 464),
(734, 9, 464),
(735, 10, 464),
(736, 19, 464),
(737, 28, 464),
(738, 6, 464),
(739, 4, 466),
(740, 7, 466),
(741, 11, 466),
(742, 8, 466),
(743, 9, 466),
(744, 10, 466),
(745, 24, 466),
(746, 6, 466),
(747, 60, 466),
(748, 4, 468),
(749, 7, 468),
(750, 11, 468),
(751, 8, 468),
(752, 9, 468),
(753, 10, 468),
(754, 19, 468),
(755, 28, 468),
(756, 6, 468),
(757, 4, 474),
(758, 7, 474),
(759, 11, 474),
(760, 8, 474),
(761, 9, 474),
(762, 10, 474),
(763, 19, 474),
(764, 21, 474),
(765, 22, 474),
(766, 66, 474),
(767, 36, 474),
(768, 4, 476),
(769, 7, 476),
(770, 11, 476),
(771, 8, 476),
(772, 9, 476),
(773, 10, 476),
(774, 39, 476),
(775, 73, 476),
(776, 6, 476),
(777, 4, 508),
(778, 10, 508),
(779, 74, 508),
(780, 75, 508),
(781, 76, 508),
(782, 77, 508),
(783, 78, 509),
(784, 79, 509),
(785, 80, 509),
(786, 9, 529),
(787, 10, 529),
(788, 7, 529),
(789, 11, 529),
(790, 8, 529),
(791, 21, 529),
(792, 36, 529),
(793, 60, 529),
(794, 28, 529),
(795, 9, 511),
(796, 10, 511),
(797, 7, 511),
(798, 11, 511),
(799, 8, 511),
(800, 22, 511),
(801, 64, 511),
(802, 19, 511),
(803, 28, 511),
(804, 9, 522),
(805, 10, 522),
(806, 7, 522),
(807, 11, 522),
(808, 8, 522),
(809, 22, 522),
(810, 64, 522),
(811, 21, 522),
(812, 39, 522),
(813, 9, 540),
(814, 10, 540),
(815, 7, 540),
(816, 11, 540),
(817, 8, 540),
(818, 21, 540),
(819, 36, 540),
(820, 22, 540),
(821, 28, 540),
(822, 9, 542),
(823, 10, 542),
(824, 7, 542),
(825, 11, 542),
(826, 8, 542),
(827, 24, 542),
(828, 81, 542),
(829, 36, 542),
(830, 82, 542),
(831, 14, 542),
(832, 9, 546),
(833, 10, 546),
(834, 7, 546),
(835, 11, 546),
(836, 8, 546),
(837, 21, 546),
(838, 22, 546),
(839, 36, 546),
(840, 66, 546),
(841, 9, 548),
(842, 10, 548),
(843, 7, 548),
(844, 11, 548),
(845, 8, 548),
(846, 39, 548),
(847, 83, 548),
(848, 60, 548),
(849, 28, 548),
(850, 9, 554),
(851, 10, 554),
(852, 7, 554),
(853, 11, 554),
(854, 8, 554),
(855, 39, 554),
(856, 84, 554),
(857, 60, 554),
(858, 14, 554),
(859, 9, 558),
(860, 10, 558),
(861, 7, 558),
(862, 11, 558),
(863, 8, 558),
(864, 24, 558),
(865, 36, 558),
(866, 14, 558),
(867, 57, 558),
(868, 55, 558),
(869, 9, 559),
(870, 10, 559),
(871, 7, 559),
(872, 11, 559),
(873, 8, 559),
(874, 62, 559),
(875, 28, 559),
(876, 9, 556),
(877, 10, 556),
(878, 7, 556),
(879, 11, 556),
(880, 8, 556),
(881, 24, 556),
(882, 81, 556),
(883, 14, 556),
(884, 57, 556),
(885, 9, 560),
(886, 10, 560),
(887, 7, 560),
(888, 11, 560),
(889, 8, 560),
(890, 62, 560),
(891, 28, 560),
(892, 9, 568),
(893, 10, 568),
(894, 7, 568),
(895, 11, 568),
(896, 8, 568),
(897, 39, 568),
(898, 60, 568),
(899, 14, 568),
(900, 57, 568),
(901, 9, 570),
(902, 10, 570),
(903, 7, 570),
(904, 11, 570),
(905, 8, 570),
(906, 39, 570),
(907, 36, 570),
(908, 9, 571),
(909, 10, 571),
(910, 7, 571),
(911, 11, 571),
(912, 8, 571),
(913, 39, 571),
(914, 73, 571),
(915, 36, 571),
(916, 9, 581),
(917, 10, 581),
(918, 7, 581),
(919, 11, 581),
(920, 8, 581),
(921, 19, 581),
(922, 36, 581),
(923, 28, 581),
(924, 9, 582),
(925, 10, 582),
(926, 7, 582),
(927, 11, 582),
(928, 8, 582),
(929, 85, 582),
(930, 28, 582),
(931, 9, 583),
(932, 10, 583),
(933, 7, 583),
(934, 11, 583),
(935, 8, 583),
(936, 39, 583),
(937, 21, 583),
(938, 22, 583),
(939, 9, 585),
(940, 10, 585),
(941, 7, 585),
(942, 11, 585),
(943, 8, 585),
(944, 21, 585),
(945, 22, 585),
(946, 86, 585),
(947, 87, 585),
(948, 9, 586),
(949, 10, 586),
(950, 7, 586),
(951, 11, 586),
(952, 8, 586),
(953, 24, 586),
(954, 81, 586),
(955, 39, 586),
(956, 88, 586),
(957, 14, 586),
(958, 9, 588),
(959, 10, 588),
(960, 7, 588),
(961, 11, 588),
(962, 8, 588),
(963, 39, 588),
(964, 36, 588),
(965, 9, 589),
(966, 10, 589),
(967, 7, 589),
(968, 11, 589),
(969, 8, 589),
(970, 39, 589),
(971, 36, 589),
(972, 9, 590),
(973, 10, 590),
(974, 7, 590),
(975, 11, 590),
(976, 8, 590),
(977, 85, 590),
(978, 9, 591),
(979, 10, 591),
(980, 7, 591),
(981, 11, 591),
(982, 8, 591),
(983, 14, 591),
(984, 24, 591),
(985, 9, 592),
(986, 10, 592),
(987, 7, 592),
(988, 11, 592),
(989, 8, 592),
(990, 21, 592),
(991, 22, 592),
(992, 85, 592),
(993, 28, 592),
(994, 9, 593),
(995, 10, 593),
(996, 7, 593),
(997, 11, 593),
(998, 8, 593),
(999, 39, 593),
(1000, 36, 593),
(1001, 9, 596),
(1002, 10, 596),
(1003, 7, 596),
(1004, 11, 596),
(1005, 8, 596),
(1006, 24, 596),
(1007, 36, 596),
(1008, 39, 596),
(1009, 9, 598),
(1010, 10, 598),
(1011, 7, 598),
(1012, 11, 598),
(1013, 8, 598),
(1014, 39, 598),
(1015, 36, 598),
(1016, 9, 599),
(1017, 10, 599),
(1018, 7, 599),
(1019, 11, 599),
(1020, 8, 599),
(1021, 85, 599),
(1022, 22, 599),
(1023, 28, 599),
(1024, 9, 602),
(1025, 10, 602),
(1026, 7, 602),
(1027, 11, 602),
(1028, 8, 602),
(1029, 39, 602),
(1030, 9, 610),
(1031, 10, 610),
(1032, 7, 610),
(1033, 11, 610),
(1034, 8, 610),
(1035, 19, 610),
(1036, 28, 610),
(1037, 36, 610),
(1038, 9, 611),
(1039, 10, 611),
(1040, 7, 611),
(1041, 11, 611),
(1042, 8, 611),
(1043, 19, 611),
(1044, 28, 611),
(1045, 36, 611),
(1046, 9, 612),
(1047, 10, 612),
(1048, 7, 612),
(1049, 11, 612),
(1050, 8, 612),
(1051, 19, 612),
(1052, 28, 612),
(1053, 36, 612),
(1054, 64, 612),
(1055, 22, 612),
(1056, 9, 619),
(1057, 10, 619),
(1058, 7, 619),
(1059, 11, 619),
(1060, 8, 619),
(1061, 39, 619),
(1062, 36, 619),
(1063, 28, 619),
(1064, 9, 622),
(1065, 10, 622),
(1066, 7, 622),
(1067, 11, 622),
(1068, 8, 622),
(1069, 39, 622),
(1070, 28, 622),
(1071, 9, 632),
(1072, 10, 632),
(1073, 7, 632),
(1074, 11, 632),
(1075, 8, 632),
(1076, 60, 632),
(1077, 36, 632),
(1078, 28, 632),
(1079, 9, 635),
(1080, 10, 635),
(1081, 7, 635),
(1082, 11, 635),
(1083, 8, 635),
(1084, 19, 635),
(1085, 36, 635),
(1086, 9, 637),
(1087, 10, 637),
(1088, 7, 637),
(1089, 11, 637),
(1090, 8, 637),
(1091, 85, 637),
(1092, 19, 637),
(1093, 9, 658),
(1094, 10, 658),
(1095, 7, 658),
(1096, 11, 658),
(1097, 8, 658),
(1098, 21, 658),
(1099, 64, 658),
(1100, 22, 658),
(1101, 19, 658),
(1102, 9, 664),
(1103, 10, 664),
(1104, 7, 664),
(1105, 11, 664),
(1106, 8, 664),
(1107, 39, 664),
(1108, 24, 664),
(1109, 81, 664),
(1110, 36, 664),
(1111, 9, 668),
(1112, 10, 668),
(1113, 7, 668),
(1114, 11, 668),
(1115, 8, 668),
(1116, 85, 668),
(1117, 28, 668),
(1118, 36, 668),
(1119, 22, 668),
(1120, 9, 669),
(1121, 10, 669),
(1122, 7, 669),
(1123, 11, 669),
(1124, 8, 669),
(1125, 39, 669),
(1126, 60, 669),
(1127, 9, 670),
(1128, 10, 670),
(1129, 7, 670),
(1130, 11, 670),
(1131, 8, 670),
(1132, 39, 670),
(1133, 60, 670),
(1134, 9, 671),
(1135, 10, 671),
(1136, 7, 671),
(1137, 11, 671),
(1138, 8, 671),
(1139, 39, 671),
(1140, 60, 671),
(1141, 9, 675),
(1142, 10, 675),
(1143, 7, 675),
(1144, 11, 675),
(1145, 8, 675),
(1146, 39, 675),
(1147, 28, 675),
(1148, 9, 678),
(1149, 10, 678),
(1150, 7, 678),
(1151, 11, 678),
(1152, 8, 678),
(1153, 39, 678),
(1154, 60, 678),
(1155, 9, 800),
(1156, 10, 800),
(1157, 7, 800),
(1158, 11, 800),
(1159, 8, 800),
(1160, 4, 800),
(1161, 89, 800),
(1162, 14, 800),
(1163, 57, 800),
(1164, 21, 800),
(1165, 4, 803),
(1166, 9, 803),
(1167, 10, 803),
(1168, 7, 803),
(1169, 11, 803),
(1170, 8, 803),
(1171, 87, 803),
(1172, 71, 803),
(1173, 85, 803),
(1174, 19, 803),
(1175, 28, 803),
(1176, 4, 805),
(1177, 9, 805),
(1178, 10, 805),
(1179, 7, 805),
(1180, 11, 805),
(1181, 8, 805),
(1182, 60, 805),
(1183, 28, 805),
(1184, 4, 806),
(1185, 9, 806),
(1186, 10, 806),
(1187, 7, 806),
(1188, 11, 806),
(1189, 8, 806),
(1190, 19, 806),
(1191, 28, 806),
(1192, 4, 808),
(1193, 9, 808),
(1194, 10, 808),
(1195, 7, 808),
(1196, 11, 808),
(1197, 8, 808),
(1198, 21, 808),
(1199, 22, 808),
(1200, 64, 808),
(1201, 19, 808),
(1202, 4, 810),
(1203, 9, 810),
(1204, 10, 810),
(1205, 7, 810),
(1206, 11, 810),
(1207, 8, 810),
(1208, 21, 810),
(1209, 22, 810),
(1210, 4, 811),
(1211, 9, 811),
(1212, 10, 811),
(1213, 7, 811),
(1214, 11, 811),
(1215, 8, 811),
(1216, 21, 811),
(1217, 22, 811),
(1218, 6, 811),
(1219, 4, 813),
(1220, 9, 813),
(1221, 10, 813),
(1222, 7, 813),
(1223, 11, 813),
(1224, 8, 813),
(1225, 39, 813),
(1226, 6, 813),
(1227, 4, 817),
(1228, 9, 817),
(1229, 10, 817),
(1230, 7, 817),
(1231, 11, 817),
(1232, 8, 817),
(1233, 21, 817),
(1234, 22, 817),
(1235, 28, 817),
(1236, 36, 817),
(1237, 4, 820),
(1238, 9, 820),
(1239, 10, 820),
(1240, 7, 820),
(1241, 11, 820),
(1242, 8, 820),
(1243, 19, 820),
(1244, 14, 820),
(1245, 4, 824),
(1246, 9, 824),
(1247, 10, 824),
(1248, 7, 824),
(1249, 11, 824),
(1250, 8, 824),
(1251, 39, 824),
(1252, 4, 828),
(1253, 9, 828),
(1254, 10, 828),
(1255, 7, 828),
(1256, 11, 828),
(1257, 8, 828),
(1258, 19, 828),
(1259, 6, 828),
(1260, 36, 828),
(1261, 4, 845),
(1263, 91, 845),
(1264, 92, 845),
(1265, 6, 845),
(1266, 93, 845),
(1268, 14, 845),
(1269, 57, 845),
(1270, 21, 845),
(1271, 22, 845),
(1272, 4, 850),
(1273, 91, 850),
(1274, 92, 850),
(1275, 60, 850),
(1276, 6, 850),
(1277, 4, 855),
(1278, 91, 855),
(1279, 92, 855),
(1280, 9, 855),
(1281, 22, 855),
(1282, 6, 855),
(1283, 4, 861),
(1284, 92, 861),
(1285, 91, 861),
(1286, 19, 861),
(1287, 14, 861),
(1288, 59, 861),
(1289, 4, 862),
(1290, 91, 862),
(1291, 92, 862),
(1292, 39, 862),
(1293, 67, 862),
(1294, 6, 862),
(1295, 4, 870),
(1296, 91, 870),
(1297, 92, 870),
(1298, 19, 870),
(1299, 6, 870),
(1300, 14, 870),
(1301, 36, 870),
(1302, 4, 876),
(1303, 91, 876),
(1304, 92, 876),
(1305, 19, 876),
(1306, 6, 876),
(1307, 36, 876),
(1308, 94, 882),
(1309, 91, 882),
(1310, 92, 882),
(1311, 2, 882),
(1312, 95, 882),
(1313, 96, 883),
(1314, 91, 883),
(1315, 92, 883),
(1316, 95, 883),
(1317, 2, 883),
(1318, 4, 313),
(1319, 7, 313),
(1320, 11, 313),
(1321, 8, 313),
(1322, 9, 313),
(1323, 10, 313),
(1324, 19, 313),
(1325, 6, 313),
(1326, 4, 315),
(1327, 7, 315),
(1328, 11, 315),
(1329, 8, 315),
(1330, 9, 315),
(1331, 10, 315),
(1332, 19, 315),
(1333, 6, 315),
(1334, 28, 315),
(1335, 4, 317),
(1336, 7, 317),
(1337, 11, 317),
(1338, 8, 317),
(1339, 9, 317),
(1340, 10, 317),
(1341, 19, 317),
(1342, 28, 317),
(1343, 6, 317),
(1344, 4, 318),
(1345, 9, 318),
(1346, 10, 318),
(1347, 7, 318),
(1348, 11, 318),
(1349, 8, 318),
(1350, 36, 318),
(1351, 97, 318),
(1353, 14, 318),
(1354, 57, 318),
(1355, 21, 318),
(1356, 98, 318),
(1357, 4, 321),
(1358, 9, 321),
(1359, 10, 321),
(1360, 7, 321),
(1361, 11, 321),
(1362, 8, 321),
(1363, 22, 321),
(1364, 21, 321),
(1365, 4, 322),
(1366, 9, 322),
(1367, 10, 322),
(1368, 7, 322),
(1369, 11, 322),
(1370, 8, 322),
(1371, 22, 322),
(1372, 21, 322),
(1373, 4, 335),
(1374, 9, 335),
(1375, 10, 335),
(1376, 7, 335),
(1377, 11, 335),
(1378, 8, 335),
(2371, 39, 335),
(1380, 14, 335),
(1381, 4, 392),
(1382, 9, 392),
(1383, 10, 392),
(1384, 7, 392),
(1385, 11, 392),
(1386, 8, 392),
(1387, 19, 392),
(1388, 21, 392),
(1389, 22, 392),
(1390, 64, 392),
(1391, 4, 395),
(1392, 9, 395),
(1393, 10, 395),
(1394, 7, 395),
(1395, 11, 395),
(1396, 8, 395),
(1397, 19, 395),
(1398, 6, 395),
(1399, 4, 396),
(1400, 9, 396),
(1401, 10, 396),
(1402, 7, 396),
(1403, 11, 396),
(1404, 8, 396),
(1405, 85, 396),
(1406, 4, 402),
(1407, 9, 402),
(1408, 10, 402),
(1409, 7, 402),
(1410, 11, 402),
(1411, 8, 402),
(1412, 22, 402),
(1413, 21, 402),
(1414, 4, 404),
(1415, 9, 404),
(1416, 10, 404),
(1417, 7, 404),
(1418, 11, 404),
(1419, 8, 404),
(1420, 39, 404),
(1421, 36, 404),
(1422, 4, 405),
(1423, 9, 405),
(1424, 10, 405),
(1425, 7, 405),
(1426, 11, 405),
(1427, 8, 405),
(1428, 21, 405),
(1429, 22, 405),
(1430, 19, 405),
(1431, 4, 406),
(1432, 9, 406),
(1433, 10, 406),
(1434, 7, 406),
(1435, 11, 406),
(1436, 8, 406),
(1437, 39, 406),
(1438, 6, 406),
(1439, 4, 409),
(1440, 9, 409),
(1441, 10, 409),
(1442, 7, 409),
(1443, 11, 409),
(1444, 8, 409),
(1445, 39, 409),
(1446, 36, 409),
(1447, 4, 412),
(1448, 9, 412),
(1449, 10, 412),
(1450, 7, 412),
(1451, 11, 412),
(1452, 8, 412),
(1453, 19, 412),
(1454, 6, 412),
(1455, 28, 412),
(1456, 4, 427),
(1457, 9, 427),
(1458, 10, 427),
(1459, 7, 427),
(1460, 11, 427),
(1461, 8, 427),
(1462, 19, 427),
(1463, 6, 427),
(1464, 28, 427),
(1465, 4, 447),
(1466, 9, 447),
(1467, 10, 447),
(1468, 7, 447),
(1469, 11, 447),
(1470, 8, 447),
(1471, 22, 447),
(1472, 21, 447),
(1473, 28, 447),
(1474, 4, 507),
(1475, 9, 507),
(1476, 10, 507),
(1477, 7, 507),
(1478, 11, 507),
(1479, 8, 507),
(1480, 39, 507),
(1481, 4, 510),
(1482, 9, 510),
(1483, 10, 510),
(1484, 7, 510),
(1485, 11, 510),
(1486, 8, 510),
(1487, 22, 510),
(1488, 64, 510),
(1489, 21, 510),
(1490, 19, 510),
(1491, 4, 512),
(1492, 9, 512),
(1493, 10, 512),
(1494, 7, 512),
(1495, 11, 512),
(1496, 8, 512),
(1497, 21, 512),
(1498, 22, 512),
(1499, 36, 512),
(1500, 4, 513),
(1501, 9, 513),
(1502, 10, 513),
(1503, 7, 513),
(1504, 11, 513),
(1505, 8, 513),
(1506, 19, 513),
(1507, 36, 513),
(1508, 4, 514),
(1509, 9, 514),
(1510, 10, 514),
(1511, 7, 514),
(1512, 11, 514),
(1513, 8, 514),
(1514, 22, 514),
(1515, 28, 514),
(1516, 4, 516),
(1517, 9, 516),
(1518, 10, 516),
(1519, 7, 516),
(1520, 11, 516),
(1521, 8, 516),
(1522, 22, 516),
(1523, 21, 516),
(1524, 4, 517),
(1525, 9, 517),
(1526, 10, 517),
(1527, 7, 517),
(1528, 11, 517),
(1529, 8, 517),
(1530, 22, 517),
(1531, 21, 517),
(1532, 99, 517),
(1533, 4, 518),
(1534, 9, 518),
(1535, 10, 518),
(1536, 7, 518),
(1537, 11, 518),
(1538, 8, 518),
(1539, 22, 518),
(1540, 21, 518),
(1541, 4, 519),
(1542, 9, 519),
(1543, 10, 519),
(1544, 7, 519),
(1545, 11, 519),
(1546, 8, 519),
(1547, 22, 519),
(1548, 21, 519),
(1549, 4, 520),
(1550, 9, 520),
(1551, 10, 520),
(1552, 7, 520),
(1553, 11, 520),
(1554, 8, 520),
(1555, 22, 520),
(1556, 21, 520),
(1557, 4, 521),
(1558, 9, 521),
(1559, 10, 521),
(1560, 7, 521),
(1561, 11, 521),
(1562, 8, 521),
(1563, 21, 521),
(1564, 22, 521),
(1565, 4, 523),
(1566, 9, 523),
(1567, 10, 523),
(1568, 7, 523),
(1569, 11, 523),
(1570, 8, 523),
(1571, 22, 523),
(1572, 21, 523),
(1573, 4, 524),
(1574, 9, 524),
(1575, 10, 524),
(1576, 7, 524),
(1577, 11, 524),
(1578, 21, 524),
(1579, 22, 524),
(1580, 36, 524),
(1581, 4, 525),
(1582, 9, 525),
(1583, 10, 525),
(1584, 7, 525),
(1585, 11, 525),
(1586, 8, 525),
(1587, 21, 525),
(1589, 36, 525),
(1590, 4, 526),
(1591, 9, 526),
(1592, 10, 526),
(1593, 7, 526),
(1594, 11, 526),
(1595, 8, 526),
(1596, 24, 526),
(1597, 4, 528),
(1598, 9, 528),
(1599, 10, 528),
(1600, 7, 528),
(1601, 11, 528),
(1602, 8, 528),
(1603, 100, 528),
(1604, 14, 528),
(1605, 57, 528),
(1606, 21, 528),
(1607, 4, 530),
(1608, 9, 530),
(1609, 10, 530),
(1610, 7, 530),
(1611, 11, 530),
(1612, 8, 530),
(1613, 22, 530),
(1614, 21, 530),
(1615, 4, 533),
(1616, 9, 533),
(1617, 10, 533),
(1618, 7, 533),
(1619, 11, 533),
(1620, 8, 533),
(1621, 14, 533),
(1622, 24, 533),
(1623, 4, 535),
(1624, 9, 535),
(1625, 10, 535),
(1626, 7, 535),
(1627, 11, 535),
(1628, 8, 535),
(1629, 24, 535),
(1630, 36, 535),
(1631, 4, 537),
(1632, 9, 537),
(1633, 10, 537),
(1634, 7, 537),
(1635, 11, 537),
(1636, 8, 537),
(1637, 21, 537),
(1638, 22, 537),
(1639, 4, 538),
(1640, 9, 538),
(1641, 10, 538),
(1642, 7, 538),
(1643, 11, 538),
(1644, 8, 538),
(1645, 22, 538),
(1646, 4, 545),
(1647, 9, 545),
(1648, 10, 545),
(1649, 7, 545),
(1650, 11, 545),
(1651, 8, 545),
(1652, 39, 545),
(1653, 4, 547),
(1654, 9, 547),
(1655, 10, 547),
(1656, 7, 547),
(1657, 11, 547),
(1658, 8, 547),
(1659, 24, 547),
(1660, 4, 549),
(1661, 9, 549),
(1662, 10, 549),
(1663, 7, 549),
(1664, 11, 549),
(1665, 8, 549),
(1666, 39, 549),
(1667, 4, 551),
(1668, 9, 551),
(1669, 10, 551),
(1670, 7, 551),
(1671, 11, 551),
(1672, 8, 551),
(1673, 24, 551),
(1674, 4, 550),
(1675, 9, 550),
(1676, 10, 550),
(1677, 7, 550),
(1678, 11, 550),
(1679, 8, 550),
(1680, 39, 550),
(1681, 24, 550),
(1682, 4, 553),
(1683, 9, 553),
(1684, 10, 553),
(1685, 7, 553),
(1686, 11, 553),
(1687, 8, 553),
(1688, 39, 553),
(1689, 4, 555),
(1690, 9, 555),
(1691, 10, 555),
(1692, 7, 555),
(1693, 11, 555),
(1694, 8, 555),
(1695, 39, 555),
(1696, 4, 565),
(1697, 9, 565),
(1698, 10, 565),
(1699, 7, 565),
(1700, 11, 565),
(1701, 8, 565),
(1702, 39, 565),
(1703, 4, 566),
(1704, 9, 566),
(1705, 10, 566),
(1706, 7, 566),
(1707, 11, 566),
(1708, 8, 566),
(1709, 39, 566),
(1710, 24, 566),
(1711, 36, 566),
(1712, 24, 565),
(1713, 36, 565),
(1714, 4, 567),
(1715, 9, 567),
(1716, 10, 567),
(1717, 7, 567),
(1718, 11, 567),
(1719, 8, 567),
(1720, 39, 567),
(1721, 36, 567),
(1722, 4, 569),
(1723, 9, 569),
(1724, 10, 569),
(1725, 7, 569),
(1726, 11, 569),
(1727, 8, 569),
(1728, 39, 569),
(1729, 36, 569),
(1730, 4, 628),
(1731, 9, 628),
(1732, 10, 628),
(1733, 7, 628),
(1734, 11, 628),
(1735, 8, 628),
(1736, 36, 628),
(1737, 28, 628),
(1738, 21, 628),
(1739, 4, 629),
(1740, 9, 629),
(1741, 10, 629),
(1742, 7, 629),
(1743, 11, 629),
(1744, 8, 629),
(1745, 28, 629),
(1746, 19, 629),
(1747, 4, 644),
(1748, 9, 644),
(1749, 10, 644),
(1750, 7, 644),
(1751, 11, 644),
(1752, 8, 644),
(1753, 21, 644),
(1754, 22, 644),
(1755, 19, 644),
(1756, 4, 645),
(1757, 9, 645),
(1758, 10, 645),
(1759, 7, 645),
(1760, 11, 645),
(1761, 8, 645),
(1762, 64, 645),
(1763, 21, 645),
(1764, 22, 645),
(1765, 19, 645),
(1766, 4, 887),
(1767, 92, 887),
(1768, 19, 887),
(1769, 101, 887),
(1770, 4, 889),
(1771, 92, 889),
(1772, 60, 889),
(1773, 6, 889),
(1774, 4, 844),
(1775, 92, 844),
(1776, 6, 844),
(1778, 14, 844),
(1779, 4, 890),
(1780, 92, 890),
(1781, 19, 890),
(1782, 4, 892),
(1783, 92, 892),
(1784, 19, 892),
(1785, 22, 892),
(1786, 9, 892),
(1787, 4, 894),
(1788, 92, 894),
(1789, 22, 894),
(1790, 21, 894),
(1791, 4, 895),
(1792, 92, 895),
(1793, 6, 895),
(1794, 14, 895),
(1795, 102, 895),
(1796, 57, 895),
(1798, 21, 895),
(1799, 4, 897),
(1800, 92, 897),
(1801, 39, 897),
(1802, 6, 897),
(1803, 4, 901),
(1804, 92, 901),
(1805, 21, 901),
(1806, 22, 901),
(1807, 4, 904),
(1808, 92, 904),
(1809, 19, 904),
(1810, 14, 904),
(1811, 4, 908),
(1812, 92, 908),
(1813, 39, 908),
(1814, 4, 912),
(1815, 92, 912),
(1816, 103, 912),
(1817, 19, 912),
(1818, 36, 912),
(1819, 4, 843),
(1820, 92, 843),
(1821, 6, 843),
(1822, 14, 843),
(1823, 104, 843),
(1824, 57, 843),
(1826, 21, 843),
(1827, 4, 884),
(1828, 92, 884),
(1829, 6, 884),
(1830, 105, 884),
(1831, 14, 884),
(1832, 57, 884),
(1833, 21, 884),
(1834, 4, 932),
(1835, 92, 932),
(1836, 19, 932),
(1837, 28, 932),
(1838, 4, 934),
(1839, 92, 934),
(1840, 6, 934),
(1841, 22, 934),
(1842, 4, 937),
(1843, 92, 937),
(1844, 22, 937),
(1845, 64, 937),
(1846, 21, 937),
(1847, 4, 941),
(1848, 92, 941),
(1849, 19, 941),
(1850, 21, 941),
(1851, 22, 941),
(1852, 4, 945),
(1853, 92, 945),
(1854, 19, 945),
(1855, 6, 945),
(1856, 4, 948),
(1857, 92, 948),
(1858, 19, 948),
(1859, 4, 950),
(1860, 92, 950),
(1861, 19, 950),
(1862, 21, 950),
(1863, 22, 950),
(1864, 4, 951),
(1865, 92, 951),
(1866, 21, 951),
(1867, 22, 951),
(1868, 19, 951),
(1869, 4, 952),
(1870, 92, 952),
(1871, 22, 952),
(1872, 9, 952),
(1873, 4, 956),
(1874, 92, 956),
(1875, 6, 956),
(1876, 14, 956),
(1877, 21, 956),
(1878, 4, 958),
(1879, 92, 958),
(1880, 24, 958),
(1881, 6, 958),
(1882, 4, 964),
(1883, 92, 964),
(1884, 39, 964),
(1885, 6, 964),
(1886, 4, 974),
(1887, 92, 974),
(1888, 22, 974),
(1889, 21, 974),
(1890, 4, 982),
(1891, 92, 982),
(1892, 19, 982),
(1893, 14, 982),
(1894, 59, 982),
(1895, 4, 984),
(1896, 92, 984),
(1897, 19, 984),
(1898, 14, 984),
(1899, 59, 984),
(1900, 4, 986),
(1901, 92, 986),
(1902, 19, 986),
(1903, 4, 988),
(1904, 92, 988),
(1905, 39, 988),
(1906, 4, 1008),
(1907, 92, 1008),
(1908, 19, 1008),
(1909, 14, 1008),
(1910, 4, 1028),
(1911, 92, 1028),
(1912, 39, 1028),
(1913, 59, 1028),
(1914, 36, 1028),
(1915, 4, 1045),
(1916, 92, 1045),
(1917, 22, 1045),
(1918, 21, 1045),
(1919, 66, 1045),
(1920, 4, 1048),
(1921, 92, 1048),
(1922, 19, 1048),
(1923, 36, 1048),
(1924, 6, 1048),
(1925, 4, 1077),
(1926, 92, 1077),
(1927, 19, 1077),
(1928, 6, 1077),
(1929, 4, 1083),
(1930, 92, 1083),
(1931, 19, 1083),
(1932, 4, 1085),
(1933, 92, 1085),
(1934, 24, 1085),
(1935, 6, 1085),
(1936, 4, 1087),
(1937, 92, 1087),
(1938, 19, 1087),
(1939, 28, 1087),
(1940, 14, 1087),
(1941, 4, 1093),
(1942, 92, 1093),
(1943, 21, 1093),
(1944, 66, 1093),
(1945, 22, 1093),
(1946, 19, 1093),
(1947, 4, 1094),
(1948, 92, 1094),
(1949, 66, 1094),
(1950, 21, 1094),
(1951, 36, 1094),
(1952, 4, 1095),
(1953, 92, 1095),
(1954, 39, 1095),
(1955, 14, 1095),
(1956, 4, 1108),
(1966, 4, 489),
(1965, 92, 1108),
(1969, 7, 489),
(1968, 10, 489),
(1967, 9, 489),
(1962, 19, 1108),
(1963, 6, 1108),
(1964, 28, 1108),
(1970, 11, 489),
(1971, 8, 489),
(1972, 19, 489),
(1973, 6, 489),
(1974, 28, 489),
(1975, 4, 492),
(1976, 9, 492),
(1977, 10, 492),
(1978, 7, 492),
(1979, 11, 492),
(1980, 8, 492),
(1981, 19, 492),
(1982, 6, 492),
(1983, 28, 492),
(1984, 4, 1127),
(1985, 9, 1127),
(1986, 10, 1127),
(1987, 7, 1127),
(1988, 11, 1127),
(1989, 8, 1127),
(1990, 4, 1128),
(1991, 9, 1128),
(1992, 10, 1128),
(1993, 7, 1128),
(1994, 11, 1128),
(1995, 8, 1128),
(1996, 21, 1128),
(1997, 64, 1128),
(1998, 4, 1130),
(1999, 9, 1130),
(2000, 10, 1130),
(2001, 7, 1130),
(2002, 11, 1130),
(2003, 8, 1130),
(2004, 21, 1130),
(2005, 22, 1130),
(2006, 87, 1130),
(2007, 4, 1129),
(2008, 9, 1129),
(2009, 10, 1129),
(2010, 21, 1129),
(2011, 7, 1129),
(2012, 11, 1129),
(2013, 8, 1129),
(2014, 19, 1129),
(2015, 28, 1129),
(2016, 4, 1131),
(2017, 9, 1131),
(2018, 10, 1131),
(2019, 7, 1131),
(2020, 11, 1131),
(2021, 106, 1131),
(2024, 68, 1131),
(2023, 19, 1131),
(2025, 4, 1132),
(2026, 9, 1132),
(2027, 10, 1132),
(2028, 7, 1132),
(2029, 11, 1132),
(2030, 8, 1132),
(2031, 21, 1132),
(2032, 4, 1133),
(2033, 9, 1133),
(2034, 10, 1133),
(2035, 7, 1133),
(2036, 11, 1133),
(2037, 8, 1133),
(2038, 21, 1133),
(2039, 22, 1133),
(2040, 4, 1134),
(2041, 9, 1134),
(2042, 10, 1134),
(2043, 7, 1134),
(2044, 11, 1134),
(2045, 8, 1134),
(2046, 22, 1134),
(2047, 99, 1134),
(2048, 87, 1134),
(2049, 4, 1135),
(2050, 9, 1135),
(2051, 10, 1135),
(2052, 7, 1135),
(2053, 11, 1135),
(2054, 8, 1135),
(2055, 24, 1135),
(2056, 4, 1136),
(2057, 9, 1136),
(2058, 10, 1136),
(2060, 7, 1136),
(2061, 11, 1136),
(2062, 8, 1136),
(2063, 21, 1136),
(2064, 22, 1136),
(2065, 4, 1137),
(2066, 9, 1137),
(2067, 10, 1137),
(2068, 7, 1137),
(2069, 11, 1137),
(2070, 8, 1137),
(2071, 21, 1137),
(2072, 22, 1137),
(2073, 66, 1137),
(2074, 4, 1138),
(2075, 9, 1138),
(2076, 10, 1138),
(2077, 7, 1138),
(2078, 11, 1138),
(2079, 8, 1138),
(2080, 24, 1138),
(2081, 14, 1138),
(2082, 57, 1138),
(2083, 4, 1139),
(2084, 9, 1139),
(2085, 10, 1139),
(2086, 7, 1139),
(2087, 11, 1139),
(2088, 8, 1139),
(2089, 39, 1139),
(2090, 21, 1139),
(2091, 4, 1140),
(2092, 9, 1140),
(2093, 10, 1140),
(2094, 7, 1140),
(2095, 11, 1140),
(2096, 8, 1140),
(2097, 24, 1140),
(2098, 28, 1140),
(2099, 4, 1141),
(2100, 9, 1141),
(2101, 10, 1141),
(2102, 7, 1141),
(2103, 11, 1141),
(2104, 8, 1141),
(2105, 21, 1141),
(2106, 22, 1141),
(2107, 4, 1142),
(2108, 9, 1142),
(2109, 10, 1142),
(2110, 7, 1142),
(2111, 11, 1142),
(2112, 8, 1142),
(2113, 21, 1142),
(2114, 36, 1142),
(2115, 4, 1143),
(2116, 9, 1143),
(2117, 10, 1143),
(2118, 7, 1143),
(2119, 11, 1143),
(2120, 8, 1143),
(2121, 24, 1143),
(2122, 108, 1143),
(2123, 4, 1144),
(2124, 9, 1144),
(2125, 10, 1144),
(2126, 7, 1144),
(2127, 11, 1144),
(2128, 8, 1144),
(2129, 39, 1144),
(2130, 4, 1145),
(2131, 9, 1145),
(2132, 10, 1145),
(2133, 7, 1145),
(2134, 11, 1145),
(2135, 8, 1145),
(2136, 39, 1145),
(2137, 14, 1145),
(2138, 4, 1146),
(2139, 9, 1146),
(2140, 10, 1146),
(2141, 7, 1146),
(2142, 11, 1146),
(2143, 8, 1146),
(2144, 39, 1146),
(2145, 4, 1147),
(2146, 9, 1147),
(2147, 10, 1147),
(2148, 7, 1147),
(2149, 11, 1147),
(2150, 8, 1147),
(2151, 39, 1147),
(2152, 73, 1147),
(2153, 4, 1149),
(2154, 7, 1149),
(2155, 11, 1149),
(2156, 8, 1149),
(2157, 9, 1149),
(2158, 10, 1149),
(2159, 22, 1149),
(2160, 4, 1151),
(2161, 9, 1151),
(2162, 10, 1151),
(2163, 7, 1151),
(2164, 11, 1151),
(2165, 8, 1151),
(2166, 24, 1151),
(2167, 4, 1150),
(2168, 9, 1150),
(2169, 10, 1150),
(2170, 7, 1150),
(2171, 11, 1150),
(2172, 8, 1150),
(2173, 39, 1150),
(2174, 36, 1150),
(2175, 4, 1153),
(2176, 9, 1153),
(2177, 10, 1153),
(2178, 7, 1153),
(2179, 11, 1153),
(2180, 8, 1153),
(2181, 21, 1153),
(2182, 22, 1153),
(2183, 64, 1153),
(2184, 4, 1154),
(2185, 9, 1154),
(2186, 10, 1154),
(2187, 7, 1154),
(2188, 11, 1154),
(2189, 8, 1154),
(2190, 21, 1154),
(2191, 22, 1154),
(2192, 64, 1154),
(2193, 4, 1155),
(2194, 9, 1155),
(2195, 10, 1155),
(2196, 7, 1155),
(2197, 11, 1155),
(2198, 8, 1155),
(2199, 22, 1155),
(2200, 87, 1155),
(2201, 4, 1156),
(2202, 9, 1156),
(2203, 10, 1156),
(2204, 7, 1156),
(2205, 11, 1156),
(2206, 8, 1156),
(2207, 22, 1156),
(2208, 21, 1156),
(2209, 4, 1157),
(2210, 9, 1157),
(2211, 10, 1157),
(2212, 7, 1157),
(2213, 11, 1157),
(2214, 8, 1157),
(2215, 21, 1157),
(2216, 66, 1157),
(2217, 22, 1157),
(2218, 4, 1158),
(2219, 9, 1158),
(2220, 10, 1158),
(2221, 7, 1158),
(2222, 11, 1158),
(2223, 8, 1158),
(2224, 55, 1158),
(2225, 109, 1158),
(2226, 14, 1158),
(2227, 57, 1158),
(2228, 21, 1158),
(2229, 4, 1159),
(2230, 9, 1159),
(2231, 10, 1159),
(2232, 7, 1159),
(2233, 11, 1159),
(2234, 8, 1159),
(2235, 24, 1159),
(2236, 36, 1159),
(2237, 4, 1160),
(2238, 9, 1160),
(2239, 10, 1160),
(2240, 7, 1160),
(2241, 11, 1160),
(2242, 8, 1160),
(2243, 24, 1160),
(2244, 14, 1160),
(2245, 4, 1161),
(2246, 9, 1161),
(2247, 10, 1161),
(2248, 7, 1161),
(2249, 11, 1161),
(2250, 8, 1161),
(2251, 39, 1161),
(2252, 14, 1161),
(2253, 4, 1162),
(2254, 9, 1162),
(2255, 10, 1162),
(2256, 7, 1162),
(2257, 11, 1162),
(2258, 8, 1162),
(2259, 39, 1162),
(2260, 39, 1127),
(2261, 4, 1163),
(2262, 9, 1163),
(2263, 10, 1163),
(2264, 7, 1163),
(2265, 11, 1163),
(2266, 8, 1163),
(2267, 39, 1163),
(2268, 36, 1163),
(2269, 4, 1164),
(2270, 9, 1164),
(2271, 10, 1164),
(2272, 7, 1164),
(2273, 11, 1164),
(2274, 8, 1164),
(2275, 39, 1164),
(2276, 4, 1165),
(2277, 9, 1165),
(2278, 10, 1165),
(2279, 7, 1165),
(2280, 11, 1165),
(2281, 8, 1165),
(2282, 39, 1165),
(2283, 36, 1165),
(2284, 24, 1165),
(2285, 4, 1166),
(2286, 9, 1166),
(2287, 10, 1166),
(2288, 7, 1166),
(2289, 11, 1166),
(2290, 8, 1166),
(2291, 21, 1166),
(2292, 64, 1166),
(2293, 19, 1166),
(2294, 4, 1167),
(2295, 9, 1167),
(2296, 10, 1167),
(2297, 7, 1167),
(2298, 11, 1167),
(2299, 8, 1167),
(2300, 19, 1167),
(2301, 28, 1167),
(2302, 36, 1167),
(2303, 4, 1169),
(2304, 9, 1169),
(2305, 10, 1169),
(2306, 7, 1169),
(2307, 11, 1169),
(2308, 8, 1169),
(2309, 39, 1169),
(2310, 36, 1169),
(2311, 4, 1170),
(2312, 9, 1170),
(2313, 10, 1170),
(2314, 7, 1170),
(2315, 11, 1170),
(2316, 8, 1170),
(2317, 110, 1170),
(2318, 14, 1170),
(2319, 57, 1170),
(2320, 21, 1170),
(2321, 4, 1171),
(2322, 9, 1171),
(2323, 10, 1171),
(2324, 7, 1171),
(2325, 11, 1171),
(2326, 8, 1171),
(2327, 60, 1171),
(2328, 36, 1171),
(2329, 4, 1172),
(2330, 9, 1172),
(2331, 10, 1172),
(2332, 7, 1172),
(2333, 11, 1172),
(2334, 8, 1172),
(2335, 39, 1172),
(2336, 60, 1172),
(2337, 4, 1173),
(2338, 9, 1173),
(2339, 10, 1173),
(2340, 7, 1173),
(2341, 11, 1173),
(2342, 8, 1173),
(2343, 21, 1173),
(2344, 66, 1173),
(2345, 36, 1173),
(2346, 4, 1192),
(2347, 9, 1192),
(2348, 10, 1192),
(2349, 7, 1192),
(2350, 11, 1192),
(2351, 8, 1192),
(2352, 111, 1192),
(2353, 36, 1192),
(2354, 28, 1192),
(2355, 112, 1194),
(2356, 112, 1195),
(2357, 112, 1196),
(2358, 112, 1197),
(2359, 112, 1198),
(2360, 112, 1199),
(2361, 112, 1200),
(2362, 112, 1201),
(2363, 112, 1202),
(2364, 112, 1203),
(2365, 112, 1204),
(2366, 112, 1205),
(2367, 112, 1206),
(2368, 112, 1207),
(2369, 112, 1208),
(2370, 112, 1209),
(2372, 4, 886),
(2373, 92, 886),
(2374, 19, 886),
(2375, 6, 886),
(2376, 4, 896),
(2377, 92, 896),
(2378, 24, 896),
(2379, 6, 896),
(2380, 4, 898),
(2381, 92, 898),
(2382, 39, 898),
(2383, 6, 898),
(2384, 4, 917),
(2385, 92, 917),
(2386, 19, 917),
(2387, 6, 917),
(2388, 4, 920),
(2389, 92, 920),
(2390, 113, 920),
(2391, 66, 920),
(2392, 36, 920),
(2393, 4, 921),
(2394, 92, 921),
(2395, 114, 921),
(2396, 6, 921),
(2397, 24, 921),
(2398, 4, 924),
(2399, 92, 924),
(2400, 113, 924),
(2401, 21, 924),
(2402, 36, 924),
(2403, 6, 924),
(2404, 4, 840),
(2405, 21, 840),
(2406, 36, 840),
(2407, 7, 840),
(2408, 11, 840),
(2409, 8, 840),
(2410, 9, 840),
(2411, 10, 840),
(2412, 6, 840),
(2413, 65, 840),
(2414, 4, 837),
(2415, 7, 837),
(2416, 11, 837),
(2417, 8, 837),
(2418, 9, 837),
(2419, 10, 837),
(2420, 114, 837),
(2421, 6, 837),
(2422, 4, 836),
(2423, 7, 836),
(2424, 11, 836),
(2425, 8, 836),
(2426, 9, 836),
(2427, 10, 836),
(2428, 36, 836),
(2429, 66, 836),
(2430, 65, 836),
(2431, 6, 836),
(2432, 4, 833),
(2433, 7, 833),
(2434, 11, 833),
(2435, 8, 833),
(2436, 9, 833),
(2437, 10, 833),
(2438, 19, 833),
(2439, 6, 833),
(2440, 4, 814),
(2441, 7, 814),
(2442, 11, 814),
(2443, 8, 814),
(2444, 9, 814),
(2445, 10, 814),
(2446, 39, 814),
(2447, 6, 814),
(2448, 4, 812),
(2449, 7, 812),
(2450, 11, 812),
(2451, 8, 812),
(2452, 9, 812),
(2453, 10, 812),
(2454, 24, 812),
(2455, 6, 812),
(2456, 14, 812),
(2457, 4, 802),
(2458, 7, 802),
(2459, 11, 802),
(2460, 8, 802),
(2461, 9, 802),
(2462, 10, 802),
(2463, 19, 802),
(2464, 6, 802),
(2465, 4, 1178),
(2466, 111, 1178),
(2467, 7, 1178),
(2468, 11, 1178),
(2469, 8, 1178),
(2470, 9, 1178),
(2471, 10, 1178),
(2472, 21, 1178),
(2473, 22, 1178),
(2474, 4, 1177),
(2475, 111, 1177),
(2476, 7, 1177),
(2477, 11, 1177),
(2478, 8, 1177),
(2479, 9, 1177),
(2480, 10, 1177),
(2482, 39, 1177),
(2483, 115, 1177),
(2484, 4, 1174),
(2485, 111, 1174),
(2486, 7, 1174),
(2487, 11, 1174),
(2488, 8, 1174),
(2489, 9, 1174),
(2490, 10, 1174),
(2491, 39, 1174),
(2492, 116, 140),
(2493, 4, 140),
(2494, 2, 140),
(2495, 14, 140),
(2496, 7, 140),
(2497, 8, 140),
(2498, 11, 140),
(2499, 1, 140),
(2500, 117, 140),
(2501, 9, 140),
(2502, 10, 140),
(2503, 6, 140),
(2504, 4, 141),
(2505, 7, 141),
(2506, 11, 141),
(2507, 8, 141),
(2508, 9, 141),
(2509, 10, 141),
(2510, 2, 141),
(2511, 1, 141),
(2512, 118, 141),
(2513, 14, 141),
(2514, 21, 141),
(2515, 4, 142),
(2516, 7, 142),
(2517, 11, 142),
(2518, 8, 142),
(2519, 9, 142),
(2520, 10, 142),
(2521, 2, 142),
(2522, 119, 142),
(2523, 1, 142),
(2524, 39, 142),
(2525, 120, 142),
(2526, 65, 142),
(2527, 115, 142),
(2528, 4, 143),
(2529, 7, 143),
(2530, 11, 143),
(2531, 8, 143),
(2532, 9, 143),
(2533, 10, 143),
(2534, 2, 143),
(2535, 1, 143),
(2536, 121, 143),
(2537, 14, 143),
(2538, 122, 143),
(2539, 57, 143),
(2540, 6, 143),
(2541, 4, 144),
(2542, 7, 144),
(2543, 11, 144),
(2544, 8, 144),
(2545, 9, 144),
(2546, 10, 144),
(2547, 2, 144),
(2548, 123, 144),
(2549, 14, 144),
(2550, 57, 144),
(2551, 19, 144),
(2552, 65, 144),
(2553, 6, 144),
(2554, 4, 149),
(2555, 11, 149),
(2556, 8, 149),
(2557, 9, 149),
(2558, 10, 149),
(2559, 1, 149),
(2560, 124, 149),
(2561, 115, 149),
(2562, 65, 149),
(2563, 2, 149),
(2564, 4, 150),
(2565, 11, 150),
(2566, 8, 150),
(2567, 9, 150),
(2568, 10, 150),
(2569, 1, 150),
(2570, 125, 150),
(2571, 21, 150),
(2572, 22, 150),
(2573, 126, 150),
(2574, 2, 150),
(2575, 65, 150),
(2576, 4, 151),
(2577, 11, 151),
(2578, 8, 151),
(2579, 9, 151),
(2580, 10, 151),
(2581, 1, 151),
(2582, 127, 151),
(2583, 2, 151),
(2584, 21, 151),
(2585, 126, 151),
(2586, 22, 151),
(2587, 99, 151),
(2588, 4, 154),
(2589, 11, 154),
(2590, 8, 154),
(2591, 9, 154),
(2592, 10, 154),
(2593, 1, 154),
(2594, 128, 154),
(2595, 2, 154),
(2596, 116, 154),
(2597, 129, 154),
(2598, 6, 154),
(2599, 21, 154),
(2600, 14, 154),
(2601, 130, 154),
(2602, 57, 154),
(2603, 4, 155),
(2604, 7, 155),
(2605, 11, 155),
(2606, 8, 155),
(2607, 9, 155),
(2608, 10, 155),
(2609, 1, 155),
(2610, 131, 155),
(2611, 2, 155),
(2612, 116, 155),
(2613, 6, 155),
(2614, 129, 155),
(2615, 4, 157),
(2616, 11, 157),
(2617, 8, 157),
(2618, 9, 157),
(2619, 10, 157),
(2620, 1, 157),
(2621, 132, 157),
(2622, 2, 157),
(2623, 19, 157),
(2624, 6, 157),
(2625, 14, 157),
(2626, 133, 157),
(2627, 4, 158),
(2628, 11, 158),
(2629, 8, 158),
(2630, 9, 158),
(2631, 10, 158),
(2632, 1, 158),
(2633, 134, 158),
(2634, 2, 158),
(2635, 39, 158),
(2636, 115, 158),
(2637, 129, 158),
(2638, 4, 161),
(2639, 11, 161),
(2640, 8, 161),
(2641, 9, 161),
(2642, 10, 161),
(2643, 1, 161),
(2644, 135, 161),
(2645, 2, 161),
(2646, 21, 161),
(2647, 22, 161),
(2648, 65, 161),
(2649, 4, 164),
(2650, 11, 164),
(2651, 8, 164),
(2652, 9, 164),
(2653, 10, 164),
(2654, 1, 164),
(2655, 136, 164),
(2656, 2, 164),
(2657, 115, 164),
(2658, 65, 164),
(2659, 14, 164),
(2660, 137, 164),
(2661, 4, 165),
(2662, 11, 165),
(2663, 8, 165),
(2664, 9, 165),
(2665, 10, 165),
(2666, 1, 165),
(2667, 138, 165),
(2668, 2, 165),
(2669, 22, 165),
(2670, 21, 165),
(2671, 4, 1231),
(2672, 7, 1231),
(2673, 11, 1231),
(2674, 8, 1231),
(2675, 9, 1231),
(2676, 10, 1231),
(2677, 1, 1231),
(2678, 139, 1231),
(2679, 4, 159),
(2680, 11, 159),
(2681, 8, 159),
(2682, 9, 159),
(2683, 10, 159),
(2684, 1, 159),
(2685, 140, 159),
(2686, 2, 159),
(2687, 21, 159),
(2688, 22, 159),
(2689, 4, 166),
(2690, 11, 166),
(2691, 8, 166),
(2692, 9, 166),
(2693, 10, 166),
(2694, 1, 166),
(2695, 141, 166),
(2696, 116, 166),
(2697, 142, 166),
(2698, 65, 166),
(2699, 4, 168),
(2700, 7, 168),
(2701, 11, 168),
(2702, 8, 168),
(2703, 9, 168),
(2704, 10, 168),
(2705, 1, 168),
(2706, 143, 168),
(2707, 2, 168),
(2708, 39, 168),
(2709, 120, 168),
(2710, 144, 168),
(2711, 4, 170),
(2712, 7, 170),
(2713, 11, 170),
(2714, 8, 170),
(2715, 9, 170),
(2716, 10, 170),
(2717, 1, 170),
(2718, 145, 170),
(2719, 2, 170),
(2720, 116, 170),
(2721, 142, 170),
(2722, 146, 170),
(2723, 14, 170),
(2724, 57, 170),
(2725, 21, 170),
(2726, 4, 171),
(2727, 7, 171),
(2728, 11, 171),
(2729, 8, 171),
(2730, 9, 171),
(2731, 10, 171),
(2732, 1, 171),
(2733, 147, 171),
(2734, 2, 171),
(2735, 116, 171),
(2736, 142, 171),
(2737, 148, 171),
(2738, 14, 171),
(2739, 57, 171),
(2740, 21, 171),
(2741, 4, 172),
(2742, 11, 172),
(2743, 8, 172),
(2744, 9, 172),
(2745, 10, 172),
(2746, 1, 172),
(2747, 149, 172),
(2748, 2, 172),
(2749, 116, 172),
(2750, 142, 172),
(2751, 150, 172),
(2752, 14, 172),
(2753, 57, 172),
(2754, 21, 172),
(2755, 4, 173),
(2756, 11, 173),
(2757, 8, 173),
(2758, 9, 173),
(2759, 10, 173),
(2760, 1, 173),
(2761, 151, 173),
(2762, 2, 173),
(2763, 142, 173),
(2764, 116, 173),
(2765, 152, 173),
(2766, 14, 173),
(2767, 57, 173),
(2768, 21, 173),
(2769, 4, 174),
(2770, 11, 174),
(2771, 8, 174),
(2772, 9, 174),
(2773, 10, 174),
(2774, 1, 174),
(2775, 153, 174),
(2776, 2, 174),
(2777, 14, 174),
(2778, 6, 174),
(2779, 115, 174),
(2780, 4, 178),
(2781, 11, 178),
(2782, 8, 178),
(2783, 9, 178),
(2784, 10, 178),
(2785, 1, 178),
(2786, 154, 178),
(2787, 2, 178),
(2788, 155, 178),
(2789, 4, 176),
(2790, 11, 176),
(2791, 8, 176),
(2792, 9, 176),
(2793, 10, 176),
(2794, 1, 176),
(2795, 156, 176),
(2796, 2, 176),
(2797, 39, 176),
(2798, 157, 176),
(2799, 4, 177),
(2800, 11, 177),
(2801, 8, 177),
(2802, 9, 177),
(2803, 10, 177),
(2804, 1, 177),
(2805, 158, 177),
(2806, 2, 177),
(2807, 142, 177),
(2808, 116, 177),
(2809, 4, 180),
(2810, 11, 180),
(2811, 8, 180),
(2812, 9, 180),
(2813, 10, 180),
(2814, 1, 180),
(2815, 159, 180),
(2816, 2, 180),
(2817, 115, 180),
(2818, 160, 180),
(2819, 4, 181),
(2820, 11, 181),
(2821, 8, 181),
(2822, 9, 181),
(2823, 10, 181),
(2824, 1, 181),
(2825, 161, 181),
(2826, 2, 181),
(2827, 115, 181),
(2828, 6, 181),
(2829, 4, 179),
(2830, 11, 179),
(2831, 8, 179),
(2832, 9, 179),
(2833, 10, 179),
(2834, 1, 179),
(2835, 162, 179),
(2836, 2, 179),
(2837, 142, 179),
(2838, 116, 179),
(2839, 163, 179),
(2840, 14, 179),
(2841, 57, 179),
(2842, 21, 179),
(2843, 164, 179),
(2844, 4, 182),
(2845, 11, 182),
(2846, 8, 182),
(2847, 9, 182),
(2848, 10, 182),
(2849, 1, 182),
(2850, 165, 182),
(2851, 2, 182),
(2852, 14, 182),
(2853, 166, 182),
(2854, 57, 182),
(2855, 21, 182),
(2856, 167, 182),
(2857, 4, 183),
(2858, 11, 183),
(2859, 8, 183),
(2860, 9, 183),
(2861, 10, 183),
(2862, 1, 183),
(2863, 168, 183),
(2864, 2, 183),
(2865, 142, 183),
(2866, 116, 183),
(2867, 169, 183),
(2868, 14, 183),
(2869, 57, 183),
(2870, 21, 183),
(2871, 170, 183),
(2872, 4, 184),
(2873, 11, 184),
(2874, 8, 184),
(2875, 9, 184),
(2876, 10, 184),
(2877, 1, 184),
(2878, 171, 184),
(2879, 2, 184),
(2880, 120, 184),
(2881, 65, 184),
(2882, 172, 184),
(2883, 173, 184),
(2884, 4, 185),
(2885, 11, 185),
(2886, 8, 185),
(2887, 9, 185),
(2888, 10, 185),
(2889, 1, 185),
(2890, 174, 185),
(2891, 2, 185),
(2892, 22, 185),
(2893, 21, 185),
(2894, 4, 190),
(2895, 11, 190),
(2896, 8, 190),
(2897, 9, 190),
(2898, 10, 190),
(2899, 1, 190),
(2900, 175, 190),
(2901, 2, 190),
(2902, 73, 190),
(2903, 6, 190),
(2904, 39, 190),
(2905, 4, 194),
(2906, 11, 194),
(2907, 8, 194),
(2908, 9, 194),
(2909, 10, 194),
(2910, 1, 194),
(2911, 176, 194),
(2912, 2, 194),
(2913, 115, 194),
(2914, 36, 194),
(2915, 21, 194),
(2916, 65, 194),
(2917, 4, 191),
(2918, 11, 191),
(2919, 8, 191),
(2920, 9, 191),
(2921, 10, 191),
(2922, 1, 191),
(2923, 177, 191),
(2924, 2, 191),
(2925, 46, 191),
(2926, 19, 191),
(2927, 65, 191),
(2928, 4, 197),
(2929, 11, 197),
(2930, 8, 197),
(2931, 9, 197),
(2932, 10, 197),
(2933, 1, 197),
(2934, 178, 197),
(2935, 2, 197),
(2936, 4, 199),
(2937, 11, 199),
(2938, 8, 199),
(2939, 9, 199),
(2940, 10, 199),
(2941, 1, 199),
(2942, 179, 199),
(2943, 2, 199),
(2944, 19, 199),
(2945, 144, 199),
(2946, 155, 202),
(2947, 144, 202),
(2948, 4, 203),
(2949, 11, 203),
(2950, 8, 203),
(2951, 9, 203),
(2952, 10, 203),
(2953, 1, 203),
(2954, 180, 203),
(2955, 2, 203),
(2956, 142, 203),
(2957, 116, 203),
(2958, 55, 203),
(2959, 181, 203),
(2960, 4, 205),
(2961, 11, 205),
(2962, 8, 205),
(2963, 9, 205),
(2964, 10, 205),
(2965, 1, 205),
(2966, 182, 205),
(2967, 2, 205),
(2968, 39, 205),
(2969, 6, 205),
(2971, 4, 187),
(2972, 11, 187),
(2973, 8, 187),
(2974, 9, 187),
(2975, 10, 187),
(2976, 21, 187),
(2977, 2, 187),
(2978, 1, 187),
(2979, 183, 187),
(2980, 22, 187),
(2981, 99, 187),
(2982, 4, 209),
(2983, 2, 209),
(2984, 7, 209),
(2985, 11, 209),
(2986, 8, 209),
(2987, 1, 209),
(2988, 184, 209),
(2989, 22, 209),
(2990, 21, 209),
(2991, 9, 209),
(2992, 10, 209),
(2993, 4, 214),
(2994, 2, 214),
(2995, 9, 214),
(2996, 10, 214),
(2997, 7, 214),
(2998, 11, 214),
(2999, 8, 214),
(3000, 1, 214),
(3001, 185, 214),
(3002, 22, 214),
(3003, 21, 214),
(3004, 65, 214),
(3005, 4, 216),
(3006, 9, 216),
(3007, 10, 216),
(3008, 7, 216),
(3009, 11, 216),
(3010, 8, 216),
(3011, 1, 216),
(3012, 186, 216),
(3013, 22, 216),
(3014, 21, 216),
(3015, 69, 216),
(3016, 4, 218),
(3017, 9, 218),
(3018, 10, 218),
(3019, 7, 218),
(3020, 11, 218),
(3021, 8, 218),
(3022, 1, 218),
(3023, 187, 218),
(3024, 22, 218),
(3025, 21, 218),
(3026, 188, 218),
(3027, 4, 220),
(3028, 9, 220),
(3029, 10, 220),
(3030, 7, 220),
(3031, 11, 220),
(3032, 8, 220),
(3033, 1, 220),
(3034, 189, 220),
(3035, 39, 220),
(3036, 115, 220),
(3037, 4, 221),
(3038, 9, 221),
(3039, 10, 221),
(3040, 7, 221),
(3041, 11, 221),
(3042, 8, 221),
(3043, 1, 221),
(3044, 190, 221),
(3045, 39, 221),
(3046, 191, 221),
(3047, 4, 222),
(3048, 9, 222),
(3049, 10, 222),
(3050, 7, 222),
(3051, 11, 222),
(3052, 8, 222),
(3053, 1, 222),
(3054, 192, 222),
(3055, 39, 222),
(3056, 193, 222),
(3057, 4, 223),
(3058, 9, 223),
(3059, 10, 223),
(3060, 7, 223),
(3061, 11, 223),
(3062, 8, 223),
(3063, 1, 223),
(3064, 194, 223),
(3065, 39, 223),
(3066, 115, 223),
(3067, 4, 224),
(3068, 9, 224),
(3069, 10, 224),
(3070, 7, 224),
(3071, 11, 224),
(3072, 8, 224),
(3073, 1, 224),
(3074, 195, 224),
(3075, 22, 224),
(3076, 21, 224),
(3077, 4, 225),
(3078, 9, 225),
(3079, 10, 225),
(3080, 7, 225),
(3081, 11, 225),
(3082, 8, 225),
(3083, 1, 225),
(3084, 196, 225),
(3085, 36, 225),
(3086, 197, 225),
(3087, 4, 230),
(3088, 9, 230),
(3089, 10, 230),
(3090, 7, 230),
(3091, 11, 230),
(3092, 8, 230),
(3093, 1, 230),
(3094, 198, 230),
(3095, 21, 230),
(3096, 22, 230),
(3097, 36, 230),
(3098, 66, 230),
(3099, 4, 232),
(3100, 9, 232),
(3101, 10, 232),
(3102, 7, 232),
(3103, 11, 232),
(3104, 8, 232),
(3105, 1, 232),
(3106, 199, 232),
(3107, 22, 232),
(3108, 19, 232),
(3109, 21, 232),
(3110, 144, 232),
(3111, 4, 233),
(3112, 9, 233),
(3113, 10, 233),
(3114, 7, 233),
(3115, 11, 233),
(3116, 8, 233),
(3117, 1, 233),
(3118, 200, 233),
(3119, 85, 233),
(3120, 4, 234),
(3121, 9, 234),
(3122, 10, 234),
(3123, 7, 234),
(3124, 11, 234),
(3125, 8, 234),
(3126, 1, 234),
(3127, 201, 234),
(3128, 19, 234),
(3129, 144, 234),
(3130, 4, 235),
(3131, 9, 235),
(3132, 10, 235),
(3133, 7, 235),
(3134, 11, 235),
(3135, 8, 235),
(3136, 1, 235),
(3137, 202, 235),
(3138, 19, 235),
(3139, 36, 235),
(3140, 144, 235),
(3141, 4, 238),
(3142, 9, 238),
(3143, 10, 238),
(3144, 7, 238),
(3145, 11, 238),
(3146, 8, 238),
(3147, 203, 238),
(3148, 1, 238),
(3149, 21, 238),
(3150, 22, 238),
(3151, 99, 238),
(3152, 4, 239),
(3153, 9, 239),
(3154, 10, 239),
(3155, 7, 239),
(3156, 11, 239),
(3157, 8, 239),
(3158, 1, 239),
(3159, 204, 239),
(3160, 22, 239),
(3161, 21, 239),
(3162, 205, 239),
(3163, 4, 240),
(3164, 9, 240),
(3165, 10, 240),
(3166, 7, 240),
(3167, 11, 240),
(3168, 8, 240),
(3169, 1, 240),
(3170, 206, 240),
(3171, 22, 240),
(3172, 155, 240),
(3173, 4, 242),
(3174, 9, 242),
(3175, 10, 242),
(3176, 7, 242),
(3177, 11, 242),
(3178, 8, 242),
(3179, 1, 242),
(3180, 207, 242),
(3181, 39, 242),
(3182, 208, 242),
(3183, 4, 243),
(3184, 9, 243),
(3185, 10, 243),
(3186, 7, 243),
(3187, 11, 243),
(3188, 8, 243),
(3189, 1, 243),
(3190, 209, 243),
(3191, 39, 243),
(3192, 4, 244),
(3193, 9, 244),
(3194, 10, 244),
(3195, 7, 244),
(3196, 11, 244),
(3197, 8, 244),
(3198, 1, 244),
(3199, 210, 244),
(3200, 21, 244),
(3201, 22, 244),
(3202, 4, 245),
(3203, 9, 245),
(3204, 10, 245),
(3205, 7, 245),
(3206, 11, 245),
(3207, 8, 245),
(3208, 1, 245),
(3209, 211, 245),
(3210, 39, 245),
(3211, 22, 245),
(3212, 4, 246),
(3213, 9, 246),
(3214, 10, 246),
(3215, 7, 246),
(3216, 11, 246),
(3217, 8, 246),
(3218, 1, 246),
(3219, 212, 246),
(3220, 36, 246),
(3221, 113, 246),
(3222, 4, 247),
(3223, 9, 247),
(3224, 10, 247),
(3225, 7, 247),
(3226, 11, 247),
(3227, 8, 247),
(3228, 1, 247),
(3229, 213, 247),
(3230, 173, 247),
(3231, 214, 247),
(3232, 172, 247),
(3233, 120, 247),
(3234, 215, 247),
(3235, 4, 248),
(3236, 9, 248),
(3237, 10, 248),
(3238, 7, 248),
(3239, 11, 248),
(3240, 8, 248),
(3241, 1, 248),
(3242, 216, 248),
(3243, 39, 248),
(3244, 36, 248),
(3245, 4, 249),
(3246, 9, 249),
(3247, 10, 249),
(3248, 7, 249),
(3249, 11, 249),
(3250, 8, 249),
(3251, 1, 249),
(3252, 217, 249),
(3253, 114, 249),
(3254, 218, 249),
(3255, 24, 249),
(3256, 4, 250),
(3257, 9, 250),
(3258, 10, 250),
(3259, 7, 250),
(3260, 11, 250),
(3261, 8, 250),
(3262, 1, 250),
(3263, 219, 250),
(3264, 14, 250),
(3265, 59, 250),
(3266, 114, 250),
(3267, 144, 250),
(3268, 4, 254),
(3269, 9, 254),
(3270, 10, 254),
(3271, 7, 254),
(3272, 11, 254),
(3273, 8, 254),
(3274, 1, 254),
(3275, 220, 254),
(3276, 22, 254),
(3277, 21, 254),
(3278, 36, 254),
(3279, 4, 255),
(3280, 9, 255),
(3281, 10, 255),
(3282, 7, 255),
(3283, 11, 255),
(3284, 8, 255),
(3285, 1, 255),
(3286, 221, 255),
(3287, 24, 255),
(3288, 144, 255),
(3289, 4, 258),
(3290, 9, 258),
(3291, 10, 258),
(3292, 7, 258),
(3293, 11, 258),
(3294, 8, 258),
(3295, 1, 258),
(3296, 222, 258),
(3297, 22, 258),
(3298, 21, 258),
(3299, 4, 259),
(3300, 9, 259),
(3301, 10, 259),
(3302, 7, 259),
(3303, 11, 259),
(3304, 8, 259),
(3305, 1, 259),
(3306, 223, 259),
(3307, 19, 259),
(3308, 129, 259),
(3309, 4, 263),
(3310, 9, 263),
(3311, 10, 263),
(3312, 7, 263),
(3313, 11, 263),
(3314, 8, 263),
(3315, 1, 263),
(3316, 224, 263),
(3317, 114, 263),
(3318, 225, 263),
(3319, 4, 305),
(3320, 9, 305),
(3321, 10, 305),
(3322, 7, 305),
(3323, 11, 305),
(3324, 8, 305),
(3325, 1, 305),
(3326, 226, 305),
(3327, 21, 305),
(3328, 22, 305),
(3329, 4, 515),
(3330, 7, 515),
(3331, 11, 515),
(3332, 8, 515),
(3333, 9, 515),
(3334, 10, 515),
(3335, 24, 515),
(3336, 7, 575),
(3337, 11, 575),
(3338, 8, 575),
(3339, 9, 575),
(3340, 10, 575),
(3341, 21, 575),
(3342, 4, 575),
(3343, 22, 575),
(3344, 66, 575),
(3345, 7, 576),
(3346, 11, 576),
(3347, 8, 576),
(3348, 9, 576),
(3349, 10, 576),
(3350, 4, 576),
(3351, 39, 576),
(3352, 14, 576),
(3353, 227, 576),
(3354, 7, 580),
(3355, 11, 580),
(3356, 8, 580),
(3357, 9, 580),
(3358, 10, 580),
(3359, 4, 580),
(3360, 19, 580),
(3361, 228, 580),
(3362, 4, 594),
(3363, 7, 594),
(3364, 11, 594),
(3365, 8, 594),
(3366, 9, 594),
(3367, 10, 594),
(3368, 19, 594),
(3369, 229, 594),
(3370, 4, 595),
(3371, 9, 595),
(3372, 10, 595),
(3373, 7, 595),
(3374, 11, 595),
(3375, 8, 595),
(3376, 21, 595),
(3377, 22, 595),
(3378, 71, 595),
(3379, 4, 597),
(3380, 7, 597),
(3381, 11, 597),
(3382, 8, 597),
(3383, 9, 597),
(3384, 10, 597),
(3385, 19, 597),
(3386, 230, 597),
(3387, 4, 600),
(3388, 7, 600),
(3389, 11, 600),
(3390, 8, 600),
(3391, 9, 600),
(3392, 10, 600),
(3393, 14, 600),
(3394, 181, 600),
(3395, 231, 600),
(3396, 57, 600),
(3397, 21, 600),
(3398, 4, 605),
(3399, 7, 605),
(3400, 11, 605),
(3401, 8, 605),
(3402, 9, 605),
(3403, 10, 605),
(3404, 36, 605),
(3405, 4, 607),
(3406, 7, 607),
(3407, 11, 607),
(3408, 8, 607),
(3409, 9, 607),
(3410, 10, 607),
(3411, 19, 607),
(3412, 232, 607),
(3413, 4, 609),
(3414, 7, 609),
(3415, 11, 609),
(3416, 8, 609),
(3417, 9, 609),
(3418, 10, 609),
(3419, 21, 609),
(3420, 22, 609),
(3421, 66, 609),
(3422, 4, 613),
(3424, 7, 613),
(3425, 11, 613),
(3426, 8, 613),
(3427, 9, 613),
(3428, 10, 613),
(3429, 21, 613),
(3430, 66, 613),
(3431, 36, 613),
(3432, 4, 620),
(3433, 7, 620),
(3434, 11, 620),
(3435, 8, 620),
(3436, 9, 620),
(3437, 10, 620),
(3438, 21, 620),
(3439, 22, 620),
(3440, 64, 620),
(3441, 4, 625),
(3442, 7, 625),
(3443, 11, 625),
(3444, 8, 625),
(3445, 9, 625),
(3446, 10, 625),
(3447, 39, 625),
(3448, 142, 625),
(3449, 4, 634),
(3450, 7, 634),
(3451, 11, 634),
(3452, 8, 634),
(3453, 9, 634),
(3454, 10, 634),
(3455, 19, 634),
(3456, 233, 634),
(3457, 4, 638),
(3458, 7, 638),
(3459, 11, 638),
(3460, 8, 638),
(3461, 9, 638),
(3462, 10, 638),
(3463, 234, 638),
(3464, 85, 638),
(3465, 4, 641),
(3466, 7, 641),
(3467, 11, 641),
(3468, 8, 641),
(3469, 9, 641),
(3470, 10, 641),
(3471, 19, 641),
(3472, 235, 641),
(3473, 4, 646),
(3474, 7, 646),
(3475, 11, 646),
(3476, 8, 646),
(3477, 9, 646),
(3478, 10, 646),
(3479, 19, 646),
(3480, 236, 646),
(3481, 4, 647),
(3482, 7, 647),
(3483, 11, 647);
INSERT INTO `tags_products` (`tags_products_id`, `tags_id`, `products_id`) VALUES
(3484, 8, 647),
(3485, 9, 647),
(3486, 10, 647),
(3487, 19, 647),
(3488, 237, 647),
(3489, 4, 648),
(3490, 7, 648),
(3491, 11, 648),
(3492, 8, 648),
(3493, 9, 648),
(3494, 10, 648),
(3495, 19, 648),
(3496, 238, 648),
(3497, 4, 654),
(3498, 7, 654),
(3499, 11, 654),
(3500, 8, 654),
(3501, 9, 654),
(3502, 10, 654),
(3503, 22, 654),
(3504, 21, 654),
(3505, 239, 654),
(3506, 4, 672),
(3507, 7, 672),
(3508, 11, 672),
(3509, 8, 672),
(3510, 9, 672),
(3511, 10, 672),
(3512, 39, 672),
(3513, 142, 672),
(3514, 4, 673),
(3515, 7, 673),
(3516, 11, 673),
(3517, 8, 673),
(3518, 9, 673),
(3519, 10, 673),
(3520, 39, 673),
(3521, 142, 673),
(3522, 4, 694),
(3523, 7, 694),
(3524, 11, 694),
(3525, 8, 694),
(3526, 9, 694),
(3527, 10, 694),
(3528, 39, 694),
(3529, 142, 694),
(3530, 239, 694),
(3531, 4, 928),
(3555, 6, 929),
(3554, 65, 929),
(3553, 92, 929),
(3552, 4, 929),
(3551, 92, 928),
(3537, 22, 928),
(3538, 142, 928),
(3542, 4, 927),
(3543, 92, 927),
(3544, 240, 927),
(3545, 14, 927),
(3546, 57, 927),
(3548, 21, 927),
(3549, 239, 927),
(3550, 181, 927),
(3556, 4, 930),
(3557, 92, 930),
(3558, 62, 930),
(3559, 129, 930),
(3560, 6, 930),
(3561, 239, 930),
(3562, 4, 931),
(3563, 92, 931),
(3564, 65, 931),
(3565, 19, 931),
(3566, 241, 931),
(3567, 4, 933),
(3568, 92, 933),
(3569, 65, 933),
(3570, 6, 933),
(3571, 4, 935),
(3572, 92, 935),
(3573, 19, 935),
(3574, 242, 935),
(3575, 65, 935),
(3576, 6, 935),
(3577, 4, 936),
(3578, 92, 936),
(3579, 115, 936),
(3580, 62, 936),
(3581, 65, 936),
(3582, 4, 939),
(3583, 92, 939),
(3584, 22, 939),
(3585, 65, 939),
(3586, 239, 939),
(3587, 4, 943),
(3588, 92, 943),
(3589, 6, 943),
(3590, 129, 943),
(3591, 65, 948),
(3592, 6, 948),
(3593, 4, 953),
(3594, 92, 953),
(3595, 65, 953),
(3596, 144, 953),
(3597, 4, 963),
(3598, 92, 963),
(3599, 14, 963),
(3600, 59, 963),
(3601, 6, 963),
(3602, 4, 967),
(3603, 92, 967),
(3604, 155, 967),
(3605, 14, 967),
(3606, 6, 967),
(3607, 4, 968),
(3608, 92, 968),
(3609, 115, 968),
(3610, 62, 968),
(3611, 6, 968),
(3612, 4, 975),
(3613, 92, 975),
(3614, 129, 975),
(3615, 39, 975),
(3616, 4, 976),
(3617, 92, 976),
(3618, 55, 976),
(3619, 239, 976),
(3620, 181, 976),
(3621, 4, 977),
(3622, 92, 977),
(3624, 73, 977),
(3625, 4, 979),
(3626, 92, 979),
(3627, 22, 979),
(3628, 65, 979),
(3629, 6, 979),
(3630, 4, 980),
(3631, 92, 980),
(3632, 22, 980),
(3633, 65, 980),
(3634, 6, 980),
(3635, 4, 981),
(3636, 92, 981),
(3637, 65, 981),
(3638, 6, 981),
(3639, 19, 981),
(3640, 4, 991),
(3641, 92, 991),
(3642, 21, 991),
(3643, 22, 991),
(3644, 4, 1000),
(3645, 92, 1000),
(3646, 39, 1000),
(3647, 129, 1000),
(3648, 4, 1001),
(3649, 92, 1001),
(3650, 39, 1001),
(3651, 129, 1001),
(3652, 4, 1002),
(3653, 92, 1002),
(3654, 39, 1002),
(3655, 4, 1003),
(3656, 92, 1003),
(3657, 39, 1003),
(3658, 4, 1004),
(3659, 92, 1004),
(3660, 39, 1004),
(3661, 129, 1004),
(3662, 4, 1006),
(3663, 92, 1006),
(3664, 62, 1006),
(3665, 4, 1007),
(3666, 92, 1007),
(3667, 62, 1007),
(3668, 4, 1009),
(3669, 92, 1009),
(3670, 24, 1009),
(3671, 243, 1009),
(3672, 4, 1011),
(3673, 92, 1011),
(3674, 21, 1011),
(3675, 22, 1011),
(3676, 4, 1014),
(3677, 92, 1014),
(3678, 19, 1014),
(3679, 144, 1014),
(3680, 4, 1015),
(3681, 92, 1015),
(3682, 244, 1015),
(3683, 85, 1015),
(3684, 4, 1021),
(3685, 92, 1021),
(3686, 22, 1021),
(3687, 245, 1021),
(3688, 4, 1023),
(3689, 92, 1023),
(3690, 39, 1023),
(3691, 4, 1024),
(3692, 92, 1024),
(3693, 246, 1024),
(3694, 21, 1024),
(3695, 22, 1024),
(3696, 4, 1031),
(3697, 92, 1031),
(3698, 144, 1031),
(3699, 19, 1031),
(3700, 4, 1034),
(3701, 92, 1034),
(3702, 65, 1034),
(3703, 247, 1034),
(3704, 4, 1035),
(3705, 92, 1035),
(3706, 144, 1035),
(3707, 248, 1035),
(3708, 4, 1036),
(3709, 92, 1036),
(3710, 65, 1036),
(3711, 66, 1036),
(3712, 22, 1036),
(3713, 4, 1046),
(3714, 92, 1046),
(3715, 19, 1046),
(3717, 4, 1047),
(3718, 92, 1047),
(3719, 19, 1047),
(3720, 4, 1052),
(3721, 92, 1052),
(3722, 6, 1052),
(3723, 4, 1062),
(3724, 92, 1062),
(3725, 6, 1062),
(3726, 62, 1062),
(3727, 4, 1063),
(3728, 92, 1063),
(3729, 6, 1063),
(3730, 62, 1063),
(3731, 4, 1065),
(3732, 92, 1065),
(3733, 22, 1065),
(3734, 249, 1065),
(3735, 4, 1066),
(3736, 92, 1066),
(3737, 250, 1066),
(3738, 22, 1066),
(3739, 4, 1068),
(3740, 92, 1068),
(3741, 69, 1068),
(3742, 251, 1068),
(3743, 4, 1069),
(3744, 92, 1069),
(3745, 69, 1069),
(3746, 251, 1069),
(3747, 4, 1079),
(3748, 92, 1079),
(3749, 85, 1079),
(3750, 252, 1079),
(3751, 129, 1079),
(3752, 4, 1080),
(3753, 92, 1080),
(3754, 19, 1080),
(3755, 253, 1080),
(3756, 4, 1088),
(3757, 92, 1088),
(3758, 62, 1088),
(3759, 85, 1088),
(3760, 4, 1104),
(3761, 92, 1104),
(3762, 66, 1104),
(3763, 21, 1104),
(3764, 22, 1104),
(3765, 4, 1111),
(3766, 92, 1111),
(3767, 19, 1111),
(3768, 254, 1111),
(3769, 4, 880),
(3770, 92, 880),
(3771, 21, 880),
(3772, 66, 880),
(3773, 255, 1472),
(3774, 256, 1471),
(3775, 257, 1470),
(3776, 258, 1469),
(3777, 259, 1468),
(3778, 260, 1467),
(3779, 261, 1466),
(3780, 262, 1465),
(3781, 263, 1269),
(3782, 264, 1269),
(3783, 265, 1269),
(3784, 266, 1269),
(3786, 268, 1269),
(3787, 268, 1268),
(3788, 269, 1268),
(3789, 270, 1268),
(3790, 271, 1268),
(3791, 272, 1268),
(3792, 268, 1264),
(3793, 273, 1264),
(3794, 274, 1264),
(3795, 275, 1264),
(3796, 276, 1264),
(3797, 268, 1263),
(3798, 277, 1263),
(3799, 278, 1263),
(3800, 279, 1263),
(3801, 280, 1263),
(3802, 268, 1262),
(3803, 281, 1262),
(3804, 282, 1262),
(3805, 283, 1262),
(3806, 284, 1262),
(3807, 268, 1261),
(3808, 285, 1261),
(3809, 286, 1261),
(3810, 287, 1261),
(3811, 288, 1261),
(3812, 268, 1260),
(3813, 289, 1260),
(3814, 290, 1260),
(3815, 291, 1260),
(3816, 292, 1260),
(3817, 268, 1259),
(3818, 293, 1259),
(3819, 294, 1259),
(3820, 295, 1259),
(3821, 296, 1259),
(3822, 268, 1257),
(3823, 297, 1257),
(3824, 298, 1257),
(3825, 299, 1257),
(3826, 300, 1257),
(3827, 268, 1256),
(3828, 301, 1256),
(3829, 302, 1256),
(3830, 303, 1256),
(3831, 304, 1256),
(3832, 268, 1255),
(3833, 305, 1255),
(3834, 306, 1255),
(3835, 307, 1255),
(3836, 308, 1255),
(3837, 268, 1254),
(3838, 309, 1254),
(3839, 310, 1254),
(3840, 311, 1254),
(3841, 312, 1254),
(3842, 268, 1253),
(3843, 313, 1253),
(3844, 314, 1253),
(3845, 315, 1253),
(3846, 316, 1253);

-- --------------------------------------------------------

--
-- Tabellenstruktur für Tabelle `tax_class`
--

CREATE TABLE `tax_class` (
  `tax_class_id` int(11) NOT NULL,
  `tax_class_title` varchar(32) NOT NULL DEFAULT '',
  `tax_class_description` varchar(255) NOT NULL DEFAULT '',
  `last_modified` datetime DEFAULT NULL,
  `date_added` datetime NOT NULL DEFAULT '0000-00-00 00:00:00'
) ENGINE=MyISAM DEFAULT CHARSET=utf8;

--
-- Daten für Tabelle `tax_class`
--

INSERT INTO `tax_class` (`tax_class_id`, `tax_class_title`, `tax_class_description`, `last_modified`, `date_added`) VALUES
(1, 'Standardsatz', '', '0000-00-00 00:00:00', '2004-09-15 10:00:46'),
(2, 'ermaeßigter Steuersatz', '', '2013-04-30 17:49:09', '2004-09-15 10:00:46'),
(3, 'ermäßigt 2', '', '2022-10-27 08:09:19', '2022-10-27 08:09:19'),
(4, 'stark ermäßigt', '', '2022-10-27 08:09:27', '2022-10-27 08:09:27'),
(5, 'stark ermäßigt 2', '', '2022-10-27 08:09:29', '2022-10-27 08:09:29'),
(6, 'zwischensatz', '', '2022-10-27 08:09:35', '2022-10-27 08:09:35');

-- --------------------------------------------------------

--
-- Tabellenstruktur für Tabelle `tax_rates`
--

CREATE TABLE `tax_rates` (
  `tax_rates_id` int(11) NOT NULL,
  `tax_zone_id` int(11) NOT NULL DEFAULT '0',
  `tax_class_id` int(11) NOT NULL DEFAULT '0',
  `tax_priority` int(5) DEFAULT '1',
  `tax_rate` decimal(7,4) NOT NULL DEFAULT '0.0000',
  `tax_description` varchar(255) NOT NULL DEFAULT '',
  `last_modified` datetime DEFAULT NULL,
  `date_added` datetime NOT NULL DEFAULT '0000-00-00 00:00:00'
) ENGINE=MyISAM DEFAULT CHARSET=utf8;

--
-- Daten für Tabelle `tax_rates`
--

INSERT INTO `tax_rates` (`tax_rates_id`, `tax_zone_id`, `tax_class_id`, `tax_priority`, `tax_rate`, `tax_description`, `last_modified`, `date_added`) VALUES
(1, 5, 1, 1, 19.0000, 'UST 19%', '2021-01-01 02:10:12', '0000-00-00 00:00:00'),
(2, 5, 2, 1, 7.0000, 'UST 7%', '2021-01-01 02:10:27', '0000-00-00 00:00:00'),
(3, 6, 1, 1, 19.0000, 'EU-AUS-UST 19%', '2021-01-01 02:10:46', '0000-00-00 00:00:00'),
(4, 6, 2, 1, 7.0000, 'EU-AUS-UST 7%', '2021-01-01 02:11:04', '0000-00-00 00:00:00'),
(5, 8, 1, 1, 20.0000, 'USt. (AT) 20,00%', '0000-00-00 00:00:00', '2022-10-27 08:09:49'),
(6, 8, 2, 1, 10.0000, 'USt. (AT) 10,00%', '0000-00-00 00:00:00', '2022-10-27 08:09:49'),
(7, 8, 3, 1, 13.0000, 'USt. (AT) 13,00%', '0000-00-00 00:00:00', '2022-10-27 08:09:49'),
(8, 8, 6, 1, 13.0000, 'USt. (AT) 13,00%', '0000-00-00 00:00:00', '2022-10-27 08:09:49'),
(9, 9, 1, 1, 21.0000, 'USt. (BE) 21,00%', '0000-00-00 00:00:00', '2022-10-27 08:09:49'),
(10, 9, 2, 1, 6.0000, 'USt. (BE) 6,00%', '0000-00-00 00:00:00', '2022-10-27 08:09:49'),
(11, 9, 3, 1, 12.0000, 'USt. (BE) 12,00%', '0000-00-00 00:00:00', '2022-10-27 08:09:49'),
(12, 9, 6, 1, 12.0000, 'USt. (BE) 12,00%', '0000-00-00 00:00:00', '2022-10-27 08:09:49'),
(13, 10, 1, 1, 20.0000, 'USt. (BG) 20,00%', '0000-00-00 00:00:00', '2022-10-27 08:09:49'),
(14, 10, 2, 1, 9.0000, 'USt. (BG) 9,00%', '0000-00-00 00:00:00', '2022-10-27 08:09:49'),
(15, 11, 1, 1, 19.0000, 'USt. (CY) 19,00%', '0000-00-00 00:00:00', '2022-10-27 08:09:49'),
(16, 11, 2, 1, 5.0000, 'USt. (CY) 5,00%', '0000-00-00 00:00:00', '2022-10-27 08:09:49'),
(17, 11, 3, 1, 9.0000, 'USt. (CY) 9,00%', '0000-00-00 00:00:00', '2022-10-27 08:09:49'),
(18, 12, 1, 1, 21.0000, 'USt. (CZ) 21,00%', '0000-00-00 00:00:00', '2022-10-27 08:09:49'),
(19, 12, 2, 1, 10.0000, 'USt. (CZ) 10,00%', '0000-00-00 00:00:00', '2022-10-27 08:09:49'),
(20, 12, 3, 1, 15.0000, 'USt. (CZ) 15,00%', '0000-00-00 00:00:00', '2022-10-27 08:09:49'),
(21, 13, 1, 1, 19.0000, 'USt. (DE) 19,00%', '0000-00-00 00:00:00', '2022-10-27 08:09:49'),
(22, 13, 2, 1, 7.0000, 'USt. (DE) 7,00%', '0000-00-00 00:00:00', '2022-10-27 08:09:49'),
(23, 14, 1, 1, 25.0000, 'USt. (DK) 25,00%', '0000-00-00 00:00:00', '2022-10-27 08:09:49'),
(24, 15, 1, 1, 20.0000, 'USt. (EE) 20,00%', '0000-00-00 00:00:00', '2022-10-27 08:09:49'),
(25, 15, 2, 1, 9.0000, 'USt. (EE) 9,00%', '0000-00-00 00:00:00', '2022-10-27 08:09:49'),
(26, 16, 1, 1, 24.0000, 'USt. (GR) 24,00%', '0000-00-00 00:00:00', '2022-10-27 08:09:49'),
(27, 16, 2, 1, 6.0000, 'USt. (GR) 6,00%', '0000-00-00 00:00:00', '2022-10-27 08:09:49'),
(28, 16, 3, 1, 13.0000, 'USt. (GR) 13,00%', '0000-00-00 00:00:00', '2022-10-27 08:09:49'),
(29, 17, 1, 1, 21.0000, 'USt. (ES) 21,00%', '0000-00-00 00:00:00', '2022-10-27 08:09:49'),
(30, 17, 2, 1, 10.0000, 'USt. (ES) 10,00%', '0000-00-00 00:00:00', '2022-10-27 08:09:49'),
(31, 17, 4, 1, 4.0000, 'USt. (ES) 4,00%', '0000-00-00 00:00:00', '2022-10-27 08:09:49'),
(32, 18, 1, 1, 24.0000, 'USt. (FI) 24,00%', '0000-00-00 00:00:00', '2022-10-27 08:09:49'),
(33, 18, 2, 1, 10.0000, 'USt. (FI) 10,00%', '0000-00-00 00:00:00', '2022-10-27 08:09:49'),
(34, 18, 3, 1, 14.0000, 'USt. (FI) 14,00%', '0000-00-00 00:00:00', '2022-10-27 08:09:49'),
(35, 19, 1, 1, 20.0000, 'USt. (FR) 20,00%', '0000-00-00 00:00:00', '2022-10-27 08:09:49'),
(36, 19, 2, 1, 5.5000, 'USt. (FR) 5,50%', '0000-00-00 00:00:00', '2022-10-27 08:09:49'),
(37, 19, 3, 1, 10.0000, 'USt. (FR) 10,00%', '0000-00-00 00:00:00', '2022-10-27 08:09:49'),
(38, 19, 4, 1, 2.1000, 'USt. (FR) 2,10%', '0000-00-00 00:00:00', '2022-10-27 08:09:49'),
(39, 20, 1, 1, 25.0000, 'USt. (HR) 25,00%', '0000-00-00 00:00:00', '2022-10-27 08:09:49'),
(40, 20, 2, 1, 5.0000, 'USt. (HR) 5,00%', '0000-00-00 00:00:00', '2022-10-27 08:09:49'),
(41, 20, 3, 1, 13.0000, 'USt. (HR) 13,00%', '0000-00-00 00:00:00', '2022-10-27 08:09:49'),
(42, 21, 1, 1, 27.0000, 'USt. (HU) 27,00%', '0000-00-00 00:00:00', '2022-10-27 08:09:49'),
(43, 21, 2, 1, 5.0000, 'USt. (HU) 5,00%', '0000-00-00 00:00:00', '2022-10-27 08:09:49'),
(44, 21, 3, 1, 18.0000, 'USt. (HU) 18,00%', '0000-00-00 00:00:00', '2022-10-27 08:09:49'),
(45, 22, 1, 1, 23.0000, 'USt. (IE) 23,00%', '0000-00-00 00:00:00', '2022-10-27 08:09:49'),
(46, 22, 2, 1, 9.0000, 'USt. (IE) 9,00%', '0000-00-00 00:00:00', '2022-10-27 08:09:49'),
(47, 22, 3, 1, 13.5000, 'USt. (IE) 13,50%', '0000-00-00 00:00:00', '2022-10-27 08:09:49'),
(48, 22, 4, 1, 4.8000, 'USt. (IE) 4,80%', '0000-00-00 00:00:00', '2022-10-27 08:09:49'),
(49, 22, 6, 1, 13.5000, 'USt. (IE) 13,50%', '0000-00-00 00:00:00', '2022-10-27 08:09:49'),
(50, 23, 1, 1, 22.0000, 'USt. (IT) 22,00%', '0000-00-00 00:00:00', '2022-10-27 08:09:49'),
(51, 23, 2, 1, 5.0000, 'USt. (IT) 5,00%', '0000-00-00 00:00:00', '2022-10-27 08:09:49'),
(52, 23, 3, 1, 10.0000, 'USt. (IT) 10,00%', '0000-00-00 00:00:00', '2022-10-27 08:09:49'),
(53, 23, 4, 1, 4.0000, 'USt. (IT) 4,00%', '0000-00-00 00:00:00', '2022-10-27 08:09:49'),
(54, 24, 1, 1, 21.0000, 'USt. (LT) 21,00%', '0000-00-00 00:00:00', '2022-10-27 08:09:49'),
(55, 24, 2, 1, 5.0000, 'USt. (LT) 5,00%', '0000-00-00 00:00:00', '2022-10-27 08:09:49'),
(56, 24, 3, 1, 9.0000, 'USt. (LT) 9,00%', '0000-00-00 00:00:00', '2022-10-27 08:09:49'),
(57, 25, 1, 1, 17.0000, 'USt. (LU) 17,00%', '0000-00-00 00:00:00', '2022-10-27 08:09:49'),
(58, 25, 2, 1, 8.0000, 'USt. (LU) 8,00%', '0000-00-00 00:00:00', '2022-10-27 08:09:49'),
(59, 25, 4, 1, 3.0000, 'USt. (LU) 3,00%', '0000-00-00 00:00:00', '2022-10-27 08:09:49'),
(60, 25, 6, 1, 14.0000, 'USt. (LU) 14,00%', '0000-00-00 00:00:00', '2022-10-27 08:09:49'),
(61, 26, 1, 1, 21.0000, 'USt. (LV) 21,00%', '0000-00-00 00:00:00', '2022-10-27 08:09:49'),
(62, 26, 2, 1, 12.0000, 'USt. (LV) 12,00%', '0000-00-00 00:00:00', '2022-10-27 08:09:49'),
(63, 26, 3, 1, 5.0000, 'USt. (LV) 5,00%', '0000-00-00 00:00:00', '2022-10-27 08:09:49'),
(64, 27, 1, 1, 18.0000, 'USt. (MT) 18,00%', '0000-00-00 00:00:00', '2022-10-27 08:09:49'),
(65, 27, 2, 1, 5.0000, 'USt. (MT) 5,00%', '0000-00-00 00:00:00', '2022-10-27 08:09:49'),
(66, 27, 3, 1, 7.0000, 'USt. (MT) 7,00%', '0000-00-00 00:00:00', '2022-10-27 08:09:49'),
(67, 28, 1, 1, 21.0000, 'USt. (NL) 21,00%', '0000-00-00 00:00:00', '2022-10-27 08:09:49'),
(68, 28, 2, 1, 9.0000, 'USt. (NL) 9,00%', '0000-00-00 00:00:00', '2022-10-27 08:09:49'),
(69, 29, 1, 1, 23.0000, 'USt. (PL) 23,00%', '0000-00-00 00:00:00', '2022-10-27 08:09:49'),
(70, 29, 2, 1, 5.0000, 'USt. (PL) 5,00%', '0000-00-00 00:00:00', '2022-10-27 08:09:49'),
(71, 29, 3, 1, 8.0000, 'USt. (PL) 8,00%', '0000-00-00 00:00:00', '2022-10-27 08:09:49'),
(72, 30, 1, 1, 23.0000, 'USt. (PT) 23,00%', '0000-00-00 00:00:00', '2022-10-27 08:09:49'),
(73, 30, 2, 1, 6.0000, 'USt. (PT) 6,00%', '0000-00-00 00:00:00', '2022-10-27 08:09:49'),
(74, 30, 3, 1, 13.0000, 'USt. (PT) 13,00%', '0000-00-00 00:00:00', '2022-10-27 08:09:49'),
(75, 30, 6, 1, 13.0000, 'USt. (PT) 13,00%', '0000-00-00 00:00:00', '2022-10-27 08:09:49'),
(76, 31, 1, 1, 19.0000, 'USt. (RO) 19,00%', '0000-00-00 00:00:00', '2022-10-27 08:09:49'),
(77, 31, 2, 1, 5.0000, 'USt. (RO) 5,00%', '0000-00-00 00:00:00', '2022-10-27 08:09:49'),
(78, 31, 3, 1, 9.0000, 'USt. (RO) 9,00%', '0000-00-00 00:00:00', '2022-10-27 08:09:49'),
(79, 32, 1, 1, 25.0000, 'USt. (SE) 25,00%', '0000-00-00 00:00:00', '2022-10-27 08:09:49'),
(80, 32, 2, 1, 6.0000, 'USt. (SE) 6,00%', '0000-00-00 00:00:00', '2022-10-27 08:09:49'),
(81, 32, 3, 1, 12.0000, 'USt. (SE) 12,00%', '0000-00-00 00:00:00', '2022-10-27 08:09:49'),
(82, 33, 1, 1, 22.0000, 'USt. (SI) 22,00%', '0000-00-00 00:00:00', '2022-10-27 08:09:49'),
(83, 33, 2, 1, 9.5000, 'USt. (SI) 9,50%', '0000-00-00 00:00:00', '2022-10-27 08:09:49'),
(84, 34, 1, 1, 20.0000, 'USt. (SK) 20,00%', '0000-00-00 00:00:00', '2022-10-27 08:09:49'),
(85, 34, 2, 1, 10.0000, 'USt. (SK) 10,00%', '0000-00-00 00:00:00', '2022-10-27 08:09:49');

-- --------------------------------------------------------

--
-- Tabellenstruktur für Tabelle `testeo`
--

CREATE TABLE `testeo` (
  `yourID` int(11) NOT NULL DEFAULT '0',
  `testeoGrade` varchar(64) NOT NULL DEFAULT '',
  `sourceCode` text NOT NULL
) ENGINE=MyISAM DEFAULT CHARSET=utf8;

-- --------------------------------------------------------

--
-- Tabellenstruktur für Tabelle `units`
--

CREATE TABLE `units` (
  `units_id` int(11) NOT NULL,
  `units_title` varchar(64) NOT NULL DEFAULT ''
) ENGINE=MyISAM DEFAULT CHARSET=utf8;

--
-- Daten für Tabelle `units`
--

INSERT INTO `units` (`units_id`, `units_title`) VALUES
(1, '2er'),
(2, '4er'),
(3, '6er'),
(4, 'Stück'),
(5, 'Set');

-- --------------------------------------------------------

--
-- Tabellenstruktur für Tabelle `units_description`
--

CREATE TABLE `units_description` (
  `units_description_id` int(11) NOT NULL,
  `units_id` int(11) NOT NULL DEFAULT '0',
  `language_id` int(11) NOT NULL DEFAULT '0',
  `units_value` varchar(64) NOT NULL DEFAULT ''
) ENGINE=MyISAM DEFAULT CHARSET=utf8;

--
-- Daten für Tabelle `units_description`
--

INSERT INTO `units_description` (`units_description_id`, `units_id`, `language_id`, `units_value`) VALUES
(1, 1, 2, '2'),
(2, 2, 2, '4'),
(3, 3, 2, '6'),
(4, 4, 2, '1'),
(5, 5, 2, '');

-- --------------------------------------------------------

--
-- Tabellenstruktur für Tabelle `un_classifications`
--

CREATE TABLE `un_classifications` (
  `un_classifications_id` int(11) NOT NULL,
  `un_title` varchar(128) NOT NULL,
  `un_description` text NOT NULL,
  `un_image` varchar(255) NOT NULL
) ENGINE=InnoDB DEFAULT CHARSET=utf8;

-- --------------------------------------------------------

--
-- Tabellenstruktur für Tabelle `userprofile_emailfilter_addresses`
--

CREATE TABLE `userprofile_emailfilter_addresses` (
  `userprofile_emailfilter_addresses_id` int(11) NOT NULL,
  `customers_id` int(11) NOT NULL COMMENT 'wer hat die addresse hinterlegt',
  `email_address` varchar(255) NOT NULL,
  `date_added` date NOT NULL
) ENGINE=MyISAM DEFAULT CHARSET=utf8;

-- --------------------------------------------------------

--
-- Tabellenstruktur für Tabelle `wishlist_attributes`
--

CREATE TABLE `wishlist_attributes` (
  `attributes_id` int(11) NOT NULL,
  `customers_id` int(11) NOT NULL DEFAULT '0',
  `wishlist_products_id` int(11) NOT NULL DEFAULT '0',
  `products_options_id` int(11) NOT NULL DEFAULT '0',
  `products_options_value_id` int(11) NOT NULL DEFAULT '0'
) ENGINE=MyISAM DEFAULT CHARSET=utf8;

-- --------------------------------------------------------

--
-- Tabellenstruktur für Tabelle `wishlist_customers`
--

CREATE TABLE `wishlist_customers` (
  `id` int(11) NOT NULL,
  `customers_id` int(11) NOT NULL DEFAULT '0',
  `create_date` datetime NOT NULL DEFAULT '0000-00-00 00:00:00',
  `memo` text NOT NULL
) ENGINE=InnoDB DEFAULT CHARSET=utf8;

--
-- Daten für Tabelle `wishlist_customers`
--

INSERT INTO `wishlist_customers` (`id`, `customers_id`, `create_date`, `memo`) VALUES
(1, 5169, '2018-12-18 14:07:32', ''),
(2, 5175, '2018-12-21 15:57:19', ''),
(3, 5250, '2019-03-20 14:45:12', ''),
(4, 5343, '2019-11-11 22:07:48', ''),
(5, 5503, '2019-12-26 18:52:07', ''),
(6, 5516, '2019-12-31 19:25:51', ''),
(7, 5562, '2020-01-29 13:09:26', ''),
(8, 5630, '2020-05-01 23:14:18', ''),
(9, 5646, '2020-05-25 06:35:42', ''),
(10, 5696, '2020-08-05 19:30:44', ''),
(11, 5722, '2020-09-17 22:37:38', ''),
(12, 5729, '2020-09-20 23:24:16', ''),
(13, 5749, '2020-10-03 07:59:08', ''),
(14, 5753, '2020-10-04 19:02:24', ''),
(15, 5775, '2020-10-17 09:34:06', ''),
(16, 5797, '2020-10-26 16:35:56', ''),
(17, 5829, '2020-11-07 19:06:12', ''),
(18, 5863, '2020-11-16 14:41:34', ''),
(19, 5872, '2020-11-17 14:13:11', ''),
(20, 5889, '2020-11-21 11:04:50', ''),
(21, 5920, '2020-11-25 20:57:35', ''),
(22, 5975, '2020-12-01 06:58:29', ''),
(23, 5990, '2020-12-02 17:59:12', ''),
(24, 6462, '2021-10-04 18:24:41', ''),
(25, 6510, '2021-10-28 14:51:31', ''),
(26, 6582, '2021-11-21 12:58:10', ''),
(27, 6616, '2021-11-27 09:10:51', ''),
(28, 6639, '2021-11-29 00:29:27', ''),
(29, 6872, '2022-01-20 18:04:13', ''),
(30, 6934, '2022-03-05 15:33:24', ''),
(31, 6998, '2022-05-19 14:53:48', ''),
(32, 7035, '2022-08-01 12:53:21', ''),
(33, 7081, '2022-09-15 10:21:23', ''),
(34, 7105, '2022-10-09 23:10:50', ''),
(35, 7190, '2022-11-23 15:13:27', ''),
(36, 7207, '2022-11-27 19:02:43', ''),
(37, 7275, '2022-12-08 21:21:15', ''),
(38, 7413, '2023-01-08 19:03:50', ''),
(39, 7423, '2023-01-12 17:57:41', ''),
(40, 7496, '2023-03-04 12:52:31', ''),
(41, 7648, '2023-08-27 18:15:40', ''),
(42, 7884, '2023-12-03 13:24:55', ''),
(43, 7302, '2024-01-04 10:52:11', ''),
(44, 8098, '2024-01-04 22:01:33', ''),
(45, 8686, '2024-03-01 20:24:29', ''),
(46, 8884, '2024-03-18 15:13:32', ''),
(47, 9945, '2024-07-17 09:04:48', ''),
(48, 10335, '2024-09-25 11:45:09', ''),
(49, 10352, '2024-10-02 11:39:50', ''),
(50, 10678, '2024-11-24 20:03:57', ''),
(51, 10335, '2024-12-17 12:51:47', ''),
(52, 11559, '2025-01-10 14:55:36', ''),
(53, 12152, '2025-01-30 19:55:44', ''),
(54, 10212, '2025-02-14 09:13:08', ''),
(55, 14433, '2025-10-20 17:48:26', ''),
(56, 14483, '2025-11-13 14:32:07', ''),
(57, 14598, '2025-12-05 19:26:59', ''),
(58, 14663, '2025-12-12 12:19:27', ''),
(59, 14671, '2025-12-18 19:37:08', ''),
(60, 5582, '2025-12-19 19:07:39', '');

-- --------------------------------------------------------

--
-- Tabellenstruktur für Tabelle `wishlist_products`
--

CREATE TABLE `wishlist_products` (
  `id` int(11) NOT NULL,
  `wishlist_customers_id` int(11) NOT NULL DEFAULT '0',
  `products_id` int(11) NOT NULL DEFAULT '0',
  `quantity` int(11) NOT NULL DEFAULT '0',
  `memo` text NOT NULL,
  `wishstatus` int(1) NOT NULL DEFAULT '0',
  `ordered` int(3) NOT NULL DEFAULT '0',
  `create_date` datetime NOT NULL DEFAULT '0000-00-00 00:00:00'
) ENGINE=InnoDB DEFAULT CHARSET=utf8;

--
-- Daten für Tabelle `wishlist_products`
--

INSERT INTO `wishlist_products` (`id`, `wishlist_customers_id`, `products_id`, `quantity`, `memo`, `wishstatus`, `ordered`, `create_date`) VALUES
(1, 1, 1127, 1, '', 0, 0, '2018-12-18 14:07:32'),
(2, 1, 507, 1, '', 0, 0, '2018-12-18 14:07:54'),
(5, 2, 876, 1, '', 0, 0, '2018-12-21 15:59:21'),
(6, 2, 861, 1, '', 0, 0, '2018-12-21 15:59:59'),
(7, 2, 855, 1, '', 0, 0, '2018-12-21 16:00:37'),
(8, 2, 870, 1, '', 0, 0, '2018-12-21 16:01:41'),
(9, 3, 518, 1, '', 0, 0, '2019-03-20 14:45:12'),
(10, 3, 553, 1, '', 0, 0, '2019-03-20 14:45:57'),
(11, 3, 554, 1, '', 0, 0, '2019-03-20 14:46:09'),
(12, 3, 555, 2, '', 0, 0, '2019-03-20 14:46:22'),
(13, 3, 569, 1, '', 0, 0, '2019-03-20 14:46:46'),
(14, 3, 570, 1, '', 0, 0, '2019-03-20 14:46:55'),
(15, 3, 571, 1, '', 0, 0, '2019-03-20 14:47:08'),
(16, 3, 588, 1, '', 0, 0, '2019-03-20 14:47:25'),
(17, 3, 589, 1, '', 0, 0, '2019-03-20 14:47:38'),
(18, 3, 619, 1, '', 0, 0, '2019-03-20 14:48:15'),
(19, 3, 632, 1, '', 0, 0, '2019-03-20 14:48:31'),
(20, 3, 669, 1, '', 0, 0, '2019-03-20 14:48:59'),
(21, 3, 670, 1, '', 0, 0, '2019-03-20 14:49:10'),
(22, 3, 671, 1, '', 0, 0, '2019-03-20 14:49:24'),
(23, 4, 507, 1, '', 0, 0, '2019-11-11 22:07:48'),
(34, 6, 509, 1, '', 0, 0, '2019-12-31 19:28:13'),
(36, 7, 1198, 1, '', 0, 0, '2020-01-29 13:13:37'),
(37, 7, 1206, 1, '', 0, 0, '2020-01-29 13:14:43'),
(42, 7, 1088, 1, '', 0, 0, '2020-01-29 13:24:26'),
(45, 7, 370, 1, '', 0, 0, '2020-01-29 13:29:52'),
(47, 7, 198, 1, '', 0, 0, '2020-01-29 13:39:11'),
(48, 7, 195, 1, '', 0, 0, '2020-01-29 13:39:24'),
(50, 7, 288, 1, '', 0, 0, '2020-01-29 13:41:06'),
(52, 7, 930, 1, '', 0, 0, '2020-01-29 13:50:28'),
(53, 7, 904, 1, '', 0, 0, '2020-01-29 13:53:04'),
(54, 8, 583, 1, '', 0, 0, '2020-05-01 23:14:18'),
(55, 8, 1197, 1, '', 0, 0, '2020-05-01 23:14:32'),
(56, 8, 1199, 1, '', 0, 0, '2020-05-01 23:14:43'),
(57, 8, 1205, 1, '', 0, 0, '2020-05-01 23:14:55'),
(58, 8, 1208, 1, '', 0, 0, '2020-05-01 23:15:03'),
(59, 8, 317, 1, '', 0, 0, '2020-05-01 23:15:41'),
(60, 8, 325, 1, '', 0, 0, '2020-05-01 23:15:55'),
(61, 8, 364, 1, '', 0, 0, '2020-05-01 23:16:39'),
(62, 8, 374, 1, '', 0, 0, '2020-05-01 23:16:50'),
(63, 8, 387, 1, '', 0, 0, '2020-05-01 23:17:02'),
(64, 8, 388, 1, '', 0, 0, '2020-05-01 23:17:08'),
(65, 8, 389, 1, '', 0, 0, '2020-05-01 23:17:22'),
(66, 8, 412, 1, '', 0, 0, '2020-05-01 23:17:37'),
(67, 8, 416, 1, '', 0, 0, '2020-05-01 23:18:08'),
(68, 8, 427, 1, '', 0, 0, '2020-05-01 23:18:24'),
(69, 8, 429, 1, '', 0, 0, '2020-05-01 23:18:39'),
(70, 8, 433, 1, '', 0, 0, '2020-05-01 23:18:50'),
(71, 8, 444, 1, '', 0, 0, '2020-05-01 23:18:58'),
(72, 8, 340, 1, '', 0, 0, '2020-05-01 23:20:08'),
(73, 8, 349, 1, '', 0, 0, '2020-05-01 23:20:40'),
(74, 8, 316, 1, '', 0, 0, '2020-05-01 23:21:15'),
(75, 8, 310, 1, '', 0, 0, '2020-05-01 23:21:24'),
(76, 8, 415, 1, '', 0, 0, '2020-05-01 23:22:02'),
(77, 8, 507, 1, '', 0, 0, '2020-05-01 23:24:04'),
(78, 8, 513, 1, '', 0, 0, '2020-05-01 23:24:12'),
(79, 8, 529, 1, '', 0, 0, '2020-05-01 23:24:35'),
(80, 8, 535, 1, '', 0, 0, '2020-05-01 23:24:46'),
(81, 8, 619, 1, '', 0, 0, '2020-05-01 23:26:36'),
(82, 8, 632, 1, '', 0, 0, '2020-05-01 23:27:08'),
(83, 8, 636, 1, '', 0, 0, '2020-05-01 23:27:25'),
(84, 8, 1195, 1, '', 0, 0, '2020-05-01 23:29:23'),
(85, 8, 565, 1, '', 0, 0, '2020-05-02 23:01:24'),
(86, 8, 395, 1, '', 0, 0, '2020-05-02 23:23:04'),
(87, 9, 806, 1, '', 0, 0, '2020-05-25 06:35:42'),
(88, 9, 327, 1, '', 0, 0, '2020-05-25 06:37:00'),
(89, 8, 1196, 1, '', 0, 0, '2020-07-20 00:24:09'),
(90, 8, 1200, 1, '', 0, 0, '2020-07-20 00:24:36'),
(91, 8, 1202, 1, '', 0, 0, '2020-07-20 00:24:45'),
(92, 8, 1203, 1, '', 0, 0, '2020-07-20 00:25:14'),
(93, 8, 1204, 1, '', 0, 0, '2020-07-20 00:25:24'),
(94, 8, 1206, 1, '', 0, 0, '2020-07-20 00:25:41'),
(112, 10, 884, 1, '', 0, 0, '2020-08-06 10:20:00'),
(114, 11, 837, 1, '', 0, 0, '2020-09-17 22:37:38'),
(115, 11, 340, 1, '', 0, 0, '2020-09-17 22:39:18'),
(116, 11, 356, 1, '', 0, 0, '2020-09-17 22:39:49'),
(117, 11, 373, 1, '', 0, 0, '2020-09-17 22:40:32'),
(118, 11, 392, 1, '', 0, 0, '2020-09-17 22:41:06'),
(119, 11, 405, 1, '', 0, 0, '2020-09-17 22:41:37'),
(120, 11, 417, 1, '', 0, 0, '2020-09-17 22:42:19'),
(121, 12, 395, 1, '', 0, 0, '2020-09-20 23:24:16'),
(122, 12, 1014, 1, '', 0, 0, '2020-09-20 23:26:27'),
(123, 12, 612, 1, '', 0, 0, '2020-09-20 23:29:38'),
(124, 12, 611, 1, '', 0, 0, '2020-09-20 23:29:46'),
(125, 12, 508, 1, '', 0, 0, '2020-09-20 23:32:25'),
(126, 13, 507, 1, '', 0, 0, '2020-10-03 07:59:08'),
(127, 13, 554, 1, '', 0, 0, '2020-10-03 08:00:10'),
(128, 13, 678, 1, '', 0, 0, '2020-10-03 08:02:49'),
(129, 13, 671, 1, '', 0, 0, '2020-10-03 08:03:23'),
(130, 13, 602, 1, '', 0, 0, '2020-10-03 08:06:02'),
(131, 13, 533, 1, '', 0, 0, '2020-10-03 08:20:32'),
(132, 13, 566, 1, '', 0, 0, '2020-10-03 08:23:25'),
(133, 14, 368, 1, '', 0, 0, '2020-10-04 19:02:24'),
(134, 14, 447, 1, '', 0, 0, '2020-10-04 19:04:13'),
(135, 14, 458, 1, '', 0, 0, '2020-10-04 19:04:40'),
(136, 14, 1229, 1, '', 0, 0, '2020-10-04 19:07:40'),
(137, 14, 1162, 1, '', 0, 0, '2020-10-04 19:14:11'),
(138, 14, 1208, 1, '', 0, 0, '2020-10-04 19:17:26'),
(139, 14, 1206, 1, '', 0, 0, '2020-10-04 19:18:33'),
(140, 14, 508, 1, '', 0, 0, '2020-10-04 19:21:29'),
(141, 14, 806, 1, '', 0, 0, '2020-10-05 17:21:04'),
(142, 15, 349, 1, '', 0, 0, '2020-10-17 09:34:06'),
(143, 15, 883, 1, '', 0, 0, '2020-10-17 09:34:28'),
(144, 15, 358, 1, '', 0, 0, '2020-10-17 09:34:43'),
(145, 15, 387, 1, '', 0, 0, '2020-10-17 09:34:57'),
(146, 15, 417, 1, '', 0, 0, '2020-10-17 09:35:09'),
(147, 15, 433, 1, '', 0, 0, '2020-10-17 09:35:22'),
(148, 15, 476, 1, '', 0, 0, '2020-10-17 09:35:37'),
(149, 15, 449, 1, '', 0, 0, '2020-10-17 09:35:49'),
(150, 15, 446, 1, '', 0, 0, '2020-10-17 09:36:00'),
(151, 15, 346, 1, '', 0, 0, '2020-10-17 09:36:12'),
(152, 16, 509, 1, '', 0, 0, '2020-10-26 16:35:56'),
(153, 17, 356, 1, '', 0, 0, '2020-11-07 19:06:12'),
(154, 17, 358, 1, '', 0, 0, '2020-11-07 19:07:08'),
(156, 17, 340, 1, '', 0, 0, '2020-11-07 19:13:15'),
(158, 17, 433, 1, '', 0, 0, '2020-11-07 19:15:39'),
(159, 17, 450, 1, '', 0, 0, '2020-11-07 19:16:11'),
(160, 17, 447, 1, '', 0, 0, '2020-11-07 19:17:26'),
(161, 17, 392, 1, '', 0, 0, '2020-11-09 11:43:28'),
(162, 17, 402, 1, '', 0, 0, '2020-11-09 11:43:54'),
(164, 18, 512, 1, '', 0, 0, '2020-11-16 14:42:14'),
(165, 18, 510, 1, '', 0, 0, '2020-11-16 14:42:32'),
(166, 18, 513, 1, '', 0, 0, '2020-11-16 14:42:49'),
(167, 18, 525, 1, '', 0, 0, '2020-11-16 14:43:15'),
(168, 18, 524, 1, '', 0, 0, '2020-11-16 14:43:27'),
(169, 18, 540, 1, '', 0, 0, '2020-11-16 14:43:41'),
(171, 18, 628, 1, '', 0, 0, '2020-11-16 14:45:28'),
(172, 18, 629, 1, '', 0, 0, '2020-11-16 14:45:38'),
(173, 18, 644, 1, '', 0, 0, '2020-11-16 14:46:22'),
(174, 18, 363, 1, '', 0, 0, '2020-11-16 14:49:01'),
(175, 18, 362, 1, '', 0, 0, '2020-11-16 14:49:17'),
(176, 18, 417, 1, '', 0, 0, '2020-11-16 14:50:00'),
(177, 18, 474, 1, '', 0, 0, '2020-11-16 14:50:20'),
(178, 18, 475, 1, '', 0, 0, '2020-11-16 14:50:33'),
(179, 18, 485, 1, '', 0, 0, '2020-11-16 14:50:41'),
(180, 19, 335, 1, '', 0, 0, '2020-11-17 14:13:11'),
(181, 19, 392, 1, '', 0, 0, '2020-11-17 14:14:07'),
(182, 19, 395, 1, '', 0, 0, '2020-11-17 14:14:21'),
(183, 19, 363, 1, '', 0, 0, '2020-11-17 14:14:42'),
(185, 19, 464, 1, '', 0, 0, '2020-11-17 14:16:21'),
(188, 19, 489, 1, '', 0, 0, '2020-11-17 14:17:01'),
(189, 20, 1194, 1, '', 0, 0, '2020-11-21 11:04:50'),
(190, 20, 1206, 1, '', 0, 0, '2020-11-21 11:05:43'),
(191, 20, 1205, 1, '', 0, 0, '2020-11-21 11:06:05'),
(192, 20, 1202, 1, '', 0, 0, '2020-11-21 11:14:29'),
(193, 21, 340, 1, '', 0, 0, '2020-11-25 20:57:35'),
(194, 21, 349, 1, '', 0, 0, '2020-11-25 20:58:07'),
(195, 21, 358, 1, '', 0, 0, '2020-11-25 20:58:34'),
(196, 21, 364, 2, '', 0, 0, '2020-11-25 20:58:54'),
(197, 21, 433, 1, '', 0, 0, '2020-11-25 21:00:11'),
(198, 21, 309, 1, '', 0, 0, '2020-11-25 21:02:17'),
(199, 8, 330, 1, '', 0, 0, '2020-11-30 20:44:08'),
(200, 8, 332, 1, '', 0, 0, '2020-11-30 20:44:22'),
(201, 8, 333, 1, '', 0, 0, '2020-11-30 20:44:32'),
(202, 8, 362, 1, '', 0, 0, '2020-11-30 20:45:18'),
(203, 8, 392, 1, '', 0, 0, '2020-11-30 20:45:45'),
(204, 8, 417, 1, '', 0, 0, '2020-11-30 20:46:19'),
(205, 8, 644, 1, '', 0, 0, '2020-11-30 20:49:36'),
(206, 8, 485, 1, '', 0, 0, '2020-11-30 20:59:01'),
(207, 8, 475, 1, '', 0, 0, '2020-11-30 21:12:59'),
(208, 8, 521, 1, '', 0, 0, '2020-11-30 21:19:27'),
(226, 23, 898, 1, '', 0, 0, '2020-12-02 17:59:41'),
(227, 23, 447, 1, '', 0, 0, '2020-12-02 18:10:50'),
(229, 24, 861, 1, '', 0, 0, '2021-10-04 18:25:18'),
(230, 24, 898, 1, '', 0, 0, '2021-10-04 18:26:00'),
(231, 24, 896, 1, '', 0, 0, '2021-10-04 18:28:36'),
(232, 24, 912, 1, '', 0, 0, '2021-10-04 18:30:51'),
(233, 24, 886, 1, '', 0, 0, '2021-10-04 18:31:44'),
(234, 24, 924, 1, '', 0, 0, '2021-10-04 18:33:23'),
(235, 25, 533, 1, '', 0, 0, '2021-10-28 14:51:31'),
(236, 25, 565, 1, '', 0, 0, '2021-10-28 14:51:59'),
(237, 26, 361, 1, '', 0, 0, '2021-11-21 12:58:10'),
(238, 26, 362, 1, '', 0, 0, '2021-11-21 12:58:32'),
(239, 26, 315, 1, '', 0, 0, '2021-11-21 12:59:50'),
(240, 26, 319, 1, '', 0, 0, '2021-11-21 13:00:15'),
(241, 26, 474, 1, '', 0, 0, '2021-11-21 13:00:59'),
(242, 26, 1304, 1, '', 0, 0, '2021-11-21 13:01:24'),
(243, 27, 806, 1, '', 0, 0, '2021-11-27 09:10:51'),
(245, 27, 813, 1, '', 0, 0, '2021-11-27 09:11:50'),
(246, 27, 1233, 1, '', 0, 0, '2021-11-27 09:19:13'),
(247, 28, 177, 1, '', 0, 0, '2021-11-29 00:29:27'),
(248, 29, 433, 1, '', 0, 0, '2022-01-20 18:04:13'),
(249, 29, 449, 1, '', 0, 0, '2022-01-20 18:04:48'),
(250, 29, 450, 1, '', 0, 0, '2022-01-20 18:05:08'),
(251, 29, 444, 1, '', 0, 0, '2022-01-20 18:05:56'),
(252, 30, 883, 1, '', 0, 0, '2022-03-05 15:33:24'),
(253, 30, 882, 1, '', 0, 0, '2022-03-05 15:33:40'),
(254, 30, 813, 1, '', 0, 0, '2022-03-05 15:35:20'),
(255, 31, 1421, 1, '', 0, 0, '2022-05-19 14:53:48'),
(258, 31, 1472, 2, '', 0, 0, '2022-05-19 15:03:18'),
(259, 31, 1446, 1, '', 0, 0, '2022-05-19 15:03:54'),
(260, 32, 555, 1, '', 0, 0, '2022-08-01 12:53:21'),
(261, 32, 569, 1, '', 0, 0, '2022-08-01 12:53:27'),
(262, 32, 571, 1, '', 0, 0, '2022-08-01 12:53:33'),
(263, 32, 619, 1, '', 0, 0, '2022-08-01 12:54:27'),
(264, 33, 308, 1, '', 0, 0, '2022-09-15 10:21:23'),
(266, 33, 362, 1, '', 0, 0, '2022-09-15 10:23:14'),
(267, 33, 364, 1, '', 0, 0, '2022-09-15 10:24:06'),
(268, 33, 372, 1, '', 0, 0, '2022-09-15 10:24:39'),
(269, 33, 387, 1, '', 0, 0, '2022-09-15 10:25:11'),
(270, 33, 389, 1, '', 0, 0, '2022-09-15 10:25:34'),
(271, 33, 396, 1, '', 0, 0, '2022-09-15 10:26:05'),
(272, 33, 428, 1, '', 0, 0, '2022-09-15 10:26:47'),
(273, 33, 429, 1, '', 0, 0, '2022-09-15 10:27:20'),
(274, 33, 443, 1, '', 0, 0, '2022-09-15 10:27:55'),
(275, 33, 444, 1, '', 0, 0, '2022-09-15 10:28:14'),
(276, 33, 464, 1, '', 0, 0, '2022-09-15 10:29:33'),
(277, 33, 476, 1, '', 0, 0, '2022-09-15 10:30:12'),
(279, 34, 433, 1, '', 0, 0, '2022-10-31 19:50:57'),
(280, 34, 163, 1, '', 0, 0, '2022-10-31 19:53:28'),
(281, 35, 812, 1, '', 0, 0, '2022-11-23 15:13:27'),
(282, 35, 896, 1, '', 0, 0, '2022-11-23 15:25:04'),
(283, 35, 958, 1, '', 0, 0, '2022-11-23 15:25:45'),
(284, 35, 340, 1, '', 0, 0, '2022-11-23 15:26:52'),
(285, 35, 308, 1, '', 0, 0, '2022-11-23 16:26:35'),
(286, 35, 800, 1, '', 0, 0, '2022-11-23 16:26:58'),
(287, 35, 884, 1, '', 0, 0, '2022-11-23 16:27:18'),
(288, 35, 844, 1, '', 0, 0, '2022-11-23 16:27:36'),
(289, 35, 886, 1, '', 0, 0, '2022-11-23 16:28:04'),
(290, 35, 845, 1, '', 0, 0, '2022-11-23 16:29:27'),
(291, 35, 846, 1, '', 0, 0, '2022-11-23 16:29:52'),
(293, 36, 340, 1, '', 0, 0, '2022-11-27 19:03:32'),
(294, 37, 307, 1, '', 0, 0, '2022-12-08 21:21:15'),
(295, 37, 308, 1, '', 0, 0, '2022-12-08 21:21:58'),
(297, 38, 883, 1, '', 0, 0, '2023-01-08 19:03:50'),
(298, 39, 181, 1, '', 0, 0, '2023-01-12 17:57:41'),
(299, 39, 140, 1, '', 0, 0, '2023-01-12 17:59:22'),
(300, 39, 191, 1, '', 0, 0, '2023-01-12 17:59:52'),
(301, 39, 141, 1, '', 0, 0, '2023-01-12 18:00:41'),
(302, 39, 215, 1, '', 0, 0, '2023-01-12 18:01:05'),
(303, 39, 225, 1, '', 0, 0, '2023-01-12 18:01:29'),
(304, 39, 232, 1, '', 0, 0, '2023-01-12 18:02:14'),
(305, 39, 233, 1, '', 0, 0, '2023-01-12 18:02:40'),
(306, 39, 143, 1, '', 0, 0, '2023-01-12 18:02:52'),
(307, 39, 145, 1, '', 0, 0, '2023-01-12 18:03:20'),
(308, 39, 261, 1, '', 0, 0, '2023-01-12 18:03:51'),
(309, 39, 152, 1, '', 0, 0, '2023-01-12 18:04:27'),
(310, 39, 154, 1, '', 0, 0, '2023-01-12 18:04:43'),
(311, 39, 305, 1, '', 0, 0, '2023-01-12 18:05:59'),
(312, 39, 166, 1, '', 0, 0, '2023-01-12 18:06:25'),
(313, 39, 168, 1, '', 0, 0, '2023-01-12 18:06:45'),
(314, 39, 159, 1, '', 0, 0, '2023-01-12 18:07:48'),
(315, 40, 1269, 1, '', 0, 0, '2023-03-04 12:52:31'),
(316, 40, 1264, 1, '', 0, 0, '2023-03-04 12:52:57'),
(317, 40, 1268, 1, '', 0, 0, '2023-03-04 12:53:15'),
(318, 40, 1256, 1, '', 0, 0, '2023-03-04 12:53:37'),
(319, 40, 1259, 1, '', 0, 0, '2023-03-04 12:54:19'),
(320, 41, 461, 1, '', 0, 0, '2023-08-27 18:15:40'),
(321, 41, 368, 1, '', 0, 0, '2023-08-27 18:16:38'),
(322, 41, 464, 1, '', 0, 0, '2023-08-27 18:17:29'),
(323, 41, 468, 1, '', 0, 0, '2023-08-27 18:17:58'),
(324, 41, 476, 1, '', 0, 0, '2023-08-27 18:18:14'),
(325, 42, 223, 1, '', 0, 0, '2023-12-03 13:24:55'),
(326, 42, 230, 1, '', 0, 0, '2023-12-03 13:26:25'),
(327, 42, 152, 1, '', 0, 0, '2023-12-03 13:28:18'),
(331, 44, 308, 1, '', 0, 0, '2024-01-04 22:01:33'),
(332, 44, 350, 1, '', 0, 0, '2024-01-04 22:03:33'),
(333, 44, 389, 1, '', 0, 0, '2024-01-04 22:05:16'),
(334, 44, 349, 1, '', 0, 0, '2024-01-04 22:06:01'),
(335, 44, 476, 1, '', 0, 0, '2024-01-04 22:12:07'),
(336, 44, 368, 1, '', 0, 0, '2024-01-04 22:14:21'),
(337, 44, 883, 1, '', 0, 0, '2024-01-04 22:16:58'),
(338, 45, 632, 1, '', 0, 0, '2024-03-01 20:24:29'),
(339, 45, 586, 1, '', 0, 0, '2024-03-01 20:26:00'),
(340, 45, 535, 1, '', 0, 0, '2024-03-01 20:26:42'),
(341, 45, 542, 1, '', 0, 0, '2024-03-01 20:27:04'),
(342, 45, 545, 1, '', 0, 0, '2024-03-01 20:27:31'),
(343, 45, 548, 1, '', 0, 0, '2024-03-01 20:27:56'),
(344, 45, 550, 1, '', 0, 0, '2024-03-01 20:28:08'),
(345, 45, 555, 1, '', 0, 0, '2024-03-01 20:28:26'),
(346, 46, 1237, 1, '', 0, 0, '2024-03-18 15:13:32'),
(347, 46, 1472, 1, '', 0, 0, '2024-03-18 15:14:21'),
(348, 46, 1200, 1, '', 0, 0, '2024-03-18 15:16:50'),
(349, 46, 1195, 1, '', 0, 0, '2024-03-18 15:19:59'),
(350, 46, 1206, 1, '', 0, 0, '2024-03-18 15:22:33'),
(351, 46, 139, 1, '', 0, 0, '2024-03-18 15:25:54'),
(352, 46, 198, 1, '', 0, 0, '2024-03-18 15:28:46'),
(353, 46, 202, 1, '', 0, 0, '2024-03-18 15:29:15'),
(354, 46, 205, 1, '', 0, 0, '2024-03-18 15:30:14'),
(355, 46, 173, 1, '', 0, 0, '2024-03-18 15:32:29'),
(356, 46, 172, 1, '', 0, 0, '2024-03-18 15:33:14'),
(359, 47, 525, 1, '', 0, 0, '2024-07-17 09:12:45'),
(367, 49, 309, 1, '', 0, 0, '2024-10-02 11:41:21'),
(372, 49, 429, 1, '', 0, 0, '2024-10-02 11:46:19'),
(373, 49, 140, 1, '', 0, 0, '2024-10-02 11:51:38'),
(374, 49, 261, 1, '', 0, 0, '2024-10-02 11:52:26'),
(375, 50, 433, 1, '', 0, 0, '2024-11-24 20:03:57'),
(376, 50, 956, 1, '', 0, 0, '2024-11-24 20:07:44'),
(385, 52, 528, 1, '', 0, 0, '2025-01-10 14:55:36'),
(386, 52, 547, 1, '', 0, 0, '2025-01-10 14:56:27'),
(387, 52, 566, 1, '', 0, 0, '2025-01-10 14:56:53'),
(388, 52, 596, 1, '', 0, 0, '2025-01-10 14:58:53'),
(389, 52, 644, 1, '', 0, 0, '2025-01-10 14:59:58'),
(390, 53, 310, 1, '', 0, 0, '2025-01-30 19:55:44'),
(391, 53, 319, 1, '', 0, 0, '2025-01-30 19:56:17'),
(392, 53, 362, 1, '', 0, 0, '2025-01-30 19:56:43'),
(393, 53, 361, 1, '', 0, 0, '2025-01-30 19:57:15'),
(394, 53, 364, 1, '', 0, 0, '2025-01-30 19:57:56'),
(395, 53, 1240, 1, '', 0, 0, '2025-01-30 20:01:56'),
(396, 53, 1242, 1, '', 0, 0, '2025-01-30 20:02:12'),
(397, 54, 817, 1, '', 0, 0, '2025-02-14 09:13:08'),
(398, 54, 812, 1, '', 0, 0, '2025-02-14 09:14:05'),
(399, 54, 368, 1, '', 0, 0, '2025-02-14 09:17:31'),
(400, 54, 433, 1, '', 0, 0, '2025-02-14 09:20:16'),
(401, 55, 443, 1, '', 0, 0, '2025-10-20 17:48:26'),
(402, 55, 469, 1, '', 0, 0, '2025-10-20 17:49:33'),
(403, 55, 485, 1, '', 0, 0, '2025-10-20 17:51:07'),
(404, 55, 318, 1, '', 0, 0, '2025-10-20 17:52:12'),
(405, 55, 335, 1, '', 0, 0, '2025-10-20 17:52:41'),
(406, 55, 433, 1, '', 0, 0, '2025-10-20 18:17:06'),
(407, 56, 346, 1, '', 0, 0, '2025-11-13 14:32:07'),
(408, 57, 1052, 1, '', 0, 0, '2025-12-05 19:26:59'),
(409, 57, 884, 1, '', 0, 0, '2025-12-05 19:28:09'),
(410, 57, 967, 1, '', 0, 0, '2025-12-05 19:28:40'),
(411, 57, 977, 1, '', 0, 0, '2025-12-05 19:28:59'),
(412, 57, 984, 1, '', 0, 0, '2025-12-05 19:29:11'),
(413, 57, 988, 1, '', 0, 0, '2025-12-05 19:29:23'),
(414, 57, 1003, 1, '', 0, 0, '2025-12-05 19:29:30'),
(415, 57, 1006, 1, '', 0, 0, '2025-12-05 19:29:50'),
(416, 57, 1048, 1, '', 0, 0, '2025-12-05 19:30:40'),
(417, 58, 395, 1, '', 0, 0, '2025-12-12 12:19:27'),
(418, 58, 340, 1, '', 0, 0, '2025-12-12 12:30:13'),
(419, 58, 356, 1, '', 0, 0, '2025-12-12 12:30:58'),
(420, 59, 1495, 1, '', 0, 0, '2025-12-18 19:37:08'),
(421, 60, 476, 1, '', 0, 0, '2025-12-19 19:07:39'),
(422, 60, 645, 1, '', 0, 0, '2025-12-19 19:07:46'),
(423, 60, 509, 1, '', 0, 0, '2025-12-19 19:15:55');

-- --------------------------------------------------------

--
-- Tabellenstruktur für Tabelle `wrapping_counter`
--

CREATE TABLE `wrapping_counter` (
  `wrapping_counter_id` int(11) NOT NULL,
  `orders_id` int(11) NOT NULL DEFAULT '0',
  `branches_id` int(11) NOT NULL DEFAULT '0',
  `date_added` datetime NOT NULL DEFAULT '0000-00-00 00:00:00',
  `date_fetched` datetime NOT NULL DEFAULT '0000-00-00 00:00:00'
) ENGINE=MyISAM DEFAULT CHARSET=utf8;

--
-- Daten für Tabelle `wrapping_counter`
--

INSERT INTO `wrapping_counter` (`wrapping_counter_id`, `orders_id`, `branches_id`, `date_added`, `date_fetched`) VALUES
(1, 8, 0, '2010-01-02 18:44:12', '0000-00-00 00:00:00'),
(2, 12, 0, '2010-03-25 19:52:43', '0000-00-00 00:00:00'),
(3, 19, 0, '2013-11-06 17:25:57', '0000-00-00 00:00:00'),
(4, 1515, 0, '2022-01-27 09:14:08', '0000-00-00 00:00:00'),
(5, 1619, 0, '2022-06-21 12:02:42', '0000-00-00 00:00:00'),
(6, 1702, 0, '2022-11-11 10:44:03', '0000-00-00 00:00:00'),
(7, 3190, 0, '2025-07-29 19:08:35', '0000-00-00 00:00:00');

-- --------------------------------------------------------

--
-- Tabellenstruktur für Tabelle `yes_amazon_pay_authorization`
--

CREATE TABLE `yes_amazon_pay_authorization` (
  `yes_amazon_pay_authorization_id` int(11) NOT NULL,
  `AuthorizationAmount_CurrencyCode` varchar(3) NOT NULL,
  `AuthorizationAmount_Amount` decimal(15,4) NOT NULL,
  `CapturedAmount_CurrencyCode` varchar(3) NOT NULL,
  `CapturedAmount_Amount` decimal(15,4) NOT NULL,
  `SoftDescriptor` varchar(32) NOT NULL,
  `IdList_member` varchar(64) NOT NULL,
  `SoftDecline` int(1) NOT NULL,
  `LastUpdateTimestamp` datetime NOT NULL,
  `State` varchar(16) NOT NULL,
  `AuthorizationFee_CurrencyCode` varchar(3) NOT NULL,
  `AuthorizationFee_Amount` decimal(15,4) NOT NULL,
  `AmazonAuthorizationId` varchar(64) NOT NULL,
  `AuthorizationReferenceId` varchar(64) NOT NULL,
  `OrderReferenceID` varchar(32) NOT NULL,
  `yes_amazon_pay_reference` varchar(32) NOT NULL
) ENGINE=InnoDB DEFAULT CHARSET=utf8;

-- --------------------------------------------------------

--
-- Tabellenstruktur für Tabelle `yes_amazon_pay_refunds`
--

CREATE TABLE `yes_amazon_pay_refunds` (
  `yes_amazon_pay_refunds_id` int(11) NOT NULL,
  `AmazonRefundId` varchar(32) NOT NULL,
  `RefundReferenceId` varchar(32) NOT NULL,
  `SellerRefundNote` text NOT NULL,
  `RefundType` varchar(32) NOT NULL,
  `Currency` varchar(3) NOT NULL,
  `RefundedAmount` decimal(15,4) NOT NULL,
  `FeeRefunded` decimal(15,4) NOT NULL,
  `RefundStatus` varchar(16) NOT NULL,
  `date_created` datetime NOT NULL,
  `yes_amazon_pay_reference_id` varchar(32) NOT NULL
) ENGINE=InnoDB DEFAULT CHARSET=utf8;

-- --------------------------------------------------------

--
-- Tabellenstruktur für Tabelle `yes_cron_exports`
--

CREATE TABLE `yes_cron_exports` (
  `yes_cron_exports_id` int(11) NOT NULL,
  `name` varchar(64) NOT NULL,
  `date_added` datetime NOT NULL,
  `last_export` datetime NOT NULL,
  `use_heading_row` int(1) NOT NULL,
  `ini_file` varchar(64) NOT NULL,
  `current_export` int(1) NOT NULL,
  `current_export_page` int(2) NOT NULL,
  `export_filename` varchar(64) NOT NULL,
  `export_linked_products` int(1) NOT NULL,
  `cat` varchar(255) NOT NULL,
  `allCat` int(1) NOT NULL,
  `distributors_id` int(11) NOT NULL,
  `export_interval_in_hours` int(11) NOT NULL
) ENGINE=InnoDB DEFAULT CHARSET=utf8;

-- --------------------------------------------------------

--
-- Tabellenstruktur für Tabelle `yes_cron_export_heading_rows`
--

CREATE TABLE `yes_cron_export_heading_rows` (
  `yes_cron_export_heading_rows_id` int(11) NOT NULL,
  `yes_cron_exports_id` int(11) NOT NULL,
  `sort_order` int(11) NOT NULL,
  `name` varchar(128) NOT NULL
) ENGINE=InnoDB DEFAULT CHARSET=utf8;

-- --------------------------------------------------------

--
-- Tabellenstruktur für Tabelle `yes_help`
--

CREATE TABLE `yes_help` (
  `help_id` int(11) NOT NULL,
  `help_title` varchar(128) NOT NULL DEFAULT '',
  `help_text` text NOT NULL,
  `last_change` timestamp NOT NULL DEFAULT CURRENT_TIMESTAMP
) ENGINE=MyISAM DEFAULT CHARSET=utf8;

-- --------------------------------------------------------

--
-- Tabellenstruktur für Tabelle `yes_xmlrpc_import_config`
--

CREATE TABLE `yes_xmlrpc_import_config` (
  `yes_xmlrpc_import_config_id` int(11) NOT NULL,
  `yes_xmlrpc_remote_token_id` int(11) NOT NULL,
  `languages` text NOT NULL,
  `manufacturers` text NOT NULL,
  `import_categories_id` int(11) NOT NULL,
  `shipping_statuses` text NOT NULL,
  `units` text NOT NULL,
  `products_vpe` text NOT NULL
) ENGINE=InnoDB DEFAULT CHARSET=utf8;

-- --------------------------------------------------------

--
-- Tabellenstruktur für Tabelle `yes_xmlrpc_products`
--

CREATE TABLE `yes_xmlrpc_products` (
  `yes_xmlrpc_products_id` int(11) NOT NULL,
  `yes_xmlrpc_remote_token_id` int(11) NOT NULL,
  `products_id` int(11) NOT NULL,
  `remote_products_id` int(11) NOT NULL,
  `date_added` datetime NOT NULL,
  `imported` int(1) NOT NULL,
  `remote_set_id` varchar(32) NOT NULL
) ENGINE=InnoDB DEFAULT CHARSET=utf8;

-- --------------------------------------------------------

--
-- Tabellenstruktur für Tabelle `yes_xmlrpc_remote_token`
--

CREATE TABLE `yes_xmlrpc_remote_token` (
  `yes_xmlrpc_remote_token_id` int(11) NOT NULL,
  `token` varchar(32) NOT NULL,
  `token_alias` varchar(32) NOT NULL,
  `server` varchar(255) NOT NULL,
  `server_path` varchar(255) NOT NULL,
  `server_image_path` varchar(255) NOT NULL,
  `date_added` datetime NOT NULL
) ENGINE=MyISAM DEFAULT CHARSET=utf8;

-- --------------------------------------------------------

--
-- Tabellenstruktur für Tabelle `yes_xmlrpc_token`
--

CREATE TABLE `yes_xmlrpc_token` (
  `id` int(11) NOT NULL,
  `token` varchar(32) NOT NULL,
  `token_alias` varchar(32) NOT NULL,
  `date_added` datetime NOT NULL,
  `allowed_functions` text NOT NULL
) ENGINE=InnoDB DEFAULT CHARSET=utf8;

-- --------------------------------------------------------

--
-- Tabellenstruktur für Tabelle `zones`
--

CREATE TABLE `zones` (
  `zone_id` int(11) NOT NULL,
  `zone_country_id` int(11) NOT NULL DEFAULT '0',
  `zone_code` varchar(32) NOT NULL DEFAULT '',
  `zone_name` varchar(32) NOT NULL DEFAULT ''
) ENGINE=MyISAM DEFAULT CHARSET=utf8;

--
-- Daten für Tabelle `zones`
--

INSERT INTO `zones` (`zone_id`, `zone_country_id`, `zone_code`, `zone_name`) VALUES
(1, 223, 'AL', 'Alabama'),
(2, 223, 'AK', 'Alaska'),
(3, 223, 'AS', 'American Samoa'),
(4, 223, 'AZ', 'Arizona'),
(5, 223, 'AR', 'Arkansas'),
(6, 223, 'AF', 'Armed Forces Africa'),
(7, 223, 'AA', 'Armed Forces Americas'),
(8, 223, 'AC', 'Armed Forces Canada'),
(9, 223, 'AE', 'Armed Forces Europe'),
(10, 223, 'AM', 'Armed Forces Middle East'),
(11, 223, 'AP', 'Armed Forces Pacific'),
(12, 223, 'CA', 'California'),
(13, 223, 'CO', 'Colorado'),
(14, 223, 'CT', 'Connecticut'),
(15, 223, 'DE', 'Delaware'),
(16, 223, 'DC', 'District of Columbia'),
(17, 223, 'FM', 'Federated States Of Micronesia'),
(18, 223, 'FL', 'Florida'),
(19, 223, 'GA', 'Georgia'),
(20, 223, 'GU', 'Guam'),
(21, 223, 'HI', 'Hawaii'),
(22, 223, 'ID', 'Idaho'),
(23, 223, 'IL', 'Illinois'),
(24, 223, 'IN', 'Indiana'),
(25, 223, 'IA', 'Iowa'),
(26, 223, 'KS', 'Kansas'),
(27, 223, 'KY', 'Kentucky'),
(28, 223, 'LA', 'Louisiana'),
(29, 223, 'ME', 'Maine'),
(30, 223, 'MH', 'Marshall Islands'),
(31, 223, 'MD', 'Maryland'),
(32, 223, 'MA', 'Massachusetts'),
(33, 223, 'MI', 'Michigan'),
(34, 223, 'MN', 'Minnesota'),
(35, 223, 'MS', 'Mississippi'),
(36, 223, 'MO', 'Missouri'),
(37, 223, 'MT', 'Montana'),
(38, 223, 'NE', 'Nebraska'),
(39, 223, 'NV', 'Nevada'),
(40, 223, 'NH', 'New Hampshire'),
(41, 223, 'NJ', 'New Jersey'),
(42, 223, 'NM', 'New Mexico'),
(43, 223, 'NY', 'New York'),
(44, 223, 'NC', 'North Carolina'),
(45, 223, 'ND', 'North Dakota'),
(46, 223, 'MP', 'Northern Mariana Islands'),
(47, 223, 'OH', 'Ohio'),
(48, 223, 'OK', 'Oklahoma'),
(49, 223, 'OR', 'Oregon'),
(50, 223, 'PW', 'Palau'),
(51, 223, 'PA', 'Pennsylvania'),
(52, 223, 'PR', 'Puerto Rico'),
(53, 223, 'RI', 'Rhode Island'),
(54, 223, 'SC', 'South Carolina'),
(55, 223, 'SD', 'South Dakota'),
(56, 223, 'TN', 'Tennessee'),
(57, 223, 'TX', 'Texas'),
(58, 223, 'UT', 'Utah'),
(59, 223, 'VT', 'Vermont'),
(60, 223, 'VI', 'Virgin Islands'),
(61, 223, 'VA', 'Virginia'),
(62, 223, 'WA', 'Washington'),
(63, 223, 'WV', 'West Virginia'),
(64, 223, 'WI', 'Wisconsin'),
(65, 223, 'WY', 'Wyoming'),
(66, 38, 'AB', 'Alberta'),
(67, 38, 'BC', 'British Columbia'),
(68, 38, 'MB', 'Manitoba'),
(69, 38, 'NF', 'Newfoundland'),
(70, 38, 'NB', 'New Brunswick'),
(71, 38, 'NS', 'Nova Scotia'),
(72, 38, 'NT', 'Northwest Territories'),
(73, 38, 'NU', 'Nunavut'),
(74, 38, 'ON', 'Ontario'),
(75, 38, 'PE', 'Prince Edward Island'),
(76, 38, 'QC', 'Quebec'),
(77, 38, 'SK', 'Saskatchewan'),
(78, 38, 'YT', 'Yukon Territory'),
(79, 81, 'NDS', 'Niedersachsen'),
(80, 81, 'BAW', 'Baden-Württemberg'),
(81, 81, 'BAY', 'Bayern'),
(82, 81, 'BER', 'Berlin'),
(83, 81, 'BRG', 'Brandenburg'),
(84, 81, 'BRE', 'Bremen'),
(85, 81, 'HAM', 'Hamburg'),
(86, 81, 'HES', 'Hessen'),
(87, 81, 'MEC', 'Mecklenburg-Vorpommern'),
(88, 81, 'NRW', 'Nordrhein-Westfalen'),
(89, 81, 'RHE', 'Rheinland-Pfalz'),
(90, 81, 'SAR', 'Saarland'),
(91, 81, 'SAS', 'Sachsen'),
(92, 81, 'SAC', 'Sachsen-Anhalt'),
(93, 81, 'SCN', 'Schleswig-Holstein'),
(94, 81, 'THE', 'Thüringen'),
(95, 14, 'WI', 'Wien'),
(96, 14, 'NO', 'NiederÃƒÆ’Ã‚Æ’Ãƒââ'),
(97, 14, 'OO', 'OberÃƒÆ’Ã‚Æ’Ãƒâ€'),
(98, 14, 'SB', 'Salzburg'),
(99, 14, 'KN', 'KÃƒÆ’Ã‚Æ’Ãƒâ€šÃ'),
(100, 14, 'ST', 'Steiermark'),
(101, 14, 'TI', 'Tirol'),
(102, 14, 'BL', 'Burgenland'),
(103, 14, 'VB', 'Voralberg'),
(104, 204, 'AG', 'Aargau'),
(105, 204, 'AI', 'Appenzell Innerrhoden'),
(106, 204, 'AR', 'Appenzell Ausserrhoden'),
(107, 204, 'BE', 'Bern'),
(108, 204, 'BL', 'Basel-Landschaft'),
(109, 204, 'BS', 'Basel-Stadt'),
(110, 204, 'FR', 'Freiburg'),
(111, 204, 'GE', 'Genf'),
(112, 204, 'GL', 'Glarus'),
(113, 204, 'JU', 'GraubÃƒÆ’Ã‚Æ’Ãƒââ‚'),
(114, 204, 'JU', 'Jura'),
(115, 204, 'LU', 'Luzern'),
(116, 204, 'NE', 'Neuenburg'),
(117, 204, 'NW', 'Nidwalden'),
(118, 204, 'OW', 'Obwalden'),
(119, 204, 'SG', 'St. Gallen'),
(120, 204, 'SH', 'Schaffhausen'),
(121, 204, 'SO', 'Solothurn'),
(122, 204, 'SZ', 'Schwyz'),
(123, 204, 'TG', 'Thurgau'),
(124, 204, 'TI', 'Tessin'),
(125, 204, 'UR', 'Uri'),
(126, 204, 'VD', 'Waadt'),
(127, 204, 'VS', 'Wallis'),
(128, 204, 'ZG', 'Zug'),
(129, 204, 'ZH', 'ZÃƒÆ’Ã‚Æ’Ãƒâ€šÃ'),
(130, 195, 'A CoruÃƒÆ’Ã‚Æ’Ãƒââ', 'A CoruÃƒÆ’Ã‚Æ’Ãƒââ'),
(131, 195, 'Alava', 'Alava'),
(132, 195, 'Albacete', 'Albacete'),
(133, 195, 'Alicante', 'Alicante'),
(134, 195, 'Almeria', 'Almeria'),
(135, 195, 'Asturias', 'Asturias'),
(136, 195, 'Avila', 'Avila'),
(137, 195, 'Badajoz', 'Badajoz'),
(138, 195, 'Baleares', 'Baleares'),
(139, 195, 'Barcelona', 'Barcelona'),
(140, 195, 'Burgos', 'Burgos'),
(141, 195, 'Caceres', 'Caceres'),
(142, 195, 'Cadiz', 'Cadiz'),
(143, 195, 'Cantabria', 'Cantabria'),
(144, 195, 'Castellon', 'Castellon'),
(145, 195, 'Ceuta', 'Ceuta'),
(146, 195, 'Ciudad Real', 'Ciudad Real'),
(147, 195, 'Cordoba', 'Cordoba'),
(148, 195, 'Cuenca', 'Cuenca'),
(149, 195, 'Girona', 'Girona'),
(150, 195, 'Granada', 'Granada'),
(151, 195, 'Guadalajara', 'Guadalajara'),
(152, 195, 'Guipuzcoa', 'Guipuzcoa'),
(153, 195, 'Huelva', 'Huelva'),
(154, 195, 'Huesca', 'Huesca'),
(155, 195, 'Jaen', 'Jaen'),
(156, 195, 'La Rioja', 'La Rioja'),
(157, 195, 'Las Palmas', 'Las Palmas'),
(158, 195, 'Leon', 'Leon'),
(159, 195, 'Lleida', 'Lleida'),
(160, 195, 'Lugo', 'Lugo'),
(161, 195, 'Madrid', 'Madrid'),
(162, 195, 'Malaga', 'Malaga'),
(163, 195, 'Melilla', 'Melilla'),
(164, 195, 'Murcia', 'Murcia'),
(165, 195, 'Navarra', 'Navarra'),
(166, 195, 'Ourense', 'Ourense'),
(167, 195, 'Palencia', 'Palencia'),
(168, 195, 'Pontevedra', 'Pontevedra'),
(169, 195, 'Salamanca', 'Salamanca'),
(170, 195, 'Santa Cruz de Tenerife', 'Santa Cruz de Tenerife'),
(171, 195, 'Segovia', 'Segovia'),
(172, 195, 'Sevilla', 'Sevilla'),
(173, 195, 'Soria', 'Soria'),
(174, 195, 'Tarragona', 'Tarragona'),
(175, 195, 'Teruel', 'Teruel'),
(176, 195, 'Toledo', 'Toledo'),
(177, 195, 'Valencia', 'Valencia'),
(178, 195, 'Valladolid', 'Valladolid'),
(179, 195, 'Vizcaya', 'Vizcaya'),
(180, 195, 'Zamora', 'Zamora'),
(181, 195, 'Zaragoza', 'Zaragoza'),
(182, 13, 'NSW', 'New South Wales'),
(183, 13, 'VIC', 'Victoria'),
(184, 13, 'QLD', 'Queensland'),
(185, 13, 'NT', 'Northern Territory'),
(186, 13, 'WA', 'Western Australia'),
(187, 13, 'SA', 'South Australia'),
(188, 13, 'TAS', 'Tasmania'),
(189, 13, 'ACT', 'Australian Capital Territory'),
(190, 153, 'Northland', 'Northland'),
(191, 153, 'Auckland', 'Auckland'),
(192, 153, 'Waikato', 'Waikato'),
(193, 153, 'Bay of Plenty', 'Bay of Plenty'),
(194, 153, 'Gisborne', 'Gisborne'),
(195, 153, 'Hawkes Bay', 'Hawkes Bay'),
(196, 153, 'Taranaki', 'Taranaki'),
(197, 153, 'Manawatu-Wanganui', 'Manawatu-Wanganui'),
(198, 153, 'Wellington', 'Wellington'),
(199, 153, 'West Coast', 'West Coast'),
(200, 153, 'Canterbury', 'Canterbury'),
(201, 153, 'Otago', 'Otago'),
(202, 153, 'Southland', 'Southland'),
(203, 153, 'Tasman', 'Tasman'),
(204, 153, 'Nelson', 'Nelson'),
(205, 153, 'Marlborough', 'Marlborough'),
(206, 30, 'SP', 'SÃƒÆ’Ã‚Æ’Ãƒâ€šÃ'),
(207, 30, 'RJ', 'Rio de Janeiro'),
(208, 30, 'PE', 'Pernanbuco'),
(209, 30, 'BA', 'Bahia'),
(210, 30, 'AM', 'Amazonas'),
(211, 30, 'MG', 'Minas Gerais'),
(212, 30, 'ES', 'Espirito Santo'),
(213, 30, 'RS', 'Rio Grande do Sul'),
(214, 30, 'PR', 'ParanÃƒÆ’Ã‚Æ’Ãƒââ‚'),
(215, 30, 'SC', 'Santa Catarina'),
(216, 30, 'RG', 'Rio Grande do Norte'),
(217, 30, 'MS', 'Mato Grosso do Sul'),
(218, 30, 'MT', 'Mato Grosso'),
(219, 30, 'GO', 'Goias'),
(220, 30, 'TO', 'Tocantins'),
(221, 30, 'DF', 'Distrito Federal'),
(222, 30, 'RO', 'Rondonia'),
(223, 30, 'AC', 'Acre'),
(224, 30, 'AP', 'Amapa'),
(225, 30, 'RO', 'Roraima'),
(226, 30, 'AL', 'Alagoas'),
(227, 30, 'CE', 'CearÃƒÆ’Ã‚Æ’Ãƒâ€'),
(228, 30, 'MA', 'MaranhÃƒÆ’Ã‚Æ’Ãƒââ'),
(229, 30, 'PA', 'ParÃƒÆ’Ã‚Æ’Ãƒâ€Å'),
(230, 30, 'PB', 'ParaÃƒÆ’Ã‚Æ’Ãƒâ€'),
(231, 30, 'PI', 'PiauÃƒÆ’Ã‚Æ’Ãƒâ€'),
(232, 30, 'SE', 'Sergipe'),
(233, 43, 'I', 'I RegiÃƒÆ’Ã‚Æ’Ãƒââ'),
(234, 43, 'II', 'II RegiÃƒÆ’Ã‚Æ’Ãƒâ'),
(235, 43, 'III', 'III RegiÃƒÆ’Ã‚Æ’ÃƒÃ'),
(236, 43, 'IV', 'IV RegiÃƒÆ’Ã‚Æ’Ãƒâ'),
(237, 43, 'V', 'V RegiÃƒÆ’Ã‚Æ’Ãƒââ'),
(238, 43, 'RM', 'RegiÃƒÆ’Ã‚Æ’Ãƒâ€'),
(239, 43, 'VI', 'VI RegiÃƒÆ’Ã‚Æ’Ãƒâ'),
(240, 43, 'VII', 'VII RegiÃƒÆ’Ã‚Æ’ÃƒÃ'),
(241, 43, 'VIII', 'VIII RegiÃƒÆ’Ã‚Æ’Ãƒ'),
(242, 43, 'IX', 'IX RegiÃƒÆ’Ã‚Æ’Ãƒâ'),
(243, 43, 'X', 'X RegiÃƒÆ’Ã‚Æ’Ãƒââ'),
(244, 43, 'XI', 'XI RegiÃƒÆ’Ã‚Æ’Ãƒâ'),
(245, 43, 'XII', 'XII RegiÃƒÆ’Ã‚Æ’ÃƒÃ'),
(246, 47, 'AMA', 'Amazonas'),
(247, 47, 'ANT', 'Antioquia'),
(248, 47, 'ARA', 'Arauca'),
(249, 47, 'ATL', 'Atlantico'),
(250, 47, 'BOL', 'Bolivar'),
(251, 47, 'BOY', 'Boyaca'),
(252, 47, 'CAL', 'Caldas'),
(253, 47, 'CAQ', 'Caqueta'),
(254, 47, 'CAS', 'Casanare'),
(255, 47, 'CAU', 'Cauca'),
(256, 47, 'CES', 'Cesar'),
(257, 47, 'CHO', 'Choco'),
(258, 47, 'COR', 'Cordoba'),
(259, 47, 'CUN', 'Cundinamarca'),
(260, 47, 'HUI', 'Huila'),
(261, 47, 'GUA', 'Guainia'),
(262, 47, 'GUA', 'Guajira'),
(263, 47, 'GUV', 'Guaviare'),
(264, 47, 'MAG', 'Magdalena'),
(265, 47, 'MET', 'Meta'),
(266, 47, 'NAR', 'Narino'),
(267, 47, 'NDS', 'Norte de Santander'),
(268, 47, 'PUT', 'Putumayo'),
(269, 47, 'QUI', 'Quindio'),
(270, 47, 'RIS', 'Risaralda'),
(271, 47, 'SAI', 'San Andres Islas'),
(272, 47, 'SAN', 'Santander'),
(273, 47, 'SUC', 'Sucre'),
(274, 47, 'TOL', 'Tolima'),
(275, 47, 'VAL', 'Valle'),
(276, 47, 'VAU', 'Vaupes'),
(277, 47, 'VIC', 'Vichada'),
(278, 73, 'Et', 'Etranger'),
(279, 73, '01', 'Ain'),
(280, 73, '02', 'Aisne'),
(281, 73, '03', 'Allier'),
(282, 73, '04', 'Alpes de Haute Provence'),
(283, 73, '05', 'Hautes-Alpes'),
(284, 73, '06', 'Alpes Maritimes'),
(285, 73, '07', 'Ard?che'),
(286, 73, '08', 'Ardennes'),
(287, 73, '09', 'Ari?ge'),
(288, 73, '10', 'Aube'),
(289, 73, '11', 'Aude'),
(290, 73, '12', 'Aveyron'),
(291, 73, '13', 'Bouches du Rh?ne'),
(292, 73, '14', 'Calvados'),
(293, 73, '15', 'Cantal'),
(294, 73, '16', 'Charente'),
(295, 73, '17', 'Charente Maritime'),
(296, 73, '18', 'Cher'),
(297, 73, '19', 'Corr?ze'),
(298, 73, '2A', 'Corse du Sud'),
(299, 73, '2B', 'Haute Corse'),
(300, 73, '21', 'C?te d\'or'),
(301, 73, '22', 'C?tes d\'Armor'),
(302, 73, '23', 'Creuse'),
(303, 73, '24', 'Dordogne'),
(304, 73, '25', 'Doubs'),
(305, 73, '26', 'Dr?me'),
(306, 73, '27', 'Eure'),
(307, 73, '28', 'Eure et Loir'),
(308, 73, '29', 'Finist?re'),
(309, 73, '30', 'Gard'),
(310, 73, '31', 'Haute Garonne'),
(311, 73, '32', 'Gers'),
(312, 73, '33', 'Gironde'),
(313, 73, '34', 'H?rault'),
(314, 73, '35', 'Ille et Vilaine'),
(315, 73, '36', 'Indre'),
(316, 73, '37', 'Indre et Loire'),
(317, 73, '38', 'Is?re'),
(318, 73, '39', 'Jura'),
(319, 73, '40', 'Landes'),
(320, 73, '41', 'Loir et Cher'),
(321, 73, '42', 'Loire'),
(322, 73, '43', 'Haute Loire'),
(323, 73, '44', 'Loire Atlantique'),
(324, 73, '45', 'Loiret'),
(325, 73, '46', 'Lot'),
(326, 73, '47', 'Lot et Garonne'),
(327, 73, '48', 'Loz?re'),
(328, 73, '49', 'Maine et Loire'),
(329, 73, '50', 'Manche'),
(330, 73, '51', 'Marne'),
(331, 73, '52', 'Haute Marne'),
(332, 73, '53', 'Mayenne'),
(333, 73, '54', 'Meurthe et Moselle'),
(334, 73, '55', 'Meuse'),
(335, 73, '56', 'Morbihan'),
(336, 73, '57', 'Moselle'),
(337, 73, '58', 'Ni?vre'),
(338, 73, '59', 'Nord'),
(339, 73, '60', 'Oise'),
(340, 73, '61', 'Orne'),
(341, 73, '62', 'Pas de Calais'),
(342, 73, '63', 'Puy de D?me'),
(343, 73, '64', 'Pyr?n?es Atlantiques'),
(344, 73, '65', 'Hautes Pyr?n?es'),
(345, 73, '66', 'Pyr?n?es Orientales'),
(346, 73, '67', 'Bas Rhin'),
(347, 73, '68', 'Haut Rhin'),
(348, 73, '69', 'Rh?ne'),
(349, 73, '70', 'Haute Sa?ne'),
(350, 73, '71', 'Sa?ne et Loire'),
(351, 73, '72', 'Sarthe'),
(352, 73, '73', 'Savoie'),
(353, 73, '74', 'Haute Savoie'),
(354, 73, '75', 'Paris'),
(355, 73, '76', 'Seine Maritime'),
(356, 73, '77', 'Seine et Marne'),
(357, 73, '78', 'Yvelines'),
(358, 73, '79', 'Deux S?vres'),
(359, 73, '80', 'Somme'),
(360, 73, '81', 'Tarn'),
(361, 73, '82', 'Tarn et Garonne'),
(362, 73, '83', 'Var'),
(363, 73, '84', 'Vaucluse'),
(364, 73, '85', 'Vend?e'),
(365, 73, '86', 'Vienne'),
(366, 73, '87', 'Haute Vienne'),
(367, 73, '88', 'Vosges'),
(368, 73, '89', 'Yonne'),
(369, 73, '90', 'Territoire de Belfort'),
(370, 73, '91', 'Essonne'),
(371, 73, '92', 'Hauts de Seine'),
(372, 73, '93', 'Seine St-Denis'),
(373, 73, '94', 'Val de Marne'),
(374, 73, '95', 'Val d\'Oise'),
(375, 73, '971 (DOM)', 'Guadeloupe'),
(376, 73, '972 (DOM)', 'Martinique'),
(377, 73, '973 (DOM)', 'Guyane'),
(378, 73, '974 (DOM)', 'Saint Denis'),
(379, 73, '975 (DOM)', 'St-Pierre de Miquelon'),
(380, 73, '976 (TOM)', 'Mayotte'),
(381, 73, '984 (TOM)', 'Terres australes et Antartiques'),
(382, 73, '985 (TOM)', 'Nouvelle Cal?donie'),
(383, 73, '986 (TOM)', 'Wallis et Futuna'),
(384, 73, '987 (TOM)', 'Polyn?sie fran?aise'),
(385, 99, 'DL', 'Delhi'),
(386, 99, 'MH', 'Maharashtra'),
(387, 99, 'TN', 'Tamil Nadu'),
(388, 99, 'KL', 'Kerala'),
(389, 99, 'AP', 'Andhra Pradesh'),
(390, 99, 'KA', 'Karnataka'),
(391, 99, 'GA', 'Goa'),
(392, 99, 'MP', 'Madhya Pradesh'),
(393, 99, 'PY', 'Pondicherry'),
(394, 99, 'GJ', 'Gujarat'),
(395, 99, 'OR', 'Orrisa'),
(396, 99, 'CA', 'Chhatisgarh'),
(397, 99, 'JH', 'Jharkhand'),
(398, 99, 'BR', 'Bihar'),
(399, 99, 'WB', 'West Bengal'),
(400, 99, 'UP', 'Uttar Pradesh'),
(401, 99, 'RJ', 'Rajasthan'),
(402, 99, 'PB', 'Punjab'),
(403, 99, 'HR', 'Haryana'),
(404, 99, 'CH', 'Chandigarh'),
(405, 99, 'JK', 'Jammu & Kashmir'),
(406, 99, 'HP', 'Himachal Pradesh'),
(407, 99, 'UA', 'Uttaranchal'),
(408, 99, 'LK', 'Lakshadweep'),
(409, 99, 'AN', 'Andaman & Nicobar'),
(410, 99, 'MG', 'Meghalaya'),
(411, 99, 'AS', 'Assam'),
(412, 99, 'DR', 'Dadra & Nagar Haveli'),
(413, 99, 'DN', 'Daman & Diu'),
(414, 99, 'SK', 'Sikkim'),
(415, 99, 'TR', 'Tripura'),
(416, 99, 'MZ', 'Mizoram'),
(417, 99, 'MN', 'Manipur'),
(418, 99, 'NL', 'Nagaland'),
(419, 99, 'AR', 'Arunachal Pradesh'),
(420, 105, 'AG', 'Agrigento'),
(421, 105, 'AL', 'Alessandria'),
(422, 105, 'AN', 'Ancona'),
(423, 105, 'AO', 'Aosta'),
(424, 105, 'AR', 'Arezzo'),
(425, 105, 'AP', 'Ascoli Piceno'),
(426, 105, 'AT', 'Asti'),
(427, 105, 'AV', 'Avellino'),
(428, 105, 'BA', 'Bari'),
(429, 105, 'BL', 'Belluno'),
(430, 105, 'BN', 'Benevento'),
(431, 105, 'BG', 'Bergamo'),
(432, 105, 'BI', 'Biella'),
(433, 105, 'BO', 'Bologna'),
(434, 105, 'BZ', 'Bolzano'),
(435, 105, 'BS', 'Brescia'),
(436, 105, 'BR', 'Brindisi'),
(437, 105, 'CA', 'Cagliari'),
(438, 105, 'CL', 'Caltanissetta'),
(439, 105, 'CB', 'Campobasso'),
(440, 105, 'CE', 'Caserta'),
(441, 105, 'CT', 'Catania'),
(442, 105, 'CZ', 'Catanzaro'),
(443, 105, 'CH', 'Chieti'),
(444, 105, 'CO', 'Como'),
(445, 105, 'CS', 'Cosenza'),
(446, 105, 'CR', 'Cremona'),
(447, 105, 'KR', 'Crotone'),
(448, 105, 'CN', 'Cuneo'),
(449, 105, 'EN', 'Enna'),
(450, 105, 'FE', 'Ferrara'),
(451, 105, 'FI', 'Firenze'),
(452, 105, 'FG', 'Foggia'),
(453, 105, 'FO', 'ForlÃƒÆ’Ã‚Æ’Ãƒâ€'),
(454, 105, 'FR', 'Frosinone'),
(455, 105, 'GE', 'Genova'),
(456, 105, 'GO', 'Gorizia'),
(457, 105, 'GR', 'Grosseto'),
(458, 105, 'IM', 'Imperia'),
(459, 105, 'IS', 'Isernia'),
(460, 105, 'AQ', 'Aquila'),
(461, 105, 'SP', 'La Spezia'),
(462, 105, 'LT', 'Latina'),
(463, 105, 'LE', 'Lecce'),
(464, 105, 'LC', 'Lecco'),
(465, 105, 'LI', 'Livorno'),
(466, 105, 'LO', 'Lodi'),
(467, 105, 'LU', 'Lucca'),
(468, 105, 'MC', 'Macerata'),
(469, 105, 'MN', 'Mantova'),
(470, 105, 'MS', 'Massa-Carrara'),
(471, 105, 'MT', 'Matera'),
(472, 105, 'ME', 'Messina'),
(473, 105, 'MI', 'Milano'),
(474, 105, 'MO', 'Modena'),
(475, 105, 'NA', 'Napoli'),
(476, 105, 'NO', 'Novara'),
(477, 105, 'NU', 'Nuoro'),
(478, 105, 'OR', 'Oristano'),
(479, 105, 'PD', 'Padova'),
(480, 105, 'PA', 'Palermo'),
(481, 105, 'PR', 'Parma'),
(482, 105, 'PG', 'Perugia'),
(483, 105, 'PV', 'Pavia'),
(484, 105, 'PS', 'Pesaro e Urbino'),
(485, 105, 'PE', 'Pescara'),
(486, 105, 'PC', 'Piacenza'),
(487, 105, 'PI', 'Pisa'),
(488, 105, 'PT', 'Pistoia'),
(489, 105, 'PN', 'Pordenone'),
(490, 105, 'PZ', 'Potenza'),
(491, 105, 'PO', 'Prato'),
(492, 105, 'RG', 'Ragusa'),
(493, 105, 'RA', 'Ravenna'),
(494, 105, 'RC', 'Reggio di Calabria'),
(495, 105, 'RE', 'Reggio Emilia'),
(496, 105, 'RI', 'Rieti'),
(497, 105, 'RN', 'Rimini'),
(498, 105, 'RM', 'Roma'),
(499, 105, 'RO', 'Rovigo'),
(500, 105, 'SA', 'Salerno'),
(501, 105, 'SS', 'Sassari'),
(502, 105, 'SV', 'Savona'),
(503, 105, 'SI', 'Siena'),
(504, 105, 'SR', 'Siracusa'),
(505, 105, 'SO', 'Sondrio'),
(506, 105, 'TA', 'Taranto'),
(507, 105, 'TE', 'Teramo'),
(508, 105, 'TR', 'Terni'),
(509, 105, 'TO', 'Torino'),
(510, 105, 'TP', 'Trapani'),
(511, 105, 'TN', 'Trento'),
(512, 105, 'TV', 'Treviso'),
(513, 105, 'TS', 'Trieste'),
(514, 105, 'UD', 'Udine'),
(515, 105, 'VA', 'Varese'),
(516, 105, 'VE', 'Venezia'),
(517, 105, 'VB', 'Verbania'),
(518, 105, 'VC', 'Vercelli'),
(519, 105, 'VR', 'Verona'),
(520, 105, 'VV', 'Vibo Valentia'),
(521, 105, 'VI', 'Vicenza'),
(522, 105, 'VT', 'Viterbo'),
(523, 107, 'Niigata', 'Niigata'),
(524, 107, 'Toyama', 'Toyama'),
(525, 107, 'Ishikawa', 'Ishikawa'),
(526, 107, 'Fukui', 'Fukui'),
(527, 107, 'Yamanashi', 'Yamanashi'),
(528, 107, 'Nagano', 'Nagano'),
(529, 107, 'Gifu', 'Gifu'),
(530, 107, 'Shizuoka', 'Shizuoka'),
(531, 107, 'Aichi', 'Aichi'),
(532, 107, 'Mie', 'Mie'),
(533, 107, 'Shiga', 'Shiga'),
(534, 107, 'Kyoto', 'Kyoto'),
(535, 107, 'Osaka', 'Osaka'),
(536, 107, 'Hyogo', 'Hyogo'),
(537, 107, 'Nara', 'Nara'),
(538, 107, 'Wakayama', 'Wakayama'),
(539, 107, 'Tottori', 'Tottori'),
(540, 107, 'Shimane', 'Shimane'),
(541, 107, 'Okayama', 'Okayama'),
(542, 107, 'Hiroshima', 'Hiroshima'),
(543, 107, 'Yamaguchi', 'Yamaguchi'),
(544, 107, 'Tokushima', 'Tokushima'),
(545, 107, 'Kagawa', 'Kagawa'),
(546, 107, 'Ehime', 'Ehime'),
(547, 107, 'Kochi', 'Kochi'),
(548, 107, 'Fukuoka', 'Fukuoka'),
(549, 107, 'Saga', 'Saga'),
(550, 107, 'Nagasaki', 'Nagasaki'),
(551, 107, 'Kumamoto', 'Kumamoto'),
(552, 107, 'Oita', 'Oita'),
(553, 107, 'Miyazaki', 'Miyazaki'),
(554, 107, 'Kagoshima', 'Kagoshima'),
(555, 129, 'JOH', 'Johor'),
(556, 129, 'KDH', 'Kedah'),
(557, 129, 'KEL', 'Kelantan'),
(558, 129, 'KL', 'Kuala Lumpur'),
(559, 129, 'MEL', 'Melaka'),
(560, 129, 'NS', 'Negeri Sembilan'),
(561, 129, 'PAH', 'Pahang'),
(562, 129, 'PRK', 'Perak'),
(563, 129, 'PER', 'Perlis'),
(564, 129, 'PP', 'Pulau Pinang'),
(565, 129, 'SAB', 'Sabah'),
(566, 129, 'SWK', 'Sarawak'),
(567, 129, 'SEL', 'Selangor'),
(568, 129, 'TER', 'Terengganu'),
(569, 129, 'LAB', 'W.P.Labuan'),
(570, 138, 'AGS', 'Aguascalientes'),
(571, 138, 'BC', 'Baja California'),
(572, 138, 'BCS', 'Baja California Sur'),
(573, 138, 'CAM', 'Campeche'),
(574, 138, 'COA', 'Coahuila'),
(575, 138, 'COL', 'Colima'),
(576, 138, 'CHI', 'Chiapas'),
(577, 138, 'CHIH', 'Chihuahua'),
(578, 138, 'DF', 'Distrito Federal'),
(579, 138, 'DGO', 'Durango'),
(580, 138, 'MEX', 'Estado de Mexico'),
(581, 138, 'GTO', 'Guanajuato'),
(582, 138, 'GRO', 'Guerrero'),
(583, 138, 'HGO', 'Hidalgo'),
(584, 138, 'JAL', 'Jalisco'),
(585, 138, 'MCH', 'Michoacan'),
(586, 138, 'MOR', 'Morelos'),
(587, 138, 'NAY', 'Nayarit'),
(588, 138, 'NL', 'Nuevo Leon'),
(589, 138, 'OAX', 'Oaxaca'),
(590, 138, 'PUE', 'Puebla'),
(591, 138, 'QRO', 'Queretaro'),
(592, 138, 'QR', 'Quintana Roo'),
(593, 138, 'SLP', 'San Luis Potosi'),
(594, 138, 'SIN', 'Sinaloa'),
(595, 138, 'SON', 'Sonora'),
(596, 138, 'TAB', 'Tabasco'),
(597, 138, 'TMPS', 'Tamaulipas'),
(598, 138, 'TLAX', 'Tlaxcala'),
(599, 138, 'VER', 'Veracruz'),
(600, 138, 'YUC', 'Yucatan'),
(601, 138, 'ZAC', 'Zacatecas'),
(602, 160, 'OSL', 'Oslo'),
(603, 160, 'AKE', 'Akershus'),
(604, 160, 'AUA', 'Aust-Agder'),
(605, 160, 'BUS', 'Buskerud'),
(606, 160, 'FIN', 'Finnmark'),
(607, 160, 'HED', 'Hedmark'),
(608, 160, 'HOR', 'Hordaland'),
(609, 160, 'MOR', 'MÃƒÆ’Ã‚Æ’Ãƒâ€šÃ'),
(610, 160, 'NOR', 'Nordland'),
(611, 160, 'NTR', 'Nord-TrÃƒÆ’Ã‚Æ’Ãƒâ'),
(612, 160, 'OPP', 'Oppland'),
(613, 160, 'ROG', 'Rogaland'),
(614, 160, 'SOF', 'Sogn og Fjordane'),
(615, 160, 'STR', 'SÃƒÆ’Ã‚Æ’Ãƒâ€šÃ'),
(616, 160, 'TEL', 'Telemark'),
(617, 160, 'TRO', 'Troms'),
(618, 160, 'VEA', 'Vest-Agder'),
(619, 160, 'OST', 'ÃƒÆ’Ã‚Æ’Ãƒâ€šÃ'),
(620, 160, 'SVA', 'Svalbard'),
(621, 99, 'KHI', 'Karachi'),
(622, 99, 'LH', 'Lahore'),
(623, 99, 'ISB', 'Islamabad'),
(624, 99, 'QUE', 'Quetta'),
(625, 99, 'PSH', 'Peshawar'),
(626, 99, 'GUJ', 'Gujrat'),
(627, 99, 'SAH', 'Sahiwal'),
(628, 99, 'FSB', 'Faisalabad'),
(629, 99, 'RIP', 'Rawal Pindi'),
(630, 175, 'AB', 'Alba'),
(631, 175, 'AR', 'Arad'),
(632, 175, 'AG', 'Arges'),
(633, 175, 'BC', 'Bacau'),
(634, 175, 'BH', 'Bihor'),
(635, 175, 'BN', 'Bistrita-Nasaud'),
(636, 175, 'BT', 'Botosani'),
(637, 175, 'BV', 'Brasov'),
(638, 175, 'BR', 'Braila'),
(639, 175, 'B', 'Bucuresti'),
(640, 175, 'BZ', 'Buzau'),
(641, 175, 'CS', 'Caras-Severin'),
(642, 175, 'CL', 'Calarasi'),
(643, 175, 'CJ', 'Cluj'),
(644, 175, 'CT', 'Constanta'),
(645, 175, 'CV', 'Covasna'),
(646, 175, 'DB', 'Dimbovita'),
(647, 175, 'DJ', 'Dolj'),
(648, 175, 'GL', 'Galati'),
(649, 175, 'GR', 'Giurgiu'),
(650, 175, 'GJ', 'Gorj'),
(651, 175, 'HR', 'Harghita'),
(652, 175, 'HD', 'Hunedoara'),
(653, 175, 'IL', 'Ialomita'),
(654, 175, 'IS', 'Iasi'),
(655, 175, 'IF', 'Ilfov'),
(656, 175, 'MM', 'Maramures'),
(657, 175, 'MH', 'Mehedint'),
(658, 175, 'MS', 'Mures'),
(659, 175, 'NT', 'Neamt'),
(660, 175, 'OT', 'Olt'),
(661, 175, 'PH', 'Prahova'),
(662, 175, 'SM', 'Satu-Mare'),
(663, 175, 'SJ', 'Salaj'),
(664, 175, 'SB', 'Sibiu'),
(665, 175, 'SV', 'Suceava'),
(666, 175, 'TR', 'Teleorman'),
(667, 175, 'TM', 'Timis'),
(668, 175, 'TL', 'Tulcea'),
(669, 175, 'VS', 'Vaslui'),
(670, 175, 'VL', 'Valcea'),
(671, 175, 'VN', 'Vrancea'),
(672, 193, 'WP', 'Western Cape'),
(673, 193, 'GP', 'Gauteng'),
(674, 193, 'KZN', 'Kwazulu-Natal'),
(675, 193, 'NC', 'Northern-Cape'),
(676, 193, 'EC', 'Eastern-Cape'),
(677, 193, 'MP', 'Mpumalanga'),
(678, 193, 'NW', 'North-West'),
(679, 193, 'FS', 'Free State'),
(680, 193, 'NP', 'Northern Province'),
(681, 215, 'ADANA', 'ADANA'),
(682, 215, 'ADIYAMAN', 'ADIYAMAN'),
(683, 215, 'AFYON', 'AFYON'),
(684, 215, 'AGRI', 'AGRI'),
(685, 215, 'AMASYA', 'AMASYA'),
(686, 215, 'ANKARA', 'ANKARA'),
(687, 215, 'ANTALYA', 'ANTALYA'),
(688, 215, 'ARTVIN', 'ARTVIN'),
(689, 215, 'AYDIN', 'AYDIN'),
(690, 215, 'BALIKESIR', 'BALIKESIR'),
(691, 215, 'BILECIK', 'BILECIK'),
(692, 215, 'BINGÃƒÆ’Ã‚Æ’Ãƒâ€', 'BINGÃƒÆ’Ã‚Æ’Ãƒâ€'),
(693, 215, 'BITLIS', 'BITLIS'),
(694, 215, 'BOLU', 'BOLU'),
(695, 215, 'BURDUR', 'BURDUR'),
(696, 215, 'BURSA', 'BURSA'),
(697, 215, 'ÃƒÆ’Ã‚Æ’Ãƒâ€šÃ', 'ÃƒÆ’Ã‚Æ’Ãƒâ€šÃ'),
(698, 215, 'ÃƒÆ’Ã‚Æ’Ãƒâ€šÃ', 'ÃƒÆ’Ã‚Æ’Ãƒâ€šÃ'),
(699, 215, 'ÃƒÆ’Ã‚Æ’Ãƒâ€šÃ', 'ÃƒÆ’Ã‚Æ’Ãƒâ€šÃ'),
(700, 215, 'DENIZLI', 'DENIZLI'),
(701, 215, 'DIYARBAKIR', 'DIYARBAKIR'),
(702, 215, 'EDIRNE', 'EDIRNE'),
(703, 215, 'ELAZIG', 'ELAZIG'),
(704, 215, 'ERZINCAN', 'ERZINCAN'),
(705, 215, 'ERZURUM', 'ERZURUM'),
(706, 215, 'ESKISEHIR', 'ESKISEHIR'),
(707, 215, 'GAZIANTEP', 'GAZIANTEP'),
(708, 215, 'GIRESUN', 'GIRESUN'),
(709, 215, 'GÃƒÆ’Ã‚Æ’Ãƒâ€šÃ', 'GÃƒÆ’Ã‚Æ’Ãƒâ€šÃ'),
(710, 215, 'HAKKARI', 'HAKKARI'),
(711, 215, 'HATAY', 'HATAY'),
(712, 215, 'ISPARTA', 'ISPARTA'),
(713, 215, 'IÃƒÆ’Ã‚Æ’Ãƒâ€šÃ', 'IÃƒÆ’Ã‚Æ’Ãƒâ€šÃ'),
(714, 215, 'ISTANBUL', 'ISTANBUL'),
(715, 215, 'IZMIR', 'IZMIR'),
(716, 215, 'KARS', 'KARS'),
(717, 215, 'KASTAMONU', 'KASTAMONU'),
(718, 215, 'KAYSERI', 'KAYSERI'),
(719, 215, 'KIRKLARELI', 'KIRKLARELI'),
(720, 215, 'KIRSEHIR', 'KIRSEHIR'),
(721, 215, 'KOCAELI', 'KOCAELI'),
(722, 215, 'KONYA', 'KONYA'),
(723, 215, 'KÃƒÆ’Ã‚Æ’Ãƒâ€šÃ', 'KÃƒÆ’Ã‚Æ’Ãƒâ€šÃ'),
(724, 215, 'MALATYA', 'MALATYA'),
(725, 215, 'MANISA', 'MANISA'),
(726, 215, 'KAHRAMANMARAS', 'KAHRAMANMARAS'),
(727, 215, 'MARDIN', 'MARDIN'),
(728, 215, 'MUGLA', 'MUGLA'),
(729, 215, 'MUS', 'MUS'),
(730, 215, 'NEVSEHIR', 'NEVSEHIR'),
(731, 215, 'NIGDE', 'NIGDE'),
(732, 215, 'ORDU', 'ORDU'),
(733, 215, 'RIZE', 'RIZE'),
(734, 215, 'SAKARYA', 'SAKARYA'),
(735, 215, 'SAMSUN', 'SAMSUN'),
(736, 215, 'SIIRT', 'SIIRT'),
(737, 215, 'SINOP', 'SINOP'),
(738, 215, 'SIVAS', 'SIVAS'),
(739, 215, 'TEKIRDAG', 'TEKIRDAG'),
(740, 215, 'TOKAT', 'TOKAT'),
(741, 215, 'TRABZON', 'TRABZON'),
(742, 215, 'TUNCELI', 'TUNCELI'),
(743, 215, 'SANLIURFA', 'SANLIURFA'),
(744, 215, 'USAK', 'USAK'),
(745, 215, 'VAN', 'VAN'),
(746, 215, 'YOZGAT', 'YOZGAT'),
(747, 215, 'ZONGULDAK', 'ZONGULDAK'),
(748, 215, 'AKSARAY', 'AKSARAY'),
(749, 215, 'BAYBURT', 'BAYBURT'),
(750, 215, 'KARAMAN', 'KARAMAN'),
(751, 215, 'KIRIKKALE', 'KIRIKKALE'),
(752, 215, 'BATMAN', 'BATMAN'),
(753, 215, 'SIRNAK', 'SIRNAK'),
(754, 215, 'BARTIN', 'BARTIN'),
(755, 215, 'ARDAHAN', 'ARDAHAN'),
(756, 215, 'IGDIR', 'IGDIR'),
(757, 215, 'YALOVA', 'YALOVA'),
(758, 215, 'KARABÃƒÆ’Ã‚Æ’Ãƒââ‚', 'KARABÃƒÆ’Ã‚Æ’Ãƒââ‚'),
(759, 215, 'KILIS', 'KILIS'),
(760, 215, 'OSMANIYE', 'OSMANIYE'),
(761, 215, 'DÃƒÆ’Ã‚Æ’Ãƒâ€šÃ', 'DÃƒÆ’Ã‚Æ’Ãƒâ€šÃ'),
(762, 229, 'AM', 'Amazonas'),
(763, 229, 'AN', 'AnzoÃƒÆ’Ã‚Æ’Ãƒâ€'),
(764, 229, 'AR', 'Aragua'),
(765, 229, 'AP', 'Apure'),
(766, 229, 'BA', 'Barinas'),
(767, 229, 'BO', 'BolÃƒÆ’Ã‚Æ’Ãƒâ€Å'),
(768, 229, 'CA', 'Carabobo'),
(769, 229, 'CO', 'Cojedes'),
(770, 229, 'DA', 'Delta Amacuro'),
(771, 229, 'DC', 'Distrito Capital'),
(772, 229, 'FA', 'FalcÃƒÆ’Ã‚Æ’Ãƒâ€'),
(773, 229, 'GA', 'GuÃƒÆ’Ã‚Æ’Ãƒâ€š'),
(774, 229, 'GU', 'Guayana'),
(775, 229, 'LA', 'Lara'),
(776, 229, 'ME', 'MÃƒÆ’Ã‚Æ’Ãƒâ€šÃ'),
(777, 229, 'MI', 'Miranda'),
(778, 229, 'MO', 'Monagas'),
(779, 229, 'NE', 'Nueva Esparta'),
(780, 229, 'PO', 'Portuguesa'),
(781, 229, 'SU', 'Sucre'),
(782, 229, 'TA', 'TÃƒÆ’Ã‚Æ’Ãƒâ€šÃ'),
(783, 229, 'TU', 'Trujillo'),
(784, 229, 'VA', 'Vargas'),
(785, 229, 'YA', 'Yaracuy'),
(786, 229, 'ZU', 'Zulia'),
(787, 222, 'AVON', 'Avon'),
(788, 222, 'BEDS', 'Bedfordshire'),
(789, 222, 'BERK', 'Berkshire'),
(790, 222, 'BIRM', 'Birmingham'),
(791, 222, 'BORD', 'Borders'),
(792, 222, 'BUCK', 'Buckinghamshire'),
(793, 222, 'CAMB', 'Cambridgeshire'),
(794, 222, 'CENT', 'Central'),
(795, 222, 'CHES', 'Cheshire'),
(796, 222, 'CLEV', 'Cleveland'),
(797, 222, 'CLWY', 'Clwyd'),
(798, 222, 'CORN', 'Cornwall'),
(799, 222, 'CUMB', 'Cumbria'),
(800, 222, 'DERB', 'Derbyshire'),
(801, 222, 'DEVO', 'Devon'),
(802, 222, 'DORS', 'Dorset'),
(803, 222, 'DUMF', 'Dumfries & Galloway'),
(804, 222, 'DURH', 'Durham'),
(805, 222, 'DYFE', 'Dyfed'),
(806, 222, 'ESUS', 'East Sussex'),
(807, 222, 'ESSE', 'Essex'),
(808, 222, 'FIFE', 'Fife'),
(809, 222, 'GLAM', 'Glamorgan'),
(810, 222, 'GLOU', 'Gloucestershire'),
(811, 222, 'GRAM', 'Grampian'),
(812, 222, 'GWEN', 'Gwent'),
(813, 222, 'GWYN', 'Gwynedd'),
(814, 222, 'HAMP', 'Hampshire'),
(815, 222, 'HERE', 'Hereford & Worcester'),
(816, 222, 'HERT', 'Hertfordshire'),
(817, 222, 'HUMB', 'Humberside'),
(818, 222, 'KENT', 'Kent'),
(819, 222, 'LANC', 'Lancashire'),
(820, 222, 'LEIC', 'Leicestershire'),
(821, 222, 'LINC', 'Lincolnshire'),
(822, 222, 'LOND', 'London'),
(823, 222, 'LOTH', 'Lothian'),
(824, 222, 'MANC', 'Manchester'),
(825, 222, 'MERS', 'Merseyside'),
(826, 222, 'NORF', 'Norfolk'),
(827, 222, 'NYOR', 'North Yorkshire'),
(828, 222, 'NWHI', 'North west Highlands'),
(829, 222, 'NHAM', 'Northamptonshire'),
(830, 222, 'NUMB', 'Northumberland'),
(831, 222, 'NOTT', 'Nottinghamshire'),
(832, 222, 'OXFO', 'Oxfordshire'),
(833, 222, 'POWY', 'Powys'),
(834, 222, 'SHRO', 'Shropshire'),
(835, 222, 'SOME', 'Somerset'),
(836, 222, 'SYOR', 'South Yorkshire'),
(837, 222, 'STAF', 'Staffordshire'),
(838, 222, 'STRA', 'Strathclyde'),
(839, 222, 'SUFF', 'Suffolk'),
(840, 222, 'SURR', 'Surrey'),
(841, 222, 'WSUS', 'West Sussex'),
(842, 222, 'TAYS', 'Tayside'),
(843, 222, 'TYWE', 'Tyne & Wear'),
(844, 222, 'WARW', 'Warwickshire'),
(845, 222, 'WISL', 'West Isles'),
(846, 222, 'WYOR', 'West Yorkshire'),
(847, 222, 'WILT', 'Wiltshire');

-- --------------------------------------------------------

--
-- Tabellenstruktur für Tabelle `zones_to_geo_zones`
--

CREATE TABLE `zones_to_geo_zones` (
  `association_id` int(11) NOT NULL,
  `zone_country_id` int(11) NOT NULL DEFAULT '0',
  `zone_id` int(11) DEFAULT NULL,
  `geo_zone_id` int(11) DEFAULT NULL,
  `last_modified` datetime DEFAULT NULL,
  `date_added` datetime NOT NULL DEFAULT '0000-00-00 00:00:00'
) ENGINE=MyISAM DEFAULT CHARSET=utf8;

--
-- Daten für Tabelle `zones_to_geo_zones`
--

INSERT INTO `zones_to_geo_zones` (`association_id`, `zone_country_id`, `zone_id`, `geo_zone_id`, `last_modified`, `date_added`) VALUES
(239, 57, 0, 14, '0000-00-00 00:00:00', '2022-10-27 08:09:49'),
(234, 21, 0, 9, '0000-00-00 00:00:00', '2022-10-27 08:09:49'),
(243, 72, 0, 18, '0000-00-00 00:00:00', '2022-10-27 08:09:49'),
(244, 73, 0, 19, '0000-00-00 00:00:00', '2022-10-27 08:09:49'),
(241, 84, 0, 16, '0000-00-00 00:00:00', '2022-10-27 08:09:49'),
(247, 103, 0, 22, '0000-00-00 00:00:00', '2022-10-27 08:09:49'),
(248, 105, 0, 23, '0000-00-00 00:00:00', '2022-10-27 08:09:49'),
(250, 124, 0, 25, '0000-00-00 00:00:00', '2022-10-27 08:09:49'),
(253, 150, 0, 28, '0000-00-00 00:00:00', '2022-10-27 08:09:49'),
(233, 14, 0, 8, '0000-00-00 00:00:00', '2022-10-27 08:09:49'),
(255, 171, 0, 30, '0000-00-00 00:00:00', '2022-10-27 08:09:49'),
(242, 195, 0, 17, '0000-00-00 00:00:00', '2022-10-27 08:09:49'),
(16, 222, 0, 5, NULL, '2004-09-15 10:00:46'),
(257, 203, 0, 32, '0000-00-00 00:00:00', '2022-10-27 08:09:49'),
(238, 81, 0, 13, '0000-00-00 00:00:00', '2022-10-27 08:09:49'),
(19, 1, 0, 6, NULL, '2004-09-15 10:00:46'),
(20, 2, 0, 6, NULL, '2004-09-15 10:00:46'),
(21, 3, 0, 6, NULL, '2004-09-15 10:00:46'),
(22, 4, 0, 6, NULL, '2004-09-15 10:00:46'),
(23, 5, 0, 5, NULL, '2004-09-15 10:00:46'),
(24, 6, NULL, 6, NULL, '2004-09-15 10:00:46'),
(25, 7, 0, 6, NULL, '2004-09-15 10:00:46'),
(26, 8, 0, 6, NULL, '2004-09-15 10:00:46'),
(27, 9, 0, 6, NULL, '2004-09-15 10:00:46'),
(28, 10, 0, 6, NULL, '2004-09-15 10:00:46'),
(29, 11, 0, 6, NULL, '2004-09-15 10:00:46'),
(30, 13, 0, 6, NULL, '2004-09-15 10:00:46'),
(31, 15, 0, 6, NULL, '2004-09-15 10:00:46'),
(32, 16, 0, 6, NULL, '2004-09-15 10:00:46'),
(33, 17, 0, 6, NULL, '2004-09-15 10:00:46'),
(34, 19, 0, 6, NULL, '2004-09-15 10:00:46'),
(35, 20, 0, 6, NULL, '2004-09-15 10:00:46'),
(36, 22, 0, 6, NULL, '2004-09-15 10:00:46'),
(37, 23, 0, 6, NULL, '2004-09-15 10:00:46'),
(38, 24, 0, 6, NULL, '2004-09-15 10:00:46'),
(39, 25, 0, 6, NULL, '2004-09-15 10:00:46'),
(40, 27, 0, 6, NULL, '2004-09-15 10:00:46'),
(41, 26, 0, 6, NULL, '2004-09-15 10:00:46'),
(42, 28, 0, 6, NULL, '2004-09-15 10:00:46'),
(43, 29, 0, 6, NULL, '2004-09-15 10:00:46'),
(44, 30, 0, 6, NULL, '2004-09-15 10:00:46'),
(45, 31, 0, 6, NULL, '2004-09-15 10:00:46'),
(46, 32, 0, 6, NULL, '2004-09-15 10:00:46'),
(235, 33, 0, 10, '0000-00-00 00:00:00', '2022-10-27 08:09:49'),
(48, 34, 0, 6, NULL, '2004-09-15 10:00:46'),
(49, 35, 0, 6, NULL, '2004-09-15 10:00:46'),
(50, 36, 0, 6, NULL, '2004-09-15 10:00:46'),
(51, 37, 0, 6, NULL, '2004-09-15 10:00:46'),
(52, 39, NULL, 6, NULL, '2004-09-15 10:00:46'),
(53, 38, 0, 6, NULL, '2004-09-15 10:00:46'),
(54, 40, 0, 6, NULL, '2004-09-15 10:00:46'),
(55, 41, 0, 6, NULL, '2004-09-15 10:00:46'),
(56, 42, 0, 6, NULL, '2004-09-15 10:00:46'),
(57, 43, 0, 6, NULL, '2004-09-15 10:00:46'),
(58, 44, 0, 6, NULL, '2004-09-15 10:00:46'),
(59, 45, 0, 6, NULL, '2004-09-15 10:00:46'),
(60, 47, 0, 6, NULL, '2004-09-15 10:00:46'),
(61, 48, 0, 6, NULL, '2004-09-15 10:00:46'),
(62, 49, 0, 6, NULL, '2004-09-15 10:00:46'),
(63, 50, 0, 6, NULL, '2004-09-15 10:00:46'),
(64, 51, 0, 6, NULL, '2004-09-15 10:00:46'),
(65, 52, 0, 6, NULL, '2004-09-15 10:00:46'),
(245, 53, 0, 20, '0000-00-00 00:00:00', '2022-10-27 08:09:49'),
(67, 54, 0, 6, NULL, '2004-09-15 10:00:46'),
(236, 55, 0, 11, '0000-00-00 00:00:00', '2022-10-27 08:09:49'),
(237, 56, 0, 12, '0000-00-00 00:00:00', '2022-10-27 08:09:49'),
(70, 58, 0, 6, NULL, '2004-09-15 10:00:46'),
(71, 59, 0, 6, NULL, '2004-09-15 10:00:46'),
(72, 60, 0, 6, NULL, '2004-09-15 10:00:46'),
(73, 61, 0, 6, NULL, '2004-09-15 10:00:46'),
(74, 62, 0, 6, NULL, '2004-09-15 10:00:46'),
(75, 63, 0, 6, NULL, '2004-09-15 10:00:46'),
(76, 64, 0, 6, NULL, '2004-09-15 10:00:46'),
(77, 65, 0, 6, NULL, '2004-09-15 10:00:46'),
(78, 66, 0, 6, NULL, '2004-09-15 10:00:46'),
(240, 67, 0, 15, '0000-00-00 00:00:00', '2022-10-27 08:09:49'),
(80, 68, 0, 6, NULL, '2004-09-15 10:00:46'),
(81, 69, 0, 6, NULL, '2004-09-15 10:00:46'),
(82, 70, 0, 6, NULL, '2004-09-15 10:00:46'),
(83, 71, 0, 6, NULL, '2004-09-15 10:00:46'),
(84, 74, 0, 6, NULL, '2004-09-15 10:00:46'),
(85, 75, 0, 6, NULL, '2004-09-15 10:00:46'),
(86, 76, 0, 6, NULL, '2004-09-15 10:00:46'),
(87, 77, 0, 6, NULL, '2004-09-15 10:00:46'),
(88, 78, 0, 6, NULL, '2004-09-15 10:00:46'),
(89, 79, 0, 6, NULL, '2004-09-15 10:00:46'),
(90, 82, 0, 6, NULL, '2004-09-15 10:00:46'),
(91, 83, 0, 6, NULL, '2004-09-15 10:00:46'),
(92, 86, 0, 6, NULL, '2004-09-15 10:00:46'),
(93, 87, 0, 6, NULL, '2004-09-15 10:00:46'),
(94, 88, 0, 6, NULL, '2004-09-15 10:00:46'),
(95, 89, 0, 6, NULL, '2004-09-15 10:00:46'),
(96, 90, 0, 6, NULL, '2004-09-15 10:00:46'),
(97, 91, 0, 6, NULL, '2004-09-15 10:00:46'),
(98, 92, 0, 6, NULL, '2004-09-15 10:00:46'),
(99, 93, 0, 6, NULL, '2004-09-15 10:00:46'),
(100, 94, 0, 6, NULL, '2004-09-15 10:00:46'),
(101, 95, 0, 6, NULL, '2004-09-15 10:00:46'),
(102, 96, 0, 6, NULL, '2004-09-15 10:00:46'),
(246, 97, 0, 21, '0000-00-00 00:00:00', '2022-10-27 08:09:49'),
(104, 99, 0, 6, NULL, '2004-09-15 10:00:46'),
(105, 100, 0, 6, NULL, '2004-09-15 10:00:46'),
(106, 101, 0, 6, NULL, '2004-09-15 10:00:46'),
(107, 102, 0, 6, NULL, '2004-09-15 10:00:46'),
(108, 104, 0, 6, NULL, '2004-09-15 10:00:46'),
(109, 106, 0, 6, NULL, '2004-09-15 10:00:46'),
(110, 107, 0, 6, NULL, '2004-09-15 10:00:46'),
(111, 109, 0, 6, NULL, '2004-09-15 10:00:46'),
(112, 110, 0, 6, NULL, '2004-09-15 10:00:46'),
(113, 111, 0, 6, NULL, '2004-09-15 10:00:46'),
(114, 112, 0, 6, NULL, '2004-09-15 10:00:46'),
(115, 113, 0, 6, NULL, '2004-09-15 10:00:46'),
(116, 114, 0, 6, NULL, '2004-09-15 10:00:46'),
(117, 115, 0, 6, NULL, '2004-09-15 10:00:46'),
(118, 116, 0, 6, NULL, '2004-09-15 10:00:46'),
(251, 117, 0, 26, '0000-00-00 00:00:00', '2022-10-27 08:09:49'),
(120, 118, 0, 6, NULL, '2004-09-15 10:00:46'),
(121, 119, 0, 6, NULL, '2004-09-15 10:00:46'),
(122, 120, 0, 6, NULL, '2004-09-15 10:00:46'),
(123, 121, 0, 6, NULL, '2004-09-15 10:00:46'),
(124, 122, 0, 5, NULL, '2004-09-15 10:00:46'),
(125, 125, 0, 6, NULL, '2004-09-15 10:00:46'),
(126, 126, 0, 6, NULL, '2004-09-15 10:00:46'),
(127, 127, 0, 6, NULL, '2004-09-15 10:00:46'),
(128, 128, 0, 6, NULL, '2004-09-15 10:00:46'),
(129, 129, 0, 6, NULL, '2004-09-15 10:00:46'),
(130, 130, 0, 6, NULL, '2004-09-15 10:00:46'),
(131, 131, 0, 6, NULL, '2004-09-15 10:00:46'),
(252, 132, 0, 27, '0000-00-00 00:00:00', '2022-10-27 08:09:49'),
(133, 133, 0, 6, NULL, '2004-09-15 10:00:46'),
(134, 134, 0, 6, NULL, '2004-09-15 10:00:46'),
(135, 135, 0, 6, NULL, '2004-09-15 10:00:46'),
(136, 136, 0, 6, NULL, '2004-09-15 10:00:46'),
(137, 137, 0, 6, NULL, '2004-09-15 10:00:46'),
(138, 138, 0, 6, NULL, '2004-09-15 10:00:46'),
(139, 139, 0, 6, NULL, '2004-09-15 10:00:46'),
(140, 140, 0, 6, NULL, '2004-09-15 10:00:46'),
(141, 141, 0, 6, NULL, '2004-09-15 10:00:46'),
(142, 142, 0, 6, NULL, '2004-09-15 10:00:46'),
(143, 143, 0, 6, NULL, '2004-09-15 10:00:46'),
(144, 144, 0, 6, NULL, '2004-09-15 10:00:46'),
(145, 145, 0, 6, NULL, '2004-09-15 10:00:46'),
(146, 146, 0, 6, NULL, '2004-09-15 10:00:46'),
(147, 147, 0, 6, NULL, '2004-09-15 10:00:46'),
(148, 148, 0, 6, NULL, '2004-09-15 10:00:46'),
(149, 149, 0, 6, NULL, '2004-09-15 10:00:46'),
(150, 151, 0, 6, NULL, '2004-09-15 10:00:46'),
(151, 152, 0, 6, NULL, '2004-09-15 10:00:46'),
(152, 153, 0, 6, NULL, '2004-09-15 10:00:46'),
(153, 154, 0, 6, NULL, '2004-09-15 10:00:46'),
(154, 155, 0, 6, NULL, '2004-09-15 10:00:46'),
(155, 156, 0, 6, NULL, '2004-09-15 10:00:46'),
(156, 157, 0, 6, NULL, '2004-09-15 10:00:46'),
(157, 158, 0, 6, NULL, '2004-09-15 10:00:46'),
(158, 159, 0, 6, NULL, '2004-09-15 10:00:46'),
(159, 160, 0, 6, NULL, '2004-09-15 10:00:46'),
(160, 161, 0, 6, NULL, '2004-09-15 10:00:46'),
(161, 162, 0, 6, NULL, '2004-09-15 10:00:46'),
(162, 164, 0, 6, NULL, '2004-09-15 10:00:46'),
(163, 165, 0, 6, NULL, '2004-09-15 10:00:46'),
(164, 166, 0, 6, NULL, '2004-09-15 10:00:46'),
(165, 167, 0, 6, NULL, '2004-09-15 10:00:46'),
(166, 168, 0, 6, NULL, '2004-09-15 10:00:46'),
(167, 169, 0, 6, NULL, '2004-09-15 10:00:46'),
(254, 170, 0, 29, '0000-00-00 00:00:00', '2022-10-27 08:09:49'),
(169, 172, 0, 6, NULL, '2004-09-15 10:00:46'),
(170, 173, 0, 6, NULL, '2004-09-15 10:00:46'),
(171, 174, 0, 6, NULL, '2004-09-15 10:00:46'),
(172, 176, 0, 6, NULL, '2004-09-15 10:00:46'),
(173, 177, 0, 6, NULL, '2004-09-15 10:00:46'),
(174, 178, 0, 6, NULL, '2004-09-15 10:00:46'),
(175, 179, 0, 6, NULL, '2004-09-15 10:00:46'),
(176, 180, 0, 6, NULL, '2004-09-15 10:00:46'),
(177, 181, 0, 6, NULL, '2004-09-15 10:00:46'),
(178, 182, 0, 6, NULL, '2004-09-15 10:00:46'),
(179, 183, 0, 6, NULL, '2004-09-15 10:00:46'),
(180, 184, 0, 6, NULL, '2004-09-15 10:00:46'),
(181, 185, 0, 6, NULL, '2004-09-15 10:00:46'),
(182, 186, 0, 6, NULL, '2004-09-15 10:00:46'),
(183, 187, 0, 6, NULL, '2004-09-15 10:00:46'),
(184, 188, 0, 6, NULL, '2004-09-15 10:00:46'),
(259, 189, 0, 34, '0000-00-00 00:00:00', '2022-10-27 08:09:49'),
(258, 190, 0, 33, '0000-00-00 00:00:00', '2022-10-27 08:09:49'),
(187, 191, 0, 6, NULL, '2004-09-15 10:00:46'),
(188, 193, 0, 6, NULL, '2004-09-15 10:00:46'),
(189, 194, 0, 6, NULL, '2004-09-15 10:00:46'),
(190, 192, 0, 6, NULL, '2004-09-15 10:00:46'),
(191, 196, 0, 6, NULL, '2004-09-15 10:00:46'),
(192, 197, 0, 6, NULL, '2004-09-15 10:00:46'),
(193, 198, 0, 6, NULL, '2004-09-15 10:00:46'),
(194, 199, 0, 6, NULL, '2004-09-15 10:00:46'),
(195, 200, 0, 6, NULL, '2004-09-15 10:00:46'),
(196, 201, 0, 6, NULL, '2004-09-15 10:00:46'),
(197, 202, 0, 6, NULL, '2004-09-15 10:00:46'),
(198, 204, 0, 6, NULL, '2004-09-15 10:00:46'),
(199, 205, 0, 6, NULL, '2004-09-15 10:00:46'),
(200, 206, 0, 6, NULL, '2004-09-15 10:00:46'),
(201, 207, 0, 6, NULL, '2004-09-15 10:00:46'),
(202, 208, 0, 6, NULL, '2004-09-15 10:00:46'),
(203, 209, 0, 6, NULL, '2004-09-15 10:00:46'),
(204, 210, 0, 6, NULL, '2004-09-15 10:00:46'),
(205, 211, 0, 6, NULL, '2004-09-15 10:00:46'),
(206, 212, 0, 6, NULL, '2004-09-15 10:00:46'),
(207, 213, 0, 6, NULL, '2004-09-15 10:00:46'),
(208, 214, 0, 6, NULL, '2004-09-15 10:00:46'),
(209, 215, 0, 6, NULL, '2004-09-15 10:00:46'),
(210, 216, 0, 6, NULL, '2004-09-15 10:00:46'),
(211, 217, 0, 6, NULL, '2004-09-15 10:00:46'),
(212, 218, 0, 6, NULL, '2004-09-15 10:00:46'),
(213, 219, 0, 6, NULL, '2004-09-15 10:00:46'),
(214, 221, 0, 6, NULL, '2004-09-15 10:00:46'),
(215, 223, 0, 6, NULL, '2004-09-15 10:00:46'),
(216, 224, 0, 6, NULL, '2004-09-15 10:00:46'),
(217, 225, 0, 6, NULL, '2004-09-15 10:00:46'),
(218, 226, 0, 6, NULL, '2004-09-15 10:00:46'),
(219, 227, 0, 6, NULL, '2004-09-15 10:00:46'),
(220, 228, 0, 6, NULL, '2004-09-15 10:00:46'),
(221, 229, 0, 6, NULL, '2004-09-15 10:00:46'),
(222, 230, 0, 6, NULL, '2004-09-15 10:00:46'),
(223, 231, 0, 6, NULL, '2004-09-15 10:00:46'),
(224, 232, 0, 6, NULL, '2004-09-15 10:00:46'),
(225, 233, 0, 6, NULL, '2004-09-15 10:00:46'),
(226, 234, 0, 6, NULL, '2004-09-15 10:00:46'),
(227, 235, 0, 6, NULL, '2004-09-15 10:00:46'),
(228, 236, 0, 6, NULL, '2004-09-15 10:00:46'),
(229, 237, 0, 6, NULL, '2004-09-15 10:00:46'),
(230, 238, 0, 6, NULL, '2004-09-15 10:00:46'),
(231, 239, 0, 6, NULL, '2004-09-15 10:00:46'),
(256, 175, 0, 31, '0000-00-00 00:00:00', '2022-10-27 08:09:49'),
(249, 123, 0, 24, '0000-00-00 00:00:00', '2022-10-27 08:09:49');

--
-- Indizes der exportierten Tabellen
--

--
-- Indizes für die Tabelle `address_book`
--
ALTER TABLE `address_book`
  ADD PRIMARY KEY (`address_book_id`),
  ADD KEY `customers_id` (`customers_id`);

--
-- Indizes für die Tabelle `address_format`
--
ALTER TABLE `address_format`
  ADD PRIMARY KEY (`address_format_id`);

--
-- Indizes für die Tabelle `admin_access_scheme`
--
ALTER TABLE `admin_access_scheme`
  ADD PRIMARY KEY (`admin_access_scheme_id`);

--
-- Indizes für die Tabelle `admin_access_scheme_values`
--
ALTER TABLE `admin_access_scheme_values`
  ADD PRIMARY KEY (`admin_access_scheme_values_id`),
  ADD KEY `admin_access_scheme_id` (`admin_access_scheme_id`);

--
-- Indizes für die Tabelle `after_shipping_payment_orders`
--
ALTER TABLE `after_shipping_payment_orders`
  ADD PRIMARY KEY (`after_shipping_payment_orders_id`);

--
-- Indizes für die Tabelle `amazon_feeds`
--
ALTER TABLE `amazon_feeds`
  ADD PRIMARY KEY (`amazon_feeds_id`),
  ADD KEY `merchant_id` (`merchant_id`);

--
-- Indizes für die Tabelle `amazon_feeds_order_fulfillments`
--
ALTER TABLE `amazon_feeds_order_fulfillments`
  ADD PRIMARY KEY (`amazon_feeds_order_fulfillments_id`),
  ADD KEY `amazon_feeds_id` (`amazon_feeds_id`);

--
-- Indizes für die Tabelle `amazon_feeds_price_items`
--
ALTER TABLE `amazon_feeds_price_items`
  ADD PRIMARY KEY (`amazon_feeds_price_items_id`),
  ADD KEY `amazon_feeds_price_id` (`amazon_feeds_id`);

--
-- Indizes für die Tabelle `amazon_feeds_product_listing`
--
ALTER TABLE `amazon_feeds_product_listing`
  ADD PRIMARY KEY (`amazon_feeds_product_listing_id`),
  ADD KEY `amazon_feeds_id` (`amazon_feeds_id`,`products_id`);

--
-- Indizes für die Tabelle `amazon_feeds_quantity_items`
--
ALTER TABLE `amazon_feeds_quantity_items`
  ADD PRIMARY KEY (`amazon_feeds_quantity_items_id`),
  ADD KEY `amazon_feeds_quantity_id` (`amazon_feeds_id`);

--
-- Indizes für die Tabelle `amazon_feeds_upload_vat_invoice`
--
ALTER TABLE `amazon_feeds_upload_vat_invoice`
  ADD PRIMARY KEY (`amazon_feeds_upload_vat_invoice_id`),
  ADD KEY `amazon_feeds_id` (`amazon_feeds_id`);

--
-- Indizes für die Tabelle `amazon_feed_collector`
--
ALTER TABLE `amazon_feed_collector`
  ADD PRIMARY KEY (`amazon_feed_collector_id`),
  ADD KEY `selling_partner_id` (`selling_partner_id`);

--
-- Indizes für die Tabelle `amazon_orders`
--
ALTER TABLE `amazon_orders`
  ADD PRIMARY KEY (`amazon_orders_id`),
  ADD KEY `orders_id` (`orders_id`),
  ADD KEY `customers_id` (`customers_id`),
  ADD KEY `buyer_email_address` (`buyer_email_address`),
  ADD KEY `merchant_id` (`merchant_id`);

--
-- Indizes für die Tabelle `amazon_orders_fba`
--
ALTER TABLE `amazon_orders_fba`
  ADD PRIMARY KEY (`amazon_orders_fba_id`),
  ADD KEY `orders_id` (`orders_id`,`amazon_order_id`,`amazon_order_item_id`);

--
-- Indizes für die Tabelle `amazon_orders_products`
--
ALTER TABLE `amazon_orders_products`
  ADD PRIMARY KEY (`amazon_orders_products_id`),
  ADD KEY `amazon_orders_id` (`amazon_orders_id`);

--
-- Indizes für die Tabelle `amazon_products`
--
ALTER TABLE `amazon_products`
  ADD PRIMARY KEY (`amazon_products_id`),
  ADD KEY `products_id` (`products_id`),
  ADD KEY `sku` (`sku`),
  ADD KEY `merchant_id` (`merchant_id`);

--
-- Indizes für die Tabelle `amazon_products_fba`
--
ALTER TABLE `amazon_products_fba`
  ADD PRIMARY KEY (`amazon_products_fba_id`),
  ADD KEY `products_id` (`products_id`,`asin`);

--
-- Indizes für die Tabelle `amazon_settlements`
--
ALTER TABLE `amazon_settlements`
  ADD PRIMARY KEY (`amazon_settlements_id`),
  ADD KEY `order_id` (`order_id`),
  ADD KEY `merchant_id` (`merchant_id`);

--
-- Indizes für die Tabelle `amz_products_excluded`
--
ALTER TABLE `amz_products_excluded`
  ADD PRIMARY KEY (`amz_products_excluded_id`);

--
-- Indizes für die Tabelle `amz_transactions`
--
ALTER TABLE `amz_transactions`
  ADD PRIMARY KEY (`amz_tx_id`),
  ADD UNIQUE KEY `amz_tx_amz_id` (`amz_tx_amz_id`),
  ADD KEY `amz_tx_order_reference` (`amz_tx_order_reference`),
  ADD KEY `amz_tx_type` (`amz_tx_type`);

--
-- Indizes für die Tabelle `banktransfer`
--
ALTER TABLE `banktransfer`
  ADD KEY `orders_id` (`orders_id`);

--
-- Indizes für die Tabelle `banners`
--
ALTER TABLE `banners`
  ADD PRIMARY KEY (`banners_id`);

--
-- Indizes für die Tabelle `banners_history`
--
ALTER TABLE `banners_history`
  ADD PRIMARY KEY (`banners_history_id`);

--
-- Indizes für die Tabelle `billsafe_orders_paymentinstructions`
--
ALTER TABLE `billsafe_orders_paymentinstructions`
  ADD PRIMARY KEY (`billsafe_orders_paymentinstructions_id`),
  ADD KEY `orders_id` (`orders_id`);

--
-- Indizes für die Tabelle `branches`
--
ALTER TABLE `branches`
  ADD PRIMARY KEY (`branches_id`);

--
-- Indizes für die Tabelle `branches_history`
--
ALTER TABLE `branches_history`
  ADD PRIMARY KEY (`branches_history_id`),
  ADD KEY `branches_id` (`branches_id`);

--
-- Indizes für die Tabelle `branches_orders_fibunumbers`
--
ALTER TABLE `branches_orders_fibunumbers`
  ADD PRIMARY KEY (`branches_orders_fibunumbers`),
  ADD KEY `orders_id` (`orders_id`,`branches_id`);

--
-- Indizes für die Tabelle `branches_products`
--
ALTER TABLE `branches_products`
  ADD PRIMARY KEY (`branches_products_id`),
  ADD KEY `branches_id` (`branches_id`),
  ADD KEY `products_id` (`products_id`);

--
-- Indizes für die Tabelle `branches_products_serials`
--
ALTER TABLE `branches_products_serials`
  ADD PRIMARY KEY (`branches_products_serials_id`),
  ADD KEY `branches_products_id` (`branches_products_id`),
  ADD KEY `products_id` (`products_id`);

--
-- Indizes für die Tabelle `branches_to_customers`
--
ALTER TABLE `branches_to_customers`
  ADD PRIMARY KEY (`branches_to_customers_id`),
  ADD KEY `branches_id` (`branches_id`),
  ADD KEY `customers_id` (`customers_id`);

--
-- Indizes für die Tabelle `branches_transfer`
--
ALTER TABLE `branches_transfer`
  ADD PRIMARY KEY (`branches_transfer_id`),
  ADD KEY `branches_id` (`branches_id`),
  ADD KEY `target_branches_id` (`target_branches_id`);

--
-- Indizes für die Tabelle `branches_transfer_products`
--
ALTER TABLE `branches_transfer_products`
  ADD PRIMARY KEY (`branches_transfer_products_id`),
  ADD KEY `branches_transfer_id` (`branches_transfer_id`),
  ADD KEY `products_id` (`products_id`);

--
-- Indizes für die Tabelle `branches_transfer_status`
--
ALTER TABLE `branches_transfer_status`
  ADD PRIMARY KEY (`branches_transfer_status_id`);

--
-- Indizes für die Tabelle `branches_transfer_status_history`
--
ALTER TABLE `branches_transfer_status_history`
  ADD PRIMARY KEY (`branches_transfer_status_history_id`),
  ADD KEY `branches_transfer_id` (`branches_transfer_id`);

--
-- Indizes für die Tabelle `cancel_auctions`
--
ALTER TABLE `cancel_auctions`
  ADD PRIMARY KEY (`cancel_auctions_id`),
  ADD KEY `products_id` (`products_id`);

--
-- Indizes für die Tabelle `card_blacklist`
--
ALTER TABLE `card_blacklist`
  ADD KEY `blacklist_id` (`blacklist_id`);

--
-- Indizes für die Tabelle `categories`
--
ALTER TABLE `categories`
  ADD PRIMARY KEY (`categories_id`),
  ADD KEY `parent_id` (`parent_id`),
  ADD KEY `categories_status` (`categories_status`);

--
-- Indizes für die Tabelle `categories_description`
--
ALTER TABLE `categories_description`
  ADD PRIMARY KEY (`categories_id`,`language_id`),
  ADD KEY `categories_name` (`categories_name`);

--
-- Indizes für die Tabelle `categories_exclude`
--
ALTER TABLE `categories_exclude`
  ADD PRIMARY KEY (`categories_exclude_id`),
  ADD KEY `categories_id` (`categories_id`),
  ADD KEY `customers_id` (`customers_id`);

--
-- Indizes für die Tabelle `categories_to_groups`
--
ALTER TABLE `categories_to_groups`
  ADD PRIMARY KEY (`categories_to_groups_id`),
  ADD KEY `categories_id` (`categories_id`,`groups_id`);

--
-- Indizes für die Tabelle `categories_to_groups_characteristics`
--
ALTER TABLE `categories_to_groups_characteristics`
  ADD PRIMARY KEY (`categories_to_groups_characteristics_id`),
  ADD KEY `categories_to_groups_id` (`categories_to_groups_id`,`characteristics_id`);

--
-- Indizes für die Tabelle `change_status`
--
ALTER TABLE `change_status`
  ADD PRIMARY KEY (`id`);

--
-- Indizes für die Tabelle `change_status_history`
--
ALTER TABLE `change_status_history`
  ADD PRIMARY KEY (`id`);

--
-- Indizes für die Tabelle `cm_file_flags`
--
ALTER TABLE `cm_file_flags`
  ADD PRIMARY KEY (`file_flag`);

--
-- Indizes für die Tabelle `configuration`
--
ALTER TABLE `configuration`
  ADD PRIMARY KEY (`configuration_id`),
  ADD KEY `configuration_group_id` (`configuration_group_id`);

--
-- Indizes für die Tabelle `configuration_group`
--
ALTER TABLE `configuration_group`
  ADD PRIMARY KEY (`configuration_group_id`);

--
-- Indizes für die Tabelle `content_manager`
--
ALTER TABLE `content_manager`
  ADD PRIMARY KEY (`content_id`);
ALTER TABLE `content_manager` ADD FULLTEXT KEY `content_meta_title` (`content_meta_title`,`content_meta_description`,`content_meta_keywords`);

--
-- Indizes für die Tabelle `costs`
--
ALTER TABLE `costs`
  ADD PRIMARY KEY (`costs_id`),
  ADD KEY `orders_id` (`orders_id`);

--
-- Indizes für die Tabelle `countries`
--
ALTER TABLE `countries`
  ADD PRIMARY KEY (`countries_id`),
  ADD KEY `IDX_COUNTRIES_NAME` (`countries_name`),
  ADD KEY `countries_name` (`countries_name`);

--
-- Indizes für die Tabelle `countries_allocations`
--
ALTER TABLE `countries_allocations`
  ADD KEY `countries_id` (`countries_id`);

--
-- Indizes für die Tabelle `coupons`
--
ALTER TABLE `coupons`
  ADD PRIMARY KEY (`coupon_id`);

--
-- Indizes für die Tabelle `coupons_description`
--
ALTER TABLE `coupons_description`
  ADD KEY `coupon_id` (`coupon_id`);

--
-- Indizes für die Tabelle `coupon_email_track`
--
ALTER TABLE `coupon_email_track`
  ADD PRIMARY KEY (`unique_id`);

--
-- Indizes für die Tabelle `coupon_gv_customer`
--
ALTER TABLE `coupon_gv_customer`
  ADD PRIMARY KEY (`customer_id`),
  ADD KEY `customer_id` (`customer_id`);

--
-- Indizes für die Tabelle `coupon_gv_queue`
--
ALTER TABLE `coupon_gv_queue`
  ADD PRIMARY KEY (`unique_id`),
  ADD KEY `uid` (`unique_id`,`customer_id`,`order_id`),
  ADD KEY `unique_id` (`unique_id`),
  ADD KEY `customer_id` (`customer_id`),
  ADD KEY `order_id` (`order_id`);

--
-- Indizes für die Tabelle `coupon_redeem_track`
--
ALTER TABLE `coupon_redeem_track`
  ADD PRIMARY KEY (`unique_id`);

--
-- Indizes für die Tabelle `currencies`
--
ALTER TABLE `currencies`
  ADD PRIMARY KEY (`currencies_id`);

--
-- Indizes für die Tabelle `customers_basket`
--
ALTER TABLE `customers_basket`
  ADD PRIMARY KEY (`customers_basket_id`),
  ADD KEY `customers_id` (`customers_id`);

--
-- Indizes für die Tabelle `customers_basket_attributes`
--
ALTER TABLE `customers_basket_attributes`
  ADD PRIMARY KEY (`customers_basket_attributes_id`);

--
-- Indizes für die Tabelle `customers_email_aliases`
--
ALTER TABLE `customers_email_aliases`
  ADD PRIMARY KEY (`customers_email_aliases_id`),
  ADD KEY `customers_id` (`customers_id`);

--
-- Indizes für die Tabelle `customers_email_filter`
--
ALTER TABLE `customers_email_filter`
  ADD PRIMARY KEY (`customers_email_filter_id`),
  ADD KEY `customers_id` (`customers_id`);

--
-- Indizes für die Tabelle `customers_info`
--
ALTER TABLE `customers_info`
  ADD PRIMARY KEY (`customers_info_id`);

--
-- Indizes für die Tabelle `customers_ip`
--
ALTER TABLE `customers_ip`
  ADD PRIMARY KEY (`customers_ip_id`),
  ADD KEY `customers_id` (`customers_id`);

--
-- Indizes für die Tabelle `customers_memo`
--
ALTER TABLE `customers_memo`
  ADD PRIMARY KEY (`memo_id`),
  ADD KEY `customers_id` (`customers_id`);

--
-- Indizes für die Tabelle `customers_status`
--
ALTER TABLE `customers_status`
  ADD PRIMARY KEY (`customers_status_id`,`language_id`),
  ADD KEY `customers_status_name` (`customers_status_name`);

--
-- Indizes für die Tabelle `customers_status_history`
--
ALTER TABLE `customers_status_history`
  ADD PRIMARY KEY (`customers_status_history_id`),
  ADD KEY `customers_id` (`customers_id`);

--
-- Indizes für die Tabelle `default_products_master_keys`
--
ALTER TABLE `default_products_master_keys`
  ADD PRIMARY KEY (`default_products_master_keys_id`);

--
-- Indizes für die Tabelle `default_products_master_keys_description`
--
ALTER TABLE `default_products_master_keys_description`
  ADD PRIMARY KEY (`default_products_master_keys_description_id`),
  ADD KEY `default_products_master_keys_id` (`default_products_master_keys_id`);

--
-- Indizes für die Tabelle `default_products_master_slave_values`
--
ALTER TABLE `default_products_master_slave_values`
  ADD PRIMARY KEY (`default_products_master_slave_values_id`),
  ADD KEY `default_products_master_key_id` (`default_products_master_keys_description_id`);

--
-- Indizes für die Tabelle `distributors`
--
ALTER TABLE `distributors`
  ADD PRIMARY KEY (`id`);

--
-- Indizes für die Tabelle `distributor_contacts`
--
ALTER TABLE `distributor_contacts`
  ADD PRIMARY KEY (`distributor_contacts_id`),
  ADD KEY `distributor_id` (`distributor_id`);

--
-- Indizes für die Tabelle `distributor_invoices`
--
ALTER TABLE `distributor_invoices`
  ADD PRIMARY KEY (`distributor_invoices_id`),
  ADD KEY `distributor_id` (`distributor_id`);

--
-- Indizes für die Tabelle `distributor_invoices_entries`
--
ALTER TABLE `distributor_invoices_entries`
  ADD PRIMARY KEY (`distributor_invoices_entries_id`),
  ADD KEY `distributor_invoices_id` (`distributor_invoices_id`);

--
-- Indizes für die Tabelle `distributor_invoices_installments`
--
ALTER TABLE `distributor_invoices_installments`
  ADD PRIMARY KEY (`distributor_invoices_installments_id`),
  ADD KEY `distributor_invoices_id` (`distributor_invoices_id`);

--
-- Indizes für die Tabelle `distributor_invoices_products`
--
ALTER TABLE `distributor_invoices_products`
  ADD PRIMARY KEY (`distributor_invoices_products_id`),
  ADD KEY `distributor_invoices_id` (`distributor_invoices_id`);

--
-- Indizes für die Tabelle `distributor_invoices_products_properties`
--
ALTER TABLE `distributor_invoices_products_properties`
  ADD PRIMARY KEY (`distributor_invoices_products_properties_id`),
  ADD KEY `distributor_invoices_products_id` (`distributor_invoices_products_id`);

--
-- Indizes für die Tabelle `distributor_invoices_reasons`
--
ALTER TABLE `distributor_invoices_reasons`
  ADD PRIMARY KEY (`distributor_invoices_reasons_id`);

--
-- Indizes für die Tabelle `distributor_invoices_status`
--
ALTER TABLE `distributor_invoices_status`
  ADD PRIMARY KEY (`distributor_invoices_status_id`,`language_id`);

--
-- Indizes für die Tabelle `distributor_invoices_status_history`
--
ALTER TABLE `distributor_invoices_status_history`
  ADD PRIMARY KEY (`distributor_invoices_status_history_id`),
  ADD KEY `distributor_invoices_id` (`distributor_invoices_id`);

--
-- Indizes für die Tabelle `distributor_invoices_total`
--
ALTER TABLE `distributor_invoices_total`
  ADD PRIMARY KEY (`distributor_invoices_total_id`),
  ADD KEY `distributor_invoices_id` (`distributor_invoices_id`);

--
-- Indizes für die Tabelle `distributor_orders`
--
ALTER TABLE `distributor_orders`
  ADD PRIMARY KEY (`distributor_orders_id`),
  ADD KEY `distributor_id` (`distributor_id`),
  ADD KEY `orders_id` (`orders_id`);

--
-- Indizes für die Tabelle `distributor_orders_products`
--
ALTER TABLE `distributor_orders_products`
  ADD PRIMARY KEY (`distributor_orders_products_id`),
  ADD KEY `distributor_orders_id` (`distributor_orders_id`),
  ADD KEY `products_id` (`products_id`);

--
-- Indizes für die Tabelle `distributor_orders_products_attributes`
--
ALTER TABLE `distributor_orders_products_attributes`
  ADD PRIMARY KEY (`distributor_orders_products_attributes_id`);

--
-- Indizes für die Tabelle `distributor_orders_products_properties`
--
ALTER TABLE `distributor_orders_products_properties`
  ADD PRIMARY KEY (`distributor_orders_products_properties_id`),
  ADD KEY `distributor_orders_products_id` (`distributor_orders_products_id`);

--
-- Indizes für die Tabelle `distributor_orders_recalculate`
--
ALTER TABLE `distributor_orders_recalculate`
  ADD PRIMARY KEY (`orders_recalculate_id`);

--
-- Indizes für die Tabelle `distributor_orders_status`
--
ALTER TABLE `distributor_orders_status`
  ADD PRIMARY KEY (`orders_status_id`,`language_id`),
  ADD KEY `orders_status_name` (`orders_status_name`);

--
-- Indizes für die Tabelle `distributor_orders_status_history`
--
ALTER TABLE `distributor_orders_status_history`
  ADD PRIMARY KEY (`orders_status_history_id`),
  ADD KEY `distributor_orders_id` (`distributor_orders_id`);

--
-- Indizes für die Tabelle `distributor_orders_total`
--
ALTER TABLE `distributor_orders_total`
  ADD PRIMARY KEY (`orders_total_id`),
  ADD KEY `orders_id` (`orders_id`);

--
-- Indizes für die Tabelle `distributor_product_prices`
--
ALTER TABLE `distributor_product_prices`
  ADD PRIMARY KEY (`distributor_product_prices_id`),
  ADD KEY `distributor_id` (`distributor_id`),
  ADD KEY `products_id` (`products_id`);

--
-- Indizes für die Tabelle `ebayapi_favorites`
--
ALTER TABLE `ebayapi_favorites`
  ADD PRIMARY KEY (`favorite_id`),
  ADD KEY `favorite_id` (`favorite_id`),
  ADD KEY `favorite_ebayid` (`favorite_ebayid`);

--
-- Indizes für die Tabelle `ebayapi_favorites_characteristics`
--
ALTER TABLE `ebayapi_favorites_characteristics`
  ADD PRIMARY KEY (`ebayapi_favorites_characteristics_id`),
  ADD KEY `ebayapi_favorites_id` (`ebayapi_favorites_id`);

--
-- Indizes für die Tabelle `ebayapi_favorites_itemconditions`
--
ALTER TABLE `ebayapi_favorites_itemconditions`
  ADD PRIMARY KEY (`ebayapi_favorites_itemconditions_id`),
  ADD KEY `favorite_ebayid` (`favorite_ebayid`);

--
-- Indizes für die Tabelle `ebay_auctions`
--
ALTER TABLE `ebay_auctions`
  ADD PRIMARY KEY (`id`),
  ADD KEY `ebay_id` (`ebay_id`),
  ADD KEY `products_id` (`products_id`),
  ADD KEY `ebay_products_id` (`ebay_products_id`),
  ADD KEY `end_time` (`end_time`),
  ADD KEY `cronstart` (`cronstart`),
  ADD KEY `start_time` (`start_time`),
  ADD KEY `status` (`status`);

--
-- Indizes für die Tabelle `ebay_auctions_characteristics`
--
ALTER TABLE `ebay_auctions_characteristics`
  ADD PRIMARY KEY (`ebay_auctions_characteristics_id`),
  ADD KEY `ebay_auctions_id` (`ebay_auctions_id`);

--
-- Indizes für die Tabelle `ebay_auctions_energy_efficiency`
--
ALTER TABLE `ebay_auctions_energy_efficiency`
  ADD PRIMARY KEY (`ebay_auctions_energy_efficiency_id`),
  ADD KEY `ebay_auctions_id` (`ebay_auctions_id`);

--
-- Indizes für die Tabelle `ebay_auctions_fees`
--
ALTER TABLE `ebay_auctions_fees`
  ADD PRIMARY KEY (`ebay_auctions_fees_id`),
  ADD KEY `ebay_auctions_id` (`ebay_auctions_id`);

--
-- Indizes für die Tabelle `ebay_auctions_itemspecifics`
--
ALTER TABLE `ebay_auctions_itemspecifics`
  ADD PRIMARY KEY (`ebay_auctions_itemspecifics_id`),
  ADD KEY `ebay_auctions_id` (`ebay_auctions_id`);

--
-- Indizes für die Tabelle `ebay_auctions_manufacturers`
--
ALTER TABLE `ebay_auctions_manufacturers`
  ADD PRIMARY KEY (`ebay_auctions_manufacturers_id`),
  ADD KEY `ebay_auctions_id` (`ebay_auctions_id`);

--
-- Indizes für die Tabelle `ebay_auctions_payments`
--
ALTER TABLE `ebay_auctions_payments`
  ADD PRIMARY KEY (`ebay_auctions_payments_id`),
  ADD KEY `ebay_auctions_id` (`ebay_auctions_id`);

--
-- Indizes für die Tabelle `ebay_auctions_price_revise`
--
ALTER TABLE `ebay_auctions_price_revise`
  ADD PRIMARY KEY (`ebay_auctions_price_revise_id`),
  ADD KEY `ebay_auctions_id` (`ebay_auctions_id`);

--
-- Indizes für die Tabelle `ebay_auctions_price_revise_auctions`
--
ALTER TABLE `ebay_auctions_price_revise_auctions`
  ADD PRIMARY KEY (`ebay_auctions_price_revise_auctions_id`),
  ADD KEY `ebay_auctions_id` (`ebay_auctions_id`),
  ADD KEY `products_id` (`products_id`);

--
-- Indizes für die Tabelle `ebay_auctions_productsafety`
--
ALTER TABLE `ebay_auctions_productsafety`
  ADD PRIMARY KEY (`ebay_auctions_productsafety_id`),
  ADD KEY `ebay_auctions_id` (`ebay_auctions_id`);

--
-- Indizes für die Tabelle `ebay_auctions_properties`
--
ALTER TABLE `ebay_auctions_properties`
  ADD PRIMARY KEY (`ebay_auctions_properties_id`),
  ADD KEY `ebay_auctions_id` (`ebay_auctions_id`);

--
-- Indizes für die Tabelle `ebay_auctions_properties_description`
--
ALTER TABLE `ebay_auctions_properties_description`
  ADD PRIMARY KEY (`ebay_auctions_properties_description_id`),
  ADD KEY `ebay_auctions_properties_id` (`ebay_auctions_properties_id`);

--
-- Indizes für die Tabelle `ebay_auctions_properties_values`
--
ALTER TABLE `ebay_auctions_properties_values`
  ADD PRIMARY KEY (`ebay_auctions_properties_values_id`),
  ADD KEY `ebay_auctions_properties_description_id` (`ebay_auctions_properties_id`);

--
-- Indizes für die Tabelle `ebay_auctions_properties_values_description`
--
ALTER TABLE `ebay_auctions_properties_values_description`
  ADD PRIMARY KEY (`ebay_auctions_properties_values_description_id`),
  ADD KEY `ebay_auctions_properties_description_id` (`ebay_auctions_properties_values_id`);

--
-- Indizes für die Tabelle `ebay_auctions_quantity_history`
--
ALTER TABLE `ebay_auctions_quantity_history`
  ADD PRIMARY KEY (`ebay_auctions_quantity_history_id`),
  ADD KEY `ebay_auctions_id` (`ebay_auctions_id`);

--
-- Indizes für die Tabelle `ebay_auctions_regulatory_documents`
--
ALTER TABLE `ebay_auctions_regulatory_documents`
  ADD PRIMARY KEY (`ebay_auctions_regulatory_documents_id`),
  ADD KEY `ebay_auctions_id` (`ebay_auctions_id`);

--
-- Indizes für die Tabelle `ebay_auctions_regulatory_hazmats`
--
ALTER TABLE `ebay_auctions_regulatory_hazmats`
  ADD PRIMARY KEY (`ebay_auctions_regulatory_hazmats_id`),
  ADD KEY `ebay_auctions_id` (`ebay_auctions_id`);

--
-- Indizes für die Tabelle `ebay_auctions_responsible_persons`
--
ALTER TABLE `ebay_auctions_responsible_persons`
  ADD PRIMARY KEY (`ebay_auctions_responsible_persons_id`),
  ADD KEY `ebay_auctions_id` (`ebay_auctions_id`);

--
-- Indizes für die Tabelle `ebay_auctions_shippings`
--
ALTER TABLE `ebay_auctions_shippings`
  ADD PRIMARY KEY (`ebay_auctions_shippings_id`),
  ADD KEY `ebay_auctions_id` (`ebay_auctions_id`);

--
-- Indizes für die Tabelle `ebay_auctions_shippings_locations`
--
ALTER TABLE `ebay_auctions_shippings_locations`
  ADD PRIMARY KEY (`ebay_auctions_shippings_locations_id`),
  ADD KEY `ebay_auctions_shippings_id` (`ebay_auctions_shippings_id`);

--
-- Indizes für die Tabelle `ebay_auctions_variations`
--
ALTER TABLE `ebay_auctions_variations`
  ADD PRIMARY KEY (`ebay_auctions_variations_id`),
  ADD KEY `products_id` (`products_id`),
  ADD KEY `ebay_auctions_id` (`ebay_auctions_id`);

--
-- Indizes für die Tabelle `ebay_auctions_videos`
--
ALTER TABLE `ebay_auctions_videos`
  ADD PRIMARY KEY (`ebay_auctions_videos_id`),
  ADD KEY `ebay_auctions_id` (`ebay_auctions_id`);

--
-- Indizes für die Tabelle `ebay_auth`
--
ALTER TABLE `ebay_auth`
  ADD PRIMARY KEY (`Id`);

--
-- Indizes für die Tabelle `ebay_automatics`
--
ALTER TABLE `ebay_automatics`
  ADD PRIMARY KEY (`ebay_automatics_id`),
  ADD KEY `ebay_products_id` (`ebay_products_id`);

--
-- Indizes für die Tabelle `ebay_automatics_daily`
--
ALTER TABLE `ebay_automatics_daily`
  ADD PRIMARY KEY (`ebay_automatics_daily_id`),
  ADD KEY `ebay_automatics_id` (`ebay_automatics_id`);

--
-- Indizes für die Tabelle `ebay_bestoffer_matrix`
--
ALTER TABLE `ebay_bestoffer_matrix`
  ADD PRIMARY KEY (`ebay_bestoffer_matrix_id`),
  ADD KEY `ebay_products_id` (`ebay_products_id`);

--
-- Indizes für die Tabelle `ebay_brand_aliases`
--
ALTER TABLE `ebay_brand_aliases`
  ADD PRIMARY KEY (`ebay_brand_aliases_id`);

--
-- Indizes für die Tabelle `ebay_calls`
--
ALTER TABLE `ebay_calls`
  ADD PRIMARY KEY (`id`);

--
-- Indizes für die Tabelle `ebay_customers`
--
ALTER TABLE `ebay_customers`
  ADD PRIMARY KEY (`id`);

--
-- Indizes für die Tabelle `ebay_default_characteristics`
--
ALTER TABLE `ebay_default_characteristics`
  ADD PRIMARY KEY (`ebay_default_characteristics_id`),
  ADD KEY `ebay_sammler_id` (`ebay_sammler_id`);

--
-- Indizes für die Tabelle `ebay_default_itemspecifics`
--
ALTER TABLE `ebay_default_itemspecifics`
  ADD PRIMARY KEY (`ebay_default_itemspecifics_id`);

--
-- Indizes für die Tabelle `ebay_default_payments`
--
ALTER TABLE `ebay_default_payments`
  ADD PRIMARY KEY (`ebay_default_payments_id`);

--
-- Indizes für die Tabelle `ebay_default_shippings`
--
ALTER TABLE `ebay_default_shippings`
  ADD PRIMARY KEY (`ebay_default_shippings_id`);

--
-- Indizes für die Tabelle `ebay_default_shippings_locations`
--
ALTER TABLE `ebay_default_shippings_locations`
  ADD PRIMARY KEY (`ebay_default_shippings_locations_id`),
  ADD KEY `ebay_default_shippings_id` (`ebay_default_shippings_id`);

--
-- Indizes für die Tabelle `ebay_disputes`
--
ALTER TABLE `ebay_disputes`
  ADD PRIMARY KEY (`id`);

--
-- Indizes für die Tabelle `ebay_durations`
--
ALTER TABLE `ebay_durations`
  ADD PRIMARY KEY (`id`);

--
-- Indizes für die Tabelle `ebay_emails`
--
ALTER TABLE `ebay_emails`
  ADD PRIMARY KEY (`id`),
  ADD KEY `email_body_id` (`email_body_id`),
  ADD KEY `customers_id` (`customers_id`),
  ADD KEY `messageid` (`messageid`);

--
-- Indizes für die Tabelle `ebay_email_attachments`
--
ALTER TABLE `ebay_email_attachments`
  ADD PRIMARY KEY (`ebay_email_attachments_id`),
  ADD KEY `email_id` (`email_id`);

--
-- Indizes für die Tabelle `ebay_email_bodys`
--
ALTER TABLE `ebay_email_bodys`
  ADD PRIMARY KEY (`email_id`);

--
-- Indizes für die Tabelle `ebay_external_payments`
--
ALTER TABLE `ebay_external_payments`
  ADD PRIMARY KEY (`ebay_external_payments_id`),
  ADD KEY `orders_id` (`orders_id`);

--
-- Indizes für die Tabelle `ebay_feedback`
--
ALTER TABLE `ebay_feedback`
  ADD PRIMARY KEY (`id`),
  ADD KEY `ItemNumber` (`ItemNumber`),
  ADD KEY `TransactionId` (`TransactionId`);

--
-- Indizes für die Tabelle `ebay_import_variations_images`
--
ALTER TABLE `ebay_import_variations_images`
  ADD PRIMARY KEY (`ebay_import_variations_images_id`);

--
-- Indizes für die Tabelle `ebay_libri_filters`
--
ALTER TABLE `ebay_libri_filters`
  ADD PRIMARY KEY (`ebay_libri_filters_id`);

--
-- Indizes für die Tabelle `ebay_media_documents`
--
ALTER TABLE `ebay_media_documents`
  ADD PRIMARY KEY (`ebay_media_documents_id`);

--
-- Indizes für die Tabelle `ebay_media_videos`
--
ALTER TABLE `ebay_media_videos`
  ADD PRIMARY KEY (`ebay_media_videos_id`);

--
-- Indizes für die Tabelle `ebay_mpn_aliases`
--
ALTER TABLE `ebay_mpn_aliases`
  ADD PRIMARY KEY (`ebay_mpn_aliases_id`);

--
-- Indizes für die Tabelle `ebay_multi_edit`
--
ALTER TABLE `ebay_multi_edit`
  ADD PRIMARY KEY (`ebay_multi_edit_id`);

--
-- Indizes für die Tabelle `ebay_multi_edit_items`
--
ALTER TABLE `ebay_multi_edit_items`
  ADD PRIMARY KEY (`ebay_multi_edit_items_id`),
  ADD KEY `ebay_auctions_id` (`ebay_auctions_id`),
  ADD KEY `ebay_multi_edit_id` (`ebay_multi_edit_id`);

--
-- Indizes für die Tabelle `ebay_multi_edit_price_revise`
--
ALTER TABLE `ebay_multi_edit_price_revise`
  ADD PRIMARY KEY (`ebay_multi_edit_price_revise_id`),
  ADD KEY `ebay_auctions_id` (`ebay_auctions_id`);

--
-- Indizes für die Tabelle `ebay_mymessage`
--
ALTER TABLE `ebay_mymessage`
  ADD PRIMARY KEY (`ebay_mymessage_id`);

--
-- Indizes für die Tabelle `ebay_mymessage_reply`
--
ALTER TABLE `ebay_mymessage_reply`
  ADD PRIMARY KEY (`ebay_mymessage_reply_id`);

--
-- Indizes für die Tabelle `ebay_orders`
--
ALTER TABLE `ebay_orders`
  ADD PRIMARY KEY (`ebay_orders_id`),
  ADD KEY `orders_id` (`orders_id`);

--
-- Indizes für die Tabelle `ebay_orders_items`
--
ALTER TABLE `ebay_orders_items`
  ADD PRIMARY KEY (`ebay_orders_items_id`),
  ADD KEY `ebay_orders_id` (`ebay_orders_id`),
  ADD KEY `products_id` (`products_id`);

--
-- Indizes für die Tabelle `ebay_orders_oos`
--
ALTER TABLE `ebay_orders_oos`
  ADD PRIMARY KEY (`ebay_orders_oos_id`);

--
-- Indizes für die Tabelle `ebay_payments`
--
ALTER TABLE `ebay_payments`
  ADD PRIMARY KEY (`ebay_payments_id`);

--
-- Indizes für die Tabelle `ebay_personal_offers`
--
ALTER TABLE `ebay_personal_offers`
  ADD PRIMARY KEY (`ebay_personal_offers`),
  ADD KEY `ebay_id` (`ebay_id`);

--
-- Indizes für die Tabelle `ebay_products`
--
ALTER TABLE `ebay_products`
  ADD PRIMARY KEY (`id`),
  ADD KEY `products_id` (`products_id`),
  ADD KEY `ebay_sammler_id` (`ebay_sammler_id`),
  ADD KEY `ebay_variations_id` (`ebay_variations_id`);

--
-- Indizes für die Tabelle `ebay_products_characteristics`
--
ALTER TABLE `ebay_products_characteristics`
  ADD PRIMARY KEY (`ebay_products_characteristics_id`),
  ADD KEY `ebay_products_id` (`ebay_products_id`);

--
-- Indizes für die Tabelle `ebay_products_energy_efficiency`
--
ALTER TABLE `ebay_products_energy_efficiency`
  ADD PRIMARY KEY (`ebay_products_energy_efficiency_id`),
  ADD KEY `ebay_products_id` (`ebay_products_id`);

--
-- Indizes für die Tabelle `ebay_products_history`
--
ALTER TABLE `ebay_products_history`
  ADD PRIMARY KEY (`ebay_products_history_id`),
  ADD KEY `ebay_products_id` (`ebay_products_id`);

--
-- Indizes für die Tabelle `ebay_products_itemspecifics`
--
ALTER TABLE `ebay_products_itemspecifics`
  ADD PRIMARY KEY (`ebay_products_itemspecifics_id`),
  ADD KEY `ebay_products_id` (`ebay_products_id`);

--
-- Indizes für die Tabelle `ebay_products_itemspecifics_recommendations`
--
ALTER TABLE `ebay_products_itemspecifics_recommendations`
  ADD PRIMARY KEY (`ebay_products_itemspecifics_recommendations_id`),
  ADD KEY `ebay_products_id` (`ebay_products_id`);

--
-- Indizes für die Tabelle `ebay_products_manufacturers`
--
ALTER TABLE `ebay_products_manufacturers`
  ADD PRIMARY KEY (`ebay_products_manufacturers_id`),
  ADD KEY `ebay_products_id` (`ebay_products_id`);

--
-- Indizes für die Tabelle `ebay_products_payments`
--
ALTER TABLE `ebay_products_payments`
  ADD PRIMARY KEY (`ebay_products_payments_id`),
  ADD KEY `ebay_products_id` (`ebay_products_id`);

--
-- Indizes für die Tabelle `ebay_products_productsafety`
--
ALTER TABLE `ebay_products_productsafety`
  ADD PRIMARY KEY (`ebay_products_productsafety_id`),
  ADD KEY `ebay_products_id` (`ebay_products_id`);

--
-- Indizes für die Tabelle `ebay_products_properties`
--
ALTER TABLE `ebay_products_properties`
  ADD PRIMARY KEY (`ebay_products_properties_id`),
  ADD KEY `ebay_products_id` (`ebay_products_id`);

--
-- Indizes für die Tabelle `ebay_products_properties_description`
--
ALTER TABLE `ebay_products_properties_description`
  ADD PRIMARY KEY (`ebay_products_properties_description_id`),
  ADD KEY `ebay_products_properties_id` (`ebay_products_properties_id`);

--
-- Indizes für die Tabelle `ebay_products_properties_values`
--
ALTER TABLE `ebay_products_properties_values`
  ADD PRIMARY KEY (`ebay_products_properties_values_id`),
  ADD KEY `ebay_products_properties_description_id` (`ebay_products_properties_id`);

--
-- Indizes für die Tabelle `ebay_products_properties_values_description`
--
ALTER TABLE `ebay_products_properties_values_description`
  ADD PRIMARY KEY (`ebay_products_properties_values_description_id`),
  ADD KEY `ebay_products_properties_description_id` (`ebay_products_properties_values_id`);

--
-- Indizes für die Tabelle `ebay_products_regulatory_documents`
--
ALTER TABLE `ebay_products_regulatory_documents`
  ADD PRIMARY KEY (`ebay_products_regulatory_documents_id`),
  ADD KEY `ebay_products_id` (`ebay_products_id`);

--
-- Indizes für die Tabelle `ebay_products_regulatory_hazmats`
--
ALTER TABLE `ebay_products_regulatory_hazmats`
  ADD PRIMARY KEY (`ebay_products_regulatory_hazmats_id`),
  ADD KEY `ebay_products_id` (`ebay_products_id`);

--
-- Indizes für die Tabelle `ebay_products_responsible_persons`
--
ALTER TABLE `ebay_products_responsible_persons`
  ADD PRIMARY KEY (`ebay_products_responsible_persons_id`),
  ADD KEY `ebay_products_id` (`ebay_products_id`);

--
-- Indizes für die Tabelle `ebay_products_shippings`
--
ALTER TABLE `ebay_products_shippings`
  ADD PRIMARY KEY (`ebay_products_shippings_id`),
  ADD KEY `ebay_products_id` (`ebay_products_id`);

--
-- Indizes für die Tabelle `ebay_products_shippings_locations`
--
ALTER TABLE `ebay_products_shippings_locations`
  ADD PRIMARY KEY (`ebay_products_shippings_locations_id`),
  ADD KEY `ebay_products_shippings_id` (`ebay_products_shippings_id`);

--
-- Indizes für die Tabelle `ebay_products_to_categories`
--
ALTER TABLE `ebay_products_to_categories`
  ADD PRIMARY KEY (`id`),
  ADD KEY `products_id` (`products_id`),
  ADD KEY `category_id` (`category_id`);

--
-- Indizes für die Tabelle `ebay_products_variations`
--
ALTER TABLE `ebay_products_variations`
  ADD PRIMARY KEY (`ebay_products_variations_id`),
  ADD KEY `ebay_products_id` (`ebay_products_id`);

--
-- Indizes für die Tabelle `ebay_products_videos`
--
ALTER TABLE `ebay_products_videos`
  ADD PRIMARY KEY (`ebay_products_videos_id`),
  ADD KEY `ebay_products_id` (`ebay_products_id`);

--
-- Indizes für die Tabelle `ebay_sammler`
--
ALTER TABLE `ebay_sammler`
  ADD PRIMARY KEY (`id`);

--
-- Indizes für die Tabelle `ebay_sammler_characteristics`
--
ALTER TABLE `ebay_sammler_characteristics`
  ADD PRIMARY KEY (`ebay_sammler_characteristics_id`),
  ADD KEY `ebay_sammler_id` (`ebay_sammler_id`);

--
-- Indizes für die Tabelle `ebay_sammler_copy`
--
ALTER TABLE `ebay_sammler_copy`
  ADD PRIMARY KEY (`ebay_sammler_copy_id`),
  ADD KEY `ebay_sammler_id` (`ebay_sammler_id`);

--
-- Indizes für die Tabelle `ebay_sammler_itemspecifics`
--
ALTER TABLE `ebay_sammler_itemspecifics`
  ADD PRIMARY KEY (`ebay_sammler_itemspecifics_id`),
  ADD KEY `ebay_sammler_id` (`ebay_sammler_id`);

--
-- Indizes für die Tabelle `ebay_sammler_itemspecifics_recommendations`
--
ALTER TABLE `ebay_sammler_itemspecifics_recommendations`
  ADD PRIMARY KEY (`ebay_sammler_itemspecifics_recommendations_id`),
  ADD KEY `ebay_sammler_id` (`ebay_sammler_id`);

--
-- Indizes für die Tabelle `ebay_sammler_payments`
--
ALTER TABLE `ebay_sammler_payments`
  ADD PRIMARY KEY (`ebay_sammler_payments_id`),
  ADD KEY `ebay_sammler_id` (`ebay_sammler_id`);

--
-- Indizes für die Tabelle `ebay_sammler_shippings`
--
ALTER TABLE `ebay_sammler_shippings`
  ADD PRIMARY KEY (`ebay_sammler_shippings_id`),
  ADD KEY `ebay_sammler_id` (`ebay_sammler_id`);

--
-- Indizes für die Tabelle `ebay_sammler_shippings_locations`
--
ALTER TABLE `ebay_sammler_shippings_locations`
  ADD PRIMARY KEY (`ebay_sammler_shippings_locations_id`),
  ADD KEY `ebay_sammler_shippings_id` (`ebay_sammler_shippings_id`);

--
-- Indizes für die Tabelle `ebay_seller_profiles`
--
ALTER TABLE `ebay_seller_profiles`
  ADD PRIMARY KEY (`ebay_seller_profiles_id`);

--
-- Indizes für die Tabelle `ebay_shippingoptions`
--
ALTER TABLE `ebay_shippingoptions`
  ADD PRIMARY KEY (`id`);

--
-- Indizes für die Tabelle `ebay_sitecodes`
--
ALTER TABLE `ebay_sitecodes`
  ADD PRIMARY KEY (`ebay_sitecodes_id`);

--
-- Indizes für die Tabelle `ebay_template_excludes`
--
ALTER TABLE `ebay_template_excludes`
  ADD PRIMARY KEY (`id`),
  ADD KEY `ebay_products_id` (`ebay_products_id`);

--
-- Indizes für die Tabelle `ebay_textitems`
--
ALTER TABLE `ebay_textitems`
  ADD PRIMARY KEY (`id`);

--
-- Indizes für die Tabelle `ebay_textitems_user`
--
ALTER TABLE `ebay_textitems_user`
  ADD KEY `customers_id` (`customers_id`),
  ADD KEY `ebay_textitems_id` (`ebay_textitems_id`);

--
-- Indizes für die Tabelle `ebay_timingdelays`
--
ALTER TABLE `ebay_timingdelays`
  ADD PRIMARY KEY (`timing_delay_id`);

--
-- Indizes für die Tabelle `ebay_transactions`
--
ALTER TABLE `ebay_transactions`
  ADD PRIMARY KEY (`id`),
  ADD KEY `ebayid` (`ebayid`),
  ADD KEY `products_id` (`products_id`),
  ADD KEY `transactiondate` (`transactiondate`),
  ADD KEY `orders_id` (`orders_id`);

--
-- Indizes für die Tabelle `ebay_uuid`
--
ALTER TABLE `ebay_uuid`
  ADD PRIMARY KEY (`UUID`);

--
-- Indizes für die Tabelle `ebay_variations`
--
ALTER TABLE `ebay_variations`
  ADD PRIMARY KEY (`ebay_variations_id`),
  ADD KEY `ebay_variations_sets_id` (`ebay_variations_sets_id`),
  ADD KEY `products_id` (`products_id`);

--
-- Indizes für die Tabelle `ebay_variationspecificssets`
--
ALTER TABLE `ebay_variationspecificssets`
  ADD PRIMARY KEY (`ebay_variationspecificssets_id`),
  ADD KEY `ebay_variations_sets_id` (`ebay_variations_sets_id`);

--
-- Indizes für die Tabelle `ebay_variations_pictures`
--
ALTER TABLE `ebay_variations_pictures`
  ADD PRIMARY KEY (`ebay_variations_pictures_id`),
  ADD KEY `ebay_variations_id` (`ebay_variations_id`),
  ADD KEY `ebay_variations_sets_id` (`ebay_variations_sets_id`);

--
-- Indizes für die Tabelle `ebay_variations_pictures_sets`
--
ALTER TABLE `ebay_variations_pictures_sets`
  ADD PRIMARY KEY (`ebay_variations_pictures_sets_id`),
  ADD KEY `ebay_variations_pictures_id` (`ebay_variations_pictures_id`);

--
-- Indizes für die Tabelle `ebay_variations_pictures_sets_urls`
--
ALTER TABLE `ebay_variations_pictures_sets_urls`
  ADD PRIMARY KEY (`ebay_variations_pictures_sets_urls_id`),
  ADD KEY `ebay_variations_pictures_sets_id` (`ebay_variations_pictures_sets_id`);

--
-- Indizes für die Tabelle `ebay_variations_sets`
--
ALTER TABLE `ebay_variations_sets`
  ADD PRIMARY KEY (`ebay_variations_sets_id`),
  ADD KEY `ebay_products_id` (`ebay_products_id`);

--
-- Indizes für die Tabelle `ebay_variations_variationspecifics`
--
ALTER TABLE `ebay_variations_variationspecifics`
  ADD PRIMARY KEY (`ebay_variations_variationspecifics_id`),
  ADD KEY `ebay_variations_id` (`ebay_variations_id`);

--
-- Indizes für die Tabelle `ebay_warning_history`
--
ALTER TABLE `ebay_warning_history`
  ADD PRIMARY KEY (`id`),
  ADD KEY `orders_id` (`orders_id`),
  ADD KEY `customers_id` (`customers_id`);

--
-- Indizes für die Tabelle `email_staff_allocation`
--
ALTER TABLE `email_staff_allocation`
  ADD PRIMARY KEY (`email_staff_allocation_id`),
  ADD KEY `email_id` (`email_id`),
  ADD KEY `customers_id` (`customers_id`);

--
-- Indizes für die Tabelle `email_staff_allocation_history`
--
ALTER TABLE `email_staff_allocation_history`
  ADD PRIMARY KEY (`email_staff_allocation_history_id`),
  ADD KEY `email_id` (`email_id`),
  ADD KEY `customers_id` (`customers_id`),
  ADD KEY `sender_id` (`sender_id`);

--
-- Indizes für die Tabelle `event`
--
ALTER TABLE `event`
  ADD PRIMARY KEY (`event_id`),
  ADD KEY `products_id` (`products_id`);

--
-- Indizes für die Tabelle `events_to_event_tickets`
--
ALTER TABLE `events_to_event_tickets`
  ADD PRIMARY KEY (`events_to_event_tickets_id`),
  ADD KEY `events_id` (`events_id`),
  ADD KEY `event_tickets_id` (`event_tickets_id`);

--
-- Indizes für die Tabelle `event_dates`
--
ALTER TABLE `event_dates`
  ADD PRIMARY KEY (`event_dates_id`),
  ADD KEY `event_id` (`event_id`);

--
-- Indizes für die Tabelle `event_dates_timer`
--
ALTER TABLE `event_dates_timer`
  ADD PRIMARY KEY (`event_dates_timer_id`),
  ADD KEY `event_dates_id` (`event_dates_id`);

--
-- Indizes für die Tabelle `event_tickets`
--
ALTER TABLE `event_tickets`
  ADD PRIMARY KEY (`event_tickets_id`);

--
-- Indizes für die Tabelle `event_tickets_description`
--
ALTER TABLE `event_tickets_description`
  ADD PRIMARY KEY (`event_tickets_description_id`),
  ADD KEY `event_tickets_id` (`event_tickets_id`);

--
-- Indizes für die Tabelle `feedback_reminder`
--
ALTER TABLE `feedback_reminder`
  ADD PRIMARY KEY (`feedback_reminder_id`),
  ADD KEY `orders_id` (`orders_id`);

--
-- Indizes für die Tabelle `flashpoint_import_configuration`
--
ALTER TABLE `flashpoint_import_configuration`
  ADD PRIMARY KEY (`flashpoint_import_configuration_id`);

--
-- Indizes für die Tabelle `geo_zones`
--
ALTER TABLE `geo_zones`
  ADD PRIMARY KEY (`geo_zone_id`);

--
-- Indizes für die Tabelle `groups`
--
ALTER TABLE `groups`
  ADD PRIMARY KEY (`groups_id`);

--
-- Indizes für die Tabelle `groups_allocations`
--
ALTER TABLE `groups_allocations`
  ADD KEY `products_id` (`products_id`),
  ADD KEY `groups_id` (`groups_id`);

--
-- Indizes für die Tabelle `groups_tax_rates_allocation`
--
ALTER TABLE `groups_tax_rates_allocation`
  ADD PRIMARY KEY (`groups_tax_rates_allocation_id`),
  ADD KEY `groups_id` (`groups_id`),
  ADD KEY `tax_rates_id` (`tax_rates_id`);

--
-- Indizes für die Tabelle `group_history`
--
ALTER TABLE `group_history`
  ADD PRIMARY KEY (`group_history_id`),
  ADD KEY `group_id` (`group_id`);

--
-- Indizes für die Tabelle `hermes`
--
ALTER TABLE `hermes`
  ADD PRIMARY KEY (`id`);

--
-- Indizes für die Tabelle `hermes_countries`
--
ALTER TABLE `hermes_countries`
  ADD PRIMARY KEY (`id`);

--
-- Indizes für die Tabelle `hermes_status_dispos`
--
ALTER TABLE `hermes_status_dispos`
  ADD PRIMARY KEY (`hermes_status_dispos_id`);

--
-- Indizes für die Tabelle `hermes_status_itemstock`
--
ALTER TABLE `hermes_status_itemstock`
  ADD PRIMARY KEY (`hermes_status_itemstock_id`);

--
-- Indizes für die Tabelle `hermes_status_orderstat`
--
ALTER TABLE `hermes_status_orderstat`
  ADD PRIMARY KEY (`hermes_status_orderstat_id`);

--
-- Indizes für die Tabelle `history`
--
ALTER TABLE `history`
  ADD PRIMARY KEY (`history_id`),
  ADD KEY `editor_id` (`editor_id`);

--
-- Indizes für die Tabelle `history_bestand`
--
ALTER TABLE `history_bestand`
  ADD PRIMARY KEY (`id`),
  ADD KEY `products_id` (`products_id`);

--
-- Indizes für die Tabelle `incoming_payments`
--
ALTER TABLE `incoming_payments`
  ADD PRIMARY KEY (`id`),
  ADD UNIQUE KEY `id` (`id`),
  ADD KEY `betrag` (`betrag`),
  ADD KEY `buchungstag` (`buchungstag`);

--
-- Indizes für die Tabelle `incoming_payment_mask`
--
ALTER TABLE `incoming_payment_mask`
  ADD PRIMARY KEY (`Id`);

--
-- Indizes für die Tabelle `kasse`
--
ALTER TABLE `kasse`
  ADD PRIMARY KEY (`id`),
  ADD KEY `customers_id` (`customers_id`),
  ADD KEY `orders_id` (`orders_id`),
  ADD KEY `branches_id` (`branches_id`),
  ADD KEY `rueckerstattungen_id` (`rueckerstattungen_id`);

--
-- Indizes für die Tabelle `kasse_payments`
--
ALTER TABLE `kasse_payments`
  ADD PRIMARY KEY (`kasse_payments_id`);

--
-- Indizes für die Tabelle `languages`
--
ALTER TABLE `languages`
  ADD PRIMARY KEY (`languages_id`),
  ADD KEY `IDX_LANGUAGES_NAME` (`name`),
  ADD KEY `name` (`name`);

--
-- Indizes für die Tabelle `lawyer_export`
--
ALTER TABLE `lawyer_export`
  ADD PRIMARY KEY (`lawyer_export_id`);

--
-- Indizes für die Tabelle `libri_warengruppen`
--
ALTER TABLE `libri_warengruppen`
  ADD PRIMARY KEY (`libri_warengruppen_id`),
  ADD KEY `categories_id` (`categories_id`,`warengruppe`);

--
-- Indizes für die Tabelle `manufacturers`
--
ALTER TABLE `manufacturers`
  ADD PRIMARY KEY (`manufacturers_id`),
  ADD KEY `IDX_MANUFACTURERS_NAME` (`manufacturers_name`),
  ADD KEY `manufacturers_name` (`manufacturers_name`);

--
-- Indizes für die Tabelle `manufacturers_info`
--
ALTER TABLE `manufacturers_info`
  ADD PRIMARY KEY (`manufacturers_id`,`languages_id`);

--
-- Indizes für die Tabelle `media_content`
--
ALTER TABLE `media_content`
  ADD PRIMARY KEY (`file_id`);

--
-- Indizes für die Tabelle `module_newsletter`
--
ALTER TABLE `module_newsletter`
  ADD PRIMARY KEY (`newsletter_id`);

--
-- Indizes für die Tabelle `module_newsletter_temp_1`
--
ALTER TABLE `module_newsletter_temp_1`
  ADD PRIMARY KEY (`id`);

--
-- Indizes für die Tabelle `newsletters`
--
ALTER TABLE `newsletters`
  ADD PRIMARY KEY (`newsletters_id`);

--
-- Indizes für die Tabelle `newsletters_history`
--
ALTER TABLE `newsletters_history`
  ADD PRIMARY KEY (`news_hist_id`);

--
-- Indizes für die Tabelle `newsletter_recipients`
--
ALTER TABLE `newsletter_recipients`
  ADD PRIMARY KEY (`mail_id`);

--
-- Indizes für die Tabelle `nmedia_serien`
--
ALTER TABLE `nmedia_serien`
  ADD PRIMARY KEY (`nmedia_serien_id`),
  ADD KEY `serie_nr` (`serie_nr`);

--
-- Indizes für die Tabelle `Notice_folders`
--
ALTER TABLE `Notice_folders`
  ADD PRIMARY KEY (`Notice_folders_id`),
  ADD KEY `customers_id` (`customers_id`);

--
-- Indizes für die Tabelle `Notice_notes`
--
ALTER TABLE `Notice_notes`
  ADD PRIMARY KEY (`id`),
  ADD KEY `usr` (`usr`);

--
-- Indizes für die Tabelle `Notice_reminder`
--
ALTER TABLE `Notice_reminder`
  ADD PRIMARY KEY (`Notice_reminder_id`),
  ADD KEY `Notice_notes_id` (`Notice_notes_id`);

--
-- Indizes für die Tabelle `Notice_rules`
--
ALTER TABLE `Notice_rules`
  ADD PRIMARY KEY (`Notice_rules_id`),
  ADD KEY `customers_id` (`customers_id`);

--
-- Indizes für die Tabelle `Notice_status`
--
ALTER TABLE `Notice_status`
  ADD KEY `notes_id` (`notes_id`),
  ADD KEY `Notice_folders_id` (`Notice_folders_id`),
  ADD KEY `usr` (`usr`);

--
-- Indizes für die Tabelle `orders_costs`
--
ALTER TABLE `orders_costs`
  ADD PRIMARY KEY (`orders_costs_id`),
  ADD KEY `orders_id` (`orders_id`);

--
-- Indizes für die Tabelle `orders_dhl_paketsteuerung`
--
ALTER TABLE `orders_dhl_paketsteuerung`
  ADD PRIMARY KEY (`orders_dhl_paketsteuerung_id`),
  ADD KEY `orders_id` (`orders_id`);

--
-- Indizes für die Tabelle `orders_pallets`
--
ALTER TABLE `orders_pallets`
  ADD PRIMARY KEY (`orders_pallets_id`);

--
-- Indizes für die Tabelle `orders_pallets_items`
--
ALTER TABLE `orders_pallets_items`
  ADD PRIMARY KEY (`orders_pallets_items_id`);

--
-- Indizes für die Tabelle `orders_paymentinstructions`
--
ALTER TABLE `orders_paymentinstructions`
  ADD PRIMARY KEY (`orders_paymentinstructions_id`),
  ADD KEY `orders_id` (`orders_id`);

--
-- Indizes für die Tabelle `orders_products`
--
ALTER TABLE `orders_products`
  ADD PRIMARY KEY (`orders_products_id`),
  ADD KEY `orders_id` (`orders_id`),
  ADD KEY `products_id` (`products_id`),
  ADD KEY `orders_id_2` (`orders_id`),
  ADD KEY `products_id_2` (`products_id`);

--
-- Indizes für die Tabelle `orders_products_attributes`
--
ALTER TABLE `orders_products_attributes`
  ADD PRIMARY KEY (`orders_products_attributes_id`);

--
-- Indizes für die Tabelle `orders_products_download`
--
ALTER TABLE `orders_products_download`
  ADD PRIMARY KEY (`orders_products_download_id`);

--
-- Indizes für die Tabelle `orders_products_events`
--
ALTER TABLE `orders_products_events`
  ADD KEY `events_to_event_tickets_id` (`events_to_event_tickets_id`);

--
-- Indizes für die Tabelle `orders_products_price_fixing`
--
ALTER TABLE `orders_products_price_fixing`
  ADD PRIMARY KEY (`orders_products_price_fixing_id`),
  ADD KEY `orders_products_id` (`orders_products_id`),
  ADD KEY `collie_products_id` (`collie_products_id`);

--
-- Indizes für die Tabelle `orders_products_properties`
--
ALTER TABLE `orders_products_properties`
  ADD PRIMARY KEY (`orders_products_properties_id`),
  ADD KEY `orders_products_id` (`orders_products_id`);

--
-- Indizes für die Tabelle `orders_products_serials`
--
ALTER TABLE `orders_products_serials`
  ADD PRIMARY KEY (`orders_products_serials_id`),
  ADD KEY `orders_products_id` (`orders_products_id`),
  ADD KEY `products_id` (`products_id`);

--
-- Indizes für die Tabelle `orders_recalculate`
--
ALTER TABLE `orders_recalculate`
  ADD PRIMARY KEY (`orders_recalculate_id`);

--
-- Indizes für die Tabelle `orders_status`
--
ALTER TABLE `orders_status`
  ADD PRIMARY KEY (`orders_status_id`,`language_id`),
  ADD KEY `orders_status_name` (`orders_status_name`);

--
-- Indizes für die Tabelle `orders_status_history`
--
ALTER TABLE `orders_status_history`
  ADD PRIMARY KEY (`orders_status_history_id`),
  ADD KEY `orders_id` (`orders_id`);

--
-- Indizes für die Tabelle `orders_total`
--
ALTER TABLE `orders_total`
  ADD PRIMARY KEY (`orders_total_id`),
  ADD KEY `orders_id` (`orders_id`),
  ADD KEY `class` (`class`),
  ADD KEY `idx_class_ordersid` (`class`,`orders_id`);

--
-- Indizes für die Tabelle `otc`
--
ALTER TABLE `otc`
  ADD PRIMARY KEY (`otc_id`),
  ADD KEY `orders_id` (`orders_id`),
  ADD KEY `reclamations_id` (`reclamations_id`);

--
-- Indizes für die Tabelle `packages_calc`
--
ALTER TABLE `packages_calc`
  ADD PRIMARY KEY (`id`),
  ADD KEY `orders_id` (`orders_id`),
  ADD KEY `reclamations_id` (`reclamations_id`);

--
-- Indizes für die Tabelle `packages_calc_dpd`
--
ALTER TABLE `packages_calc_dpd`
  ADD PRIMARY KEY (`packages_calc_dpd`);

--
-- Indizes für die Tabelle `packages_calc_easylog`
--
ALTER TABLE `packages_calc_easylog`
  ADD PRIMARY KEY (`packages_calc_easylog_id`);

--
-- Indizes für die Tabelle `packages_calc_fix`
--
ALTER TABLE `packages_calc_fix`
  ADD PRIMARY KEY (`id`);

--
-- Indizes für die Tabelle `packages_calc_hermesweb`
--
ALTER TABLE `packages_calc_hermesweb`
  ADD PRIMARY KEY (`packages_calc_hermesweb_id`);

--
-- Indizes für die Tabelle `packages_calc_UPS`
--
ALTER TABLE `packages_calc_UPS`
  ADD PRIMARY KEY (`packages_calc_ups_id`);

--
-- Indizes für die Tabelle `packages_easytosend_calc`
--
ALTER TABLE `packages_easytosend_calc`
  ADD PRIMARY KEY (`id`),
  ADD KEY `orders_id` (`orders_id`),
  ADD KEY `reclamations_id` (`reclamations_id`);

--
-- Indizes für die Tabelle `packages_postpaket_calc`
--
ALTER TABLE `packages_postpaket_calc`
  ADD PRIMARY KEY (`id`),
  ADD KEY `orders_id` (`orders_id`),
  ADD KEY `reclamations_id` (`reclamations_id`);

--
-- Indizes für die Tabelle `packagings`
--
ALTER TABLE `packagings`
  ADD PRIMARY KEY (`packagings_id`);

--
-- Indizes für die Tabelle `pangora`
--
ALTER TABLE `pangora`
  ADD PRIMARY KEY (`id`);

--
-- Indizes für die Tabelle `payment_moneybookers`
--
ALTER TABLE `payment_moneybookers`
  ADD PRIMARY KEY (`mb_TRID`);

--
-- Indizes für die Tabelle `payment_moneybookers_countries`
--
ALTER TABLE `payment_moneybookers_countries`
  ADD PRIMARY KEY (`osc_cID`);

--
-- Indizes für die Tabelle `payment_moneybookers_currencies`
--
ALTER TABLE `payment_moneybookers_currencies`
  ADD PRIMARY KEY (`mb_currID`);

--
-- Indizes für die Tabelle `payment_orders`
--
ALTER TABLE `payment_orders`
  ADD PRIMARY KEY (`payment_order_id`),
  ADD KEY `orders_id` (`orders_id`),
  ADD KEY `payment_id` (`payment_id`);

--
-- Indizes für die Tabelle `payment_qenta`
--
ALTER TABLE `payment_qenta`
  ADD PRIMARY KEY (`q_TRID`);

--
-- Indizes für die Tabelle `paypal_status_history`
--
ALTER TABLE `paypal_status_history`
  ADD PRIMARY KEY (`payment_status_history_id`),
  ADD KEY `paypal_ipn_id` (`paypal_ipn_id`);

--
-- Indizes für die Tabelle `personal_offers_by_customers_status_0`
--
ALTER TABLE `personal_offers_by_customers_status_0`
  ADD PRIMARY KEY (`price_id`);

--
-- Indizes für die Tabelle `personal_offers_by_customers_status_1`
--
ALTER TABLE `personal_offers_by_customers_status_1`
  ADD PRIMARY KEY (`price_id`);

--
-- Indizes für die Tabelle `personal_offers_by_customers_status_2`
--
ALTER TABLE `personal_offers_by_customers_status_2`
  ADD PRIMARY KEY (`price_id`);

--
-- Indizes für die Tabelle `personal_offers_by_customers_status_3`
--
ALTER TABLE `personal_offers_by_customers_status_3`
  ADD PRIMARY KEY (`price_id`);

--
-- Indizes für die Tabelle `personal_offers_by_customers_status_4`
--
ALTER TABLE `personal_offers_by_customers_status_4`
  ADD PRIMARY KEY (`price_id`);

--
-- Indizes für die Tabelle `personal_offers_by_customers_status_5`
--
ALTER TABLE `personal_offers_by_customers_status_5`
  ADD PRIMARY KEY (`price_id`);

--
-- Indizes für die Tabelle `personal_offers_by_customers_status_6`
--
ALTER TABLE `personal_offers_by_customers_status_6`
  ADD PRIMARY KEY (`price_id`);

--
-- Indizes für die Tabelle `personal_offers_by_customers_status_7`
--
ALTER TABLE `personal_offers_by_customers_status_7`
  ADD PRIMARY KEY (`price_id`);

--
-- Indizes für die Tabelle `personal_offers_by_customers_status_8`
--
ALTER TABLE `personal_offers_by_customers_status_8`
  ADD PRIMARY KEY (`price_id`);

--
-- Indizes für die Tabelle `personal_offers_by_customers_status_9`
--
ALTER TABLE `personal_offers_by_customers_status_9`
  ADD PRIMARY KEY (`price_id`),
  ADD KEY `products_id` (`products_id`);

--
-- Indizes für die Tabelle `personal_offers_by_customers_status_10`
--
ALTER TABLE `personal_offers_by_customers_status_10`
  ADD PRIMARY KEY (`price_id`),
  ADD KEY `products_id` (`products_id`);

--
-- Indizes für die Tabelle `personal_offers_by_customers_status_11`
--
ALTER TABLE `personal_offers_by_customers_status_11`
  ADD PRIMARY KEY (`price_id`),
  ADD KEY `products_id` (`products_id`);

--
-- Indizes für die Tabelle `products`
--
ALTER TABLE `products`
  ADD PRIMARY KEY (`products_id`),
  ADD KEY `products_ean` (`products_ean`),
  ADD KEY `products_date_added` (`products_date_added`),
  ADD KEY `products_status` (`products_status`),
  ADD KEY `products_master` (`products_master`),
  ADD KEY `manufacturers_id` (`manufacturers_id`),
  ADD KEY `products_status_2` (`products_status`),
  ADD KEY `manufacturers_id_2` (`manufacturers_id`),
  ADD KEY `products_status_3` (`products_status`),
  ADD KEY `packagings_id` (`packagings_id`);

--
-- Indizes für die Tabelle `products_attributes`
--
ALTER TABLE `products_attributes`
  ADD PRIMARY KEY (`products_attributes_id`),
  ADD KEY `products_id` (`products_id`);

--
-- Indizes für die Tabelle `products_attributes_download`
--
ALTER TABLE `products_attributes_download`
  ADD PRIMARY KEY (`products_attributes_id`);

--
-- Indizes für die Tabelle `products_characteristic`
--
ALTER TABLE `products_characteristic`
  ADD PRIMARY KEY (`products_characteristic_id`),
  ADD KEY `groups_id` (`groups_id`);

--
-- Indizes für die Tabelle `products_characteristic_description`
--
ALTER TABLE `products_characteristic_description`
  ADD PRIMARY KEY (`products_characteristic_description_id`),
  ADD KEY `products_characteristic_id` (`products_characteristic_id`),
  ADD KEY `language_id` (`language_id`);

--
-- Indizes für die Tabelle `products_characteristic_set`
--
ALTER TABLE `products_characteristic_set`
  ADD PRIMARY KEY (`products_characteristic_set_id`),
  ADD KEY `products_characteristic_id` (`products_characteristic_id`);

--
-- Indizes für die Tabelle `products_characteristic_set_description`
--
ALTER TABLE `products_characteristic_set_description`
  ADD PRIMARY KEY (`products_characteristic_set_description`),
  ADD KEY `products_characteristic_set_id` (`products_characteristic_set_id`),
  ADD KEY `language_id` (`language_id`);

--
-- Indizes für die Tabelle `products_characteristic_text_values`
--
ALTER TABLE `products_characteristic_text_values`
  ADD PRIMARY KEY (`products_characteristic_text_values_id`),
  ADD KEY `products_id` (`products_id`),
  ADD KEY `products_characteristic_id` (`products_characteristic_id`);

--
-- Indizes für die Tabelle `products_collies`
--
ALTER TABLE `products_collies`
  ADD PRIMARY KEY (`products_collies_id`),
  ADD KEY `products_id` (`products_id`),
  ADD KEY `collie_products_id` (`collie_products_id`);

--
-- Indizes für die Tabelle `products_conditions`
--
ALTER TABLE `products_conditions`
  ADD PRIMARY KEY (`products_conditions_id`);

--
-- Indizes für die Tabelle `products_conditions_description`
--
ALTER TABLE `products_conditions_description`
  ADD PRIMARY KEY (`products_conditions_description_id`),
  ADD KEY `products_conditions_id` (`products_conditions_id`);

--
-- Indizes für die Tabelle `products_content`
--
ALTER TABLE `products_content`
  ADD PRIMARY KEY (`content_id`);

--
-- Indizes für die Tabelle `products_content_description`
--
ALTER TABLE `products_content_description`
  ADD PRIMARY KEY (`products_content_description_id`),
  ADD KEY `content_id` (`content_id`);

--
-- Indizes für die Tabelle `products_default_shipper`
--
ALTER TABLE `products_default_shipper`
  ADD PRIMARY KEY (`products_default_shipper_id`),
  ADD KEY `products_id` (`products_id`),
  ADD KEY `shipper_profile` (`shipper_profile`);

--
-- Indizes für die Tabelle `products_description`
--
ALTER TABLE `products_description`
  ADD KEY `products_name` (`products_name`),
  ADD KEY `products_id` (`products_id`);

--
-- Indizes für die Tabelle `products_distributors`
--
ALTER TABLE `products_distributors`
  ADD PRIMARY KEY (`id`),
  ADD KEY `products_id` (`products_id`),
  ADD KEY `distributor_id` (`distributor_id`);

--
-- Indizes für die Tabelle `products_distributors_stock`
--
ALTER TABLE `products_distributors_stock`
  ADD PRIMARY KEY (`products_distributors_stock_id`),
  ADD KEY `distributor_id` (`distributor_id`),
  ADD KEY `products_id` (`products_id`);

--
-- Indizes für die Tabelle `products_email_notifications`
--
ALTER TABLE `products_email_notifications`
  ADD PRIMARY KEY (`products_email_notifications_id`),
  ADD KEY `products_id` (`products_id`),
  ADD KEY `customers_id` (`customers_id`);

--
-- Indizes für die Tabelle `products_fake_sets`
--
ALTER TABLE `products_fake_sets`
  ADD PRIMARY KEY (`products_fake_sets_id`),
  ADD KEY `products_id` (`products_id`);

--
-- Indizes für die Tabelle `products_google_feed_apparel`
--
ALTER TABLE `products_google_feed_apparel`
  ADD PRIMARY KEY (`products_google_feed_apparel_id`),
  ADD KEY `products_id` (`products_id`);

--
-- Indizes für die Tabelle `products_google_feed_data`
--
ALTER TABLE `products_google_feed_data`
  ADD PRIMARY KEY (`products_google_feed_data_id`),
  ADD KEY `products_id` (`products_id`);

--
-- Indizes für die Tabelle `products_graduated_prices`
--
ALTER TABLE `products_graduated_prices`
  ADD KEY `products_id` (`products_id`);

--
-- Indizes für die Tabelle `products_history`
--
ALTER TABLE `products_history`
  ADD PRIMARY KEY (`products_history_id`),
  ADD KEY `products_id` (`products_id`);

--
-- Indizes für die Tabelle `products_images`
--
ALTER TABLE `products_images`
  ADD PRIMARY KEY (`image_id`),
  ADD KEY `products_id` (`products_id`);

--
-- Indizes für die Tabelle `products_master_keys`
--
ALTER TABLE `products_master_keys`
  ADD PRIMARY KEY (`products_master_keys_id`),
  ADD KEY `products_id` (`products_id`);

--
-- Indizes für die Tabelle `products_master_keys_description`
--
ALTER TABLE `products_master_keys_description`
  ADD PRIMARY KEY (`products_master_keys_description_id`),
  ADD KEY `products_master_keys_id` (`products_master_keys_id`);

--
-- Indizes für die Tabelle `products_meldebestand_customers`
--
ALTER TABLE `products_meldebestand_customers`
  ADD PRIMARY KEY (`products_meldebestand_customers_id`),
  ADD KEY `products_id` (`products_id`,`customers_id`);

--
-- Indizes für die Tabelle `products_notifications`
--
ALTER TABLE `products_notifications`
  ADD PRIMARY KEY (`products_id`,`customers_id`);

--
-- Indizes für die Tabelle `products_options`
--
ALTER TABLE `products_options`
  ADD PRIMARY KEY (`products_options_id`,`language_id`);

--
-- Indizes für die Tabelle `products_options_values`
--
ALTER TABLE `products_options_values`
  ADD PRIMARY KEY (`products_options_values_id`,`language_id`);

--
-- Indizes für die Tabelle `products_options_values_to_products_options`
--
ALTER TABLE `products_options_values_to_products_options`
  ADD PRIMARY KEY (`products_options_values_to_products_options_id`);

--
-- Indizes für die Tabelle `products_properties`
--
ALTER TABLE `products_properties`
  ADD PRIMARY KEY (`products_properties_id`),
  ADD KEY `products_id` (`products_id`);

--
-- Indizes für die Tabelle `products_properties_description`
--
ALTER TABLE `products_properties_description`
  ADD PRIMARY KEY (`products_properties_description_id`),
  ADD KEY `products_properties_id` (`products_properties_id`);

--
-- Indizes für die Tabelle `products_properties_values`
--
ALTER TABLE `products_properties_values`
  ADD PRIMARY KEY (`products_properties_values_id`),
  ADD KEY `products_properties_description_id` (`products_properties_id`);

--
-- Indizes für die Tabelle `products_properties_values_description`
--
ALTER TABLE `products_properties_values_description`
  ADD PRIMARY KEY (`products_properties_values_description_id`),
  ADD KEY `products_properties_description_id` (`products_properties_values_id`);

--
-- Indizes für die Tabelle `products_questions`
--
ALTER TABLE `products_questions`
  ADD PRIMARY KEY (`products_questions_id`);

--
-- Indizes für die Tabelle `products_serials`
--
ALTER TABLE `products_serials`
  ADD PRIMARY KEY (`products_serials_id`),
  ADD KEY `products_id` (`products_id`);

--
-- Indizes für die Tabelle `products_shipping_extra_charge`
--
ALTER TABLE `products_shipping_extra_charge`
  ADD PRIMARY KEY (`products_shipping_extra_charge_id`),
  ADD KEY `products_id` (`products_id`),
  ADD KEY `shipping_graduation_groups_id` (`shipping_graduation_groups_id`);

--
-- Indizes für die Tabelle `products_storages`
--
ALTER TABLE `products_storages`
  ADD PRIMARY KEY (`id`),
  ADD KEY `products_id` (`products_id`),
  ADD KEY `storage_id` (`storage_id`);

--
-- Indizes für die Tabelle `products_storages_history`
--
ALTER TABLE `products_storages_history`
  ADD PRIMARY KEY (`id`),
  ADD KEY `products_id` (`products_id`),
  ADD KEY `storage_id` (`storage_id`);

--
-- Indizes für die Tabelle `products_tax_rates_allocation`
--
ALTER TABLE `products_tax_rates_allocation`
  ADD PRIMARY KEY (`products_tax_rates_allocation_id`),
  ADD KEY `products_id` (`products_id`),
  ADD KEY `tax_rates_id` (`tax_rates_id`);

--
-- Indizes für die Tabelle `products_to_categories`
--
ALTER TABLE `products_to_categories`
  ADD PRIMARY KEY (`products_id`,`categories_id`),
  ADD KEY `categories_id` (`categories_id`);

--
-- Indizes für die Tabelle `products_to_characteristics`
--
ALTER TABLE `products_to_characteristics`
  ADD PRIMARY KEY (`products_to_characteristics_id`),
  ADD KEY `products_id` (`products_id`),
  ADD KEY `products_characteristic_set_id` (`products_characteristic_set_id`);

--
-- Indizes für die Tabelle `products_to_groups`
--
ALTER TABLE `products_to_groups`
  ADD KEY `products_id` (`products_id`),
  ADD KEY `groups_id` (`groups_id`);

--
-- Indizes für die Tabelle `products_vpe`
--
ALTER TABLE `products_vpe`
  ADD KEY `language_id` (`language_id`);

--
-- Indizes für die Tabelle `products_xsell`
--
ALTER TABLE `products_xsell`
  ADD PRIMARY KEY (`ID`),
  ADD KEY `products_id` (`products_id`),
  ADD KEY `xsell_id` (`xsell_id`);

--
-- Indizes für die Tabelle `product_properties_xy_prices`
--
ALTER TABLE `product_properties_xy_prices`
  ADD PRIMARY KEY (`product_properties_xy_prices_id`),
  ADD KEY `products_id` (`products_id`);

--
-- Indizes für die Tabelle `product_properties_xy_prices_values`
--
ALTER TABLE `product_properties_xy_prices_values`
  ADD PRIMARY KEY (`product_properties_xy_prices_values_id`),
  ADD KEY `product_properties_xy_prices_id` (`product_properties_xy_prices_id`);

--
-- Indizes für die Tabelle `product_properties_xy_prices_values_for_properties`
--
ALTER TABLE `product_properties_xy_prices_values_for_properties`
  ADD PRIMARY KEY (`product_properties_xy_prices_values_for_properties_id`),
  ADD KEY `product_properties_xy_prices_values_id` (`product_properties_xy_prices_values_id`),
  ADD KEY `products_properties_id` (`products_properties_id`);

--
-- Indizes für die Tabelle `product_un_classification`
--
ALTER TABLE `product_un_classification`
  ADD PRIMARY KEY (`product_un_classification_id`),
  ADD KEY `product_un_classification_products_id_IDX` (`products_id`) USING BTREE;

--
-- Indizes für die Tabelle `push_customer_allocations`
--
ALTER TABLE `push_customer_allocations`
  ADD PRIMARY KEY (`push_customer_allocations_id`),
  ADD KEY `customers_id` (`customers_id`);

--
-- Indizes für die Tabelle `quick_login`
--
ALTER TABLE `quick_login`
  ADD PRIMARY KEY (`quick_login_id`),
  ADD KEY `customers_id` (`customers_id`);

--
-- Indizes für die Tabelle `reclamations`
--
ALTER TABLE `reclamations`
  ADD PRIMARY KEY (`reclamations_id`),
  ADD KEY `orders_id` (`orders_id`),
  ADD KEY `customers_id` (`customers_id`);

--
-- Indizes für die Tabelle `reclamations_bestandssperre`
--
ALTER TABLE `reclamations_bestandssperre`
  ADD PRIMARY KEY (`reclamations_bestandssperre_id`),
  ADD KEY `reclamations_id` (`reclamations_id`),
  ADD KEY `products_id` (`products_id`);

--
-- Indizes für die Tabelle `reclamations_products`
--
ALTER TABLE `reclamations_products`
  ADD PRIMARY KEY (`reclamations_products_id`),
  ADD KEY `reclamations_id` (`reclamations_id`),
  ADD KEY `products_id` (`products_id`);

--
-- Indizes für die Tabelle `reclamations_products_properties`
--
ALTER TABLE `reclamations_products_properties`
  ADD PRIMARY KEY (`reclamations_products_properties_id`),
  ADD KEY `reclamations_products_id` (`reclamations_products_id`);

--
-- Indizes für die Tabelle `reclamations_products_serials`
--
ALTER TABLE `reclamations_products_serials`
  ADD PRIMARY KEY (`reclamations_products_serials_id`),
  ADD KEY `reclamations_products_id` (`reclamations_products_id`),
  ADD KEY `products_id` (`products_id`);

--
-- Indizes für die Tabelle `reclamations_reasons`
--
ALTER TABLE `reclamations_reasons`
  ADD PRIMARY KEY (`reclamations_reasons_id`);

--
-- Indizes für die Tabelle `reclamations_recalculate`
--
ALTER TABLE `reclamations_recalculate`
  ADD PRIMARY KEY (`reclamations_recalculate_id`);

--
-- Indizes für die Tabelle `reclamations_status`
--
ALTER TABLE `reclamations_status`
  ADD PRIMARY KEY (`reclamations_status_id`,`language_id`),
  ADD KEY `reclamations_status_name` (`reclamations_status_name`);

--
-- Indizes für die Tabelle `reclamations_status_history`
--
ALTER TABLE `reclamations_status_history`
  ADD PRIMARY KEY (`reclamations_status_history_id`),
  ADD KEY `reclamations_id` (`reclamations_id`);

--
-- Indizes für die Tabelle `reclamations_total`
--
ALTER TABLE `reclamations_total`
  ADD PRIMARY KEY (`reclamations_total_id`),
  ADD KEY `reclamations_id` (`reclamations_id`);

--
-- Indizes für die Tabelle `reclamations_to_reclamations_reasons`
--
ALTER TABLE `reclamations_to_reclamations_reasons`
  ADD KEY `reclamations_id` (`reclamations_id`),
  ADD KEY `reclamations_reasons_id` (`reclamations_reasons_id`);

--
-- Indizes für die Tabelle `reclamations_types`
--
ALTER TABLE `reclamations_types`
  ADD PRIMARY KEY (`reclamations_types_id`);

--
-- Indizes für die Tabelle `retouren`
--
ALTER TABLE `retouren`
  ADD PRIMARY KEY (`retoure_id`),
  ADD KEY `orders_id` (`orders_id`),
  ADD KEY `reclamations_id` (`reclamations_id`),
  ADD KEY `customers_id` (`customers_id`);

--
-- Indizes für die Tabelle `retoure_products`
--
ALTER TABLE `retoure_products`
  ADD PRIMARY KEY (`retoure_products_id`),
  ADD KEY `retoure_id` (`retoure_id`),
  ADD KEY `products_id` (`products_id`);

--
-- Indizes für die Tabelle `retoure_products_properties`
--
ALTER TABLE `retoure_products_properties`
  ADD PRIMARY KEY (`retoure_products_properties_id`),
  ADD KEY `retoure_products_id` (`retoure_products_id`);

--
-- Indizes für die Tabelle `retoure_products_serials`
--
ALTER TABLE `retoure_products_serials`
  ADD PRIMARY KEY (`retoure_products_serials_id`),
  ADD KEY `retoure_products_id` (`retoure_products_id`),
  ADD KEY `products_id` (`products_id`);

--
-- Indizes für die Tabelle `retoure_status`
--
ALTER TABLE `retoure_status`
  ADD PRIMARY KEY (`retoure_status_id`);

--
-- Indizes für die Tabelle `retoure_status_history`
--
ALTER TABLE `retoure_status_history`
  ADD PRIMARY KEY (`retoure_status_history_id`),
  ADD KEY `retoure_id` (`retoure_id`);

--
-- Indizes für die Tabelle `reviews`
--
ALTER TABLE `reviews`
  ADD PRIMARY KEY (`reviews_id`);

--
-- Indizes für die Tabelle `reviews_description`
--
ALTER TABLE `reviews_description`
  ADD PRIMARY KEY (`reviews_id`,`languages_id`);

--
-- Indizes für die Tabelle `rueckerstattungen_status`
--
ALTER TABLE `rueckerstattungen_status`
  ADD PRIMARY KEY (`rueckerstattungen_status_id`);

--
-- Indizes für die Tabelle `rueckerstattungen_status_history`
--
ALTER TABLE `rueckerstattungen_status_history`
  ADD PRIMARY KEY (`rueckerstattungen_status_history_id`),
  ADD KEY `rueckerstattungen_id` (`rueckerstattungen_id`);

--
-- Indizes für die Tabelle `rueckerstattungen_types`
--
ALTER TABLE `rueckerstattungen_types`
  ADD PRIMARY KEY (`rueckerstattungen_type_id`);

--
-- Indizes für die Tabelle `search_allocations`
--
ALTER TABLE `search_allocations`
  ADD KEY `word` (`word`);

--
-- Indizes für die Tabelle `secupay_payment_allocations`
--
ALTER TABLE `secupay_payment_allocations`
  ADD PRIMARY KEY (`secupay_payment_allocations_id`),
  ADD KEY `orders_id` (`orders_id`);

--
-- Indizes für die Tabelle `sessions`
--
ALTER TABLE `sessions`
  ADD PRIMARY KEY (`sesskey`);

--
-- Indizes für die Tabelle `shipper_profiles`
--
ALTER TABLE `shipper_profiles`
  ADD PRIMARY KEY (`shipper_profiles_id`),
  ADD UNIQUE KEY `profile_name` (`profile_name`) USING BTREE;

--
-- Indizes für die Tabelle `shippings`
--
ALTER TABLE `shippings`
  ADD PRIMARY KEY (`id`),
  ADD KEY `orders_id` (`orders_id`),
  ADD KEY `reclamations_id` (`reclamations_id`),
  ADD KEY `customers_id` (`customers_id`);

--
-- Indizes für die Tabelle `shippings_products`
--
ALTER TABLE `shippings_products`
  ADD PRIMARY KEY (`shippings_products_id`),
  ADD KEY `shippings_id` (`shippings_id`,`products_id`,`source_products_id`);

--
-- Indizes für die Tabelle `shippings_tracking_numbers`
--
ALTER TABLE `shippings_tracking_numbers`
  ADD PRIMARY KEY (`shippings_tracking_numbers_id`),
  ADD KEY `shippings_id` (`shippings_id`);

--
-- Indizes für die Tabelle `shippings_tracking_numbers_temp`
--
ALTER TABLE `shippings_tracking_numbers_temp`
  ADD PRIMARY KEY (`shippings_tracking_numbers_temp_id`),
  ADD KEY `target_type_id` (`target_type_id`);

--
-- Indizes für die Tabelle `shipping_graduation`
--
ALTER TABLE `shipping_graduation`
  ADD PRIMARY KEY (`shipping_graduation_id`);

--
-- Indizes für die Tabelle `shipping_graduation_countries`
--
ALTER TABLE `shipping_graduation_countries`
  ADD PRIMARY KEY (`shipping_graduation_countries_id`),
  ADD KEY `country_id` (`country_id`),
  ADD KEY `shipping_graduation_groups_id` (`shipping_graduation_groups_id`);

--
-- Indizes für die Tabelle `shipping_graduation_groups`
--
ALTER TABLE `shipping_graduation_groups`
  ADD PRIMARY KEY (`shipping_graduation_groups_id`);

--
-- Indizes für die Tabelle `shipping_graduation_products`
--
ALTER TABLE `shipping_graduation_products`
  ADD PRIMARY KEY (`shipping_graduation_products_id`),
  ADD KEY `shipping_graduation_groups_id` (`shipping_graduation_groups_id`),
  ADD KEY `products_id` (`products_id`);

--
-- Indizes für die Tabelle `shipping_graduation_values`
--
ALTER TABLE `shipping_graduation_values`
  ADD KEY `shipping_graduation_id` (`shipping_graduation_id`),
  ADD KEY `shipping_graduation_weights_id` (`shipping_graduation_weights_id`),
  ADD KEY `shipping_graduation_groups_id` (`shipping_graduation_groups_id`);

--
-- Indizes für die Tabelle `shipping_graduation_weights`
--
ALTER TABLE `shipping_graduation_weights`
  ADD PRIMARY KEY (`shipping_graduation_weights_id`);

--
-- Indizes für die Tabelle `shipping_status`
--
ALTER TABLE `shipping_status`
  ADD PRIMARY KEY (`shipping_status_id`,`language_id`),
  ADD KEY `shipping_status_name` (`shipping_status_name`);

--
-- Indizes für die Tabelle `specials`
--
ALTER TABLE `specials`
  ADD PRIMARY KEY (`specials_id`),
  ADD KEY `products_id` (`products_id`),
  ADD KEY `specials_date_added` (`specials_date_added`),
  ADD KEY `products_id_2` (`products_id`);

--
-- Indizes für die Tabelle `specials_ebay_revise`
--
ALTER TABLE `specials_ebay_revise`
  ADD PRIMARY KEY (`specials_ebay_revise_id`),
  ADD KEY `specials_id` (`specials_id`),
  ADD KEY `ebay_auctions_id` (`ebay_auctions_id`);

--
-- Indizes für die Tabelle `storages`
--
ALTER TABLE `storages`
  ADD PRIMARY KEY (`id`);

--
-- Indizes für die Tabelle `storage_numbers`
--
ALTER TABLE `storage_numbers`
  ADD PRIMARY KEY (`id`),
  ADD KEY `products_id` (`products_id`),
  ADD KEY `storage_id` (`storage_id`);

--
-- Indizes für die Tabelle `storage_places`
--
ALTER TABLE `storage_places`
  ADD PRIMARY KEY (`storage_places_id`),
  ADD KEY `storage_id` (`storage_id`);

--
-- Indizes für die Tabelle `storage_products`
--
ALTER TABLE `storage_products`
  ADD PRIMARY KEY (`id`),
  ADD KEY `storage_id` (`storage_id`),
  ADD KEY `products_id` (`products_id`),
  ADD KEY `storage_place` (`storage_place`),
  ADD KEY `storage_places_id` (`storage_places_id`);

--
-- Indizes für die Tabelle `storage_products_transfer`
--
ALTER TABLE `storage_products_transfer`
  ADD PRIMARY KEY (`storage_products_transfer_id`),
  ADD KEY `source_storage_products_id` (`source_storage_products_id`,`target_storage_products_id`,`quantity`),
  ADD KEY `shipping_products_id` (`shipping_products_id`);

--
-- Indizes für die Tabelle `system_alerts_status`
--
ALTER TABLE `system_alerts_status`
  ADD PRIMARY KEY (`system_alerts_status_id`),
  ADD KEY `customers_id` (`customers_id`);

--
-- Indizes für die Tabelle `table_lock`
--
ALTER TABLE `table_lock`
  ADD PRIMARY KEY (`id`);

--
-- Indizes für die Tabelle `tags`
--
ALTER TABLE `tags`
  ADD PRIMARY KEY (`tags_id`),
  ADD KEY `type` (`type`);

--
-- Indizes für die Tabelle `tags_products`
--
ALTER TABLE `tags_products`
  ADD PRIMARY KEY (`tags_products_id`),
  ADD KEY `tags_id` (`tags_id`,`products_id`);

--
-- Indizes für die Tabelle `tax_class`
--
ALTER TABLE `tax_class`
  ADD PRIMARY KEY (`tax_class_id`);

--
-- Indizes für die Tabelle `tax_rates`
--
ALTER TABLE `tax_rates`
  ADD PRIMARY KEY (`tax_rates_id`),
  ADD KEY `tax_class_id` (`tax_class_id`),
  ADD KEY `tax_zone_id` (`tax_zone_id`);

--
-- Indizes für die Tabelle `testeo`
--
ALTER TABLE `testeo`
  ADD PRIMARY KEY (`yourID`);

--
-- Indizes für die Tabelle `units`
--
ALTER TABLE `units`
  ADD PRIMARY KEY (`units_id`);

--
-- Indizes für die Tabelle `units_description`
--
ALTER TABLE `units_description`
  ADD PRIMARY KEY (`units_description_id`),
  ADD KEY `units_id` (`units_id`);

--
-- Indizes für die Tabelle `un_classifications`
--
ALTER TABLE `un_classifications`
  ADD PRIMARY KEY (`un_classifications_id`);

--
-- Indizes für die Tabelle `wishlist_attributes`
--
ALTER TABLE `wishlist_attributes`
  ADD PRIMARY KEY (`attributes_id`);

--
-- Indizes für die Tabelle `wishlist_customers`
--
ALTER TABLE `wishlist_customers`
  ADD PRIMARY KEY (`id`),
  ADD KEY `customers_id` (`customers_id`);

--
-- Indizes für die Tabelle `wishlist_products`
--
ALTER TABLE `wishlist_products`
  ADD PRIMARY KEY (`id`),
  ADD KEY `wishlist_customers_id` (`wishlist_customers_id`),
  ADD KEY `products_id` (`products_id`);

--
-- Indizes für die Tabelle `wrapping_counter`
--
ALTER TABLE `wrapping_counter`
  ADD PRIMARY KEY (`wrapping_counter_id`),
  ADD KEY `orders_id` (`orders_id`);

--
-- Indizes für die Tabelle `yes_amazon_pay_authorization`
--
ALTER TABLE `yes_amazon_pay_authorization`
  ADD PRIMARY KEY (`yes_amazon_pay_authorization_id`);

--
-- Indizes für die Tabelle `yes_amazon_pay_refunds`
--
ALTER TABLE `yes_amazon_pay_refunds`
  ADD PRIMARY KEY (`yes_amazon_pay_refunds_id`),
  ADD KEY `yes_amazon_pay_reference_id` (`yes_amazon_pay_reference_id`);

--
-- Indizes für die Tabelle `yes_cron_exports`
--
ALTER TABLE `yes_cron_exports`
  ADD PRIMARY KEY (`yes_cron_exports_id`);

--
-- Indizes für die Tabelle `yes_cron_export_heading_rows`
--
ALTER TABLE `yes_cron_export_heading_rows`
  ADD PRIMARY KEY (`yes_cron_export_heading_rows_id`),
  ADD KEY `yes_cron_exports_id` (`yes_cron_exports_id`);

--
-- Indizes für die Tabelle `yes_help`
--
ALTER TABLE `yes_help`
  ADD PRIMARY KEY (`help_id`);

--
-- Indizes für die Tabelle `yes_xmlrpc_import_config`
--
ALTER TABLE `yes_xmlrpc_import_config`
  ADD PRIMARY KEY (`yes_xmlrpc_import_config_id`),
  ADD KEY `yes_xmlrpc_token_id` (`yes_xmlrpc_remote_token_id`);

--
-- Indizes für die Tabelle `yes_xmlrpc_products`
--
ALTER TABLE `yes_xmlrpc_products`
  ADD PRIMARY KEY (`yes_xmlrpc_products_id`),
  ADD KEY `yes_xmlrpc_remote_token_id` (`yes_xmlrpc_remote_token_id`);

--
-- Indizes für die Tabelle `yes_xmlrpc_remote_token`
--
ALTER TABLE `yes_xmlrpc_remote_token`
  ADD PRIMARY KEY (`yes_xmlrpc_remote_token_id`);

--
-- Indizes für die Tabelle `yes_xmlrpc_token`
--
ALTER TABLE `yes_xmlrpc_token`
  ADD PRIMARY KEY (`id`);

--
-- Indizes für die Tabelle `zones`
--
ALTER TABLE `zones`
  ADD PRIMARY KEY (`zone_id`);

--
-- Indizes für die Tabelle `zones_to_geo_zones`
--
ALTER TABLE `zones_to_geo_zones`
  ADD PRIMARY KEY (`association_id`),
  ADD KEY `zone_country_id` (`zone_country_id`),
  ADD KEY `zone_id` (`zone_id`),
  ADD KEY `geo_zone_id` (`geo_zone_id`);

--
-- AUTO_INCREMENT für exportierte Tabellen
--

--
-- AUTO_INCREMENT für Tabelle `address_book`
--
ALTER TABLE `address_book`
  MODIFY `address_book_id` int(11) NOT NULL AUTO_INCREMENT, AUTO_INCREMENT=15202;

--
-- AUTO_INCREMENT für Tabelle `address_format`
--
ALTER TABLE `address_format`
  MODIFY `address_format_id` int(11) NOT NULL AUTO_INCREMENT, AUTO_INCREMENT=6;

--
-- AUTO_INCREMENT für Tabelle `admin_access_scheme`
--
ALTER TABLE `admin_access_scheme`
  MODIFY `admin_access_scheme_id` int(11) NOT NULL AUTO_INCREMENT, AUTO_INCREMENT=26;

--
-- AUTO_INCREMENT für Tabelle `admin_access_scheme_values`
--
ALTER TABLE `admin_access_scheme_values`
  MODIFY `admin_access_scheme_values_id` int(11) NOT NULL AUTO_INCREMENT, AUTO_INCREMENT=9952;

--
-- AUTO_INCREMENT für Tabelle `after_shipping_payment_orders`
--
ALTER TABLE `after_shipping_payment_orders`
  MODIFY `after_shipping_payment_orders_id` int(11) NOT NULL AUTO_INCREMENT;

--
-- AUTO_INCREMENT für Tabelle `amazon_feeds`
--
ALTER TABLE `amazon_feeds`
  MODIFY `amazon_feeds_id` int(11) NOT NULL AUTO_INCREMENT;

--
-- AUTO_INCREMENT für Tabelle `amazon_feeds_order_fulfillments`
--
ALTER TABLE `amazon_feeds_order_fulfillments`
  MODIFY `amazon_feeds_order_fulfillments_id` int(11) NOT NULL AUTO_INCREMENT;

--
-- AUTO_INCREMENT für Tabelle `amazon_feeds_price_items`
--
ALTER TABLE `amazon_feeds_price_items`
  MODIFY `amazon_feeds_price_items_id` int(11) NOT NULL AUTO_INCREMENT;

--
-- AUTO_INCREMENT für Tabelle `amazon_feeds_product_listing`
--
ALTER TABLE `amazon_feeds_product_listing`
  MODIFY `amazon_feeds_product_listing_id` int(11) NOT NULL AUTO_INCREMENT;

--
-- AUTO_INCREMENT für Tabelle `amazon_feeds_quantity_items`
--
ALTER TABLE `amazon_feeds_quantity_items`
  MODIFY `amazon_feeds_quantity_items_id` int(11) NOT NULL AUTO_INCREMENT;

--
-- AUTO_INCREMENT für Tabelle `amazon_feeds_upload_vat_invoice`
--
ALTER TABLE `amazon_feeds_upload_vat_invoice`
  MODIFY `amazon_feeds_upload_vat_invoice_id` int(11) NOT NULL AUTO_INCREMENT;

--
-- AUTO_INCREMENT für Tabelle `amazon_feed_collector`
--
ALTER TABLE `amazon_feed_collector`
  MODIFY `amazon_feed_collector_id` int(11) NOT NULL AUTO_INCREMENT;

--
-- AUTO_INCREMENT für Tabelle `amazon_orders`
--
ALTER TABLE `amazon_orders`
  MODIFY `amazon_orders_id` int(11) NOT NULL AUTO_INCREMENT;

--
-- AUTO_INCREMENT für Tabelle `amazon_orders_fba`
--
ALTER TABLE `amazon_orders_fba`
  MODIFY `amazon_orders_fba_id` int(11) NOT NULL AUTO_INCREMENT;

--
-- AUTO_INCREMENT für Tabelle `amazon_orders_products`
--
ALTER TABLE `amazon_orders_products`
  MODIFY `amazon_orders_products_id` int(11) NOT NULL AUTO_INCREMENT;

--
-- AUTO_INCREMENT für Tabelle `amazon_products`
--
ALTER TABLE `amazon_products`
  MODIFY `amazon_products_id` int(11) NOT NULL AUTO_INCREMENT;

--
-- AUTO_INCREMENT für Tabelle `amazon_products_fba`
--
ALTER TABLE `amazon_products_fba`
  MODIFY `amazon_products_fba_id` int(11) NOT NULL AUTO_INCREMENT;

--
-- AUTO_INCREMENT für Tabelle `amazon_settlements`
--
ALTER TABLE `amazon_settlements`
  MODIFY `amazon_settlements_id` int(11) NOT NULL AUTO_INCREMENT;

--
-- AUTO_INCREMENT für Tabelle `amz_products_excluded`
--
ALTER TABLE `amz_products_excluded`
  MODIFY `amz_products_excluded_id` int(11) NOT NULL AUTO_INCREMENT;

--
-- AUTO_INCREMENT für Tabelle `amz_transactions`
--
ALTER TABLE `amz_transactions`
  MODIFY `amz_tx_id` int(11) NOT NULL AUTO_INCREMENT;

--
-- AUTO_INCREMENT für Tabelle `banners`
--
ALTER TABLE `banners`
  MODIFY `banners_id` int(11) NOT NULL AUTO_INCREMENT;

--
-- AUTO_INCREMENT für Tabelle `banners_history`
--
ALTER TABLE `banners_history`
  MODIFY `banners_history_id` int(11) NOT NULL AUTO_INCREMENT;

--
-- AUTO_INCREMENT für Tabelle `billsafe_orders_paymentinstructions`
--
ALTER TABLE `billsafe_orders_paymentinstructions`
  MODIFY `billsafe_orders_paymentinstructions_id` int(11) NOT NULL AUTO_INCREMENT;

--
-- AUTO_INCREMENT für Tabelle `branches`
--
ALTER TABLE `branches`
  MODIFY `branches_id` int(11) NOT NULL AUTO_INCREMENT, AUTO_INCREMENT=2;

--
-- AUTO_INCREMENT für Tabelle `branches_history`
--
ALTER TABLE `branches_history`
  MODIFY `branches_history_id` int(11) NOT NULL AUTO_INCREMENT, AUTO_INCREMENT=6;

--
-- AUTO_INCREMENT für Tabelle `branches_orders_fibunumbers`
--
ALTER TABLE `branches_orders_fibunumbers`
  MODIFY `branches_orders_fibunumbers` int(11) NOT NULL AUTO_INCREMENT;

--
-- AUTO_INCREMENT für Tabelle `branches_products`
--
ALTER TABLE `branches_products`
  MODIFY `branches_products_id` int(11) NOT NULL AUTO_INCREMENT;

--
-- AUTO_INCREMENT für Tabelle `branches_products_serials`
--
ALTER TABLE `branches_products_serials`
  MODIFY `branches_products_serials_id` int(11) NOT NULL AUTO_INCREMENT;

--
-- AUTO_INCREMENT für Tabelle `branches_to_customers`
--
ALTER TABLE `branches_to_customers`
  MODIFY `branches_to_customers_id` int(11) NOT NULL AUTO_INCREMENT;

--
-- AUTO_INCREMENT für Tabelle `branches_transfer`
--
ALTER TABLE `branches_transfer`
  MODIFY `branches_transfer_id` int(11) NOT NULL AUTO_INCREMENT, AUTO_INCREMENT=3;

--
-- AUTO_INCREMENT für Tabelle `branches_transfer_products`
--
ALTER TABLE `branches_transfer_products`
  MODIFY `branches_transfer_products_id` int(11) NOT NULL AUTO_INCREMENT, AUTO_INCREMENT=4;

--
-- AUTO_INCREMENT für Tabelle `branches_transfer_status`
--
ALTER TABLE `branches_transfer_status`
  MODIFY `branches_transfer_status_id` int(11) NOT NULL AUTO_INCREMENT, AUTO_INCREMENT=5;

--
-- AUTO_INCREMENT für Tabelle `branches_transfer_status_history`
--
ALTER TABLE `branches_transfer_status_history`
  MODIFY `branches_transfer_status_history_id` int(11) NOT NULL AUTO_INCREMENT, AUTO_INCREMENT=7;

--
-- AUTO_INCREMENT für Tabelle `cancel_auctions`
--
ALTER TABLE `cancel_auctions`
  MODIFY `cancel_auctions_id` int(11) NOT NULL AUTO_INCREMENT;

--
-- AUTO_INCREMENT für Tabelle `card_blacklist`
--
ALTER TABLE `card_blacklist`
  MODIFY `blacklist_id` int(5) NOT NULL AUTO_INCREMENT;

--
-- AUTO_INCREMENT für Tabelle `categories`
--
ALTER TABLE `categories`
  MODIFY `categories_id` int(11) NOT NULL AUTO_INCREMENT, AUTO_INCREMENT=48;

--
-- AUTO_INCREMENT für Tabelle `categories_exclude`
--
ALTER TABLE `categories_exclude`
  MODIFY `categories_exclude_id` int(1) NOT NULL AUTO_INCREMENT;

--
-- AUTO_INCREMENT für Tabelle `categories_to_groups`
--
ALTER TABLE `categories_to_groups`
  MODIFY `categories_to_groups_id` int(11) NOT NULL AUTO_INCREMENT;

--
-- AUTO_INCREMENT für Tabelle `categories_to_groups_characteristics`
--
ALTER TABLE `categories_to_groups_characteristics`
  MODIFY `categories_to_groups_characteristics_id` int(11) NOT NULL AUTO_INCREMENT;

--
-- AUTO_INCREMENT für Tabelle `change_status`
--
ALTER TABLE `change_status`
  MODIFY `id` int(11) NOT NULL AUTO_INCREMENT;

--
-- AUTO_INCREMENT für Tabelle `change_status_history`
--
ALTER TABLE `change_status_history`
  MODIFY `id` int(11) NOT NULL AUTO_INCREMENT;

--
-- AUTO_INCREMENT für Tabelle `configuration`
--
ALTER TABLE `configuration`
  MODIFY `configuration_id` int(11) NOT NULL AUTO_INCREMENT, AUTO_INCREMENT=909;

--
-- AUTO_INCREMENT für Tabelle `configuration_group`
--
ALTER TABLE `configuration_group`
  MODIFY `configuration_group_id` int(11) NOT NULL AUTO_INCREMENT, AUTO_INCREMENT=114;

--
-- AUTO_INCREMENT für Tabelle `content_manager`
--
ALTER TABLE `content_manager`
  MODIFY `content_id` int(11) NOT NULL AUTO_INCREMENT, AUTO_INCREMENT=60;

--
-- AUTO_INCREMENT für Tabelle `costs`
--
ALTER TABLE `costs`
  MODIFY `costs_id` int(11) NOT NULL AUTO_INCREMENT;

--
-- AUTO_INCREMENT für Tabelle `countries`
--
ALTER TABLE `countries`
  MODIFY `countries_id` int(11) NOT NULL AUTO_INCREMENT, AUTO_INCREMENT=242;

--
-- AUTO_INCREMENT für Tabelle `coupons`
--
ALTER TABLE `coupons`
  MODIFY `coupon_id` int(11) NOT NULL AUTO_INCREMENT;

--
-- AUTO_INCREMENT für Tabelle `coupon_email_track`
--
ALTER TABLE `coupon_email_track`
  MODIFY `unique_id` int(11) NOT NULL AUTO_INCREMENT;

--
-- AUTO_INCREMENT für Tabelle `coupon_gv_queue`
--
ALTER TABLE `coupon_gv_queue`
  MODIFY `unique_id` int(5) NOT NULL AUTO_INCREMENT;

--
-- AUTO_INCREMENT für Tabelle `coupon_redeem_track`
--
ALTER TABLE `coupon_redeem_track`
  MODIFY `unique_id` int(11) NOT NULL AUTO_INCREMENT;

--
-- AUTO_INCREMENT für Tabelle `currencies`
--
ALTER TABLE `currencies`
  MODIFY `currencies_id` int(11) NOT NULL AUTO_INCREMENT, AUTO_INCREMENT=2;

--
-- AUTO_INCREMENT für Tabelle `customers_basket`
--
ALTER TABLE `customers_basket`
  MODIFY `customers_basket_id` int(11) NOT NULL AUTO_INCREMENT, AUTO_INCREMENT=10469;

--
-- AUTO_INCREMENT für Tabelle `customers_basket_attributes`
--
ALTER TABLE `customers_basket_attributes`
  MODIFY `customers_basket_attributes_id` int(11) NOT NULL AUTO_INCREMENT;

--
-- AUTO_INCREMENT für Tabelle `customers_email_aliases`
--
ALTER TABLE `customers_email_aliases`
  MODIFY `customers_email_aliases_id` int(11) NOT NULL AUTO_INCREMENT;

--
-- AUTO_INCREMENT für Tabelle `customers_email_filter`
--
ALTER TABLE `customers_email_filter`
  MODIFY `customers_email_filter_id` int(11) NOT NULL AUTO_INCREMENT;

--
-- AUTO_INCREMENT für Tabelle `customers_ip`
--
ALTER TABLE `customers_ip`
  MODIFY `customers_ip_id` int(11) NOT NULL AUTO_INCREMENT, AUTO_INCREMENT=11133;

--
-- AUTO_INCREMENT für Tabelle `customers_memo`
--
ALTER TABLE `customers_memo`
  MODIFY `memo_id` int(11) NOT NULL AUTO_INCREMENT, AUTO_INCREMENT=14012;

--
-- AUTO_INCREMENT für Tabelle `customers_status_history`
--
ALTER TABLE `customers_status_history`
  MODIFY `customers_status_history_id` int(11) NOT NULL AUTO_INCREMENT, AUTO_INCREMENT=51;

--
-- AUTO_INCREMENT für Tabelle `default_products_master_keys`
--
ALTER TABLE `default_products_master_keys`
  MODIFY `default_products_master_keys_id` int(11) NOT NULL AUTO_INCREMENT;

--
-- AUTO_INCREMENT für Tabelle `default_products_master_keys_description`
--
ALTER TABLE `default_products_master_keys_description`
  MODIFY `default_products_master_keys_description_id` int(11) NOT NULL AUTO_INCREMENT;

--
-- AUTO_INCREMENT für Tabelle `default_products_master_slave_values`
--
ALTER TABLE `default_products_master_slave_values`
  MODIFY `default_products_master_slave_values_id` int(11) NOT NULL AUTO_INCREMENT;

--
-- AUTO_INCREMENT für Tabelle `distributors`
--
ALTER TABLE `distributors`
  MODIFY `id` int(11) NOT NULL AUTO_INCREMENT, AUTO_INCREMENT=7;

--
-- AUTO_INCREMENT für Tabelle `distributor_contacts`
--
ALTER TABLE `distributor_contacts`
  MODIFY `distributor_contacts_id` int(11) NOT NULL AUTO_INCREMENT;

--
-- AUTO_INCREMENT für Tabelle `distributor_invoices`
--
ALTER TABLE `distributor_invoices`
  MODIFY `distributor_invoices_id` int(11) NOT NULL AUTO_INCREMENT, AUTO_INCREMENT=2;

--
-- AUTO_INCREMENT für Tabelle `distributor_invoices_entries`
--
ALTER TABLE `distributor_invoices_entries`
  MODIFY `distributor_invoices_entries_id` int(11) NOT NULL AUTO_INCREMENT;

--
-- AUTO_INCREMENT für Tabelle `distributor_invoices_installments`
--
ALTER TABLE `distributor_invoices_installments`
  MODIFY `distributor_invoices_installments_id` int(11) NOT NULL AUTO_INCREMENT;

--
-- AUTO_INCREMENT für Tabelle `distributor_invoices_products`
--
ALTER TABLE `distributor_invoices_products`
  MODIFY `distributor_invoices_products_id` int(11) NOT NULL AUTO_INCREMENT, AUTO_INCREMENT=6;

--
-- AUTO_INCREMENT für Tabelle `distributor_invoices_products_properties`
--
ALTER TABLE `distributor_invoices_products_properties`
  MODIFY `distributor_invoices_products_properties_id` int(11) NOT NULL AUTO_INCREMENT;

--
-- AUTO_INCREMENT für Tabelle `distributor_invoices_reasons`
--
ALTER TABLE `distributor_invoices_reasons`
  MODIFY `distributor_invoices_reasons_id` int(11) NOT NULL AUTO_INCREMENT, AUTO_INCREMENT=2;

--
-- AUTO_INCREMENT für Tabelle `distributor_invoices_status`
--
ALTER TABLE `distributor_invoices_status`
  MODIFY `distributor_invoices_status_id` int(11) NOT NULL AUTO_INCREMENT, AUTO_INCREMENT=4;

--
-- AUTO_INCREMENT für Tabelle `distributor_invoices_status_history`
--
ALTER TABLE `distributor_invoices_status_history`
  MODIFY `distributor_invoices_status_history_id` int(11) NOT NULL AUTO_INCREMENT, AUTO_INCREMENT=2;

--
-- AUTO_INCREMENT für Tabelle `distributor_invoices_total`
--
ALTER TABLE `distributor_invoices_total`
  MODIFY `distributor_invoices_total_id` int(10) UNSIGNED NOT NULL AUTO_INCREMENT, AUTO_INCREMENT=3;

--
-- AUTO_INCREMENT für Tabelle `distributor_orders`
--
ALTER TABLE `distributor_orders`
  MODIFY `distributor_orders_id` int(11) NOT NULL AUTO_INCREMENT, AUTO_INCREMENT=9;

--
-- AUTO_INCREMENT für Tabelle `distributor_orders_products`
--
ALTER TABLE `distributor_orders_products`
  MODIFY `distributor_orders_products_id` int(11) NOT NULL AUTO_INCREMENT, AUTO_INCREMENT=13;

--
-- AUTO_INCREMENT für Tabelle `distributor_orders_products_attributes`
--
ALTER TABLE `distributor_orders_products_attributes`
  MODIFY `distributor_orders_products_attributes_id` int(11) NOT NULL AUTO_INCREMENT;

--
-- AUTO_INCREMENT für Tabelle `distributor_orders_products_properties`
--
ALTER TABLE `distributor_orders_products_properties`
  MODIFY `distributor_orders_products_properties_id` int(11) NOT NULL AUTO_INCREMENT;

--
-- AUTO_INCREMENT für Tabelle `distributor_orders_recalculate`
--
ALTER TABLE `distributor_orders_recalculate`
  MODIFY `orders_recalculate_id` int(11) NOT NULL AUTO_INCREMENT, AUTO_INCREMENT=29;

--
-- AUTO_INCREMENT für Tabelle `distributor_orders_status_history`
--
ALTER TABLE `distributor_orders_status_history`
  MODIFY `orders_status_history_id` int(11) NOT NULL AUTO_INCREMENT, AUTO_INCREMENT=49;

--
-- AUTO_INCREMENT für Tabelle `distributor_orders_total`
--
ALTER TABLE `distributor_orders_total`
  MODIFY `orders_total_id` int(10) UNSIGNED NOT NULL AUTO_INCREMENT, AUTO_INCREMENT=24;

--
-- AUTO_INCREMENT für Tabelle `distributor_product_prices`
--
ALTER TABLE `distributor_product_prices`
  MODIFY `distributor_product_prices_id` int(11) NOT NULL AUTO_INCREMENT, AUTO_INCREMENT=17;

--
-- AUTO_INCREMENT für Tabelle `ebayapi_favorites`
--
ALTER TABLE `ebayapi_favorites`
  MODIFY `favorite_id` int(11) NOT NULL AUTO_INCREMENT;

--
-- AUTO_INCREMENT für Tabelle `ebayapi_favorites_characteristics`
--
ALTER TABLE `ebayapi_favorites_characteristics`
  MODIFY `ebayapi_favorites_characteristics_id` int(11) NOT NULL AUTO_INCREMENT;

--
-- AUTO_INCREMENT für Tabelle `ebayapi_favorites_itemconditions`
--
ALTER TABLE `ebayapi_favorites_itemconditions`
  MODIFY `ebayapi_favorites_itemconditions_id` int(11) NOT NULL AUTO_INCREMENT;

--
-- AUTO_INCREMENT für Tabelle `ebay_auctions`
--
ALTER TABLE `ebay_auctions`
  MODIFY `id` int(11) NOT NULL AUTO_INCREMENT;

--
-- AUTO_INCREMENT für Tabelle `ebay_auctions_characteristics`
--
ALTER TABLE `ebay_auctions_characteristics`
  MODIFY `ebay_auctions_characteristics_id` int(11) NOT NULL AUTO_INCREMENT;

--
-- AUTO_INCREMENT für Tabelle `ebay_auctions_energy_efficiency`
--
ALTER TABLE `ebay_auctions_energy_efficiency`
  MODIFY `ebay_auctions_energy_efficiency_id` int(11) NOT NULL AUTO_INCREMENT;

--
-- AUTO_INCREMENT für Tabelle `ebay_auctions_fees`
--
ALTER TABLE `ebay_auctions_fees`
  MODIFY `ebay_auctions_fees_id` int(11) NOT NULL AUTO_INCREMENT;

--
-- AUTO_INCREMENT für Tabelle `ebay_auctions_itemspecifics`
--
ALTER TABLE `ebay_auctions_itemspecifics`
  MODIFY `ebay_auctions_itemspecifics_id` int(11) NOT NULL AUTO_INCREMENT;

--
-- AUTO_INCREMENT für Tabelle `ebay_auctions_manufacturers`
--
ALTER TABLE `ebay_auctions_manufacturers`
  MODIFY `ebay_auctions_manufacturers_id` int(11) NOT NULL AUTO_INCREMENT;

--
-- AUTO_INCREMENT für Tabelle `ebay_auctions_payments`
--
ALTER TABLE `ebay_auctions_payments`
  MODIFY `ebay_auctions_payments_id` int(11) NOT NULL AUTO_INCREMENT;

--
-- AUTO_INCREMENT für Tabelle `ebay_auctions_price_revise`
--
ALTER TABLE `ebay_auctions_price_revise`
  MODIFY `ebay_auctions_price_revise_id` int(11) NOT NULL AUTO_INCREMENT;

--
-- AUTO_INCREMENT für Tabelle `ebay_auctions_price_revise_auctions`
--
ALTER TABLE `ebay_auctions_price_revise_auctions`
  MODIFY `ebay_auctions_price_revise_auctions_id` int(11) NOT NULL AUTO_INCREMENT;

--
-- AUTO_INCREMENT für Tabelle `ebay_auctions_productsafety`
--
ALTER TABLE `ebay_auctions_productsafety`
  MODIFY `ebay_auctions_productsafety_id` int(11) NOT NULL AUTO_INCREMENT;

--
-- AUTO_INCREMENT für Tabelle `ebay_auctions_properties`
--
ALTER TABLE `ebay_auctions_properties`
  MODIFY `ebay_auctions_properties_id` int(11) NOT NULL AUTO_INCREMENT;

--
-- AUTO_INCREMENT für Tabelle `ebay_auctions_properties_description`
--
ALTER TABLE `ebay_auctions_properties_description`
  MODIFY `ebay_auctions_properties_description_id` int(11) NOT NULL AUTO_INCREMENT;

--
-- AUTO_INCREMENT für Tabelle `ebay_auctions_properties_values`
--
ALTER TABLE `ebay_auctions_properties_values`
  MODIFY `ebay_auctions_properties_values_id` int(11) NOT NULL AUTO_INCREMENT;

--
-- AUTO_INCREMENT für Tabelle `ebay_auctions_properties_values_description`
--
ALTER TABLE `ebay_auctions_properties_values_description`
  MODIFY `ebay_auctions_properties_values_description_id` int(11) NOT NULL AUTO_INCREMENT;

--
-- AUTO_INCREMENT für Tabelle `ebay_auctions_quantity_history`
--
ALTER TABLE `ebay_auctions_quantity_history`
  MODIFY `ebay_auctions_quantity_history_id` int(11) NOT NULL AUTO_INCREMENT;

--
-- AUTO_INCREMENT für Tabelle `ebay_auctions_regulatory_documents`
--
ALTER TABLE `ebay_auctions_regulatory_documents`
  MODIFY `ebay_auctions_regulatory_documents_id` int(11) NOT NULL AUTO_INCREMENT;

--
-- AUTO_INCREMENT für Tabelle `ebay_auctions_regulatory_hazmats`
--
ALTER TABLE `ebay_auctions_regulatory_hazmats`
  MODIFY `ebay_auctions_regulatory_hazmats_id` int(11) NOT NULL AUTO_INCREMENT;

--
-- AUTO_INCREMENT für Tabelle `ebay_auctions_responsible_persons`
--
ALTER TABLE `ebay_auctions_responsible_persons`
  MODIFY `ebay_auctions_responsible_persons_id` int(11) NOT NULL AUTO_INCREMENT;

--
-- AUTO_INCREMENT für Tabelle `ebay_auctions_shippings`
--
ALTER TABLE `ebay_auctions_shippings`
  MODIFY `ebay_auctions_shippings_id` int(11) NOT NULL AUTO_INCREMENT;

--
-- AUTO_INCREMENT für Tabelle `ebay_auctions_shippings_locations`
--
ALTER TABLE `ebay_auctions_shippings_locations`
  MODIFY `ebay_auctions_shippings_locations_id` int(11) NOT NULL AUTO_INCREMENT;

--
-- AUTO_INCREMENT für Tabelle `ebay_auctions_variations`
--
ALTER TABLE `ebay_auctions_variations`
  MODIFY `ebay_auctions_variations_id` int(11) NOT NULL AUTO_INCREMENT;

--
-- AUTO_INCREMENT für Tabelle `ebay_auctions_videos`
--
ALTER TABLE `ebay_auctions_videos`
  MODIFY `ebay_auctions_videos_id` int(11) NOT NULL AUTO_INCREMENT;

--
-- AUTO_INCREMENT für Tabelle `ebay_auth`
--
ALTER TABLE `ebay_auth`
  MODIFY `Id` int(6) UNSIGNED NOT NULL AUTO_INCREMENT, AUTO_INCREMENT=3;

--
-- AUTO_INCREMENT für Tabelle `ebay_automatics`
--
ALTER TABLE `ebay_automatics`
  MODIFY `ebay_automatics_id` int(11) NOT NULL AUTO_INCREMENT;

--
-- AUTO_INCREMENT für Tabelle `ebay_automatics_daily`
--
ALTER TABLE `ebay_automatics_daily`
  MODIFY `ebay_automatics_daily_id` int(11) NOT NULL AUTO_INCREMENT;

--
-- AUTO_INCREMENT für Tabelle `ebay_bestoffer_matrix`
--
ALTER TABLE `ebay_bestoffer_matrix`
  MODIFY `ebay_bestoffer_matrix_id` int(11) NOT NULL AUTO_INCREMENT;

--
-- AUTO_INCREMENT für Tabelle `ebay_brand_aliases`
--
ALTER TABLE `ebay_brand_aliases`
  MODIFY `ebay_brand_aliases_id` int(11) NOT NULL AUTO_INCREMENT, AUTO_INCREMENT=56;

--
-- AUTO_INCREMENT für Tabelle `ebay_calls`
--
ALTER TABLE `ebay_calls`
  MODIFY `id` int(11) NOT NULL AUTO_INCREMENT;

--
-- AUTO_INCREMENT für Tabelle `ebay_customers`
--
ALTER TABLE `ebay_customers`
  MODIFY `id` int(11) NOT NULL AUTO_INCREMENT;

--
-- AUTO_INCREMENT für Tabelle `ebay_default_characteristics`
--
ALTER TABLE `ebay_default_characteristics`
  MODIFY `ebay_default_characteristics_id` int(11) NOT NULL AUTO_INCREMENT;

--
-- AUTO_INCREMENT für Tabelle `ebay_default_itemspecifics`
--
ALTER TABLE `ebay_default_itemspecifics`
  MODIFY `ebay_default_itemspecifics_id` int(11) NOT NULL AUTO_INCREMENT;

--
-- AUTO_INCREMENT für Tabelle `ebay_default_payments`
--
ALTER TABLE `ebay_default_payments`
  MODIFY `ebay_default_payments_id` int(11) NOT NULL AUTO_INCREMENT, AUTO_INCREMENT=2;

--
-- AUTO_INCREMENT für Tabelle `ebay_default_shippings`
--
ALTER TABLE `ebay_default_shippings`
  MODIFY `ebay_default_shippings_id` int(11) NOT NULL AUTO_INCREMENT, AUTO_INCREMENT=2;

--
-- AUTO_INCREMENT für Tabelle `ebay_default_shippings_locations`
--
ALTER TABLE `ebay_default_shippings_locations`
  MODIFY `ebay_default_shippings_locations_id` int(11) NOT NULL AUTO_INCREMENT;

--
-- AUTO_INCREMENT für Tabelle `ebay_disputes`
--
ALTER TABLE `ebay_disputes`
  MODIFY `id` int(11) NOT NULL AUTO_INCREMENT;

--
-- AUTO_INCREMENT für Tabelle `ebay_emails`
--
ALTER TABLE `ebay_emails`
  MODIFY `id` int(11) NOT NULL AUTO_INCREMENT, AUTO_INCREMENT=11112;

--
-- AUTO_INCREMENT für Tabelle `ebay_email_attachments`
--
ALTER TABLE `ebay_email_attachments`
  MODIFY `ebay_email_attachments_id` int(11) NOT NULL AUTO_INCREMENT, AUTO_INCREMENT=3337;

--
-- AUTO_INCREMENT für Tabelle `ebay_external_payments`
--
ALTER TABLE `ebay_external_payments`
  MODIFY `ebay_external_payments_id` int(11) NOT NULL AUTO_INCREMENT;

--
-- AUTO_INCREMENT für Tabelle `ebay_feedback`
--
ALTER TABLE `ebay_feedback`
  MODIFY `id` int(11) NOT NULL AUTO_INCREMENT, AUTO_INCREMENT=2;

--
-- AUTO_INCREMENT für Tabelle `ebay_import_variations_images`
--
ALTER TABLE `ebay_import_variations_images`
  MODIFY `ebay_import_variations_images_id` int(11) NOT NULL AUTO_INCREMENT;

--
-- AUTO_INCREMENT für Tabelle `ebay_libri_filters`
--
ALTER TABLE `ebay_libri_filters`
  MODIFY `ebay_libri_filters_id` int(11) NOT NULL AUTO_INCREMENT;

--
-- AUTO_INCREMENT für Tabelle `ebay_media_documents`
--
ALTER TABLE `ebay_media_documents`
  MODIFY `ebay_media_documents_id` int(11) NOT NULL AUTO_INCREMENT;

--
-- AUTO_INCREMENT für Tabelle `ebay_media_videos`
--
ALTER TABLE `ebay_media_videos`
  MODIFY `ebay_media_videos_id` int(11) NOT NULL AUTO_INCREMENT;

--
-- AUTO_INCREMENT für Tabelle `ebay_mpn_aliases`
--
ALTER TABLE `ebay_mpn_aliases`
  MODIFY `ebay_mpn_aliases_id` int(11) NOT NULL AUTO_INCREMENT, AUTO_INCREMENT=51;

--
-- AUTO_INCREMENT für Tabelle `ebay_multi_edit`
--
ALTER TABLE `ebay_multi_edit`
  MODIFY `ebay_multi_edit_id` int(11) NOT NULL AUTO_INCREMENT;

--
-- AUTO_INCREMENT für Tabelle `ebay_multi_edit_items`
--
ALTER TABLE `ebay_multi_edit_items`
  MODIFY `ebay_multi_edit_items_id` int(11) NOT NULL AUTO_INCREMENT;

--
-- AUTO_INCREMENT für Tabelle `ebay_multi_edit_price_revise`
--
ALTER TABLE `ebay_multi_edit_price_revise`
  MODIFY `ebay_multi_edit_price_revise_id` int(11) NOT NULL AUTO_INCREMENT;

--
-- AUTO_INCREMENT für Tabelle `ebay_mymessage`
--
ALTER TABLE `ebay_mymessage`
  MODIFY `ebay_mymessage_id` int(11) NOT NULL AUTO_INCREMENT;

--
-- AUTO_INCREMENT für Tabelle `ebay_mymessage_reply`
--
ALTER TABLE `ebay_mymessage_reply`
  MODIFY `ebay_mymessage_reply_id` int(11) NOT NULL AUTO_INCREMENT;

--
-- AUTO_INCREMENT für Tabelle `ebay_orders`
--
ALTER TABLE `ebay_orders`
  MODIFY `ebay_orders_id` int(11) NOT NULL AUTO_INCREMENT;

--
-- AUTO_INCREMENT für Tabelle `ebay_orders_items`
--
ALTER TABLE `ebay_orders_items`
  MODIFY `ebay_orders_items_id` int(11) NOT NULL AUTO_INCREMENT;

--
-- AUTO_INCREMENT für Tabelle `ebay_orders_oos`
--
ALTER TABLE `ebay_orders_oos`
  MODIFY `ebay_orders_oos_id` int(11) NOT NULL AUTO_INCREMENT;

--
-- AUTO_INCREMENT für Tabelle `ebay_payments`
--
ALTER TABLE `ebay_payments`
  MODIFY `ebay_payments_id` int(11) NOT NULL AUTO_INCREMENT;

--
-- AUTO_INCREMENT für Tabelle `ebay_personal_offers`
--
ALTER TABLE `ebay_personal_offers`
  MODIFY `ebay_personal_offers` int(11) NOT NULL AUTO_INCREMENT;

--
-- AUTO_INCREMENT für Tabelle `ebay_products`
--
ALTER TABLE `ebay_products`
  MODIFY `id` int(11) NOT NULL AUTO_INCREMENT, AUTO_INCREMENT=21;

--
-- AUTO_INCREMENT für Tabelle `ebay_products_characteristics`
--
ALTER TABLE `ebay_products_characteristics`
  MODIFY `ebay_products_characteristics_id` int(11) NOT NULL AUTO_INCREMENT;

--
-- AUTO_INCREMENT für Tabelle `ebay_products_energy_efficiency`
--
ALTER TABLE `ebay_products_energy_efficiency`
  MODIFY `ebay_products_energy_efficiency_id` int(11) NOT NULL AUTO_INCREMENT;

--
-- AUTO_INCREMENT für Tabelle `ebay_products_history`
--
ALTER TABLE `ebay_products_history`
  MODIFY `ebay_products_history_id` int(11) NOT NULL AUTO_INCREMENT, AUTO_INCREMENT=35;

--
-- AUTO_INCREMENT für Tabelle `ebay_products_itemspecifics`
--
ALTER TABLE `ebay_products_itemspecifics`
  MODIFY `ebay_products_itemspecifics_id` int(11) NOT NULL AUTO_INCREMENT, AUTO_INCREMENT=13;

--
-- AUTO_INCREMENT für Tabelle `ebay_products_itemspecifics_recommendations`
--
ALTER TABLE `ebay_products_itemspecifics_recommendations`
  MODIFY `ebay_products_itemspecifics_recommendations_id` int(11) NOT NULL AUTO_INCREMENT;

--
-- AUTO_INCREMENT für Tabelle `ebay_products_manufacturers`
--
ALTER TABLE `ebay_products_manufacturers`
  MODIFY `ebay_products_manufacturers_id` int(11) NOT NULL AUTO_INCREMENT;

--
-- AUTO_INCREMENT für Tabelle `ebay_products_payments`
--
ALTER TABLE `ebay_products_payments`
  MODIFY `ebay_products_payments_id` int(11) NOT NULL AUTO_INCREMENT, AUTO_INCREMENT=103;

--
-- AUTO_INCREMENT für Tabelle `ebay_products_productsafety`
--
ALTER TABLE `ebay_products_productsafety`
  MODIFY `ebay_products_productsafety_id` int(11) NOT NULL AUTO_INCREMENT;

--
-- AUTO_INCREMENT für Tabelle `ebay_products_properties`
--
ALTER TABLE `ebay_products_properties`
  MODIFY `ebay_products_properties_id` int(11) NOT NULL AUTO_INCREMENT;

--
-- AUTO_INCREMENT für Tabelle `ebay_products_properties_description`
--
ALTER TABLE `ebay_products_properties_description`
  MODIFY `ebay_products_properties_description_id` int(11) NOT NULL AUTO_INCREMENT;

--
-- AUTO_INCREMENT für Tabelle `ebay_products_properties_values`
--
ALTER TABLE `ebay_products_properties_values`
  MODIFY `ebay_products_properties_values_id` int(11) NOT NULL AUTO_INCREMENT;

--
-- AUTO_INCREMENT für Tabelle `ebay_products_properties_values_description`
--
ALTER TABLE `ebay_products_properties_values_description`
  MODIFY `ebay_products_properties_values_description_id` int(11) NOT NULL AUTO_INCREMENT;

--
-- AUTO_INCREMENT für Tabelle `ebay_products_regulatory_documents`
--
ALTER TABLE `ebay_products_regulatory_documents`
  MODIFY `ebay_products_regulatory_documents_id` int(11) NOT NULL AUTO_INCREMENT;

--
-- AUTO_INCREMENT für Tabelle `ebay_products_regulatory_hazmats`
--
ALTER TABLE `ebay_products_regulatory_hazmats`
  MODIFY `ebay_products_regulatory_hazmats_id` int(11) NOT NULL AUTO_INCREMENT;

--
-- AUTO_INCREMENT für Tabelle `ebay_products_responsible_persons`
--
ALTER TABLE `ebay_products_responsible_persons`
  MODIFY `ebay_products_responsible_persons_id` int(11) NOT NULL AUTO_INCREMENT;

--
-- AUTO_INCREMENT für Tabelle `ebay_products_shippings`
--
ALTER TABLE `ebay_products_shippings`
  MODIFY `ebay_products_shippings_id` int(11) NOT NULL AUTO_INCREMENT, AUTO_INCREMENT=12;

--
-- AUTO_INCREMENT für Tabelle `ebay_products_shippings_locations`
--
ALTER TABLE `ebay_products_shippings_locations`
  MODIFY `ebay_products_shippings_locations_id` int(11) NOT NULL AUTO_INCREMENT;

--
-- AUTO_INCREMENT für Tabelle `ebay_products_to_categories`
--
ALTER TABLE `ebay_products_to_categories`
  MODIFY `id` int(11) NOT NULL AUTO_INCREMENT;

--
-- AUTO_INCREMENT für Tabelle `ebay_products_variations`
--
ALTER TABLE `ebay_products_variations`
  MODIFY `ebay_products_variations_id` int(11) NOT NULL AUTO_INCREMENT;

--
-- AUTO_INCREMENT für Tabelle `ebay_products_videos`
--
ALTER TABLE `ebay_products_videos`
  MODIFY `ebay_products_videos_id` int(11) NOT NULL AUTO_INCREMENT;

--
-- AUTO_INCREMENT für Tabelle `ebay_sammler`
--
ALTER TABLE `ebay_sammler`
  MODIFY `id` int(11) NOT NULL AUTO_INCREMENT, AUTO_INCREMENT=6;

--
-- AUTO_INCREMENT für Tabelle `ebay_sammler_characteristics`
--
ALTER TABLE `ebay_sammler_characteristics`
  MODIFY `ebay_sammler_characteristics_id` int(11) NOT NULL AUTO_INCREMENT;

--
-- AUTO_INCREMENT für Tabelle `ebay_sammler_copy`
--
ALTER TABLE `ebay_sammler_copy`
  MODIFY `ebay_sammler_copy_id` int(11) NOT NULL AUTO_INCREMENT, AUTO_INCREMENT=18;

--
-- AUTO_INCREMENT für Tabelle `ebay_sammler_itemspecifics`
--
ALTER TABLE `ebay_sammler_itemspecifics`
  MODIFY `ebay_sammler_itemspecifics_id` int(11) NOT NULL AUTO_INCREMENT, AUTO_INCREMENT=8;

--
-- AUTO_INCREMENT für Tabelle `ebay_sammler_itemspecifics_recommendations`
--
ALTER TABLE `ebay_sammler_itemspecifics_recommendations`
  MODIFY `ebay_sammler_itemspecifics_recommendations_id` int(11) NOT NULL AUTO_INCREMENT;

--
-- AUTO_INCREMENT für Tabelle `ebay_sammler_payments`
--
ALTER TABLE `ebay_sammler_payments`
  MODIFY `ebay_sammler_payments_id` int(11) NOT NULL AUTO_INCREMENT, AUTO_INCREMENT=63;

--
-- AUTO_INCREMENT für Tabelle `ebay_sammler_shippings`
--
ALTER TABLE `ebay_sammler_shippings`
  MODIFY `ebay_sammler_shippings_id` int(11) NOT NULL AUTO_INCREMENT, AUTO_INCREMENT=4;

--
-- AUTO_INCREMENT für Tabelle `ebay_sammler_shippings_locations`
--
ALTER TABLE `ebay_sammler_shippings_locations`
  MODIFY `ebay_sammler_shippings_locations_id` int(11) NOT NULL AUTO_INCREMENT;

--
-- AUTO_INCREMENT für Tabelle `ebay_seller_profiles`
--
ALTER TABLE `ebay_seller_profiles`
  MODIFY `ebay_seller_profiles_id` int(11) NOT NULL AUTO_INCREMENT;

--
-- AUTO_INCREMENT für Tabelle `ebay_sitecodes`
--
ALTER TABLE `ebay_sitecodes`
  MODIFY `ebay_sitecodes_id` int(11) NOT NULL AUTO_INCREMENT, AUTO_INCREMENT=24;

--
-- AUTO_INCREMENT für Tabelle `ebay_template_excludes`
--
ALTER TABLE `ebay_template_excludes`
  MODIFY `id` int(11) NOT NULL AUTO_INCREMENT;

--
-- AUTO_INCREMENT für Tabelle `ebay_textitems`
--
ALTER TABLE `ebay_textitems`
  MODIFY `id` int(11) NOT NULL AUTO_INCREMENT, AUTO_INCREMENT=14;

--
-- AUTO_INCREMENT für Tabelle `ebay_timingdelays`
--
ALTER TABLE `ebay_timingdelays`
  MODIFY `timing_delay_id` int(11) NOT NULL AUTO_INCREMENT, AUTO_INCREMENT=24;

--
-- AUTO_INCREMENT für Tabelle `ebay_transactions`
--
ALTER TABLE `ebay_transactions`
  MODIFY `id` int(11) NOT NULL AUTO_INCREMENT;

--
-- AUTO_INCREMENT für Tabelle `ebay_uuid`
--
ALTER TABLE `ebay_uuid`
  MODIFY `UUID` int(11) NOT NULL AUTO_INCREMENT, AUTO_INCREMENT=2;

--
-- AUTO_INCREMENT für Tabelle `ebay_variations`
--
ALTER TABLE `ebay_variations`
  MODIFY `ebay_variations_id` int(11) NOT NULL AUTO_INCREMENT;

--
-- AUTO_INCREMENT für Tabelle `ebay_variationspecificssets`
--
ALTER TABLE `ebay_variationspecificssets`
  MODIFY `ebay_variationspecificssets_id` int(11) NOT NULL AUTO_INCREMENT;

--
-- AUTO_INCREMENT für Tabelle `ebay_variations_pictures`
--
ALTER TABLE `ebay_variations_pictures`
  MODIFY `ebay_variations_pictures_id` int(11) NOT NULL AUTO_INCREMENT;

--
-- AUTO_INCREMENT für Tabelle `ebay_variations_pictures_sets`
--
ALTER TABLE `ebay_variations_pictures_sets`
  MODIFY `ebay_variations_pictures_sets_id` int(11) NOT NULL AUTO_INCREMENT;

--
-- AUTO_INCREMENT für Tabelle `ebay_variations_pictures_sets_urls`
--
ALTER TABLE `ebay_variations_pictures_sets_urls`
  MODIFY `ebay_variations_pictures_sets_urls_id` int(11) NOT NULL AUTO_INCREMENT;

--
-- AUTO_INCREMENT für Tabelle `ebay_variations_sets`
--
ALTER TABLE `ebay_variations_sets`
  MODIFY `ebay_variations_sets_id` int(11) NOT NULL AUTO_INCREMENT;

--
-- AUTO_INCREMENT für Tabelle `ebay_variations_variationspecifics`
--
ALTER TABLE `ebay_variations_variationspecifics`
  MODIFY `ebay_variations_variationspecifics_id` int(11) NOT NULL AUTO_INCREMENT;

--
-- AUTO_INCREMENT für Tabelle `ebay_warning_history`
--
ALTER TABLE `ebay_warning_history`
  MODIFY `id` int(11) NOT NULL AUTO_INCREMENT, AUTO_INCREMENT=26;

--
-- AUTO_INCREMENT für Tabelle `email_staff_allocation`
--
ALTER TABLE `email_staff_allocation`
  MODIFY `email_staff_allocation_id` int(11) NOT NULL AUTO_INCREMENT;

--
-- AUTO_INCREMENT für Tabelle `email_staff_allocation_history`
--
ALTER TABLE `email_staff_allocation_history`
  MODIFY `email_staff_allocation_history_id` int(11) NOT NULL AUTO_INCREMENT;

--
-- AUTO_INCREMENT für Tabelle `event`
--
ALTER TABLE `event`
  MODIFY `event_id` int(11) NOT NULL AUTO_INCREMENT;

--
-- AUTO_INCREMENT für Tabelle `events_to_event_tickets`
--
ALTER TABLE `events_to_event_tickets`
  MODIFY `events_to_event_tickets_id` int(11) NOT NULL AUTO_INCREMENT;

--
-- AUTO_INCREMENT für Tabelle `event_dates`
--
ALTER TABLE `event_dates`
  MODIFY `event_dates_id` int(11) NOT NULL AUTO_INCREMENT;

--
-- AUTO_INCREMENT für Tabelle `event_dates_timer`
--
ALTER TABLE `event_dates_timer`
  MODIFY `event_dates_timer_id` int(11) NOT NULL AUTO_INCREMENT;

--
-- AUTO_INCREMENT für Tabelle `event_tickets`
--
ALTER TABLE `event_tickets`
  MODIFY `event_tickets_id` int(11) NOT NULL AUTO_INCREMENT;

--
-- AUTO_INCREMENT für Tabelle `event_tickets_description`
--
ALTER TABLE `event_tickets_description`
  MODIFY `event_tickets_description_id` int(11) NOT NULL AUTO_INCREMENT;

--
-- AUTO_INCREMENT für Tabelle `feedback_reminder`
--
ALTER TABLE `feedback_reminder`
  MODIFY `feedback_reminder_id` int(11) NOT NULL AUTO_INCREMENT;

--
-- AUTO_INCREMENT für Tabelle `flashpoint_import_configuration`
--
ALTER TABLE `flashpoint_import_configuration`
  MODIFY `flashpoint_import_configuration_id` int(11) NOT NULL AUTO_INCREMENT;

--
-- AUTO_INCREMENT für Tabelle `geo_zones`
--
ALTER TABLE `geo_zones`
  MODIFY `geo_zone_id` int(11) NOT NULL AUTO_INCREMENT, AUTO_INCREMENT=35;

--
-- AUTO_INCREMENT für Tabelle `groups`
--
ALTER TABLE `groups`
  MODIFY `groups_id` int(11) NOT NULL AUTO_INCREMENT, AUTO_INCREMENT=11;

--
-- AUTO_INCREMENT für Tabelle `groups_tax_rates_allocation`
--
ALTER TABLE `groups_tax_rates_allocation`
  MODIFY `groups_tax_rates_allocation_id` int(11) NOT NULL AUTO_INCREMENT;

--
-- AUTO_INCREMENT für Tabelle `group_history`
--
ALTER TABLE `group_history`
  MODIFY `group_history_id` int(11) NOT NULL AUTO_INCREMENT, AUTO_INCREMENT=17;

--
-- AUTO_INCREMENT für Tabelle `hermes`
--
ALTER TABLE `hermes`
  MODIFY `id` int(11) NOT NULL AUTO_INCREMENT;

--
-- AUTO_INCREMENT für Tabelle `hermes_countries`
--
ALTER TABLE `hermes_countries`
  MODIFY `id` int(11) NOT NULL AUTO_INCREMENT;

--
-- AUTO_INCREMENT für Tabelle `hermes_status_dispos`
--
ALTER TABLE `hermes_status_dispos`
  MODIFY `hermes_status_dispos_id` int(11) NOT NULL AUTO_INCREMENT;

--
-- AUTO_INCREMENT für Tabelle `hermes_status_itemstock`
--
ALTER TABLE `hermes_status_itemstock`
  MODIFY `hermes_status_itemstock_id` int(11) NOT NULL AUTO_INCREMENT;

--
-- AUTO_INCREMENT für Tabelle `hermes_status_orderstat`
--
ALTER TABLE `hermes_status_orderstat`
  MODIFY `hermes_status_orderstat_id` int(11) NOT NULL AUTO_INCREMENT;

--
-- AUTO_INCREMENT für Tabelle `history`
--
ALTER TABLE `history`
  MODIFY `history_id` int(11) NOT NULL AUTO_INCREMENT, AUTO_INCREMENT=1632;

--
-- AUTO_INCREMENT für Tabelle `history_bestand`
--
ALTER TABLE `history_bestand`
  MODIFY `id` int(11) NOT NULL AUTO_INCREMENT, AUTO_INCREMENT=12611;

--
-- AUTO_INCREMENT für Tabelle `incoming_payments`
--
ALTER TABLE `incoming_payments`
  MODIFY `id` int(11) UNSIGNED NOT NULL AUTO_INCREMENT, AUTO_INCREMENT=2062;

--
-- AUTO_INCREMENT für Tabelle `incoming_payment_mask`
--
ALTER TABLE `incoming_payment_mask`
  MODIFY `Id` int(6) UNSIGNED NOT NULL AUTO_INCREMENT;

--
-- AUTO_INCREMENT für Tabelle `kasse`
--
ALTER TABLE `kasse`
  MODIFY `id` int(11) NOT NULL AUTO_INCREMENT, AUTO_INCREMENT=10;

--
-- AUTO_INCREMENT für Tabelle `kasse_payments`
--
ALTER TABLE `kasse_payments`
  MODIFY `kasse_payments_id` int(11) NOT NULL AUTO_INCREMENT, AUTO_INCREMENT=5;

--
-- AUTO_INCREMENT für Tabelle `languages`
--
ALTER TABLE `languages`
  MODIFY `languages_id` int(11) NOT NULL AUTO_INCREMENT, AUTO_INCREMENT=3;

--
-- AUTO_INCREMENT für Tabelle `lawyer_export`
--
ALTER TABLE `lawyer_export`
  MODIFY `lawyer_export_id` int(1) NOT NULL AUTO_INCREMENT, AUTO_INCREMENT=2;

--
-- AUTO_INCREMENT für Tabelle `libri_warengruppen`
--
ALTER TABLE `libri_warengruppen`
  MODIFY `libri_warengruppen_id` int(11) NOT NULL AUTO_INCREMENT;

--
-- AUTO_INCREMENT für Tabelle `manufacturers`
--
ALTER TABLE `manufacturers`
  MODIFY `manufacturers_id` int(11) NOT NULL AUTO_INCREMENT, AUTO_INCREMENT=10;

--
-- AUTO_INCREMENT für Tabelle `media_content`
--
ALTER TABLE `media_content`
  MODIFY `file_id` int(11) NOT NULL AUTO_INCREMENT;

--
-- AUTO_INCREMENT für Tabelle `module_newsletter`
--
ALTER TABLE `module_newsletter`
  MODIFY `newsletter_id` int(11) NOT NULL AUTO_INCREMENT;

--
-- AUTO_INCREMENT für Tabelle `module_newsletter_temp_1`
--
ALTER TABLE `module_newsletter_temp_1`
  MODIFY `id` int(11) NOT NULL AUTO_INCREMENT;

--
-- AUTO_INCREMENT für Tabelle `newsletters`
--
ALTER TABLE `newsletters`
  MODIFY `newsletters_id` int(11) NOT NULL AUTO_INCREMENT;

--
-- AUTO_INCREMENT für Tabelle `newsletter_recipients`
--
ALTER TABLE `newsletter_recipients`
  MODIFY `mail_id` int(11) NOT NULL AUTO_INCREMENT, AUTO_INCREMENT=22;

--
-- AUTO_INCREMENT für Tabelle `nmedia_serien`
--
ALTER TABLE `nmedia_serien`
  MODIFY `nmedia_serien_id` int(11) NOT NULL AUTO_INCREMENT;

--
-- AUTO_INCREMENT für Tabelle `Notice_folders`
--
ALTER TABLE `Notice_folders`
  MODIFY `Notice_folders_id` int(11) NOT NULL AUTO_INCREMENT, AUTO_INCREMENT=3;

--
-- AUTO_INCREMENT für Tabelle `Notice_notes`
--
ALTER TABLE `Notice_notes`
  MODIFY `id` int(11) NOT NULL AUTO_INCREMENT, AUTO_INCREMENT=631;

--
-- AUTO_INCREMENT für Tabelle `Notice_reminder`
--
ALTER TABLE `Notice_reminder`
  MODIFY `Notice_reminder_id` int(11) NOT NULL AUTO_INCREMENT;

--
-- AUTO_INCREMENT für Tabelle `Notice_rules`
--
ALTER TABLE `Notice_rules`
  MODIFY `Notice_rules_id` int(11) NOT NULL AUTO_INCREMENT;

--
-- AUTO_INCREMENT für Tabelle `orders_costs`
--
ALTER TABLE `orders_costs`
  MODIFY `orders_costs_id` int(11) NOT NULL AUTO_INCREMENT, AUTO_INCREMENT=4515;

--
-- AUTO_INCREMENT für Tabelle `orders_dhl_paketsteuerung`
--
ALTER TABLE `orders_dhl_paketsteuerung`
  MODIFY `orders_dhl_paketsteuerung_id` int(11) NOT NULL AUTO_INCREMENT;

--
-- AUTO_INCREMENT für Tabelle `orders_pallets`
--
ALTER TABLE `orders_pallets`
  MODIFY `orders_pallets_id` int(11) NOT NULL AUTO_INCREMENT;

--
-- AUTO_INCREMENT für Tabelle `orders_pallets_items`
--
ALTER TABLE `orders_pallets_items`
  MODIFY `orders_pallets_items_id` int(11) NOT NULL AUTO_INCREMENT;

--
-- AUTO_INCREMENT für Tabelle `orders_paymentinstructions`
--
ALTER TABLE `orders_paymentinstructions`
  MODIFY `orders_paymentinstructions_id` int(11) NOT NULL AUTO_INCREMENT;

--
-- AUTO_INCREMENT für Tabelle `orders_products`
--
ALTER TABLE `orders_products`
  MODIFY `orders_products_id` int(11) NOT NULL AUTO_INCREMENT, AUTO_INCREMENT=8225;

--
-- AUTO_INCREMENT für Tabelle `orders_products_attributes`
--
ALTER TABLE `orders_products_attributes`
  MODIFY `orders_products_attributes_id` int(11) NOT NULL AUTO_INCREMENT;

--
-- AUTO_INCREMENT für Tabelle `orders_products_download`
--
ALTER TABLE `orders_products_download`
  MODIFY `orders_products_download_id` int(11) NOT NULL AUTO_INCREMENT;

--
-- AUTO_INCREMENT für Tabelle `orders_products_price_fixing`
--
ALTER TABLE `orders_products_price_fixing`
  MODIFY `orders_products_price_fixing_id` int(11) NOT NULL AUTO_INCREMENT;

--
-- AUTO_INCREMENT für Tabelle `orders_products_properties`
--
ALTER TABLE `orders_products_properties`
  MODIFY `orders_products_properties_id` int(11) NOT NULL AUTO_INCREMENT, AUTO_INCREMENT=3;

--
-- AUTO_INCREMENT für Tabelle `orders_products_serials`
--
ALTER TABLE `orders_products_serials`
  MODIFY `orders_products_serials_id` int(11) NOT NULL AUTO_INCREMENT;

--
-- AUTO_INCREMENT für Tabelle `orders_recalculate`
--
ALTER TABLE `orders_recalculate`
  MODIFY `orders_recalculate_id` int(11) NOT NULL AUTO_INCREMENT, AUTO_INCREMENT=4741;

--
-- AUTO_INCREMENT für Tabelle `orders_status_history`
--
ALTER TABLE `orders_status_history`
  MODIFY `orders_status_history_id` int(11) NOT NULL AUTO_INCREMENT, AUTO_INCREMENT=46812;

--
-- AUTO_INCREMENT für Tabelle `orders_total`
--
ALTER TABLE `orders_total`
  MODIFY `orders_total_id` int(10) UNSIGNED NOT NULL AUTO_INCREMENT, AUTO_INCREMENT=14989;

--
-- AUTO_INCREMENT für Tabelle `otc`
--
ALTER TABLE `otc`
  MODIFY `otc_id` int(11) NOT NULL AUTO_INCREMENT, AUTO_INCREMENT=4;

--
-- AUTO_INCREMENT für Tabelle `packages_calc`
--
ALTER TABLE `packages_calc`
  MODIFY `id` int(11) NOT NULL AUTO_INCREMENT, AUTO_INCREMENT=1916;

--
-- AUTO_INCREMENT für Tabelle `packages_calc_dpd`
--
ALTER TABLE `packages_calc_dpd`
  MODIFY `packages_calc_dpd` int(11) NOT NULL AUTO_INCREMENT, AUTO_INCREMENT=412;

--
-- AUTO_INCREMENT für Tabelle `packages_calc_easylog`
--
ALTER TABLE `packages_calc_easylog`
  MODIFY `packages_calc_easylog_id` int(11) NOT NULL AUTO_INCREMENT, AUTO_INCREMENT=837;

--
-- AUTO_INCREMENT für Tabelle `packages_calc_fix`
--
ALTER TABLE `packages_calc_fix`
  MODIFY `id` int(11) NOT NULL AUTO_INCREMENT;

--
-- AUTO_INCREMENT für Tabelle `packages_calc_hermesweb`
--
ALTER TABLE `packages_calc_hermesweb`
  MODIFY `packages_calc_hermesweb_id` int(11) NOT NULL AUTO_INCREMENT;

--
-- AUTO_INCREMENT für Tabelle `packages_calc_UPS`
--
ALTER TABLE `packages_calc_UPS`
  MODIFY `packages_calc_ups_id` int(11) NOT NULL AUTO_INCREMENT, AUTO_INCREMENT=2;

--
-- AUTO_INCREMENT für Tabelle `packages_easytosend_calc`
--
ALTER TABLE `packages_easytosend_calc`
  MODIFY `id` int(11) NOT NULL AUTO_INCREMENT;

--
-- AUTO_INCREMENT für Tabelle `packages_postpaket_calc`
--
ALTER TABLE `packages_postpaket_calc`
  MODIFY `id` int(11) NOT NULL AUTO_INCREMENT;

--
-- AUTO_INCREMENT für Tabelle `packagings`
--
ALTER TABLE `packagings`
  MODIFY `packagings_id` int(11) NOT NULL AUTO_INCREMENT;

--
-- AUTO_INCREMENT für Tabelle `pangora`
--
ALTER TABLE `pangora`
  MODIFY `id` int(11) NOT NULL AUTO_INCREMENT;

--
-- AUTO_INCREMENT für Tabelle `payment_orders`
--
ALTER TABLE `payment_orders`
  MODIFY `payment_order_id` int(11) NOT NULL AUTO_INCREMENT, AUTO_INCREMENT=837;

--
-- AUTO_INCREMENT für Tabelle `paypal_status_history`
--
ALTER TABLE `paypal_status_history`
  MODIFY `payment_status_history_id` int(11) NOT NULL AUTO_INCREMENT;

--
-- AUTO_INCREMENT für Tabelle `personal_offers_by_customers_status_0`
--
ALTER TABLE `personal_offers_by_customers_status_0`
  MODIFY `price_id` int(11) NOT NULL AUTO_INCREMENT, AUTO_INCREMENT=283;

--
-- AUTO_INCREMENT für Tabelle `personal_offers_by_customers_status_1`
--
ALTER TABLE `personal_offers_by_customers_status_1`
  MODIFY `price_id` int(11) NOT NULL AUTO_INCREMENT, AUTO_INCREMENT=3892;

--
-- AUTO_INCREMENT für Tabelle `personal_offers_by_customers_status_2`
--
ALTER TABLE `personal_offers_by_customers_status_2`
  MODIFY `price_id` int(11) NOT NULL AUTO_INCREMENT, AUTO_INCREMENT=5440;

--
-- AUTO_INCREMENT für Tabelle `personal_offers_by_customers_status_3`
--
ALTER TABLE `personal_offers_by_customers_status_3`
  MODIFY `price_id` int(11) NOT NULL AUTO_INCREMENT, AUTO_INCREMENT=5444;

--
-- AUTO_INCREMENT für Tabelle `personal_offers_by_customers_status_4`
--
ALTER TABLE `personal_offers_by_customers_status_4`
  MODIFY `price_id` int(11) NOT NULL AUTO_INCREMENT, AUTO_INCREMENT=4156;

--
-- AUTO_INCREMENT für Tabelle `personal_offers_by_customers_status_5`
--
ALTER TABLE `personal_offers_by_customers_status_5`
  MODIFY `price_id` int(11) NOT NULL AUTO_INCREMENT, AUTO_INCREMENT=2695;

--
-- AUTO_INCREMENT für Tabelle `personal_offers_by_customers_status_6`
--
ALTER TABLE `personal_offers_by_customers_status_6`
  MODIFY `price_id` int(11) NOT NULL AUTO_INCREMENT, AUTO_INCREMENT=2695;

--
-- AUTO_INCREMENT für Tabelle `personal_offers_by_customers_status_7`
--
ALTER TABLE `personal_offers_by_customers_status_7`
  MODIFY `price_id` int(11) NOT NULL AUTO_INCREMENT, AUTO_INCREMENT=2622;

--
-- AUTO_INCREMENT für Tabelle `personal_offers_by_customers_status_8`
--
ALTER TABLE `personal_offers_by_customers_status_8`
  MODIFY `price_id` int(11) NOT NULL AUTO_INCREMENT, AUTO_INCREMENT=2245;

--
-- AUTO_INCREMENT für Tabelle `personal_offers_by_customers_status_9`
--
ALTER TABLE `personal_offers_by_customers_status_9`
  MODIFY `price_id` int(11) NOT NULL AUTO_INCREMENT, AUTO_INCREMENT=2203;

--
-- AUTO_INCREMENT für Tabelle `personal_offers_by_customers_status_10`
--
ALTER TABLE `personal_offers_by_customers_status_10`
  MODIFY `price_id` int(11) NOT NULL AUTO_INCREMENT, AUTO_INCREMENT=562;

--
-- AUTO_INCREMENT für Tabelle `personal_offers_by_customers_status_11`
--
ALTER TABLE `personal_offers_by_customers_status_11`
  MODIFY `price_id` int(11) NOT NULL AUTO_INCREMENT, AUTO_INCREMENT=118;

--
-- AUTO_INCREMENT für Tabelle `products`
--
ALTER TABLE `products`
  MODIFY `products_id` int(11) NOT NULL AUTO_INCREMENT, AUTO_INCREMENT=1518;

--
-- AUTO_INCREMENT für Tabelle `products_attributes`
--
ALTER TABLE `products_attributes`
  MODIFY `products_attributes_id` int(11) NOT NULL AUTO_INCREMENT;

--
-- AUTO_INCREMENT für Tabelle `products_characteristic`
--
ALTER TABLE `products_characteristic`
  MODIFY `products_characteristic_id` int(11) NOT NULL AUTO_INCREMENT, AUTO_INCREMENT=75;

--
-- AUTO_INCREMENT für Tabelle `products_characteristic_description`
--
ALTER TABLE `products_characteristic_description`
  MODIFY `products_characteristic_description_id` int(11) NOT NULL AUTO_INCREMENT, AUTO_INCREMENT=75;

--
-- AUTO_INCREMENT für Tabelle `products_characteristic_set`
--
ALTER TABLE `products_characteristic_set`
  MODIFY `products_characteristic_set_id` int(11) NOT NULL AUTO_INCREMENT, AUTO_INCREMENT=115;

--
-- AUTO_INCREMENT für Tabelle `products_characteristic_set_description`
--
ALTER TABLE `products_characteristic_set_description`
  MODIFY `products_characteristic_set_description` int(11) NOT NULL AUTO_INCREMENT, AUTO_INCREMENT=761;

--
-- AUTO_INCREMENT für Tabelle `products_characteristic_text_values`
--
ALTER TABLE `products_characteristic_text_values`
  MODIFY `products_characteristic_text_values_id` int(11) NOT NULL AUTO_INCREMENT, AUTO_INCREMENT=10850;

--
-- AUTO_INCREMENT für Tabelle `products_collies`
--
ALTER TABLE `products_collies`
  MODIFY `products_collies_id` int(11) NOT NULL AUTO_INCREMENT, AUTO_INCREMENT=7;

--
-- AUTO_INCREMENT für Tabelle `products_conditions`
--
ALTER TABLE `products_conditions`
  MODIFY `products_conditions_id` int(11) NOT NULL AUTO_INCREMENT, AUTO_INCREMENT=2;

--
-- AUTO_INCREMENT für Tabelle `products_conditions_description`
--
ALTER TABLE `products_conditions_description`
  MODIFY `products_conditions_description_id` int(11) NOT NULL AUTO_INCREMENT, AUTO_INCREMENT=2;

--
-- AUTO_INCREMENT für Tabelle `products_content`
--
ALTER TABLE `products_content`
  MODIFY `content_id` int(11) NOT NULL AUTO_INCREMENT, AUTO_INCREMENT=3;

--
-- AUTO_INCREMENT für Tabelle `products_content_description`
--
ALTER TABLE `products_content_description`
  MODIFY `products_content_description_id` int(11) NOT NULL AUTO_INCREMENT, AUTO_INCREMENT=2;

--
-- AUTO_INCREMENT für Tabelle `products_default_shipper`
--
ALTER TABLE `products_default_shipper`
  MODIFY `products_default_shipper_id` int(11) NOT NULL AUTO_INCREMENT, AUTO_INCREMENT=7499;

--
-- AUTO_INCREMENT für Tabelle `products_description`
--
ALTER TABLE `products_description`
  MODIFY `products_id` int(11) NOT NULL AUTO_INCREMENT, AUTO_INCREMENT=1518;

--
-- AUTO_INCREMENT für Tabelle `products_distributors`
--
ALTER TABLE `products_distributors`
  MODIFY `id` int(11) NOT NULL AUTO_INCREMENT, AUTO_INCREMENT=95;

--
-- AUTO_INCREMENT für Tabelle `products_distributors_stock`
--
ALTER TABLE `products_distributors_stock`
  MODIFY `products_distributors_stock_id` int(11) NOT NULL AUTO_INCREMENT;

--
-- AUTO_INCREMENT für Tabelle `products_email_notifications`
--
ALTER TABLE `products_email_notifications`
  MODIFY `products_email_notifications_id` int(11) NOT NULL AUTO_INCREMENT;

--
-- AUTO_INCREMENT für Tabelle `products_fake_sets`
--
ALTER TABLE `products_fake_sets`
  MODIFY `products_fake_sets_id` int(11) NOT NULL AUTO_INCREMENT;

--
-- AUTO_INCREMENT für Tabelle `products_google_feed_apparel`
--
ALTER TABLE `products_google_feed_apparel`
  MODIFY `products_google_feed_apparel_id` int(11) NOT NULL AUTO_INCREMENT;

--
-- AUTO_INCREMENT für Tabelle `products_google_feed_data`
--
ALTER TABLE `products_google_feed_data`
  MODIFY `products_google_feed_data_id` int(11) NOT NULL AUTO_INCREMENT;

--
-- AUTO_INCREMENT für Tabelle `products_history`
--
ALTER TABLE `products_history`
  MODIFY `products_history_id` int(11) NOT NULL AUTO_INCREMENT, AUTO_INCREMENT=85240;

--
-- AUTO_INCREMENT für Tabelle `products_images`
--
ALTER TABLE `products_images`
  MODIFY `image_id` int(11) NOT NULL AUTO_INCREMENT, AUTO_INCREMENT=1615;

--
-- AUTO_INCREMENT für Tabelle `products_master_keys`
--
ALTER TABLE `products_master_keys`
  MODIFY `products_master_keys_id` int(11) NOT NULL AUTO_INCREMENT, AUTO_INCREMENT=8;

--
-- AUTO_INCREMENT für Tabelle `products_master_keys_description`
--
ALTER TABLE `products_master_keys_description`
  MODIFY `products_master_keys_description_id` int(11) NOT NULL AUTO_INCREMENT, AUTO_INCREMENT=8;

--
-- AUTO_INCREMENT für Tabelle `products_meldebestand_customers`
--
ALTER TABLE `products_meldebestand_customers`
  MODIFY `products_meldebestand_customers_id` int(11) NOT NULL AUTO_INCREMENT;

--
-- AUTO_INCREMENT für Tabelle `products_options_values_to_products_options`
--
ALTER TABLE `products_options_values_to_products_options`
  MODIFY `products_options_values_to_products_options_id` int(11) NOT NULL AUTO_INCREMENT;

--
-- AUTO_INCREMENT für Tabelle `products_properties`
--
ALTER TABLE `products_properties`
  MODIFY `products_properties_id` int(11) NOT NULL AUTO_INCREMENT, AUTO_INCREMENT=4;

--
-- AUTO_INCREMENT für Tabelle `products_properties_description`
--
ALTER TABLE `products_properties_description`
  MODIFY `products_properties_description_id` int(11) NOT NULL AUTO_INCREMENT, AUTO_INCREMENT=4;

--
-- AUTO_INCREMENT für Tabelle `products_properties_values`
--
ALTER TABLE `products_properties_values`
  MODIFY `products_properties_values_id` int(11) NOT NULL AUTO_INCREMENT, AUTO_INCREMENT=12;

--
-- AUTO_INCREMENT für Tabelle `products_properties_values_description`
--
ALTER TABLE `products_properties_values_description`
  MODIFY `products_properties_values_description_id` int(11) NOT NULL AUTO_INCREMENT, AUTO_INCREMENT=12;

--
-- AUTO_INCREMENT für Tabelle `products_questions`
--
ALTER TABLE `products_questions`
  MODIFY `products_questions_id` int(11) NOT NULL AUTO_INCREMENT;

--
-- AUTO_INCREMENT für Tabelle `products_serials`
--
ALTER TABLE `products_serials`
  MODIFY `products_serials_id` int(11) NOT NULL AUTO_INCREMENT;

--
-- AUTO_INCREMENT für Tabelle `products_shipping_extra_charge`
--
ALTER TABLE `products_shipping_extra_charge`
  MODIFY `products_shipping_extra_charge_id` int(11) NOT NULL AUTO_INCREMENT;

--
-- AUTO_INCREMENT für Tabelle `products_storages`
--
ALTER TABLE `products_storages`
  MODIFY `id` int(11) NOT NULL AUTO_INCREMENT, AUTO_INCREMENT=4;

--
-- AUTO_INCREMENT für Tabelle `products_storages_history`
--
ALTER TABLE `products_storages_history`
  MODIFY `id` int(11) NOT NULL AUTO_INCREMENT;

--
-- AUTO_INCREMENT für Tabelle `products_tax_rates_allocation`
--
ALTER TABLE `products_tax_rates_allocation`
  MODIFY `products_tax_rates_allocation_id` int(11) NOT NULL AUTO_INCREMENT, AUTO_INCREMENT=38357;

--
-- AUTO_INCREMENT für Tabelle `products_to_characteristics`
--
ALTER TABLE `products_to_characteristics`
  MODIFY `products_to_characteristics_id` int(11) NOT NULL AUTO_INCREMENT, AUTO_INCREMENT=3232;

--
-- AUTO_INCREMENT für Tabelle `products_xsell`
--
ALTER TABLE `products_xsell`
  MODIFY `ID` int(10) NOT NULL AUTO_INCREMENT, AUTO_INCREMENT=3;

--
-- AUTO_INCREMENT für Tabelle `product_properties_xy_prices`
--
ALTER TABLE `product_properties_xy_prices`
  MODIFY `product_properties_xy_prices_id` int(11) NOT NULL AUTO_INCREMENT;

--
-- AUTO_INCREMENT für Tabelle `product_properties_xy_prices_values`
--
ALTER TABLE `product_properties_xy_prices_values`
  MODIFY `product_properties_xy_prices_values_id` int(11) NOT NULL AUTO_INCREMENT;

--
-- AUTO_INCREMENT für Tabelle `product_properties_xy_prices_values_for_properties`
--
ALTER TABLE `product_properties_xy_prices_values_for_properties`
  MODIFY `product_properties_xy_prices_values_for_properties_id` int(11) NOT NULL AUTO_INCREMENT;

--
-- AUTO_INCREMENT für Tabelle `product_un_classification`
--
ALTER TABLE `product_un_classification`
  MODIFY `product_un_classification_id` int(11) NOT NULL AUTO_INCREMENT;

--
-- AUTO_INCREMENT für Tabelle `push_customer_allocations`
--
ALTER TABLE `push_customer_allocations`
  MODIFY `push_customer_allocations_id` int(11) NOT NULL AUTO_INCREMENT;

--
-- AUTO_INCREMENT für Tabelle `quick_login`
--
ALTER TABLE `quick_login`
  MODIFY `quick_login_id` int(11) NOT NULL AUTO_INCREMENT;

--
-- AUTO_INCREMENT für Tabelle `reclamations`
--
ALTER TABLE `reclamations`
  MODIFY `reclamations_id` int(11) NOT NULL AUTO_INCREMENT, AUTO_INCREMENT=70;

--
-- AUTO_INCREMENT für Tabelle `reclamations_bestandssperre`
--
ALTER TABLE `reclamations_bestandssperre`
  MODIFY `reclamations_bestandssperre_id` int(11) NOT NULL AUTO_INCREMENT;

--
-- AUTO_INCREMENT für Tabelle `reclamations_products`
--
ALTER TABLE `reclamations_products`
  MODIFY `reclamations_products_id` int(11) NOT NULL AUTO_INCREMENT, AUTO_INCREMENT=80;

--
-- AUTO_INCREMENT für Tabelle `reclamations_products_properties`
--
ALTER TABLE `reclamations_products_properties`
  MODIFY `reclamations_products_properties_id` int(11) NOT NULL AUTO_INCREMENT, AUTO_INCREMENT=3;

--
-- AUTO_INCREMENT für Tabelle `reclamations_products_serials`
--
ALTER TABLE `reclamations_products_serials`
  MODIFY `reclamations_products_serials_id` int(11) NOT NULL AUTO_INCREMENT;

--
-- AUTO_INCREMENT für Tabelle `reclamations_reasons`
--
ALTER TABLE `reclamations_reasons`
  MODIFY `reclamations_reasons_id` int(11) NOT NULL AUTO_INCREMENT, AUTO_INCREMENT=6;

--
-- AUTO_INCREMENT für Tabelle `reclamations_recalculate`
--
ALTER TABLE `reclamations_recalculate`
  MODIFY `reclamations_recalculate_id` int(11) NOT NULL AUTO_INCREMENT;

--
-- AUTO_INCREMENT für Tabelle `reclamations_status_history`
--
ALTER TABLE `reclamations_status_history`
  MODIFY `reclamations_status_history_id` int(11) NOT NULL AUTO_INCREMENT, AUTO_INCREMENT=350;

--
-- AUTO_INCREMENT für Tabelle `reclamations_total`
--
ALTER TABLE `reclamations_total`
  MODIFY `reclamations_total_id` int(10) UNSIGNED NOT NULL AUTO_INCREMENT, AUTO_INCREMENT=142;

--
-- AUTO_INCREMENT für Tabelle `reclamations_types`
--
ALTER TABLE `reclamations_types`
  MODIFY `reclamations_types_id` int(11) NOT NULL AUTO_INCREMENT, AUTO_INCREMENT=7;

--
-- AUTO_INCREMENT für Tabelle `retouren`
--
ALTER TABLE `retouren`
  MODIFY `retoure_id` int(11) NOT NULL AUTO_INCREMENT, AUTO_INCREMENT=3;

--
-- AUTO_INCREMENT für Tabelle `retoure_products`
--
ALTER TABLE `retoure_products`
  MODIFY `retoure_products_id` int(11) NOT NULL AUTO_INCREMENT, AUTO_INCREMENT=3;

--
-- AUTO_INCREMENT für Tabelle `retoure_products_properties`
--
ALTER TABLE `retoure_products_properties`
  MODIFY `retoure_products_properties_id` int(11) NOT NULL AUTO_INCREMENT, AUTO_INCREMENT=3;

--
-- AUTO_INCREMENT für Tabelle `retoure_products_serials`
--
ALTER TABLE `retoure_products_serials`
  MODIFY `retoure_products_serials_id` int(11) NOT NULL AUTO_INCREMENT;

--
-- AUTO_INCREMENT für Tabelle `retoure_status`
--
ALTER TABLE `retoure_status`
  MODIFY `retoure_status_id` int(11) NOT NULL AUTO_INCREMENT, AUTO_INCREMENT=5;

--
-- AUTO_INCREMENT für Tabelle `retoure_status_history`
--
ALTER TABLE `retoure_status_history`
  MODIFY `retoure_status_history_id` int(11) NOT NULL AUTO_INCREMENT, AUTO_INCREMENT=7;

--
-- AUTO_INCREMENT für Tabelle `reviews`
--
ALTER TABLE `reviews`
  MODIFY `reviews_id` int(11) NOT NULL AUTO_INCREMENT;

--
-- AUTO_INCREMENT für Tabelle `rueckerstattungen_status`
--
ALTER TABLE `rueckerstattungen_status`
  MODIFY `rueckerstattungen_status_id` int(11) NOT NULL AUTO_INCREMENT, AUTO_INCREMENT=5;

--
-- AUTO_INCREMENT für Tabelle `rueckerstattungen_status_history`
--
ALTER TABLE `rueckerstattungen_status_history`
  MODIFY `rueckerstattungen_status_history_id` int(11) NOT NULL AUTO_INCREMENT, AUTO_INCREMENT=243;

--
-- AUTO_INCREMENT für Tabelle `rueckerstattungen_types`
--
ALTER TABLE `rueckerstattungen_types`
  MODIFY `rueckerstattungen_type_id` int(11) NOT NULL AUTO_INCREMENT, AUTO_INCREMENT=7;

--
-- AUTO_INCREMENT für Tabelle `shipper_profiles`
--
ALTER TABLE `shipper_profiles`
  MODIFY `shipper_profiles_id` int(11) NOT NULL AUTO_INCREMENT, AUTO_INCREMENT=4;

--
-- AUTO_INCREMENT für Tabelle `shippings`
--
ALTER TABLE `shippings`
  MODIFY `id` int(11) NOT NULL AUTO_INCREMENT, AUTO_INCREMENT=3362;

--
-- AUTO_INCREMENT für Tabelle `shippings_products`
--
ALTER TABLE `shippings_products`
  MODIFY `shippings_products_id` int(11) NOT NULL AUTO_INCREMENT, AUTO_INCREMENT=7612;

--
-- AUTO_INCREMENT für Tabelle `shippings_tracking_numbers`
--
ALTER TABLE `shippings_tracking_numbers`
  MODIFY `shippings_tracking_numbers_id` int(11) NOT NULL AUTO_INCREMENT, AUTO_INCREMENT=3811;

--
-- AUTO_INCREMENT für Tabelle `shippings_tracking_numbers_temp`
--
ALTER TABLE `shippings_tracking_numbers_temp`
  MODIFY `shippings_tracking_numbers_temp_id` int(11) NOT NULL AUTO_INCREMENT, AUTO_INCREMENT=22748;

--
-- AUTO_INCREMENT für Tabelle `shipping_graduation`
--
ALTER TABLE `shipping_graduation`
  MODIFY `shipping_graduation_id` int(11) NOT NULL AUTO_INCREMENT, AUTO_INCREMENT=9;

--
-- AUTO_INCREMENT für Tabelle `shipping_graduation_countries`
--
ALTER TABLE `shipping_graduation_countries`
  MODIFY `shipping_graduation_countries_id` int(11) NOT NULL AUTO_INCREMENT, AUTO_INCREMENT=355;

--
-- AUTO_INCREMENT für Tabelle `shipping_graduation_groups`
--
ALTER TABLE `shipping_graduation_groups`
  MODIFY `shipping_graduation_groups_id` int(11) NOT NULL AUTO_INCREMENT, AUTO_INCREMENT=1000000;

--
-- AUTO_INCREMENT für Tabelle `shipping_graduation_products`
--
ALTER TABLE `shipping_graduation_products`
  MODIFY `shipping_graduation_products_id` int(11) NOT NULL AUTO_INCREMENT;

--
-- AUTO_INCREMENT für Tabelle `shipping_graduation_weights`
--
ALTER TABLE `shipping_graduation_weights`
  MODIFY `shipping_graduation_weights_id` int(11) NOT NULL AUTO_INCREMENT, AUTO_INCREMENT=14;

--
-- AUTO_INCREMENT für Tabelle `specials`
--
ALTER TABLE `specials`
  MODIFY `specials_id` int(11) NOT NULL AUTO_INCREMENT, AUTO_INCREMENT=7;

--
-- AUTO_INCREMENT für Tabelle `specials_ebay_revise`
--
ALTER TABLE `specials_ebay_revise`
  MODIFY `specials_ebay_revise_id` int(11) NOT NULL AUTO_INCREMENT;

--
-- AUTO_INCREMENT für Tabelle `storages`
--
ALTER TABLE `storages`
  MODIFY `id` int(11) NOT NULL AUTO_INCREMENT, AUTO_INCREMENT=4;

--
-- AUTO_INCREMENT für Tabelle `storage_numbers`
--
ALTER TABLE `storage_numbers`
  MODIFY `id` int(11) NOT NULL AUTO_INCREMENT, AUTO_INCREMENT=283;

--
-- AUTO_INCREMENT für Tabelle `storage_places`
--
ALTER TABLE `storage_places`
  MODIFY `storage_places_id` int(11) NOT NULL AUTO_INCREMENT, AUTO_INCREMENT=351;

--
-- AUTO_INCREMENT für Tabelle `storage_products`
--
ALTER TABLE `storage_products`
  MODIFY `id` int(11) NOT NULL AUTO_INCREMENT, AUTO_INCREMENT=283;

--
-- AUTO_INCREMENT für Tabelle `storage_products_transfer`
--
ALTER TABLE `storage_products_transfer`
  MODIFY `storage_products_transfer_id` int(11) NOT NULL AUTO_INCREMENT, AUTO_INCREMENT=2313;

--
-- AUTO_INCREMENT für Tabelle `system_alerts_status`
--
ALTER TABLE `system_alerts_status`
  MODIFY `system_alerts_status_id` int(11) NOT NULL AUTO_INCREMENT, AUTO_INCREMENT=24;

--
-- AUTO_INCREMENT für Tabelle `table_lock`
--
ALTER TABLE `table_lock`
  MODIFY `id` int(11) NOT NULL AUTO_INCREMENT, AUTO_INCREMENT=2;

--
-- AUTO_INCREMENT für Tabelle `tags`
--
ALTER TABLE `tags`
  MODIFY `tags_id` int(11) NOT NULL AUTO_INCREMENT, AUTO_INCREMENT=317;

--
-- AUTO_INCREMENT für Tabelle `tags_products`
--
ALTER TABLE `tags_products`
  MODIFY `tags_products_id` int(11) NOT NULL AUTO_INCREMENT, AUTO_INCREMENT=3847;

--
-- AUTO_INCREMENT für Tabelle `tax_class`
--
ALTER TABLE `tax_class`
  MODIFY `tax_class_id` int(11) NOT NULL AUTO_INCREMENT, AUTO_INCREMENT=7;

--
-- AUTO_INCREMENT für Tabelle `tax_rates`
--
ALTER TABLE `tax_rates`
  MODIFY `tax_rates_id` int(11) NOT NULL AUTO_INCREMENT, AUTO_INCREMENT=86;

--
-- AUTO_INCREMENT für Tabelle `units`
--
ALTER TABLE `units`
  MODIFY `units_id` int(11) NOT NULL AUTO_INCREMENT, AUTO_INCREMENT=6;

--
-- AUTO_INCREMENT für Tabelle `units_description`
--
ALTER TABLE `units_description`
  MODIFY `units_description_id` int(11) NOT NULL AUTO_INCREMENT, AUTO_INCREMENT=6;

--
-- AUTO_INCREMENT für Tabelle `un_classifications`
--
ALTER TABLE `un_classifications`
  MODIFY `un_classifications_id` int(11) NOT NULL AUTO_INCREMENT;

--
-- AUTO_INCREMENT für Tabelle `wishlist_attributes`
--
ALTER TABLE `wishlist_attributes`
  MODIFY `attributes_id` int(11) NOT NULL AUTO_INCREMENT;

--
-- AUTO_INCREMENT für Tabelle `wishlist_customers`
--
ALTER TABLE `wishlist_customers`
  MODIFY `id` int(11) NOT NULL AUTO_INCREMENT, AUTO_INCREMENT=61;

--
-- AUTO_INCREMENT für Tabelle `wishlist_products`
--
ALTER TABLE `wishlist_products`
  MODIFY `id` int(11) NOT NULL AUTO_INCREMENT, AUTO_INCREMENT=424;

--
-- AUTO_INCREMENT für Tabelle `wrapping_counter`
--
ALTER TABLE `wrapping_counter`
  MODIFY `wrapping_counter_id` int(11) NOT NULL AUTO_INCREMENT, AUTO_INCREMENT=8;

--
-- AUTO_INCREMENT für Tabelle `yes_amazon_pay_authorization`
--
ALTER TABLE `yes_amazon_pay_authorization`
  MODIFY `yes_amazon_pay_authorization_id` int(11) NOT NULL AUTO_INCREMENT;

--
-- AUTO_INCREMENT für Tabelle `yes_amazon_pay_refunds`
--
ALTER TABLE `yes_amazon_pay_refunds`
  MODIFY `yes_amazon_pay_refunds_id` int(11) NOT NULL AUTO_INCREMENT;

--
-- AUTO_INCREMENT für Tabelle `yes_cron_exports`
--
ALTER TABLE `yes_cron_exports`
  MODIFY `yes_cron_exports_id` int(11) NOT NULL AUTO_INCREMENT;

--
-- AUTO_INCREMENT für Tabelle `yes_cron_export_heading_rows`
--
ALTER TABLE `yes_cron_export_heading_rows`
  MODIFY `yes_cron_export_heading_rows_id` int(11) NOT NULL AUTO_INCREMENT;

--
-- AUTO_INCREMENT für Tabelle `yes_help`
--
ALTER TABLE `yes_help`
  MODIFY `help_id` int(11) NOT NULL AUTO_INCREMENT;

--
-- AUTO_INCREMENT für Tabelle `yes_xmlrpc_import_config`
--
ALTER TABLE `yes_xmlrpc_import_config`
  MODIFY `yes_xmlrpc_import_config_id` int(11) NOT NULL AUTO_INCREMENT;

--
-- AUTO_INCREMENT für Tabelle `yes_xmlrpc_products`
--
ALTER TABLE `yes_xmlrpc_products`
  MODIFY `yes_xmlrpc_products_id` int(11) NOT NULL AUTO_INCREMENT;

--
-- AUTO_INCREMENT für Tabelle `yes_xmlrpc_remote_token`
--
ALTER TABLE `yes_xmlrpc_remote_token`
  MODIFY `yes_xmlrpc_remote_token_id` int(11) NOT NULL AUTO_INCREMENT;

--
-- AUTO_INCREMENT für Tabelle `yes_xmlrpc_token`
--
ALTER TABLE `yes_xmlrpc_token`
  MODIFY `id` int(11) NOT NULL AUTO_INCREMENT;

--
-- AUTO_INCREMENT für Tabelle `zones`
--
ALTER TABLE `zones`
  MODIFY `zone_id` int(11) NOT NULL AUTO_INCREMENT, AUTO_INCREMENT=848;

--
-- AUTO_INCREMENT für Tabelle `zones_to_geo_zones`
--
ALTER TABLE `zones_to_geo_zones`
  MODIFY `association_id` int(11) NOT NULL AUTO_INCREMENT, AUTO_INCREMENT=260;

--
-- Constraints der exportierten Tabellen
--

--
-- Constraints der Tabelle `wishlist_customers`
--
ALTER TABLE `wishlist_customers`
  ADD CONSTRAINT `fk_wishlist_customers_customer` FOREIGN KEY (`customers_id`) REFERENCES `customers` (`customers_id`) ON DELETE CASCADE ON UPDATE CASCADE;

--
-- Constraints der Tabelle `wishlist_products`
--
ALTER TABLE `wishlist_products`
  ADD CONSTRAINT `fk_wishlist_products_customers` FOREIGN KEY (`wishlist_customers_id`) REFERENCES `wishlist_customers` (`id`) ON DELETE CASCADE ON UPDATE CASCADE,
  ADD CONSTRAINT `fk_wishlist_products_products` FOREIGN KEY (`products_id`) REFERENCES `products` (`products_id`) ON DELETE CASCADE ON UPDATE CASCADE;
COMMIT;

