INSERT INTO `shippings_tracking_numbers_temp` (`shippings_tracking_numbers_temp_id`, `target_type`, `target_type_id`, `transaction_id`, `versender`, `date_added`) VALUES
(21042, 'order', 171566, '414975150698', '', '2024-01-19 11:19:57'),
(21043, 'order', 171567, '414975150704', '', '2024-01-19 11:19:57'),
(21044, 'order', 171568, '414975150711', '', '2024-01-19 11:19:57'),
(21045, 'order', 171569, '414975150728', '', '2024-01-19 11:19:57'),
(21046, 'order', 171570, '414975150735', '', '2024-01-19 11:19:57'),
(21047, 'order', 171571, '414975150742', '', '2024-01-19 11:19:57'),
(21048, 'order', 171572, '414975150759', '', '2024-01-19 11:19:57'),
(21049, 'order', 171573, '414975150766', '', '2024-01-19 11:19:57'),
(21050, 'order', 171574, '414975150773', '', '2024-01-19 11:19:57'),
(21051, 'order', 171600, '414975151152', '', '2024-01-23 15:09:59'),
(21052, 'order', 171604, '414975151169', '', '2024-01-23 15:09:59'),
(21053, 'order', 171605, '414975151176', '', '2024-01-23 15:09:59'),
(21054, 'order', 171606, '414975151183', '', '2024-01-23 15:09:59'),
(21055, 'order', 171608, '414975151190', '', '2024-01-23 15:09:59'),
(21056, 'order', 171609, '414975151206', '', '2024-01-23 15:09:59'),
(21057, 'order', 171611, '414975151213', '', '2024-01-23 15:09:59'),
(21058, 'order', 171612, '414975151220', '', '2024-01-23 15:09:59'),
(21059, 'order', 171613, '414975151237', '', '2024-01-23 15:09:59'),
(21060, 'order', 171614, '414975151244', '', '2024-01-23 15:09:59'),
(21061, 'order', 171615, '414975151251', '', '2024-01-23 15:09:59'),
(21062, 'order', 171616, '414975151268', '', '2024-01-23 15:09:59'),
(21063, 'order', 171617, '414975151275', '', '2024-01-23 15:09:59'),
(21064, 'order', 171618, '414975151282', '', '2024-01-23 15:09:59'),
(21065, 'order', 171619, '414975151299', '', '2024-01-23 15:09:59'),
(21066, 'order', 171620, '414975151305', '', '2024-01-23 15:09:59'),
(21067, 'order', 171621, '414975151312', '', '2024-01-23 15:09:59'),
(21068, 'order', 171622, '414975151329', '', '2024-01-23 15:09:59'),
(21069, 'order', 171623, '414975151336', '', '2024-01-23 15:09:59'),
(21070, 'order', 171624, '414975151343', '', '2024-01-23 15:09:59'),
(21071, 'order', 11100, '414975151350', '', '2024-01-23 15:09:59'),
(21072, 'order', 11106, '414975151367', '', '2024-01-23 15:09:59'),
(21073, 'order', 11107, '414975151374', '', '2024-01-23 15:09:59'),
(21074, 'order', 11108, '414975151381', '', '2024-01-23 15:09:59'),
(21075, 'order', 171651, '414975151640', '', '2024-01-25 13:04:23'),
(21076, 'order', 171652, '414975151657', '', '2024-01-25 13:04:23'),
(21077, 'order', 171653, '414975151664', '', '2024-01-25 13:04:23'),
(21078, 'order', 171654, '414975151671', '', '2024-01-25 13:04:23'),
(21079, 'order', 171655, '414975151688', '', '2024-01-25 13:04:23'),
(21080, 'order', 171656, '414975151695', '', '2024-01-25 13:04:23'),
(21081, 'order', 171659, '414975151701', '', '2024-01-25 13:04:23'),
(21082, 'order', 171660, '414975151718', '', '2024-01-25 13:04:23'),
(21083, 'order', 171661, '414975151725', '', '2024-01-25 13:04:23'),
(21084, 'order', 171662, '414975151732', '', '2024-01-25 13:04:23'),
(21085, 'order', 171663, '414975151749', '', '2024-01-25 13:04:23'),
(21086, 'order', 171664, '414975151756', '', '2024-01-25 13:04:23'),
(21087, 'order', 171665, '414975151763', '', '2024-01-25 13:04:23'),
(21088, 'order', 171666, '414975151770', '', '2024-01-25 13:04:23'),
(21089, 'order', 171667, '414975151787', '', '2024-01-25 13:04:23'),
(21090, 'order', 11113, '414975151817', '', '2024-01-25 13:04:23'),
(21091, 'order', 11114, '414975151824', '', '2024-01-25 13:04:23'),
(21092, 'order', 11117, '414975151831', '', '2024-01-25 13:04:23'),
(21093, 'order', 11118, '414975151848', '', '2024-01-25 13:04:23'),
(21094, 'reclamation', 1632, '414975151978', '', '2024-01-29 16:07:39'),
(21095, 'order', 171689, '414975151985', '', '2024-01-29 16:07:39'),
(21096, 'order', 171690, '414975151992', '', '2024-01-29 16:07:39'),
(21097, 'order', 171691, '414975152005', '', '2024-01-29 16:07:39'),
(21098, 'order', 171692, '414975152012', '', '2024-01-29 16:07:39'),
(21099, 'order', 171693, '414975152029', '', '2024-01-29 16:07:39'),
(21100, 'order', 171694, '414975152036', '', '2024-01-29 16:07:39'),
(21101, 'order', 171696, '414975152043', '', '2024-01-29 16:07:39'),
(21102, 'order', 171697, '414975152050', '', '2024-01-29 16:07:39'),
(21103, 'order', 171686, '414975152067', '', '2024-01-29 16:07:39'),
(21104, 'order', 171687, '414975152074', '', '2024-01-29 16:07:39'),
(21105, 'order', 171688, '414975152081', '', '2024-01-29 16:07:39'),
(21106, 'order', 171695, '414975152098', '', '2024-01-29 16:07:39'),
(21107, 'order', 171698, '414975152104', '', '2024-01-29 16:07:39'),
(21108, 'order', 171699, '414975152111', '', '2024-01-29 16:07:39'),
(21109, 'order', 171700, '414975152128', '', '2024-01-29 16:07:39'),
(21110, 'order', 171701, '414975152135', '', '2024-01-29 16:07:39'),
(21111, 'order', 171702, '414975152142', '', '2024-01-29 16:07:39'),
(21112, 'order', 171703, '414975152159', '', '2024-01-29 16:07:39'),
(21113, 'order', 171705, '414975152166', '', '2024-01-29 16:07:39'),
(21114, 'order', 171707, '414975152173', '', '2024-01-29 16:07:39'),
(21115, 'order', 171704, '414975152180', '', '2024-01-29 16:07:39'),
(21116, 'order', 171706, '414975152197', '', '2024-01-29 16:07:39'),
(21117, 'order', 171708, '414975152203', '', '2024-01-29 16:07:39'),
(21118, 'order', 171709, '414975152210', '', '2024-01-29 16:07:39'),
(21119, 'order', 171710, '414975152227', '', '2024-01-29 16:07:39'),
(21120, 'order', 171711, '414975152234', '', '2024-01-29 16:07:39'),
(21121, 'order', 171712, '414975152241', '', '2024-01-29 16:07:39'),
(21122, 'order', 171713, '414975152258', '', '2024-01-29 16:07:39'),
(21123, 'order', 171714, '414975152265', '', '2024-01-29 16:07:39'),
(21124, 'order', 171715, '414975152272', '', '2024-01-29 16:07:39'),
(21125, 'order', 171716, '414975152289', '', '2024-01-29 16:07:39'),
(21126, 'order', 171717, '414975152296', '', '2024-01-29 16:07:39'),
(21127, 'order', 11121, '414975152319', '', '2024-01-29 16:07:39'),
(21128, 'order', 11122, '414975152326', '', '2024-01-29 16:07:39'),
(21129, 'order', 11123, '414975152333', '', '2024-01-29 16:07:39'),
(21130, 'order', 11124, '414975152340', '', '2024-01-29 16:07:39'),
(21131, 'order', 11125, '414975152357', '', '2024-01-29 16:07:39'),
(21132, 'order', 171435, '414975152371', '', '2024-01-30 16:27:01'),
(21133, 'order', 171718, '414975152388', '', '2024-01-30 16:27:01'),
(21134, 'order', 171719, '414975152395', '', '2024-01-30 16:27:01'),
(21135, 'order', 171720, '414975152401', '', '2024-01-30 16:27:01'),
(21136, 'order', 171721, '414975152418', '', '2024-01-30 16:27:01'),
(21137, 'order', 171722, '414975152425', '', '2024-01-30 16:27:01'),
(21138, 'order', 171723, '414975152432', '', '2024-01-30 16:27:01'),
(21139, 'order', 171724, '414975152449', '', '2024-01-30 16:27:01'),
(21140, 'order', 171725, '414975152456', '', '2024-01-30 16:27:01'),
(21141, 'order', 171726, '414975152463', '', '2024-01-30 16:27:01'),
(21142, 'order', 171727, '414975152470', '', '2024-01-30 16:27:01'),
(21143, 'order', 171728, '414975152487', '', '2024-01-30 16:27:01'),
(21144, 'order', 171729, '414975152494', '', '2024-01-30 16:27:01'),
(21145, 'order', 171730, '414975152531', '', '2024-01-31 13:25:40'),
(21146, 'order', 171731, '414975152548', '', '2024-01-31 13:25:40'),
(21147, 'order', 171732, '414975152555', '', '2024-01-31 13:25:40'),
(21148, 'order', 171735, '414975152562', '', '2024-01-31 13:25:40'),
(21149, 'order', 171736, '414975152579', '', '2024-01-31 13:25:40'),
(21150, 'order', 171737, '414975152586', '', '2024-01-31 13:25:40'),
(21151, 'order', 171738, '414975152593', '', '2024-01-31 13:25:40'),
(21152, 'order', 171739, '414975152609', '', '2024-01-31 13:25:40'),
(21153, 'order', 171740, '414975152616', '', '2024-01-31 13:25:40'),
(21154, 'order', 171741, '414975152623', '', '2024-01-31 13:25:40'),
(21155, 'order', 171742, '414975152630', '', '2024-01-31 13:25:40'),
(21156, 'reclamation', 177, '414975152647', '', '2024-01-31 13:25:40'),
(21157, 'order', 11054, '414975152654', '', '2024-01-31 13:25:40'),
(21158, 'order', 171743, '414975152692', '', '2024-02-01 15:18:00'),
(21159, 'order', 171744, '414975152708', '', '2024-02-01 15:18:00'),
(21160, 'order', 171745, '414975152715', '', '2024-02-01 15:18:00'),
(21161, 'order', 171746, '414975152722', '', '2024-02-01 15:18:00'),
(21162, 'order', 171747, '414975152739', '', '2024-02-01 15:18:00'),
(21163, 'order', 171748, '414975152746', '', '2024-02-01 15:18:00'),
(21164, 'order', 171749, '414975152753', '', '2024-02-01 15:18:00'),
(21165, 'order', 171750, '414975152760', '', '2024-02-01 15:18:00'),
(21166, 'order', 171751, '414975152777', '', '2024-02-01 15:18:00'),
(21167, 'order', 171752, '414975152784', '', '2024-02-01 15:18:00'),
(21168, 'order', 171753, '414975152791', '', '2024-02-01 15:18:00'),
(21169, 'order', 171754, '414975152807', '', '2024-02-01 15:18:00'),
(21170, 'order', 171755, '414975152814', '', '2024-02-01 15:18:00'),
(21171, 'order', 11126, '414975152821', '', '2024-02-01 15:18:00'),
(21172, 'order', 11129, '414975152838', '', '2024-02-01 15:18:00'),
(21173, 'order', 171756, '414975152869', '', '2024-02-02 18:03:03'),
(21174, 'order', 171758, '414975152876', '', '2024-02-02 18:03:03'),
(21175, 'order', 171759, '414975152883', '', '2024-02-02 18:03:03'),
(21176, 'order', 171760, '414975152890', '', '2024-02-02 18:03:03'),
(21177, 'order', 171761, '414975152906', '', '2024-02-02 18:03:03'),
(21178, 'order', 171762, '414975152913', '', '2024-02-02 18:03:03'),
(21179, 'order', 171763, '414975152920', '', '2024-02-02 18:03:03'),
(21180, 'order', 171765, '414975152937', '', '2024-02-02 18:03:03'),
(21181, 'order', 171767, '414975152968', '', '2024-02-02 18:03:03'),
(21182, 'order', 171768, '414975152975', '', '2024-02-05 15:21:43'),
(21183, 'order', 171769, '414975152982', '', '2024-02-05 15:21:43'),
(21184, 'order', 171770, '414975152999', '', '2024-02-05 15:21:43'),
(21185, 'order', 171776, '414975153002', '', '2024-02-05 15:21:43'),
(21186, 'order', 171779, '414975153019', '', '2024-02-05 15:21:43'),
(21187, 'order', 171781, '414975153026', '', '2024-02-05 15:21:43'),
(21188, 'order', 171782, '414976639062', '', '2024-02-05 15:21:43'),
(21189, 'order', 171783, '414975153033', '', '2024-02-05 15:21:43'),
(21190, 'order', 171784, '414975153040', '', '2024-02-05 15:21:43'),
(21191, 'order', 171785, '414975153057', '', '2024-02-05 15:21:43'),
(21192, 'order', 171786, '414975153064', '', '2024-02-05 15:21:43'),
(21193, 'order', 171787, '414975153071', '', '2024-02-05 15:21:43'),
(21194, 'order', 171788, '414975153088', '', '2024-02-05 15:21:43'),
(21195, 'order', 171790, '414975153095', '', '2024-02-05 15:21:43'),
(21196, 'order', 171791, '414975153101', '', '2024-02-05 15:21:43'),
(21197, 'order', 171792, '414975153118', '', '2024-02-05 15:21:43'),
(21198, 'order', 171771, '414975153125', '', '2024-02-05 15:21:43'),
(21199, 'order', 171773, '414975153132', '', '2024-02-05 15:21:43'),
(21200, 'order', 171774, '414975153149', '', '2024-02-05 15:21:43'),
(21201, 'order', 171789, '414975153156', '', '2024-02-05 15:21:43'),
(21202, 'order', 171793, '414975153163', '', '2024-02-05 15:21:43'),
(21203, 'order', 171794, '414975153170', '', '2024-02-05 15:21:43'),
(21204, 'order', 171795, '414975153187', '', '2024-02-05 15:21:43'),
(21205, 'order', 171796, '414975153194', '', '2024-02-05 15:21:43'),
(21206, 'order', 171797, '414975153200', '', '2024-02-05 15:21:43'),
(21207, 'order', 171798, '414975153217', '', '2024-02-05 15:21:43'),
(21208, 'order', 171799, '414975153224', '', '2024-02-05 15:21:43'),
(21209, 'order', 171800, '414975153231', '', '2024-02-05 15:21:43'),
(21210, 'order', 171801, '414975153248', '', '2024-02-05 15:21:43'),
(21211, 'order', 171802, '414975153255', '', '2024-02-05 15:21:43'),
(21212, 'order', 171803, '414975153262', '', '2024-02-05 15:21:43'),
(21213, 'order', 171804, '414975153279', '', '2024-02-05 15:21:43'),
(21214, 'order', 171805, '414975153286', '', '2024-02-05 15:21:43'),
(21215, 'order', 171806, '414975153293', '', '2024-02-05 15:21:43'),
(21216, 'order', 171807, '414975153309', '', '2024-02-05 15:21:43'),
(21217, 'order', 11130, '414975153330', '', '2024-02-05 15:21:43'),
(21218, 'order', 11131, '414975153347', '', '2024-02-05 15:21:43'),
(21219, 'order', 11132, '414975153354', '', '2024-02-05 15:21:43'),
(21220, 'order', 11133, '414975153361', '', '2024-02-05 15:21:43'),
(21221, 'order', 11134, '414975153378', '', '2024-02-05 15:21:43'),
(21222, 'order', 171808, '414975153385', '', '2024-02-06 16:15:04'),
(21223, 'order', 171810, '414975153392', '', '2024-02-06 16:15:04'),
(21224, 'order', 171812, '414975153408', '', '2024-02-06 16:15:04'),
(21225, 'order', 171813, '414975153415', '', '2024-02-06 16:15:04'),
(21226, 'order', 171814, '414975153422', '', '2024-02-06 16:15:04'),
(21227, 'order', 171815, '414975153439', '', '2024-02-06 16:15:04'),
(21228, 'order', 171816, '414975153446', '', '2024-02-06 16:15:04'),
(21229, 'order', 171817, '414975153453', '', '2024-02-06 16:15:04'),
(21230, 'order', 171818, '414975153460', '', '2024-02-06 16:15:04'),
(21231, 'order', 171819, '414975153477', '', '2024-02-06 16:15:04'),
(21232, 'order', 171820, '414975153484', '', '2024-02-06 16:15:04'),
(21233, 'order', 171821, '414975153491', '', '2024-02-06 16:15:04'),
(21234, 'order', 171822, '414975153507', '', '2024-02-06 16:15:05'),
(21235, 'order', 171823, '414975153514', '', '2024-02-06 16:15:05'),
(21236, 'order', 171824, '414975153521', '', '2024-02-06 16:15:05'),
(21237, 'order', 171825, '414975153538', '', '2024-02-06 16:15:05'),
(21238, 'order', 11135, '414975153552', '', '2024-02-06 16:15:05'),
(21239, 'order', 11136, '414975153569', '', '2024-02-06 16:15:05'),
(21240, 'order', 11137, '414975153576', '', '2024-02-06 16:15:05'),
(21241, 'order', 171828, '414975153583', '', '2024-02-06 16:15:05'),
(21242, 'order', 171826, '414975153590', '', '2024-02-07 16:11:19'),
(21243, 'order', 171829, '414975153606', '', '2024-02-07 16:11:19'),
(21244, 'order', 171830, '414975153613', '', '2024-02-07 16:11:19'),
(21245, 'order', 171831, '414975153620', '', '2024-02-07 16:11:19'),
(21246, 'order', 171832, '414975153637', '', '2024-02-07 16:11:19'),
(21247, 'order', 171833, '414975153644', '', '2024-02-07 16:11:19'),
(21248, 'order', 171834, '414975153651', '', '2024-02-07 16:11:19'),
(21249, 'order', 171835, '414975153668', '', '2024-02-07 16:11:19'),
(21250, 'order', 171836, '414975153675', '', '2024-02-07 16:11:19'),
(21251, 'order', 171837, '414975153682', '', '2024-02-07 16:11:19'),
(21252, 'order', 171838, '414975153699', '', '2024-02-07 16:11:19'),
(21253, 'order', 171839, '414975153705', '', '2024-02-07 16:11:19'),
(21254, 'order', 171840, '414975153736', '', '2024-02-08 16:55:05'),
(21255, 'order', 171841, '414975153743', '', '2024-02-08 16:55:05'),
(21256, 'order', 171844, '414975153750', '', '2024-02-08 16:55:05'),
(21257, 'order', 171845, '414975153767', '', '2024-02-08 16:55:05'),
(21258, 'order', 171846, '414975153774', '', '2024-02-08 16:55:05'),
(21259, 'order', 171847, '414975153781', '', '2024-02-08 16:55:05'),
(21260, 'order', 171849, '414975153798', '', '2024-02-08 16:55:05'),
(21261, 'order', 171850, '414975153804', '', '2024-02-08 16:55:05'),
(21262, 'order', 171851, '414975153811', '', '2024-02-08 16:55:05'),
(21263, 'order', 171852, '414975153828', '', '2024-02-08 16:55:05'),
(21264, 'reclamation', 1633, '414975153842', '', '2024-02-08 16:55:05'),
(21265, 'order', 171872, '414975154047', '', '2024-02-12 19:53:11'),
(21266, 'order', 171873, '414975154054', '', '2024-02-12 19:53:11'),
(21267, 'order', 171874, '414975154061', '', '2024-02-12 19:53:11'),
(21268, 'order', 171875, '414975154078', '', '2024-02-12 19:53:11'),
(21269, 'order', 171876, '414975154085', '', '2024-02-12 19:53:11'),
(21270, 'order', 171877, '414975154092', '', '2024-02-12 19:53:11'),
(21271, 'order', 171878, '414975154108', '', '2024-02-12 19:53:11'),
(21272, 'order', 171879, '414975154115', '', '2024-02-12 19:53:11'),
(21273, 'order', 171880, '414975154122', '', '2024-02-12 19:53:11'),
(21274, 'order', 171881, '414975154139', '', '2024-02-12 19:53:11'),
(21275, 'order', 171882, '414975154146', '', '2024-02-12 19:53:11'),
(21276, 'order', 171883, '414975154153', '', '2024-02-12 19:53:11'),
(21277, 'order', 171884, '414975154160', '', '2024-02-12 19:53:11'),
(21278, 'order', 171885, '414975154177', '', '2024-02-12 19:53:11'),
(21279, 'order', 171886, '414975154184', '', '2024-02-12 19:53:11'),
(21280, 'order', 171887, '414975154191', '', '2024-02-12 19:53:11'),
(21281, 'order', 171888, '414975154207', '', '2024-02-12 19:53:11'),
(21282, 'order', 171895, '414975154214', '', '2024-02-12 19:53:11'),
(21283, 'order', 171896, '414975154221', '', '2024-02-12 19:53:11'),
(21284, 'order', 171897, '414975154238', '', '2024-02-12 19:53:11'),
(21285, 'order', 171902, '414975154245', '', '2024-02-12 19:53:11'),
(21286, 'order', 171903, '414975154252', '', '2024-02-12 19:53:11'),
(21287, 'order', 171904, '414975154269', '', '2024-02-12 19:53:11'),
(21288, 'order', 171906, '414975154276', '', '2024-02-12 19:53:11'),
(21289, 'order', 171907, '414975154283', '', '2024-02-12 19:53:11'),
(21290, 'order', 171893, '414975154290', '', '2024-02-12 19:53:11'),
(21291, 'order', 171894, '414975154306', '', '2024-02-12 19:53:11'),
(21292, 'order', 171898, '414975154313', '', '2024-02-12 19:53:11'),
(21293, 'order', 171899, '414975154320', '', '2024-02-12 19:53:11'),
(21294, 'order', 171900, '414975154337', '', '2024-02-12 19:53:11'),
(21295, 'order', 171901, '414975154344', '', '2024-02-12 19:53:11'),
(21296, 'order', 171905, '414975154351', '', '2024-02-12 19:53:11'),
(21297, 'order', 171908, '414975154368', '', '2024-02-12 19:53:11'),
(21298, 'order', 11138, '414975154399', '', '2024-02-12 19:53:11'),
(21299, 'order', 11142, '414975154405', '', '2024-02-12 19:53:11'),
(21300, 'order', 11143, '414975154412', '', '2024-02-12 19:53:11'),
(21301, 'order', 11144, '414975154429', '', '2024-02-12 19:53:11'),
(21302, 'order', 11146, '414975154436', '', '2024-02-12 19:53:11'),
(21303, 'order', 171910, '414975154443', '', '2024-02-13 14:35:29'),
(21304, 'order', 171911, '414975154450', '', '2024-02-13 14:35:29'),
(21305, 'order', 171912, '414975154467', '', '2024-02-13 14:35:29'),
(21306, 'order', 171913, '414975154474', '', '2024-02-13 14:35:29'),
(21307, 'order', 171914, '414976639079', '', '2024-02-13 14:35:29'),
(21308, 'order', 171915, '414976639086', '', '2024-02-13 14:35:29'),
(21309, 'order', 171916, '414976639093', '', '2024-02-13 14:35:29'),
(21310, 'order', 171917, '414976639109', '', '2024-02-13 14:35:29'),
(21311, 'order', 171918, '414976639116', '', '2024-02-13 14:35:29'),
(21312, 'order', 171919, '414976639123', '', '2024-02-13 14:35:29'),
(21313, 'order', 171920, '414976639130', '', '2024-02-13 14:35:29'),
(21314, 'order', 171921, '414976639147', '', '2024-02-13 14:35:29'),
(21315, 'order', 11141, '414976639161', '', '2024-02-13 14:35:29'),
(21316, 'order', 11145, '414976639178', '', '2024-02-13 14:35:29'),
(21317, 'order', 11147, '414976639185', '', '2024-02-13 14:35:29'),
(21318, 'order', 171827, '414976639192', '', '2024-02-13 14:35:29'),
(21319, 'order', 171943, '414976639413', '', '2024-02-15 12:27:07'),
(21320, 'order', 171944, '414976639420', '', '2024-02-15 12:27:07'),
(21321, 'order', 171945, '414976639437', '', '2024-02-15 12:27:07'),
(21322, 'order', 171946, '414976639444', '', '2024-02-15 12:27:07'),
(21323, 'order', 171947, '414976639451', '', '2024-02-15 12:27:07'),
(21324, 'order', 171948, '414976639468', '', '2024-02-15 12:27:07'),
(21325, 'order', 171949, '414976639475', '', '2024-02-15 12:27:07'),
(21326, 'order', 171950, '414976639482', '', '2024-02-15 12:27:07'),
(21327, 'order', 171951, '414976639499', '', '2024-02-15 12:27:07'),
(21328, 'order', 171954, '414976639505', '', '2024-02-15 12:27:07'),
(21329, 'order', 171955, '414976639512', '', '2024-02-15 12:27:07'),
(21330, 'order', 171956, '414976639529', '', '2024-02-15 12:27:07'),
(21331, 'order', 171957, '414976639536', '', '2024-02-15 12:27:07'),
(21332, 'order', 11152, '414976639543', '', '2024-02-15 12:27:07'),
(21333, 'order', 11154, '414976639550', '', '2024-02-15 12:27:07'),
(21334, 'order', 171958, '414976639581', '', '2024-02-16 11:30:47'),
(21335, 'order', 171959, '414976639598', '', '2024-02-16 11:30:47'),
(21336, 'order', 171960, '414976639604', '', '2024-02-16 11:30:47'),
(21337, 'order', 171961, '414976639611', '', '2024-02-16 11:30:47'),
(21338, 'order', 171962, '414976639628', '', '2024-02-16 11:30:47'),
(21339, 'order', 171963, '414976639635', '', '2024-02-16 11:30:47'),
(21340, 'order', 171964, '414976639642', '', '2024-02-16 11:30:47'),
(21341, 'order', 171967, '414976639659', '', '2024-02-16 11:30:47'),
(21342, 'order', 171968, '414976639666', '', '2024-02-16 11:30:47'),
(21343, 'order', 171969, '414976639673', '', '2024-02-16 11:30:47'),
(21344, 'order', 171970, '414976639680', '', '2024-02-16 11:30:47'),
(21345, 'order', 171971, '414976639697', '', '2024-02-16 11:30:47'),
(21346, 'order', 11153, '414976639703', '', '2024-02-16 11:30:47'),
(21347, 'order', 11155, '414976639710', '', '2024-02-16 11:30:47'),
(21348, 'order', 172000, '414976640044', '', '2024-02-20 17:21:28'),
(21349, 'order', 172001, '414976640051', '', '2024-02-20 17:21:28'),
(21350, 'order', 172002, '414976640068', '', '2024-02-20 17:21:28'),
(21351, 'order', 172003, '414976640075', '', '2024-02-20 17:21:28'),
(21352, 'order', 172004, '414976640082', '', '2024-02-20 17:21:28'),
(21353, 'order', 172005, '414976640099', '', '2024-02-20 17:21:28'),
(21354, 'order', 172006, '414976640105', '', '2024-02-20 17:21:28'),
(21355, 'order', 172007, '414976640112', '', '2024-02-20 17:21:28'),
(21356, 'order', 172008, '414976640129', '', '2024-02-20 17:21:28'),
(21357, 'order', 172012, '414976640136', '', '2024-02-20 17:21:28'),
(21358, 'order', 172013, '414976640143', '', '2024-02-20 17:21:28'),
(21359, 'order', 172014, '414976640150', '', '2024-02-20 17:21:28'),
(21360, 'order', 172015, '414976640167', '', '2024-02-20 17:21:28'),
(21361, 'order', 172016, '414976640174', '', '2024-02-20 17:21:28'),
(21362, 'order', 172017, '414976640181', '', '2024-02-20 17:21:28'),
(21363, 'reclamation', 1635, '414976640204', '', '2024-02-20 17:21:28'),
(21364, 'order', 172018, '414976640211', '', '2024-02-21 12:31:12'),
(21365, 'order', 172019, '414976640228', '', '2024-02-21 12:31:12'),
(21366, 'order', 172020, '414976640235', '', '2024-02-21 12:31:12'),
(21367, 'order', 172021, '414976640242', '', '2024-02-21 12:31:12'),
(21368, 'order', 172022, '414976640259', '', '2024-02-21 12:31:12'),
(21369, 'order', 172023, '414976640266', '', '2024-02-21 12:31:12'),
(21370, 'order', 172024, '414976640273', '', '2024-02-21 12:31:12'),
(21371, 'order', 172025, '414976640280', '', '2024-02-21 12:31:12'),
(21372, 'order', 172026, '414976640297', '', '2024-02-21 12:31:12'),
(21373, 'order', 172027, '414976640303', '', '2024-02-21 12:31:12'),
(21374, 'order', 11163, '414976640310', '', '2024-02-21 12:31:12'),
(21375, 'order', 172039, '414976640488', '', '2024-02-23 09:30:14'),
(21376, 'order', 172040, '414976640495', '', '2024-02-23 09:30:14'),
(21377, 'order', 172041, '414976640501', '', '2024-02-23 09:30:14'),
(21378, 'order', 172042, '414976640518', '', '2024-02-23 09:30:14'),
(21379, 'order', 172043, '414976640525', '', '2024-02-23 09:30:14'),
(21380, 'order', 172046, '414976640532', '', '2024-02-23 09:30:14'),
(21381, 'order', 172047, '414976640549', '', '2024-02-23 09:30:14'),
(21382, 'order', 172048, '414976640556', '', '2024-02-23 09:30:14'),
(21383, 'order', 172049, '414976640563', '', '2024-02-23 09:30:14'),
(21384, 'order', 172050, '414976640570', '', '2024-02-23 09:30:14'),
(21385, 'order', 172051, '414976640587', '', '2024-02-23 09:30:14'),
(21386, 'order', 11165, '414976640600', '', '2024-02-23 09:30:14'),
(21387, 'order', 171974, '414976640617', '', '2024-02-23 09:30:14'),
(21388, 'order', 172052, '414976640624', '', '2024-02-26 12:22:51'),
(21389, 'order', 172054, '414976640631', '', '2024-02-26 12:22:51'),
(21390, 'order', 172057, '414976640648', '', '2024-02-26 12:22:51'),
(21391, 'order', 172058, '414976640655', '', '2024-02-26 12:22:51'),
(21392, 'order', 172061, '414976640662', '', '2024-02-26 12:22:51'),
(21393, 'order', 172062, '414976640679', '', '2024-02-26 12:22:51'),
(21394, 'order', 172065, '414976640686', '', '2024-02-26 12:22:51'),
(21395, 'order', 172066, '414976640693', '', '2024-02-26 12:22:51'),
(21396, 'order', 172068, '414976640709', '', '2024-02-26 12:22:51'),
(21397, 'order', 172071, '414976640716', '', '2024-02-26 12:22:51'),
(21398, 'order', 172074, '414976640723', '', '2024-02-26 12:22:51'),
(21399, 'order', 172077, '414976640730', '', '2024-02-26 12:22:51'),
(21400, 'order', 172082, '414976640747', '', '2024-02-26 12:22:51'),
(21401, 'order', 172083, '414976640754', '', '2024-02-26 12:22:51'),
(21402, 'order', 172084, '414976640761', '', '2024-02-26 12:22:51'),
(21403, 'order', 172053, '414976640778', '', '2024-02-26 12:22:51'),
(21404, 'order', 172063, '414976640785', '', '2024-02-26 12:22:51'),
(21405, 'order', 172064, '414976640792', '', '2024-02-26 12:22:51'),
(21406, 'order', 172067, '414976640808', '', '2024-02-26 12:22:51'),
(21407, 'order', 172069, '414976640815', '', '2024-02-26 12:22:51'),
(21408, 'order', 172070, '414976640822', '', '2024-02-26 12:22:51'),
(21409, 'order', 172072, '414976640839', '', '2024-02-26 12:22:51'),
(21410, 'order', 172073, '414976640846', '', '2024-02-26 12:22:51'),
(21411, 'order', 172075, '414976640853', '', '2024-02-26 12:22:51'),
(21412, 'order', 172076, '414976640860', '', '2024-02-26 12:22:51'),
(21413, 'order', 172085, '414976640877', '', '2024-02-26 12:22:51'),
(21414, 'order', 172086, '414976640884', '', '2024-02-26 12:22:51'),
(21415, 'order', 172087, '414976640891', '', '2024-02-26 12:22:51'),
(21416, 'order', 172088, '414976640907', '', '2024-02-26 12:22:51'),
(21417, 'order', 172089, '414976640914', '', '2024-02-26 12:22:51'),
(21418, 'order', 172090, '414976640921', '', '2024-02-26 12:22:51'),
(21419, 'order', 172091, '414976640938', '', '2024-02-26 12:22:51'),
(21420, 'order', 172095, '414976640945', '', '2024-02-26 12:22:51'),
(21421, 'order', 172096, '414976640952', '', '2024-02-26 12:22:51'),
(21422, 'order', 172098, '414976640969', '', '2024-02-26 12:22:51'),
(21423, 'order', 172099, '414976640976', '', '2024-02-26 12:22:51'),
(21424, 'order', 172100, '414976640983', '', '2024-02-26 12:22:51'),
(21425, 'order', 172101, '414976640990', '', '2024-02-26 12:22:51'),
(21426, 'order', 172102, '414976641003', '', '2024-02-26 12:22:51'),
(21427, 'order', 172103, '414976641010', '', '2024-02-26 12:22:51'),
(21428, 'order', 11166, '414976641027', '', '2024-02-26 12:22:51'),
(21429, 'order', 11168, '414976641034', '', '2024-02-26 12:22:51'),
(21430, 'reclamation', 1636, '414976641072', '', '2024-02-27 12:24:30'),
(21431, 'order', 172055, '414976641089', '', '2024-02-27 12:24:30'),
(21432, 'order', 172105, '414976641096', '', '2024-02-27 12:24:30'),
(21433, 'order', 172107, '414976641102', '', '2024-02-27 12:24:30'),
(21434, 'order', 172108, '414976641119', '', '2024-02-27 12:24:30'),
(21435, 'order', 172110, '414976641126', '', '2024-02-27 12:24:30'),
(21436, 'order', 172111, '414976641133', '', '2024-02-27 12:24:30'),
(21437, 'order', 172112, '414976641140', '', '2024-02-27 12:24:30'),
(21438, 'order', 172113, '414976641157', '', '2024-02-27 12:24:30'),
(21439, 'order', 172117, '414976641164', '', '2024-02-27 12:24:30'),
(21440, 'order', 172118, '414976641171', '', '2024-02-27 12:24:30'),
(21441, 'order', 172119, '414976641188', '', '2024-02-27 12:24:30'),
(21442, 'order', 172120, '414976641195', '', '2024-02-27 12:24:30'),
(21443, 'order', 172121, '414976641201', '', '2024-02-27 12:24:30'),
(21444, 'order', 172122, '414976641218', '', '2024-02-27 12:24:30'),
(21445, 'reclamation', 179, '414976641225', '', '2024-02-27 12:24:30'),
(21446, 'order', 11169, '414976641232', '', '2024-02-27 12:24:30'),
(21447, 'reclamation', 1637, '414976641256', '', '2024-02-28 12:16:51'),
(21448, 'reclamation', 1638, '414976641263', '', '2024-02-28 12:16:51'),
(21449, 'order', 172123, '414976641270', '', '2024-02-28 12:16:51'),
(21450, 'order', 172124, '414976641287', '', '2024-02-28 12:16:51'),
(21451, 'order', 172126, '414976641294', '', '2024-02-28 12:16:51'),
(21452, 'order', 172128, '414976641300', '', '2024-02-28 12:16:51'),
(21453, 'order', 172129, '414976641317', '', '2024-02-28 12:16:51'),
(21454, 'order', 172130, '414976641324', '', '2024-02-28 12:16:51'),
(21455, 'order', 172131, '414976641331', '', '2024-02-28 12:16:51'),
(21456, 'order', 172097, '414976641355', '', '2024-02-29 12:43:12'),
(21457, 'order', 172133, '414976641362', '', '2024-02-29 12:43:12'),
(21458, 'order', 172135, '414976641379', '', '2024-02-29 12:43:12'),
(21459, 'order', 172136, '414976641386', '', '2024-02-29 12:43:12'),
(21460, 'order', 172137, '414976641393', '', '2024-02-29 12:43:12'),
(21461, 'order', 172138, '414976641409', '', '2024-02-29 12:43:12'),
(21462, 'order', 172139, '414976641416', '', '2024-02-29 12:43:12'),
(21463, 'order', 172140, '414976641423', '', '2024-02-29 12:43:12'),
(21464, 'order', 172141, '414976641430', '', '2024-02-29 12:43:12'),
(21465, 'order', 172142, '414976641447', '', '2024-02-29 12:43:12'),
(21466, 'order', 11170, '414976641461', '', '2024-02-29 12:43:12'),
(21467, 'order', 11171, '414976641478', '', '2024-02-29 12:43:12'),
(21468, 'order', 172162, '414976641683', '', '2024-03-04 12:02:01'),
(21469, 'order', 172164, '414976641690', '', '2024-03-04 12:02:01'),
(21470, 'order', 172166, '414976641706', '', '2024-03-04 12:02:01'),
(21471, 'order', 172168, '414976641713', '', '2024-03-04 12:02:01'),
(21472, 'order', 172170, '414976641720', '', '2024-03-04 12:02:01'),
(21473, 'order', 172171, '414976641737', '', '2024-03-04 12:02:01'),
(21474, 'order', 172172, '414976641744', '', '2024-03-04 12:02:01'),
(21475, 'order', 172175, '414976641751', '', '2024-03-04 12:02:01'),
(21476, 'order', 172176, '414976641768', '', '2024-03-04 12:02:01'),
(21477, 'order', 172177, '414976641775', '', '2024-03-04 12:02:01'),
(21478, 'order', 172178, '414976641782', '', '2024-03-04 12:02:01'),
(21479, 'order', 172179, '414976641799', '', '2024-03-04 12:02:01'),
(21480, 'order', 172182, '414976641805', '', '2024-03-04 12:02:01'),
(21481, 'order', 172184, '414976641812', '', '2024-03-04 12:02:01'),
(21482, 'order', 172185, '414976641829', '', '2024-03-04 12:02:01'),
(21483, 'order', 172186, '414976641836', '', '2024-03-04 12:02:01'),
(21484, 'order', 172188, '414976641843', '', '2024-03-04 12:02:01'),
(21485, 'order', 11172, '414976641850', '', '2024-03-04 12:02:01'),
(21486, 'order', 11173, '414976641867', '', '2024-03-04 12:02:01'),
(21487, 'order', 172161, '414976641874', '', '2024-03-04 12:02:01'),
(21488, 'order', 172163, '414976641881', '', '2024-03-04 12:02:01'),
(21489, 'order', 172165, '414976641898', '', '2024-03-04 12:02:01'),
(21490, 'order', 172169, '414976641904', '', '2024-03-04 12:02:01'),
(21491, 'order', 172174, '414976641911', '', '2024-03-04 12:02:01'),
(21492, 'order', 172180, '414976641928', '', '2024-03-04 12:02:01'),
(21493, 'order', 172181, '414976641935', '', '2024-03-04 12:02:01'),
(21494, 'order', 172183, '414976641942', '', '2024-03-04 12:02:01'),
(21495, 'order', 172187, '414976641959', '', '2024-03-04 12:02:01'),
(21496, 'order', 172189, '414976641966', '', '2024-03-04 12:02:01'),
(21497, 'order', 172190, '414976641973', '', '2024-03-04 12:02:01'),
(21498, 'order', 172191, '414976641980', '', '2024-03-04 12:02:01'),
(21499, 'order', 172204, '414976642055', '', '2024-03-18 12:06:13'),
(21500, 'order', 172205, '414976642062', '', '2024-03-18 12:06:13'),
(21501, 'order', 172206, '414976642079', '', '2024-03-18 12:06:13'),
(21502, 'order', 172207, '414976642086', '', '2024-03-18 12:06:13'),
(21503, 'order', 172208, '414976642093', '', '2024-03-18 12:06:13'),
(21504, 'order', 172209, '414976642109', '', '2024-03-18 12:06:13'),
(21505, 'order', 172210, '414976642116', '', '2024-03-18 12:06:13'),
(21506, 'order', 172211, '414976642123', '', '2024-03-18 12:06:13'),
(21507, 'order', 172212, '414976642130', '', '2024-03-18 12:06:13'),
(21508, 'order', 172213, '414976642147', '', '2024-03-18 12:06:13'),
(21509, 'order', 172214, '414976642154', '', '2024-03-18 12:06:13'),
(21510, 'order', 172215, '414976642161', '', '2024-03-18 12:06:13'),
(21511, 'order', 172218, '414976642178', '', '2024-03-18 12:06:13'),
(21512, 'order', 172220, '414976642185', '', '2024-03-18 12:06:13'),
(21513, 'order', 172225, '414976642192', '', '2024-03-18 12:06:13'),
(21514, 'order', 172226, '414976642208', '', '2024-03-18 12:06:13'),
(21515, 'order', 172227, '414976642215', '', '2024-03-18 12:06:13'),
(21516, 'order', 172228, '414976642222', '', '2024-03-18 12:06:13'),
(21517, 'order', 172197, '414976642239', '', '2024-03-18 12:06:13'),
(21518, 'order', 172198, '414976642246', '', '2024-03-18 12:06:13'),
(21519, 'order', 172200, '414976642253', '', '2024-03-18 12:06:13'),
(21520, 'order', 172202, '414976642260', '', '2024-03-18 12:06:13'),
(21521, 'order', 172203, '414976642277', '', '2024-03-18 12:06:13'),
(21522, 'order', 172219, '414976642284', '', '2024-03-18 12:06:13'),
(21523, 'order', 172221, '414976642291', '', '2024-03-18 12:06:13'),
(21524, 'order', 172222, '414976642307', '', '2024-03-18 12:06:13'),
(21525, 'order', 172223, '414976642314', '', '2024-03-18 12:06:13'),
(21526, 'order', 11177, '414976642321', '', '2024-03-18 12:06:13'),
(21527, 'order', 11178, '414976642338', '', '2024-03-18 12:06:13'),
(21528, 'order', 11179, '414976642345', '', '2024-03-18 12:06:13'),
(21529, 'order', 11180, '414976642352', '', '2024-03-18 12:06:13'),
(21530, 'order', 11181, '414976642369', '', '2024-03-18 12:06:13'),
(21531, 'order', 11182, '414976642376', '', '2024-03-18 12:06:13'),
(21532, 'order', 11183, '414976642383', '', '2024-03-18 12:06:13'),
(21533, 'order', 11186, '414976642390', '', '2024-03-18 12:06:13'),
(21534, 'order', 172196, '414976642529', '', '2024-03-18 12:06:13'),
(21535, 'order', 172229, '414976642536', '', '2024-03-18 12:06:13'),
(21536, 'order', 172230, '414976642543', '', '2024-03-18 12:06:13'),
(21537, 'order', 172231, '414976642550', '', '2024-03-18 12:06:13'),
(21538, 'order', 172232, '414976642567', '', '2024-03-18 12:06:13'),
(21539, 'order', 172233, '414976642574', '', '2024-03-18 12:06:13'),
(21540, 'order', 172235, '414976642581', '', '2024-03-18 12:06:13'),
(21541, 'order', 172236, '414976642598', '', '2024-03-18 12:06:13'),
(21542, 'order', 172237, '414976642604', '', '2024-03-18 12:06:13'),
(21543, 'order', 172239, '414976642611', '', '2024-03-18 12:06:13'),
(21544, 'order', 11187, '414976642628', '', '2024-03-18 12:06:13'),
(21545, 'order', 11188, '414976642635', '', '2024-03-18 12:06:13'),
(21546, 'order', 11193, '414976642642', '', '2024-03-18 12:06:13'),
(21547, 'reclamation', 1639, '414976642659', '', '2024-03-18 12:06:13'),
(21548, 'order', 172240, '414976642666', '', '2024-03-18 12:06:13'),
(21549, 'order', 172243, '414976642673', '', '2024-03-18 12:06:13'),
(21550, 'order', 172244, '414978365778', '', '2024-03-19 08:40:56'),
(21551, 'order', 172245, '414978365785', '', '2024-03-19 08:40:56'),
(21552, 'order', 172246, '414978365792', '', '2024-03-19 08:40:56'),
(21553, 'order', 172247, '414978365808', '', '2024-03-19 08:40:56'),
(21554, 'order', 172250, '414978365815', '', '2024-03-19 08:40:56'),
(21555, 'order', 172251, '414978365822', '', '2024-03-19 08:40:56'),
(21556, 'order', 172252, '414978365839', '', '2024-03-19 08:40:56'),
(21557, 'order', 172255, '414978365846', '', '2024-03-19 08:40:56'),
(21558, 'order', 172256, '414978365853', '', '2024-03-19 08:40:56'),
(21559, 'order', 172257, '414978365860', '', '2024-03-19 08:40:56'),
(21560, 'order', 172258, '414978365877', '', '2024-03-19 08:40:56'),
(21561, 'order', 172259, '414978365884', '', '2024-03-19 08:40:56'),
(21562, 'order', 172260, '414978365891', '', '2024-03-19 08:40:56'),
(21563, 'order', 172261, '414978365907', '', '2024-03-19 08:40:56'),
(21564, 'order', 172262, '414978365914', '', '2024-03-19 08:40:56'),
(21565, 'order', 11195, '414978365921', '', '2024-03-19 08:40:56'),
(21566, 'order', 171851, '414978365945', '', '2024-03-19 08:40:56'),
(21567, 'order', 172234, '414978365952', '', '2024-03-20 11:11:54'),
(21568, 'order', 172263, '414978365969', '', '2024-03-20 11:11:54'),
(21569, 'order', 172264, '414978365976', '', '2024-03-20 11:11:54'),
(21570, 'order', 172265, '414978365983', '', '2024-03-20 11:11:54'),
(21571, 'order', 172266, '414978365990', '', '2024-03-20 11:11:54'),
(21572, 'order', 172267, '414978366003', '', '2024-03-20 11:11:54'),
(21573, 'order', 172268, '414978366010', '', '2024-03-20 11:11:54'),
(21574, 'order', 172270, '414978366027', '', '2024-03-20 11:11:54'),
(21575, 'order', 172271, '414978366034', '', '2024-03-20 11:11:54'),
(21576, 'order', 172272, '414978366041', '', '2024-03-20 11:11:54'),
(21577, 'order', 172273, '414978366058', '', '2024-03-20 11:11:54'),
(21578, 'order', 172274, '414978366065', '', '2024-03-20 11:11:54'),
(21579, 'order', 172275, '414978366072', '', '2024-03-20 11:11:54'),
(21580, 'order', 172276, '414978366089', '', '2024-03-20 11:11:54'),
(21581, 'order', 172277, '414978366096', '', '2024-03-20 11:11:54'),
(21582, 'order', 172278, '414978366102', '', '2024-03-20 11:11:54'),
(21583, 'order', 172279, '414978366119', '', '2024-03-20 11:11:54'),
(21584, 'order', 172281, '414978366126', '', '2024-03-20 11:11:54'),
(21585, 'order', 172282, '414978366133', '', '2024-03-20 11:11:54'),
(21586, 'order', 172283, '414978366140', '', '2024-03-20 11:11:54'),
(21587, 'order', 172284, '414978366157', '', '2024-03-20 11:11:54'),
(21588, 'order', 172285, '414978366164', '', '2024-03-20 11:11:54'),
(21589, 'order', 11196, '414978366171', '', '2024-03-20 11:11:54'),
(21590, 'order', 11197, '414978366188', '', '2024-03-20 11:11:54'),
(21591, 'order', 11198, '414978366195', '', '2024-03-20 11:11:54'),
(21592, 'order', 172269, '414978366218', '', '2024-03-21 11:21:54'),
(21593, 'order', 172286, '414978366225', '', '2024-03-21 11:21:54'),
(21594, 'order', 172287, '414978366232', '', '2024-03-21 11:21:54'),
(21595, 'order', 172288, '414978366249', '', '2024-03-21 11:21:54'),
(21596, 'order', 172289, '414978366256', '', '2024-03-21 11:21:54'),
(21597, 'order', 172290, '414978366263', '', '2024-03-21 11:21:54'),
(21598, 'order', 172292, '414978366270', '', '2024-03-21 11:21:54'),
(21599, 'order', 172293, '414978366287', '', '2024-03-21 11:21:54'),
(21600, 'order', 172294, '414978366294', '', '2024-03-21 11:21:54'),
(21601, 'order', 172295, '414978366300', '', '2024-03-21 11:21:54'),
(21602, 'order', 172296, '414978366317', '', '2024-03-21 11:21:54'),
(21603, 'order', 172297, '414978366324', '', '2024-03-21 11:21:54'),
(21604, 'order', 172298, '414978366331', '', '2024-03-21 11:21:54'),
(21605, 'order', 172269, '414978366218', '', '2024-03-22 11:04:16'),
(21606, 'order', 172286, '414978366225', '', '2024-03-22 11:04:16'),
(21607, 'order', 172287, '414978366232', '', '2024-03-22 11:04:16'),
(21608, 'order', 172288, '414978366249', '', '2024-03-22 11:04:16'),
(21609, 'order', 172289, '414978366256', '', '2024-03-22 11:04:16'),
(21610, 'order', 172290, '414978366263', '', '2024-03-22 11:04:16'),
(21611, 'order', 172292, '414978366270', '', '2024-03-22 11:04:16'),
(21612, 'order', 172293, '414978366287', '', '2024-03-22 11:04:16'),
(21613, 'order', 172294, '414978366294', '', '2024-03-22 11:04:16'),
(21614, 'order', 172295, '414978366300', '', '2024-03-22 11:04:16'),
(21615, 'order', 172296, '414978366317', '', '2024-03-22 11:04:16'),
(21616, 'order', 172297, '414978366324', '', '2024-03-22 11:04:16'),
(21617, 'order', 172298, '414978366331', '', '2024-03-22 11:04:16'),
(21618, 'order', 172299, '414978366362', '', '2024-03-22 11:04:16'),
(21619, 'order', 172300, '414978366379', '', '2024-03-22 11:04:16'),
(21620, 'order', 172301, '414978366386', '', '2024-03-22 11:04:16'),
(21621, 'order', 172302, '414978366393', '', '2024-03-22 11:04:16'),
(21622, 'order', 172304, '414978366409', '', '2024-03-22 11:04:16'),
(21623, 'order', 172305, '414978366416', '', '2024-03-22 11:04:16'),
(21624, 'order', 172306, '414978366423', '', '2024-03-22 11:04:16'),
(21625, 'order', 172307, '414978366430', '', '2024-03-22 11:04:16'),
(21626, 'order', 172308, '414978366454', '', '2024-03-22 11:04:16'),
(21627, 'order', 172363, '414978367000', '', '2024-03-27 07:34:03'),
(21628, 'order', 172364, '414978367017', '', '2024-03-27 07:34:03'),
(21629, 'order', 172365, '414978367024', '', '2024-03-27 07:34:03'),
(21630, 'order', 172367, '414978367031', '', '2024-03-27 07:34:03'),
(21631, 'order', 172368, '414978367048', '', '2024-03-27 07:34:03'),
(21632, 'order', 172369, '414978367055', '', '2024-03-27 07:34:03'),
(21633, 'order', 172370, '414978367062', '', '2024-03-27 07:34:03'),
(21634, 'order', 172371, '414978367079', '', '2024-03-27 07:34:03'),
(21635, 'order', 172372, '414978367086', '', '2024-03-27 07:34:03'),
(21636, 'order', 172373, '414978367093', '', '2024-03-27 07:34:03'),
(21637, 'order', 11199, '414978367116', '', '2024-03-27 07:34:03'),
(21638, 'order', 11207, '414978367123', '', '2024-03-27 07:34:03'),
(21639, 'order', 11209, '414978367130', '', '2024-03-27 07:34:03'),
(21640, 'order', 11211, '414978367147', '', '2024-03-27 07:34:03'),
(21641, 'reclamation', 1640, '414978367796', '', '2024-04-03 06:09:36'),
(21642, 'order', 172429, '414980532007', '', '2024-04-03 06:09:36'),
(21643, 'order', 172434, '414978367802', '', '2024-04-03 06:09:36'),
(21644, 'order', 172435, '414978367819', '', '2024-04-03 06:09:36'),
(21645, 'order', 172436, '414978367826', '', '2024-04-03 06:09:36'),
(21646, 'order', 172437, '414978367833', '', '2024-04-03 06:09:36'),
(21647, 'order', 172438, '414978367840', '', '2024-04-03 06:09:36'),
(21648, 'order', 172439, '414978367857', '', '2024-04-03 06:09:36'),
(21649, 'order', 172440, '414978367864', '', '2024-04-03 06:09:36'),
(21650, 'order', 172441, '414978367871', '', '2024-04-03 06:09:36'),
(21651, 'order', 172442, '414978367888', '', '2024-04-03 06:09:36'),
(21652, 'order', 172443, '414978367895', '', '2024-04-03 06:09:36'),
(21653, 'order', 172444, '414978367901', '', '2024-04-03 06:09:36'),
(21654, 'order', 172449, '414978367918', '', '2024-04-03 06:09:36'),
(21655, 'order', 172450, '414978367925', '', '2024-04-03 06:09:36'),
(21656, 'order', 172451, '414978367932', '', '2024-04-03 06:09:36'),
(21657, 'order', 172452, '414978367949', '', '2024-04-03 06:09:36'),
(21658, 'order', 172453, '414978367956', '', '2024-04-03 06:09:36'),
(21659, 'order', 172454, '414978367963', '', '2024-04-03 06:09:36'),
(21660, 'order', 172455, '414978367970', '', '2024-04-03 06:09:36'),
(21661, 'order', 172457, '414978367987', '', '2024-04-03 06:09:36'),
(21662, 'order', 172458, '414978367994', '', '2024-04-03 06:09:36'),
(21663, 'order', 172459, '414978368007', '', '2024-04-03 06:09:36'),
(21664, 'order', 11221, '414978368014', '', '2024-04-03 06:09:36'),
(21665, 'order', 172497, '414978368441', '', '2024-04-08 11:21:31'),
(21666, 'order', 172498, '414978368458', '', '2024-04-08 11:21:31'),
(21667, 'order', 172500, '414978368465', '', '2024-04-08 11:21:31'),
(21668, 'order', 172501, '414978368472', '', '2024-04-08 11:21:31'),
(21669, 'order', 172504, '414978368489', '', '2024-04-08 11:21:31'),
(21670, 'order', 172509, '414978368496', '', '2024-04-08 11:21:31'),
(21671, 'order', 172510, '414978368502', '', '2024-04-08 11:21:31'),
(21672, 'order', 172511, '414978368519', '', '2024-04-08 11:21:31'),
(21673, 'order', 172514, '414978368526', '', '2024-04-08 11:21:31'),
(21674, 'order', 172502, '414978368533', '', '2024-04-08 11:21:31'),
(21675, 'order', 172507, '414978368540', '', '2024-04-08 11:21:31'),
(21676, 'order', 172508, '414978368557', '', '2024-04-08 11:21:31'),
(21677, 'reclamation', 1641, '414978368564', '', '2024-04-08 11:21:31'),
(21678, 'order', 172496, '414978368571', '', '2024-04-08 11:21:31'),
(21679, 'order', 172499, '414978368588', '', '2024-04-08 11:21:31'),
(21680, 'order', 172505, '414978368595', '', '2024-04-08 11:21:31'),
(21681, 'order', 172517, '414978368601', '', '2024-04-08 11:21:31'),
(21682, 'order', 172518, '414978368618', '', '2024-04-08 11:21:31'),
(21683, 'order', 172519, '414978368625', '', '2024-04-08 11:21:31'),
(21684, 'order', 172520, '414978368632', '', '2024-04-08 11:21:31'),
(21685, 'order', 172521, '414978368649', '', '2024-04-08 11:21:31'),
(21686, 'order', 172522, '414978368656', '', '2024-04-08 11:21:31'),
(21687, 'order', 172523, '414978368663', '', '2024-04-08 11:21:31'),
(21688, 'order', 172526, '414980532014', '', '2024-04-08 11:21:31'),
(21689, 'order', 172527, '414980532021', '', '2024-04-08 11:21:31'),
(21690, 'order', 172530, '414980532076', '', '2024-04-09 12:12:18'),
(21691, 'order', 172531, '414980532083', '', '2024-04-09 12:12:18'),
(21692, 'order', 172532, '414980532090', '', '2024-04-09 12:12:18'),
(21693, 'order', 172533, '414980532106', '', '2024-04-09 12:12:18'),
(21694, 'order', 172534, '414980532113', '', '2024-04-09 12:12:18'),
(21695, 'order', 172535, '414980532120', '', '2024-04-09 12:12:18'),
(21696, 'order', 172536, '414980532137', '', '2024-04-09 12:12:18'),
(21697, 'order', 172537, '414980532144', '', '2024-04-09 12:12:18'),
(21698, 'order', 172538, '414980532151', '', '2024-04-09 12:12:18'),
(21699, 'order', 172541, '414980532168', '', '2024-04-09 12:12:18'),
(21700, 'order', 172542, '414980532175', '', '2024-04-09 12:12:18'),
(21701, 'order', 172543, '414980532182', '', '2024-04-09 12:12:18'),
(21702, 'order', 11226, '414980532199', '', '2024-04-09 12:12:18'),
(21703, 'order', 11227, '414980532205', '', '2024-04-09 12:12:18'),
(21704, 'order', 11228, '414980532212', '', '2024-04-09 12:12:18'),
(21705, 'order', 11229, '414980532229', '', '2024-04-09 12:12:18'),
(21706, 'order', 172366, '414980532243', '', '2024-04-09 12:12:18'),
(21707, 'order', 172503, '414980532250', '', '2024-04-09 12:12:18'),
(21708, 'order', 172506, '414980532267', '', '2024-04-09 12:12:18'),
(21709, 'order', 172512, '414980532274', '', '2024-04-09 12:12:18'),
(21710, 'order', 172513, '414980532281', '', '2024-04-09 12:12:18'),
(21711, 'order', 172515, '414980532298', '', '2024-04-09 12:12:18'),
(21712, 'order', 172524, '414980532304', '', '2024-04-09 12:12:18'),
(21713, 'order', 172525, '414980532311', '', '2024-04-09 12:12:18'),
(21714, 'order', 172539, '414980532328', '', '2024-04-09 12:12:18'),
(21715, 'order', 172544, '414980532335', '', '2024-04-09 12:12:18'),
(21716, 'order', 172602, '414980532939', '', '2024-04-15 06:16:28'),
(21717, 'order', 172603, '414980532946', '', '2024-04-15 06:16:28'),
(21718, 'order', 172607, '414980532953', '', '2024-04-15 06:16:28'),
(21719, 'order', 172608, '414980532960', '', '2024-04-15 06:16:28'),
(21720, 'order', 172609, '414980532977', '', '2024-04-15 06:16:28'),
(21721, 'order', 172610, '414980532984', '', '2024-04-15 06:16:28'),
(21722, 'order', 172611, '414980532991', '', '2024-04-15 06:16:28'),
(21723, 'order', 172615, '414980533004', '', '2024-04-15 06:16:28'),
(21724, 'order', 172616, '414980533011', '', '2024-04-15 06:16:28'),
(21725, 'order', 172618, '414980533028', '', '2024-04-15 06:16:28'),
(21726, 'order', 172599, '414980533035', '', '2024-04-15 06:16:28'),
(21727, 'order', 172600, '414980533042', '', '2024-04-15 06:16:28'),
(21728, 'order', 172601, '414980533059', '', '2024-04-15 06:16:28'),
(21729, 'order', 172604, '414980533066', '', '2024-04-15 06:16:28'),
(21730, 'order', 172605, '414980533073', '', '2024-04-15 06:16:28'),
(21731, 'order', 172606, '414980533080', '', '2024-04-15 06:16:28'),
(21732, 'order', 172612, '414980533097', '', '2024-04-15 06:16:28'),
(21733, 'order', 172613, '414980533103', '', '2024-04-15 06:16:28'),
(21734, 'order', 172614, '414980533110', '', '2024-04-15 06:16:28'),
(21735, 'order', 172617, '414980533127', '', '2024-04-15 06:16:28'),
(21736, 'reclamation', 1644, '414980533134', '', '2024-04-15 06:16:28'),
(21737, 'reclamation', 1645, '414980533141', '', '2024-04-15 06:16:28'),
(21738, 'order', 172580, '414980533158', '', '2024-04-15 06:16:28'),
(21739, 'order', 172598, '414980533165', '', '2024-04-15 06:16:28'),
(21740, 'order', 172619, '414980533172', '', '2024-04-15 06:16:28'),
(21741, 'order', 172620, '414980533189', '', '2024-04-15 06:16:28'),
(21742, 'order', 172621, '414980533196', '', '2024-04-15 06:16:28'),
(21743, 'order', 172624, '414980533202', '', '2024-04-15 06:16:28'),
(21744, 'order', 172625, '414980533219', '', '2024-04-15 06:16:28'),
(21745, 'order', 172627, '414980533226', '', '2024-04-15 06:16:28'),
(21746, 'order', 172628, '414980533233', '', '2024-04-15 06:16:28'),
(21747, 'order', 172629, '414980533240', '', '2024-04-15 06:16:28'),
(21748, 'order', 172632, '414980533257', '', '2024-04-15 06:16:28'),
(21749, 'order', 172633, '414980533264', '', '2024-04-15 06:16:28'),
(21750, 'order', 172634, '414980533271', '', '2024-04-15 06:16:28'),
(21751, 'order', 172635, '414980533288', '', '2024-04-15 06:16:28'),
(21752, 'order', 172636, '414980533295', '', '2024-04-15 06:16:28'),
(21753, 'order', 172639, '414980533301', '', '2024-04-15 06:16:28'),
(21754, 'order', 172642, '414981526371', '', '2024-04-15 06:16:28'),
(21755, 'order', 172643, '414980533318', '', '2024-04-15 06:16:28'),
(21756, 'order', 172644, '414980533325', '', '2024-04-15 06:16:28'),
(21757, 'order', 172646, '414980533332', '', '2024-04-15 06:16:28'),
(21758, 'order', 172647, '414980533349', '', '2024-04-15 06:16:28'),
(21759, 'order', 172648, '414980533356', '', '2024-04-15 06:16:28'),
(21760, 'order', 172649, '414980533363', '', '2024-04-15 06:16:28'),
(21761, 'order', 11232, '414980533370', '', '2024-04-15 06:16:28'),
(21762, 'order', 11233, '414980533387', '', '2024-04-15 06:16:28'),
(21763, 'order', 172602, '414980532939', '', '2024-04-16 06:00:34'),
(21764, 'order', 172603, '414980532946', '', '2024-04-16 06:00:34'),
(21765, 'order', 172607, '414980532953', '', '2024-04-16 06:00:34'),
(21766, 'order', 172608, '414980532960', '', '2024-04-16 06:00:34'),
(21767, 'order', 172609, '414980532977', '', '2024-04-16 06:00:34'),
(21768, 'order', 172610, '414980532984', '', '2024-04-16 06:00:34'),
(21769, 'order', 172611, '414980532991', '', '2024-04-16 06:00:34'),
(21770, 'order', 172615, '414980533004', '', '2024-04-16 06:00:34'),
(21771, 'order', 172616, '414980533011', '', '2024-04-16 06:00:34'),
(21772, 'order', 172618, '414980533028', '', '2024-04-16 06:00:34'),
(21773, 'order', 172599, '414980533035', '', '2024-04-16 06:00:34'),
(21774, 'order', 172600, '414980533042', '', '2024-04-16 06:00:34'),
(21775, 'order', 172601, '414980533059', '', '2024-04-16 06:00:34'),
(21776, 'order', 172604, '414980533066', '', '2024-04-16 06:00:34'),
(21777, 'order', 172605, '414980533073', '', '2024-04-16 06:00:34'),
(21778, 'order', 172606, '414980533080', '', '2024-04-16 06:00:34'),
(21779, 'order', 172612, '414980533097', '', '2024-04-16 06:00:34'),
(21780, 'order', 172613, '414980533103', '', '2024-04-16 06:00:34'),
(21781, 'order', 172614, '414980533110', '', '2024-04-16 06:00:34'),
(21782, 'order', 172617, '414980533127', '', '2024-04-16 06:00:34'),
(21783, 'reclamation', 1644, '414980533134', '', '2024-04-16 06:00:34'),
(21784, 'reclamation', 1645, '414980533141', '', '2024-04-16 06:00:34');
INSERT INTO `shippings_tracking_numbers_temp` (`shippings_tracking_numbers_temp_id`, `target_type`, `target_type_id`, `transaction_id`, `versender`, `date_added`) VALUES
(21785, 'order', 172580, '414980533158', '', '2024-04-16 06:00:34'),
(21786, 'order', 172598, '414980533165', '', '2024-04-16 06:00:34'),
(21787, 'order', 172619, '414980533172', '', '2024-04-16 06:00:34'),
(21788, 'order', 172620, '414980533189', '', '2024-04-16 06:00:34'),
(21789, 'order', 172621, '414980533196', '', '2024-04-16 06:00:34'),
(21790, 'order', 172624, '414980533202', '', '2024-04-16 06:00:34'),
(21791, 'order', 172625, '414980533219', '', '2024-04-16 06:00:34'),
(21792, 'order', 172627, '414980533226', '', '2024-04-16 06:00:34'),
(21793, 'order', 172628, '414980533233', '', '2024-04-16 06:00:34'),
(21794, 'order', 172629, '414980533240', '', '2024-04-16 06:00:34'),
(21795, 'order', 172632, '414980533257', '', '2024-04-16 06:00:34'),
(21796, 'order', 172633, '414980533264', '', '2024-04-16 06:00:34'),
(21797, 'order', 172634, '414980533271', '', '2024-04-16 06:00:34'),
(21798, 'order', 172635, '414980533288', '', '2024-04-16 06:00:34'),
(21799, 'order', 172636, '414980533295', '', '2024-04-16 06:00:34'),
(21800, 'order', 172639, '414980533301', '', '2024-04-16 06:00:34'),
(21801, 'order', 172642, '414981526371', '', '2024-04-16 06:00:34'),
(21802, 'order', 172643, '414980533318', '', '2024-04-16 06:00:34'),
(21803, 'order', 172644, '414980533325', '', '2024-04-16 06:00:34'),
(21804, 'order', 172646, '414980533332', '', '2024-04-16 06:00:34'),
(21805, 'order', 172647, '414980533349', '', '2024-04-16 06:00:34'),
(21806, 'order', 172648, '414980533356', '', '2024-04-16 06:00:34'),
(21807, 'order', 172649, '414980533363', '', '2024-04-16 06:00:34'),
(21808, 'order', 11232, '414980533370', '', '2024-04-16 06:00:34'),
(21809, 'order', 11233, '414980533387', '', '2024-04-16 06:00:34'),
(21810, 'reclamation', 1646, '414980533400', '', '2024-04-16 06:00:34'),
(21811, 'order', 172650, '414980533417', '', '2024-04-16 06:00:34'),
(21812, 'order', 172651, '414980533424', '', '2024-04-16 06:00:34'),
(21813, 'order', 172655, '414980533431', '', '2024-04-16 06:00:34'),
(21814, 'order', 172656, '414980533448', '', '2024-04-16 06:00:34'),
(21815, 'order', 172657, '414980533455', '', '2024-04-16 06:00:34'),
(21816, 'order', 172658, '414980533462', '', '2024-04-16 06:00:34'),
(21817, 'order', 172659, '414980533479', '', '2024-04-16 06:00:34'),
(21818, 'order', 172660, '414980533486', '', '2024-04-16 06:00:34'),
(21819, 'order', 172661, '414980533493', '', '2024-04-16 06:00:34'),
(21820, 'order', 172662, '414980533509', '', '2024-04-16 06:00:34'),
(21821, 'order', 172664, '414980533516', '', '2024-04-16 06:00:34'),
(21822, 'order', 172665, '414980533523', '', '2024-04-16 06:00:34'),
(21823, 'order', 172666, '414980533530', '', '2024-04-16 06:00:34'),
(21824, 'order', 172667, '414980533547', '', '2024-04-16 06:00:34'),
(21825, 'order', 172668, '414980533554', '', '2024-04-16 06:00:34'),
(21826, 'order', 172669, '414980533561', '', '2024-04-16 06:00:34'),
(21827, 'order', 11235, '414980533578', '', '2024-04-16 06:00:34'),
(21828, 'order', 11236, '414980533585', '', '2024-04-16 06:00:34'),
(21829, 'order', 11237, '414980533592', '', '2024-04-16 06:00:34'),
(21830, 'order', 172685, '414980533769', '', '2024-04-18 10:55:33'),
(21831, 'order', 172686, '414980533776', '', '2024-04-18 10:55:33'),
(21832, 'order', 172687, '414980533783', '', '2024-04-18 10:55:33'),
(21833, 'order', 172688, '414980533790', '', '2024-04-18 10:55:33'),
(21834, 'order', 172689, '414980533806', '', '2024-04-18 10:55:33'),
(21835, 'order', 172690, '414980533813', '', '2024-04-18 10:55:33'),
(21836, 'order', 172693, '414980533820', '', '2024-04-18 10:55:33'),
(21837, 'order', 172694, '414980533837', '', '2024-04-18 10:55:33'),
(21838, 'order', 172695, '414980533844', '', '2024-04-18 10:55:33'),
(21839, 'order', 172696, '414980533851', '', '2024-04-18 10:55:33'),
(21840, 'order', 172697, '414981526388', '', '2024-04-18 10:55:33'),
(21841, 'order', 172698, '414981526395', '', '2024-04-18 10:55:33'),
(21842, 'order', 172699, '414981526401', '', '2024-04-18 10:55:33'),
(21843, 'order', 172700, '414981526418', '', '2024-04-18 10:55:33'),
(21844, 'order', 172702, '414981526425', '', '2024-04-18 10:55:33'),
(21845, 'order', 172703, '414981526432', '', '2024-04-18 10:55:33'),
(21846, 'order', 172704, '414981526449', '', '2024-04-18 10:55:33'),
(21847, 'order', 172705, '414981526456', '', '2024-04-18 10:55:33'),
(21848, 'order', 172663, '414981526487', '', '2024-04-18 10:55:33'),
(21849, 'order', 172707, '414981526494', '', '2024-04-19 08:05:33'),
(21850, 'order', 172709, '414981526500', '', '2024-04-19 08:05:33'),
(21851, 'order', 172710, '414981526517', '', '2024-04-19 08:05:33'),
(21852, 'order', 172711, '414981526524', '', '2024-04-19 08:05:33'),
(21853, 'order', 172712, '414981526531', '', '2024-04-19 08:05:33'),
(21854, 'order', 172713, '414981526548', '', '2024-04-19 08:05:33'),
(21855, 'order', 172714, '414981526555', '', '2024-04-19 08:05:33'),
(21856, 'order', 172715, '414981526562', '', '2024-04-19 08:05:33'),
(21857, 'order', 172716, '414981526579', '', '2024-04-19 08:05:33'),
(21858, 'order', 172717, '414981526586', '', '2024-04-19 08:05:33'),
(21859, 'order', 172718, '414981526593', '', '2024-04-19 08:05:33'),
(21860, 'order', 11238, '414981526609', '', '2024-04-19 08:05:33'),
(21861, 'order', 172725, '414981526630', '', '2024-04-22 16:57:12'),
(21862, 'order', 172728, '414981526647', '', '2024-04-22 16:57:12'),
(21863, 'order', 172729, '414981526654', '', '2024-04-22 16:57:12'),
(21864, 'order', 172730, '414981526661', '', '2024-04-22 16:57:12'),
(21865, 'order', 172732, '414981526678', '', '2024-04-22 16:57:12'),
(21866, 'order', 172734, '414981526685', '', '2024-04-22 16:57:12'),
(21867, 'order', 172737, '414981526692', '', '2024-04-22 16:57:12'),
(21868, 'order', 172738, '414981526708', '', '2024-04-22 16:57:12'),
(21869, 'order', 172739, '414981526715', '', '2024-04-22 16:57:12'),
(21870, 'order', 172741, '414981526722', '', '2024-04-22 16:57:12'),
(21871, 'order', 172742, '414981526739', '', '2024-04-22 16:57:12'),
(21872, 'order', 172744, '414981526746', '', '2024-04-22 16:57:12'),
(21873, 'order', 172748, '414981526753', '', '2024-04-22 16:57:12'),
(21874, 'order', 172749, '414981526760', '', '2024-04-22 16:57:12'),
(21875, 'order', 172752, '414981526777', '', '2024-04-22 16:57:12'),
(21876, 'order', 172754, '414981526784', '', '2024-04-22 16:57:12'),
(21877, 'order', 172755, '414981526791', '', '2024-04-22 16:57:12'),
(21878, 'order', 172723, '414981526807', '', '2024-04-22 16:57:12'),
(21879, 'order', 172726, '414981526814', '', '2024-04-22 16:57:12'),
(21880, 'order', 172727, '414981526821', '', '2024-04-22 16:57:12'),
(21881, 'order', 172733, '414981526838', '', '2024-04-22 16:57:12'),
(21882, 'order', 172735, '414981526845', '', '2024-04-22 16:57:12'),
(21883, 'order', 172736, '414981526852', '', '2024-04-22 16:57:12'),
(21884, 'order', 172740, '414981526869', '', '2024-04-22 16:57:12'),
(21885, 'order', 172743, '414981526876', '', '2024-04-22 16:57:12'),
(21886, 'order', 172747, '414981526883', '', '2024-04-22 16:57:12'),
(21887, 'order', 172751, '414981526890', '', '2024-04-22 16:57:12'),
(21888, 'order', 172753, '414981526906', '', '2024-04-22 16:57:12'),
(21889, 'order', 11239, '414981526913', '', '2024-04-22 16:57:12'),
(21890, 'order', 11242, '414981526920', '', '2024-04-22 16:57:12'),
(21891, 'order', 172708, '414981526968', '', '2024-04-22 16:57:12'),
(21892, 'order', 172758, '414981526975', '', '2024-04-22 16:57:12'),
(21893, 'order', 172759, '414981526982', '', '2024-04-22 16:57:12'),
(21894, 'order', 172760, '414981526999', '', '2024-04-22 16:57:12'),
(21895, 'order', 172761, '414981527002', '', '2024-04-22 16:57:12'),
(21896, 'order', 172762, '414981527019', '', '2024-04-22 16:57:12'),
(21897, 'order', 172763, '414981527026', '', '2024-04-22 16:57:12'),
(21898, 'order', 172764, '414981527033', '', '2024-04-22 16:57:12'),
(21899, 'order', 172765, '414981527040', '', '2024-04-22 16:57:12'),
(21900, 'order', 172766, '414981527057', '', '2024-04-22 16:57:12'),
(21901, 'order', 172767, '414981527064', '', '2024-04-22 16:57:12'),
(21902, 'order', 172768, '414981527071', '', '2024-04-22 16:57:12'),
(21903, 'order', 172769, '414981527088', '', '2024-04-22 16:57:12'),
(21904, 'order', 172770, '414981527095', '', '2024-04-22 16:57:12'),
(21905, 'order', 11243, '414981527101', '', '2024-04-22 16:57:12'),
(21906, 'order', 11244, '414981527118', '', '2024-04-22 16:57:12'),
(21907, 'order', 172719, '414981527132', '', '2024-04-22 16:57:12'),
(21908, 'order', 172771, '414981527149', '', '2024-04-22 16:57:12'),
(21909, 'order', 172772, '414981527156', '', '2024-04-23 08:19:42'),
(21910, 'order', 172773, '414981527163', '', '2024-04-23 08:19:42'),
(21911, 'order', 172774, '414981527170', '', '2024-04-23 08:19:42'),
(21912, 'order', 172775, '414981527187', '', '2024-04-23 08:19:42'),
(21913, 'order', 172776, '414981527194', '', '2024-04-23 08:19:42'),
(21914, 'order', 172777, '414981527200', '', '2024-04-23 08:19:42'),
(21915, 'order', 172778, '414981527217', '', '2024-04-23 08:19:42'),
(21916, 'order', 172779, '414981527224', '', '2024-04-23 08:19:42'),
(21917, 'order', 172780, '414981527231', '', '2024-04-23 08:19:42'),
(21918, 'order', 172781, '414981527248', '', '2024-04-23 08:19:42'),
(21919, 'order', 172784, '414981527255', '', '2024-04-23 08:19:42'),
(21920, 'order', 172785, '414981527262', '', '2024-04-23 08:19:42'),
(21921, 'order', 11245, '414981527279', '', '2024-04-23 08:19:42'),
(21922, 'order', 172786, '414981527316', '', '2024-04-24 08:20:53'),
(21923, 'order', 172787, '414981527323', '', '2024-04-24 08:20:53'),
(21924, 'order', 172788, '414981527330', '', '2024-04-24 08:20:53'),
(21925, 'order', 172790, '414981527347', '', '2024-04-24 08:20:53'),
(21926, 'order', 172791, '414981527354', '', '2024-04-24 08:20:53'),
(21927, 'order', 172796, '414981527361', '', '2024-04-24 08:20:53'),
(21928, 'order', 172797, '414981527378', '', '2024-04-24 08:20:53'),
(21929, 'order', 172798, '414981527385', '', '2024-04-24 08:20:53'),
(21930, 'order', 172799, '414981527392', '', '2024-04-24 08:20:53'),
(21931, 'order', 172800, '414981527408', '', '2024-04-24 08:20:53'),
(21932, 'order', 172801, '414981527415', '', '2024-04-24 08:20:53'),
(21933, 'order', 172802, '414981527422', '', '2024-04-24 08:20:53'),
(21934, 'order', 172803, '414981527439', '', '2024-04-24 08:20:53'),
(21935, 'order', 172804, '414981527446', '', '2024-04-24 08:20:53'),
(21936, 'order', 172805, '414981527453', '', '2024-04-24 08:20:53'),
(21937, 'order', 172806, '414981527460', '', '2024-04-24 08:20:53'),
(21938, 'order', 172792, '414981527477', '', '2024-04-25 11:15:47'),
(21939, 'order', 172811, '414981527484', '', '2024-04-25 11:15:47'),
(21940, 'order', 172812, '414981527491', '', '2024-04-25 11:15:47'),
(21941, 'order', 172813, '414981527507', '', '2024-04-25 11:15:47'),
(21942, 'order', 172815, '414981527514', '', '2024-04-25 11:15:47'),
(21943, 'order', 172818, '414981527521', '', '2024-04-25 11:15:47'),
(21944, 'order', 172819, '414981527538', '', '2024-04-25 11:15:47'),
(21945, 'order', 172820, '414981527545', '', '2024-04-25 11:15:47'),
(21946, 'order', 172821, '414981527552', '', '2024-04-25 11:15:47'),
(21947, 'order', 172822, '414981527569', '', '2024-04-25 11:15:47'),
(21948, 'order', 172823, '414981527576', '', '2024-04-25 11:15:47'),
(21949, 'order', 172824, '414981527583', '', '2024-04-25 11:15:47'),
(21950, 'order', 172825, '414981527590', '', '2024-04-25 11:15:47'),
(21951, 'order', 172826, '414981527606', '', '2024-04-25 11:15:47'),
(21952, 'order', 172827, '414981527613', '', '2024-04-25 11:15:47'),
(21953, 'order', 172829, '414981527620', '', '2024-04-25 11:15:47'),
(21954, 'order', 172830, '414981527637', '', '2024-04-25 11:15:47'),
(21955, 'order', 172831, '414981527651', '', '2024-04-26 14:41:08'),
(21956, 'order', 172832, '414981527668', '', '2024-04-26 14:41:08'),
(21957, 'order', 172833, '414981527675', '', '2024-04-26 14:41:08'),
(21958, 'order', 172834, '414981527682', '', '2024-04-26 14:41:08'),
(21959, 'order', 172835, '414981527699', '', '2024-04-26 14:41:08'),
(21960, 'order', 172836, '414981527705', '', '2024-04-26 14:41:08'),
(21961, 'order', 172837, '414981527712', '', '2024-04-26 14:41:08'),
(21962, 'order', 172838, '414981527729', '', '2024-04-26 14:41:08'),
(21963, 'order', 172839, '414981527736', '', '2024-04-26 14:41:09'),
(21964, 'order', 11246, '414981527743', '', '2024-04-26 14:41:09'),
(21965, 'order', 172816, '414981527767', '', '2024-04-26 14:41:09'),
(21966, 'order', 172840, '414981527774', '', '2024-04-26 14:41:09'),
(21967, 'order', 172841, '414981527781', '', '2024-04-26 14:41:09'),
(21968, 'order', 172842, '414981527798', '', '2024-04-26 14:41:09'),
(21969, 'order', 172846, '414981527804', '', '2024-04-29 10:39:30'),
(21970, 'order', 172849, '414981527811', '', '2024-04-29 10:39:30'),
(21971, 'order', 172852, '414981527828', '', '2024-04-29 10:39:30'),
(21972, 'order', 172854, '414981527835', '', '2024-04-29 10:39:30'),
(21973, 'order', 172857, '414981527842', '', '2024-04-29 10:39:30'),
(21974, 'order', 172864, '414981527859', '', '2024-04-29 10:39:30'),
(21975, 'order', 172866, '414981527866', '', '2024-04-29 10:39:30'),
(21976, 'order', 172867, '414981527873', '', '2024-04-29 10:39:30'),
(21977, 'order', 172868, '414981527880', '', '2024-04-29 10:39:30'),
(21978, 'order', 172869, '414981527897', '', '2024-04-29 10:39:30'),
(21979, 'order', 172870, '414981527903', '', '2024-04-29 10:39:30'),
(21980, 'order', 172871, '414981527910', '', '2024-04-29 10:39:30'),
(21981, 'order', 172875, '414981527927', '', '2024-04-29 10:39:30'),
(21982, 'order', 172876, '414981527934', '', '2024-04-29 10:39:30'),
(21983, 'order', 172847, '414981527941', '', '2024-04-29 10:39:30'),
(21984, 'order', 172848, '414981527958', '', '2024-04-29 10:39:30'),
(21985, 'order', 172850, '414981527965', '', '2024-04-29 10:39:30'),
(21986, 'order', 172851, '414981527972', '', '2024-04-29 10:39:30'),
(21987, 'order', 172853, '414981527989', '', '2024-04-29 10:39:30'),
(21988, 'order', 172855, '414981527996', '', '2024-04-29 10:39:30'),
(21989, 'order', 172856, '414981528009', '', '2024-04-29 10:39:30'),
(21990, 'order', 172858, '414981528016', '', '2024-04-29 10:39:30'),
(21991, 'order', 172859, '414981528023', '', '2024-04-29 10:39:30'),
(21992, 'order', 172860, '414981528030', '', '2024-04-29 10:39:30'),
(21993, 'order', 172861, '414981528047', '', '2024-04-29 10:39:30'),
(21994, 'order', 172862, '414981528054', '', '2024-04-29 10:39:30'),
(21995, 'order', 172863, '414981528061', '', '2024-04-29 10:39:30'),
(21996, 'order', 172865, '414981528078', '', '2024-04-29 10:39:30'),
(21997, 'order', 172874, '414981528085', '', '2024-04-29 10:39:30'),
(21998, 'order', 11247, '414981528108', '', '2024-04-29 10:39:30'),
(21999, 'order', 172872, '414981528115', '', '2024-04-29 10:39:30'),
(22000, 'order', 172873, '414981528122', '', '2024-04-29 10:39:30'),
(22001, 'order', 172877, '414981528139', '', '2024-04-29 10:39:30'),
(22002, 'order', 172878, '414981528146', '', '2024-04-29 10:39:30'),
(22003, 'order', 172879, '414981528153', '', '2024-04-29 10:39:30'),
(22004, 'order', 172880, '414981528160', '', '2024-04-29 10:39:30'),
(22005, 'order', 172882, '414981528177', '', '2024-04-29 10:39:30'),
(22006, 'order', 172883, '414981528184', '', '2024-04-29 10:39:30'),
(22007, 'order', 172884, '414981528191', '', '2024-04-29 10:39:30'),
(22008, 'order', 172885, '414981528207', '', '2024-04-29 10:39:30'),
(22009, 'order', 172886, '414981528214', '', '2024-04-29 10:39:30'),
(22010, 'order', 172887, '414981528221', '', '2024-04-29 10:39:30'),
(22011, 'order', 172888, '414981528238', '', '2024-04-29 10:39:30'),
(22012, 'order', 172889, '414981528245', '', '2024-04-29 10:39:30'),
(22013, 'order', 172890, '414981528252', '', '2024-04-29 10:39:30'),
(22014, 'reclamation', 1647, '414981528269', '', '2024-04-29 10:39:30'),
(22015, 'order', 172814, '414981528276', '', '2024-04-29 10:39:30'),
(22016, 'order', 172881, '414981528290', '', '2024-04-30 11:13:17'),
(22017, 'order', 172892, '414981528306', '', '2024-04-30 11:13:17'),
(22018, 'order', 172893, '414981528313', '', '2024-04-30 11:13:17'),
(22019, 'order', 172894, '414981528320', '', '2024-04-30 11:13:17'),
(22020, 'order', 172897, '414981528337', '', '2024-04-30 11:13:17'),
(22021, 'order', 172898, '414981528344', '', '2024-04-30 11:13:17'),
(22022, 'order', 172900, '414981528351', '', '2024-04-30 11:13:17'),
(22023, 'order', 172901, '414981528368', '', '2024-04-30 11:13:17'),
(22024, 'order', 172902, '414981528375', '', '2024-04-30 11:13:17'),
(22025, 'order', 172903, '414981528382', '', '2024-04-30 11:13:17'),
(22026, 'order', 11250, '414981528405', '', '2024-05-02 11:26:55'),
(22027, 'order', 172904, '414981528412', '', '2024-05-02 11:26:55'),
(22028, 'order', 172907, '414981528429', '', '2024-05-02 11:26:55'),
(22029, 'order', 172910, '414981528436', '', '2024-05-02 11:26:55'),
(22030, 'order', 172912, '414981528443', '', '2024-05-02 11:26:55'),
(22031, 'order', 172913, '414981528450', '', '2024-05-02 11:26:55'),
(22032, 'order', 172914, '414981528467', '', '2024-05-02 11:26:55'),
(22033, 'order', 172915, '414981528474', '', '2024-05-02 11:26:55'),
(22034, 'order', 172917, '414981528481', '', '2024-05-02 11:26:55'),
(22035, 'order', 172921, '414981528498', '', '2024-05-02 11:26:55'),
(22036, 'order', 172922, '414981528504', '', '2024-05-02 11:26:55'),
(22037, 'order', 172923, '414981528511', '', '2024-05-02 11:26:55'),
(22038, 'order', 172924, '414981528528', '', '2024-05-02 11:26:55'),
(22039, 'order', 172925, '414981528535', '', '2024-05-02 11:26:55'),
(22040, 'order', 172926, '414981528542', '', '2024-05-02 11:26:55'),
(22041, 'order', 172927, '414981528559', '', '2024-05-02 11:26:55'),
(22042, 'order', 172928, '414981528566', '', '2024-05-02 11:26:55'),
(22043, 'order', 172929, '414981528573', '', '2024-05-02 11:26:55'),
(22044, 'order', 172930, '414981528580', '', '2024-05-02 11:26:55'),
(22045, 'order', 172931, '414981528597', '', '2024-05-02 11:26:55'),
(22046, 'order', 172932, '414981528603', '', '2024-05-02 11:26:55'),
(22047, 'order', 172933, '414981528610', '', '2024-05-02 11:26:55'),
(22048, 'reclamation', 1648, '414981528627', '', '2024-05-02 11:26:55'),
(22049, 'order', 172911, '414981528634', '', '2024-05-02 11:26:55'),
(22050, 'order', 11250, '414981528405', '', '2024-05-03 11:42:54'),
(22051, 'order', 172904, '414981528412', '', '2024-05-03 11:42:54'),
(22052, 'order', 172907, '414981528429', '', '2024-05-03 11:42:54'),
(22053, 'order', 172910, '414981528436', '', '2024-05-03 11:42:54'),
(22054, 'order', 172912, '414981528443', '', '2024-05-03 11:42:54'),
(22055, 'order', 172913, '414981528450', '', '2024-05-03 11:42:54'),
(22056, 'order', 172914, '414981528467', '', '2024-05-03 11:42:54'),
(22057, 'order', 172915, '414981528474', '', '2024-05-03 11:42:54'),
(22058, 'order', 172917, '414981528481', '', '2024-05-03 11:42:54'),
(22059, 'order', 172921, '414981528498', '', '2024-05-03 11:42:54'),
(22060, 'order', 172922, '414981528504', '', '2024-05-03 11:42:54'),
(22061, 'order', 172923, '414981528511', '', '2024-05-03 11:42:54'),
(22062, 'order', 172924, '414981528528', '', '2024-05-03 11:42:54'),
(22063, 'order', 172925, '414981528535', '', '2024-05-03 11:42:54'),
(22064, 'order', 172926, '414981528542', '', '2024-05-03 11:42:54'),
(22065, 'order', 172927, '414981528559', '', '2024-05-03 11:42:54'),
(22066, 'order', 172928, '414981528566', '', '2024-05-03 11:42:54'),
(22067, 'order', 172929, '414981528573', '', '2024-05-03 11:42:54'),
(22068, 'order', 172930, '414981528580', '', '2024-05-03 11:42:54'),
(22069, 'order', 172931, '414981528597', '', '2024-05-03 11:42:54'),
(22070, 'order', 172932, '414981528603', '', '2024-05-03 11:42:54'),
(22071, 'order', 172933, '414981528610', '', '2024-05-03 11:42:54'),
(22072, 'reclamation', 1648, '414981528627', '', '2024-05-03 11:42:54'),
(22073, 'order', 172911, '414981528634', '', '2024-05-03 11:42:54'),
(22074, 'order', 172934, '414981528658', '', '2024-05-03 11:42:54'),
(22075, 'order', 172935, '414982961393', '', '2024-05-03 11:42:54'),
(22076, 'order', 172936, '414981528665', '', '2024-05-03 11:42:54'),
(22077, 'order', 172937, '414981528672', '', '2024-05-03 11:42:54'),
(22078, 'order', 172938, '414981528689', '', '2024-05-03 11:42:54'),
(22079, 'order', 172939, '414981528696', '', '2024-05-03 11:42:54'),
(22080, 'order', 172940, '414981528702', '', '2024-05-03 11:42:54'),
(22081, 'order', 172941, '414981528719', '', '2024-05-03 11:42:54'),
(22082, 'order', 172942, '414981528726', '', '2024-05-03 11:42:54'),
(22083, 'order', 172943, '414981528733', '', '2024-05-03 11:42:54'),
(22084, 'order', 172945, '414981528740', '', '2024-05-03 11:42:54'),
(22085, 'order', 172946, '414981528757', '', '2024-05-03 11:42:54'),
(22086, 'order', 172947, '414981528764', '', '2024-05-03 11:42:54'),
(22087, 'order', 172948, '414981528771', '', '2024-05-03 11:42:54'),
(22088, 'order', 172954, '414981528788', '', '2024-05-06 14:03:05'),
(22089, 'order', 172958, '414981528795', '', '2024-05-06 14:03:05'),
(22090, 'order', 172959, '414981528801', '', '2024-05-06 14:03:05'),
(22091, 'order', 172960, '414981528818', '', '2024-05-06 14:03:05'),
(22092, 'order', 172963, '414981528825', '', '2024-05-06 14:03:05'),
(22093, 'order', 172964, '414981528832', '', '2024-05-06 14:03:05'),
(22094, 'order', 172966, '414981528849', '', '2024-05-06 14:03:05'),
(22095, 'order', 172968, '414981528856', '', '2024-05-06 14:03:05'),
(22096, 'order', 172970, '414981528863', '', '2024-05-06 14:03:05'),
(22097, 'order', 172971, '414981528870', '', '2024-05-06 14:03:05'),
(22098, 'order', 172972, '414981528887', '', '2024-05-06 14:03:05'),
(22099, 'order', 172976, '414981528894', '', '2024-05-06 14:03:05'),
(22100, 'order', 172977, '414981528900', '', '2024-05-06 14:03:05'),
(22101, 'order', 172978, '414981528917', '', '2024-05-06 14:03:05'),
(22102, 'order', 172979, '414981528924', '', '2024-05-06 14:03:05'),
(22103, 'order', 172980, '414981528931', '', '2024-05-06 14:03:05'),
(22104, 'order', 172981, '414981528948', '', '2024-05-06 14:03:05'),
(22105, 'order', 172949, '414981528955', '', '2024-05-06 14:03:05'),
(22106, 'order', 172953, '414981528986', '', '2024-05-06 14:03:05'),
(22107, 'order', 172955, '414981528993', '', '2024-05-06 14:03:05'),
(22108, 'order', 172956, '414981529006', '', '2024-05-06 14:03:05'),
(22109, 'order', 172957, '414981529013', '', '2024-05-06 14:03:05'),
(22110, 'order', 172962, '414981529020', '', '2024-05-06 14:03:05'),
(22111, 'order', 172965, '414981529037', '', '2024-05-06 14:03:05'),
(22112, 'order', 172967, '414981529044', '', '2024-05-06 14:03:05'),
(22113, 'order', 172969, '414981529051', '', '2024-05-06 14:03:05'),
(22114, 'order', 172973, '414981529068', '', '2024-05-06 14:03:05'),
(22115, 'order', 172952, '414981529075', '', '2024-05-06 14:03:05'),
(22116, 'order', 172961, '414981529082', '', '2024-05-06 14:03:05'),
(22117, 'order', 172982, '414981529099', '', '2024-05-06 14:03:05'),
(22118, 'order', 172983, '414981529105', '', '2024-05-06 14:03:05'),
(22119, 'order', 172984, '414981529112', '', '2024-05-06 14:03:05'),
(22120, 'order', 172985, '414981529129', '', '2024-05-06 14:03:05'),
(22121, 'order', 172986, '414981529136', '', '2024-05-06 14:03:05'),
(22122, 'order', 172987, '414981529143', '', '2024-05-06 14:03:05'),
(22123, 'order', 172988, '414981529150', '', '2024-05-06 14:03:05'),
(22124, 'order', 172989, '414981529167', '', '2024-05-06 14:03:05'),
(22125, 'order', 172990, '414981529174', '', '2024-05-06 14:03:05'),
(22126, 'order', 172991, '414981529181', '', '2024-05-06 14:03:05'),
(22127, 'order', 11251, '414981529198', '', '2024-05-06 14:03:05'),
(22128, 'order', 11252, '414981529204', '', '2024-05-06 14:03:05'),
(22129, 'order', 11253, '414981529211', '', '2024-05-06 14:03:05'),
(22130, 'order', 172993, '414981529242', '', '2024-05-07 10:51:09'),
(22131, 'order', 172995, '414981529259', '', '2024-05-07 10:51:09'),
(22132, 'order', 172996, '414981529266', '', '2024-05-07 10:51:09'),
(22133, 'order', 172997, '414981529273', '', '2024-05-07 10:51:09'),
(22134, 'order', 173000, '414981529280', '', '2024-05-07 10:51:09'),
(22135, 'order', 173001, '414981529297', '', '2024-05-07 10:51:09'),
(22136, 'order', 173002, '414981529303', '', '2024-05-07 10:51:09'),
(22137, 'order', 173003, '414981529310', '', '2024-05-07 10:51:09'),
(22138, 'order', 173004, '414981529327', '', '2024-05-07 10:51:09'),
(22139, 'order', 173005, '414981529334', '', '2024-05-07 10:51:09'),
(22140, 'order', 173006, '414981529341', '', '2024-05-07 10:51:09'),
(22141, 'order', 173007, '414981529358', '', '2024-05-07 10:51:09'),
(22142, 'order', 173008, '414981529365', '', '2024-05-07 10:51:09'),
(22143, 'order', 173009, '414981529372', '', '2024-05-07 10:51:09'),
(22144, 'order', 173010, '414981529389', '', '2024-05-07 10:51:09'),
(22145, 'order', 173011, '414981529396', '', '2024-05-08 11:35:42'),
(22146, 'order', 173012, '414981529402', '', '2024-05-08 11:35:42'),
(22147, 'order', 173013, '414981529419', '', '2024-05-08 11:35:42'),
(22148, 'order', 173014, '414981529426', '', '2024-05-08 11:35:42'),
(22149, 'order', 173015, '414981529433', '', '2024-05-08 11:35:42'),
(22150, 'order', 173016, '414981529440', '', '2024-05-08 11:35:42'),
(22151, 'order', 173017, '414981529457', '', '2024-05-08 11:35:42'),
(22152, 'order', 173018, '414981529464', '', '2024-05-08 11:35:42'),
(22153, 'order', 173019, '414981529471', '', '2024-05-08 11:35:42'),
(22154, 'order', 173021, '414981529488', '', '2024-05-08 11:35:42'),
(22155, 'order', 173022, '414981529495', '', '2024-05-08 11:35:42'),
(22156, 'order', 173023, '414981529501', '', '2024-05-08 11:35:42'),
(22157, 'order', 173024, '414981529518', '', '2024-05-08 11:35:42'),
(22158, 'order', 173025, '414981529525', '', '2024-05-08 11:35:42'),
(22159, 'order', 173053, '414982961447', '', '2024-05-13 12:03:43'),
(22160, 'order', 173054, '414982961454', '', '2024-05-13 12:03:43'),
(22161, 'order', 173057, '414982961461', '', '2024-05-13 12:03:43'),
(22162, 'order', 173061, '414982961478', '', '2024-05-13 12:03:43'),
(22163, 'order', 173062, '414982961485', '', '2024-05-13 12:03:43'),
(22164, 'order', 173063, '414982961492', '', '2024-05-13 12:03:43'),
(22165, 'order', 173064, '414982961508', '', '2024-05-13 12:03:43'),
(22166, 'order', 173065, '414982961515', '', '2024-05-13 12:03:43'),
(22167, 'order', 173066, '414982961522', '', '2024-05-13 12:03:43'),
(22168, 'order', 173067, '414982961539', '', '2024-05-13 12:03:43'),
(22169, 'order', 173046, '414982961546', '', '2024-05-13 12:03:43'),
(22170, 'order', 173047, '414982961553', '', '2024-05-13 12:03:43'),
(22171, 'order', 173048, '414982961560', '', '2024-05-13 12:03:43'),
(22172, 'order', 173049, '414982961577', '', '2024-05-13 12:03:43'),
(22173, 'order', 173050, '414982961584', '', '2024-05-13 12:03:43'),
(22174, 'order', 173051, '414982961591', '', '2024-05-13 12:03:43'),
(22175, 'order', 173052, '414982961607', '', '2024-05-13 12:03:43'),
(22176, 'order', 173055, '414982961614', '', '2024-05-13 12:03:43'),
(22177, 'order', 173056, '414982961621', '', '2024-05-13 12:03:43'),
(22178, 'order', 173058, '414982961638', '', '2024-05-13 12:03:43'),
(22179, 'order', 173059, '414982961645', '', '2024-05-13 12:03:43'),
(22180, 'order', 173060, '414982961652', '', '2024-05-13 12:03:43'),
(22181, 'order', 173068, '414982961669', '', '2024-05-13 12:03:43'),
(22182, 'order', 173069, '414982961676', '', '2024-05-13 12:03:43'),
(22183, 'order', 173070, '414982961683', '', '2024-05-13 12:03:43'),
(22184, 'order', 173071, '414982961690', '', '2024-05-13 12:03:43'),
(22185, 'order', 173072, '414982961706', '', '2024-05-13 12:03:43'),
(22186, 'order', 173073, '414982961713', '', '2024-05-13 12:03:43'),
(22187, 'order', 173074, '414982961720', '', '2024-05-13 12:03:43'),
(22188, 'order', 173075, '414982961737', '', '2024-05-13 12:03:43'),
(22189, 'order', 173076, '414982961744', '', '2024-05-13 12:03:43'),
(22190, 'order', 11254, '414982961751', '', '2024-05-13 12:03:43'),
(22191, 'order', 11255, '414982961768', '', '2024-05-13 12:03:43'),
(22192, 'order', 173029, '414982961799', '', '2024-05-13 12:03:43'),
(22193, 'order', 173086, '414982961904', '', '2024-05-15 11:14:17'),
(22194, 'order', 173087, '414982961911', '', '2024-05-15 11:14:17'),
(22195, 'order', 173088, '414982961928', '', '2024-05-15 11:14:17'),
(22196, 'order', 173089, '414982961935', '', '2024-05-15 11:14:17'),
(22197, 'order', 173090, '414982961942', '', '2024-05-15 11:14:17'),
(22198, 'order', 173091, '414982961959', '', '2024-05-15 11:14:17'),
(22199, 'order', 173092, '414982961966', '', '2024-05-15 11:14:17'),
(22200, 'order', 173093, '414982961973', '', '2024-05-15 11:14:17'),
(22201, 'order', 173094, '414982961980', '', '2024-05-15 11:14:17'),
(22202, 'order', 173095, '414982961997', '', '2024-05-15 11:14:17'),
(22203, 'order', 173096, '414982962000', '', '2024-05-15 11:14:17'),
(22204, 'order', 173097, '414982962017', '', '2024-05-15 11:14:17'),
(22205, 'order', 173098, '414982962031', '', '2024-05-16 14:41:01'),
(22206, 'order', 173099, '414982962048', '', '2024-05-16 14:41:01'),
(22207, 'order', 173101, '414982962055', '', '2024-05-16 14:41:01'),
(22208, 'order', 173102, '414982962062', '', '2024-05-16 14:41:01'),
(22209, 'order', 173103, '414982962079', '', '2024-05-16 14:41:01'),
(22210, 'order', 173104, '414982962086', '', '2024-05-16 14:41:01'),
(22211, 'order', 173105, '414982962093', '', '2024-05-16 14:41:01'),
(22212, 'order', 173106, '414982962109', '', '2024-05-16 14:41:01'),
(22213, 'order', 173107, '414982962116', '', '2024-05-16 14:41:01'),
(22214, 'order', 173108, '414982962123', '', '2024-05-16 14:41:01'),
(22215, 'order', 11256, '414982962130', '', '2024-05-17 10:39:41'),
(22216, 'order', 11257, '414982962147', '', '2024-05-17 10:39:41'),
(22217, 'order', 173020, '414982962161', '', '2024-05-17 10:39:41'),
(22218, 'order', 173109, '414982962178', '', '2024-05-17 10:39:41'),
(22219, 'order', 173110, '414982962185', '', '2024-05-17 10:39:41'),
(22220, 'order', 173111, '414982962192', '', '2024-05-17 10:39:41'),
(22221, 'order', 173114, '414982962208', '', '2024-05-17 10:39:41'),
(22222, 'order', 173115, '414982962215', '', '2024-05-17 10:39:41'),
(22223, 'order', 173116, '414982962222', '', '2024-05-17 10:39:41'),
(22224, 'order', 173117, '414982962239', '', '2024-05-17 10:39:41'),
(22225, 'order', 173118, '414982962246', '', '2024-05-17 10:39:41'),
(22226, 'order', 173119, '414982962253', '', '2024-05-17 10:39:41'),
(22227, 'order', 173112, '414982962260', '', '2024-05-17 10:39:41'),
(22228, 'order', 173164, '414982962697', '', '2024-05-22 14:10:46'),
(22229, 'order', 173167, '414982962703', '', '2024-05-22 14:10:46'),
(22230, 'order', 173168, '414982962710', '', '2024-05-22 14:10:46'),
(22231, 'order', 173169, '414982962727', '', '2024-05-22 14:10:46'),
(22232, 'order', 173171, '414982962741', '', '2024-05-22 14:10:46'),
(22233, 'order', 173174, '414982962758', '', '2024-05-22 14:10:46'),
(22234, 'order', 173175, '414982962765', '', '2024-05-22 14:10:46'),
(22235, 'order', 173176, '414982962772', '', '2024-05-22 14:10:46'),
(22236, 'order', 173177, '414982962789', '', '2024-05-22 14:10:46'),
(22237, 'order', 173178, '414982962796', '', '2024-05-22 14:10:46'),
(22238, 'order', 11262, '414982962802', '', '2024-05-22 14:10:46'),
(22239, 'order', 173179, '414982962840', '', '2024-05-22 14:10:46'),
(22240, 'order', 173181, '414982962857', '', '2024-05-23 11:12:25'),
(22241, 'order', 173182, '414982962864', '', '2024-05-23 11:12:25'),
(22242, 'order', 173183, '414982962871', '', '2024-05-23 11:12:25'),
(22243, 'order', 173184, '414982962888', '', '2024-05-23 11:12:25'),
(22244, 'order', 173185, '414982962895', '', '2024-05-23 11:12:25'),
(22245, 'order', 173186, '414982962901', '', '2024-05-23 11:12:25'),
(22246, 'order', 173187, '414982962918', '', '2024-05-23 11:12:25'),
(22247, 'order', 173188, '414982962925', '', '2024-05-23 11:12:25'),
(22248, 'order', 173189, '414982962932', '', '2024-05-23 11:12:25'),
(22249, 'order', 173198, '414982963021', '', '2024-05-27 18:48:59'),
(22250, 'order', 173213, '414982963038', '', '2024-05-27 18:48:59'),
(22251, 'order', 173214, '414982963045', '', '2024-05-27 18:48:59'),
(22252, 'order', 173215, '414982963052', '', '2024-05-27 18:48:59'),
(22253, 'order', 173216, '414982963069', '', '2024-05-27 18:48:59'),
(22254, 'order', 173218, '414982963076', '', '2024-05-27 18:48:59'),
(22255, 'order', 173219, '414982963083', '', '2024-05-27 18:48:59'),
(22256, 'order', 173220, '414982963090', '', '2024-05-27 18:48:59'),
(22257, 'order', 173199, '414982963106', '', '2024-05-27 18:48:59'),
(22258, 'order', 173200, '414982963113', '', '2024-05-27 18:48:59'),
(22259, 'order', 173201, '414982963120', '', '2024-05-27 18:48:59'),
(22260, 'order', 173202, '414982963137', '', '2024-05-27 18:48:59'),
(22261, 'order', 173203, '414982963144', '', '2024-05-27 18:48:59'),
(22262, 'order', 173204, '414982963151', '', '2024-05-27 18:48:59'),
(22263, 'order', 173205, '414982963168', '', '2024-05-27 18:48:59'),
(22264, 'order', 173206, '414982963175', '', '2024-05-27 18:48:59'),
(22265, 'order', 173207, '414982963182', '', '2024-05-27 18:48:59'),
(22266, 'order', 173208, '414982963199', '', '2024-05-27 18:48:59'),
(22267, 'order', 173209, '414982963205', '', '2024-05-27 18:48:59'),
(22268, 'order', 173210, '414982963212', '', '2024-05-27 18:48:59'),
(22269, 'order', 173211, '414982963229', '', '2024-05-27 18:48:59'),
(22270, 'order', 173217, '414982963243', '', '2024-05-27 18:48:59'),
(22271, 'order', 173221, '414982963250', '', '2024-05-27 18:48:59'),
(22272, 'order', 173222, '414982963267', '', '2024-05-27 18:48:59'),
(22273, 'order', 173223, '414982963274', '', '2024-05-27 18:48:59'),
(22274, 'order', 173224, '414982963281', '', '2024-05-27 18:48:59'),
(22275, 'order', 173226, '414982963304', '', '2024-05-27 18:48:59'),
(22276, 'order', 173227, '414982963311', '', '2024-05-27 18:48:59'),
(22277, 'order', 173228, '414982963328', '', '2024-05-27 18:48:59'),
(22278, 'order', 173229, '414982963335', '', '2024-05-27 18:48:59'),
(22279, 'order', 173230, '414982963342', '', '2024-05-27 18:48:59'),
(22280, 'order', 173231, '414982963359', '', '2024-05-27 18:48:59'),
(22281, 'order', 11263, '414982963366', '', '2024-05-27 18:48:59'),
(22282, 'order', 11264, '414982963373', '', '2024-05-27 18:48:59'),
(22283, 'order', 173248, '414982963588', '', '2024-05-31 11:26:37'),
(22284, 'order', 173249, '414982963595', '', '2024-05-31 11:26:37'),
(22285, 'order', 173250, '414982963601', '', '2024-05-31 11:26:37'),
(22286, 'order', 173251, '414982963618', '', '2024-05-31 11:26:37'),
(22287, 'order', 173252, '414982963625', '', '2024-05-31 11:26:37'),
(22288, 'order', 173253, '414982963632', '', '2024-05-31 11:26:37'),
(22289, 'order', 173254, '414982963649', '', '2024-05-31 11:26:37'),
(22290, 'order', 173255, '414982963656', '', '2024-05-31 11:26:37'),
(22291, 'order', 173258, '414982963663', '', '2024-05-31 11:26:37'),
(22292, 'order', 173260, '414982963670', '', '2024-05-31 11:26:37'),
(22293, 'order', 173261, '414982963687', '', '2024-05-31 11:26:37'),
(22294, 'order', 173262, '414982963694', '', '2024-05-31 11:26:37'),
(22295, 'order', 173263, '414982963700', '', '2024-05-31 11:26:37'),
(22296, 'order', 173264, '414982963717', '', '2024-05-31 11:26:37'),
(22297, 'order', 11266, '414982963724', '', '2024-05-31 11:26:37'),
(22298, 'order', 11274, '414982963731', '', '2024-05-31 11:26:37'),
(22299, 'order', 11275, '414982963748', '', '2024-05-31 11:26:37'),
(22300, 'order', 173256, '414982963779', '', '2024-05-31 11:26:37'),
(22301, 'order', 173265, '414982963786', '', '2024-05-31 11:26:37'),
(22302, 'order', 173266, '414982963793', '', '2024-05-31 11:26:37'),
(22303, 'order', 173232, '414982964271', '', '2024-06-04 15:55:25'),
(22304, 'order', 173259, '414982964288', '', '2024-06-04 15:55:25'),
(22305, 'order', 173313, '414982964295', '', '2024-06-04 15:55:25'),
(22306, 'order', 173314, '414982964301', '', '2024-06-04 15:55:25'),
(22307, 'order', 173317, '414982964325', '', '2024-06-04 15:55:25'),
(22308, 'order', 173318, '414982964332', '', '2024-06-04 15:55:25'),
(22309, 'order', 173319, '414982964349', '', '2024-06-04 15:55:25'),
(22310, 'order', 173320, '414982964356', '', '2024-06-04 15:55:25'),
(22311, 'order', 173321, '414982964363', '', '2024-06-04 15:55:25'),
(22312, 'order', 173322, '414982964370', '', '2024-06-04 15:55:25'),
(22313, 'order', 173323, '414982964387', '', '2024-06-04 15:55:25'),
(22314, 'order', 173324, '414982964394', '', '2024-06-04 15:55:25'),
(22315, 'order', 173325, '414982964400', '', '2024-06-04 15:55:25'),
(22316, 'order', 173326, '414982964417', '', '2024-06-04 15:55:25'),
(22317, 'order', 173328, '414982964431', '', '2024-06-05 15:48:12'),
(22318, 'order', 173329, '414982964448', '', '2024-06-05 15:48:12'),
(22319, 'order', 173331, '414982964455', '', '2024-06-05 15:48:12'),
(22320, 'order', 173332, '414982964462', '', '2024-06-05 15:48:12'),
(22321, 'order', 173333, '414982964479', '', '2024-06-05 15:48:12'),
(22322, 'order', 173334, '414982964486', '', '2024-06-05 15:48:12'),
(22323, 'order', 173336, '414982964493', '', '2024-06-05 15:48:12'),
(22324, 'reclamation', 1651, '414982964509', '', '2024-06-05 15:48:12'),
(22325, 'order', 173351, '414982964677', '', '2024-06-07 14:57:31'),
(22326, 'order', 173352, '414982964684', '', '2024-06-07 14:57:31'),
(22327, 'order', 173353, '414982964691', '', '2024-06-07 14:57:31'),
(22328, 'order', 173354, '414982964707', '', '2024-06-07 14:57:31'),
(22329, 'order', 173355, '414982964714', '', '2024-06-07 14:57:31'),
(22330, 'order', 173358, '414982964721', '', '2024-06-07 14:57:31'),
(22331, 'order', 173359, '414982964738', '', '2024-06-07 14:57:31'),
(22332, 'order', 173360, '414982964745', '', '2024-06-07 14:57:31'),
(22333, 'order', 173361, '414982964752', '', '2024-06-07 14:57:31'),
(22334, 'order', 173362, '414982964769', '', '2024-06-07 14:57:31'),
(22335, 'order', 173363, '414982964776', '', '2024-06-07 14:57:31'),
(22336, 'order', 173364, '414982964783', '', '2024-06-07 14:57:31'),
(22337, 'order', 11283, '414982964790', '', '2024-06-07 14:57:31'),
(22338, 'order', 173351, '414982964677', '', '2024-06-10 12:50:37'),
(22339, 'order', 173352, '414982964684', '', '2024-06-10 12:50:37'),
(22340, 'order', 173353, '414982964691', '', '2024-06-10 12:50:37'),
(22341, 'order', 173354, '414982964707', '', '2024-06-10 12:50:37'),
(22342, 'order', 173355, '414982964714', '', '2024-06-10 12:50:37'),
(22343, 'order', 173358, '414982964721', '', '2024-06-10 12:50:37'),
(22344, 'order', 173359, '414982964738', '', '2024-06-10 12:50:37'),
(22345, 'order', 173360, '414982964745', '', '2024-06-10 12:50:37'),
(22346, 'order', 173361, '414982964752', '', '2024-06-10 12:50:37'),
(22347, 'order', 173362, '414982964769', '', '2024-06-10 12:50:37'),
(22348, 'order', 173363, '414982964776', '', '2024-06-10 12:50:37'),
(22349, 'order', 173364, '414982964783', '', '2024-06-10 12:50:37'),
(22350, 'order', 11283, '414982964790', '', '2024-06-10 12:50:37'),
(22351, 'order', 173365, '414982964820', '', '2024-06-10 12:50:37'),
(22352, 'order', 173369, '414982964837', '', '2024-06-10 12:50:37'),
(22353, 'order', 173370, '414982964844', '', '2024-06-10 12:50:37'),
(22354, 'order', 173373, '414982964851', '', '2024-06-10 12:50:37'),
(22355, 'order', 173374, '414982964868', '', '2024-06-10 12:50:37'),
(22356, 'order', 173376, '414982964875', '', '2024-06-10 12:50:37'),
(22357, 'order', 173377, '414982964882', '', '2024-06-10 12:50:37'),
(22358, 'order', 173378, '414982964899', '', '2024-06-10 12:50:37'),
(22359, 'order', 173379, '414982964905', '', '2024-06-10 12:50:37'),
(22360, 'order', 173380, '414982964912', '', '2024-06-10 12:50:37'),
(22361, 'order', 173381, '414982964929', '', '2024-06-10 12:50:37'),
(22362, 'order', 173368, '414982964936', '', '2024-06-10 12:50:37'),
(22363, 'order', 173371, '414982964943', '', '2024-06-10 12:50:37'),
(22364, 'order', 173372, '414982964950', '', '2024-06-10 12:50:37'),
(22365, 'order', 173375, '414982964967', '', '2024-06-10 12:50:37'),
(22366, 'order', 173384, '414982964974', '', '2024-06-10 12:50:37'),
(22367, 'order', 173385, '414982964981', '', '2024-06-10 12:50:37'),
(22368, 'order', 173386, '414982964998', '', '2024-06-10 12:50:37'),
(22369, 'order', 173387, '414982965001', '', '2024-06-10 12:50:37'),
(22370, 'order', 173388, '414982965018', '', '2024-06-10 12:50:37'),
(22371, 'order', 173389, '414982965025', '', '2024-06-10 12:50:37'),
(22372, 'order', 173390, '414982965032', '', '2024-06-10 12:50:37'),
(22373, 'order', 173391, '414982965049', '', '2024-06-10 12:50:37'),
(22374, 'order', 173392, '414982965056', '', '2024-06-10 12:50:37'),
(22375, 'order', 173393, '414982965063', '', '2024-06-10 12:50:37'),
(22376, 'order', 173394, '414982965070', '', '2024-06-10 12:50:37'),
(22377, 'order', 173395, '414982965087', '', '2024-06-10 12:50:37'),
(22378, 'order', 173396, '414982965094', '', '2024-06-10 12:50:37'),
(22379, 'order', 173397, '414982965100', '', '2024-06-10 12:50:37'),
(22380, 'order', 11285, '414982965148', '', '2024-06-10 12:50:37'),
(22381, 'order', 11286, '414982965155', '', '2024-06-10 12:50:37'),
(22382, 'order', 173398, '414982965179', '', '2024-06-11 12:21:19'),
(22383, 'order', 173400, '414982965186', '', '2024-06-11 12:21:19'),
(22384, 'order', 173401, '414984237618', '', '2024-06-11 12:21:19'),
(22385, 'order', 173402, '414984237625', '', '2024-06-11 12:21:19'),
(22386, 'order', 173403, '414984237632', '', '2024-06-11 12:21:19'),
(22387, 'order', 173404, '414984237649', '', '2024-06-11 12:21:19'),
(22388, 'order', 173405, '414984237656', '', '2024-06-11 12:21:19'),
(22389, 'order', 173406, '414984237663', '', '2024-06-11 12:21:19'),
(22390, 'order', 173407, '414984237670', '', '2024-06-11 12:21:19'),
(22391, 'order', 173408, '414984237687', '', '2024-06-11 12:21:19'),
(22392, 'order', 173410, '414984237694', '', '2024-06-11 12:21:19'),
(22393, 'order', 173411, '414984237700', '', '2024-06-11 12:21:19'),
(22394, 'order', 173412, '414984237717', '', '2024-06-11 12:21:19'),
(22395, 'order', 173413, '414984237724', '', '2024-06-11 12:21:19'),
(22396, 'order', 173414, '414984237731', '', '2024-06-11 12:21:19'),
(22397, 'order', 173415, '414984237748', '', '2024-06-11 12:21:19'),
(22398, 'order', 173416, '414984237755', '', '2024-06-11 12:21:19'),
(22399, 'order', 173417, '414984237762', '', '2024-06-11 12:21:19'),
(22400, 'order', 173353, '414984237779', '', '2024-06-11 12:21:19'),
(22401, 'order', 173257, '414984237809', '', '2024-06-12 14:59:54'),
(22402, 'order', 173418, '414984237816', '', '2024-06-12 14:59:54'),
(22403, 'order', 173421, '414984237823', '', '2024-06-12 14:59:54'),
(22404, 'order', 173422, '414984237830', '', '2024-06-12 14:59:54'),
(22405, 'order', 173423, '414984237847', '', '2024-06-12 14:59:54'),
(22406, 'order', 173424, '414984237854', '', '2024-06-12 14:59:54'),
(22407, 'order', 173426, '414984237861', '', '2024-06-12 14:59:54'),
(22408, 'order', 173427, '414984237878', '', '2024-06-12 14:59:54'),
(22409, 'order', 173467, '414984238240', '', '2024-06-17 17:09:57'),
(22410, 'order', 173470, '414984238257', '', '2024-06-17 17:09:57'),
(22411, 'order', 173471, '414984238264', '', '2024-06-17 17:09:57'),
(22412, 'order', 173472, '414984238271', '', '2024-06-17 17:09:57'),
(22413, 'order', 173474, '414984238288', '', '2024-06-17 17:09:57'),
(22414, 'order', 173476, '414984238295', '', '2024-06-17 17:09:57'),
(22415, 'order', 173478, '414984238301', '', '2024-06-17 17:09:57'),
(22416, 'order', 173480, '414984238318', '', '2024-06-17 17:09:57'),
(22417, 'order', 173481, '414984238325', '', '2024-06-17 17:09:57'),
(22418, 'order', 173482, '414984238332', '', '2024-06-17 17:09:57'),
(22419, 'order', 173483, '414984238349', '', '2024-06-17 17:09:57'),
(22420, 'order', 173484, '414984238356', '', '2024-06-17 17:09:57'),
(22421, 'order', 173485, '414984238363', '', '2024-06-17 17:09:57'),
(22422, 'order', 173486, '414984238370', '', '2024-06-17 17:09:57'),
(22423, 'order', 173487, '414984238387', '', '2024-06-17 17:09:57'),
(22424, 'order', 173461, '414984238394', '', '2024-06-17 17:09:57'),
(22425, 'order', 173462, '414984238400', '', '2024-06-17 17:09:57'),
(22426, 'order', 173463, '414984238417', '', '2024-06-17 17:09:57'),
(22427, 'order', 173464, '414984238424', '', '2024-06-17 17:09:57'),
(22428, 'order', 173465, '414984238431', '', '2024-06-17 17:09:57'),
(22429, 'order', 173469, '414984238448', '', '2024-06-17 17:09:57'),
(22430, 'order', 173473, '414984238455', '', '2024-06-17 17:09:57'),
(22431, 'order', 173475, '414984238462', '', '2024-06-17 17:09:57'),
(22432, 'order', 173477, '414984238479', '', '2024-06-17 17:09:57'),
(22433, 'order', 173479, '414984238486', '', '2024-06-17 17:09:57'),
(22434, 'order', 173489, '414984238493', '', '2024-06-17 17:09:57'),
(22435, 'order', 173490, '414984238509', '', '2024-06-17 17:09:57'),
(22436, 'order', 173491, '414984238516', '', '2024-06-17 17:09:57'),
(22437, 'order', 173492, '414984238523', '', '2024-06-17 17:09:57'),
(22438, 'order', 173493, '414984238530', '', '2024-06-17 17:09:57'),
(22439, 'order', 173494, '414984238547', '', '2024-06-17 17:09:57'),
(22440, 'order', 173495, '414984238554', '', '2024-06-17 17:09:57'),
(22441, 'order', 173496, '414984238561', '', '2024-06-17 17:09:57'),
(22442, 'order', 173497, '414984238578', '', '2024-06-17 17:09:57'),
(22443, 'order', 173498, '414984238585', '', '2024-06-17 17:09:57'),
(22444, 'order', 173499, '414984238592', '', '2024-06-17 17:09:57'),
(22445, 'order', 173500, '414984238608', '', '2024-06-17 17:09:57'),
(22446, 'order', 11289, '414984238615', '', '2024-06-17 17:09:57'),
(22447, 'order', 11290, '414984238622', '', '2024-06-17 17:09:57'),
(22448, 'order', 11294, '414984238639', '', '2024-06-17 17:09:57'),
(22449, 'order', 11288, '414984238646', '', '2024-06-17 17:09:57'),
(22450, 'order', 173508, '414984238738', '', '2024-06-19 13:39:41'),
(22451, 'order', 173509, '414984238745', '', '2024-06-19 13:39:41'),
(22452, 'order', 173510, '414984238752', '', '2024-06-19 13:39:41'),
(22453, 'order', 173511, '414984238769', '', '2024-06-19 13:39:41'),
(22454, 'order', 173512, '414984238776', '', '2024-06-19 13:39:41'),
(22455, 'order', 173513, '414984238783', '', '2024-06-19 13:39:41'),
(22456, 'order', 173514, '414984238790', '', '2024-06-19 13:39:41'),
(22457, 'order', 173515, '414984238806', '', '2024-06-19 13:39:41'),
(22458, 'order', 173516, '414984238813', '', '2024-06-19 13:39:41'),
(22459, 'order', 173517, '414984238820', '', '2024-06-19 13:39:41'),
(22460, 'order', 173518, '414984238837', '', '2024-06-19 13:39:41'),
(22461, 'order', 173519, '414984238844', '', '2024-06-19 13:39:41'),
(22462, 'order', 173520, '414984238851', '', '2024-06-19 13:39:41'),
(22463, 'order', 173521, '414984238868', '', '2024-06-19 13:39:41'),
(22464, 'order', 173522, '414984238875', '', '2024-06-19 13:39:41'),
(22465, 'order', 173523, '414984238882', '', '2024-06-19 13:39:41'),
(22466, 'order', 173524, '414984238899', '', '2024-06-19 13:39:41'),
(22467, 'order', 173525, '414984238905', '', '2024-06-19 13:39:41'),
(22468, 'order', 11295, '414984238912', '', '2024-06-19 13:39:41'),
(22469, 'order', 173547, '414984239148', '', '2024-06-24 11:31:56'),
(22470, 'order', 173548, '414984239155', '', '2024-06-24 11:31:56'),
(22471, 'order', 173549, '414984239162', '', '2024-06-24 11:31:56'),
(22472, 'order', 173550, '414984239179', '', '2024-06-24 11:31:56'),
(22473, 'order', 173553, '414984239186', '', '2024-06-24 11:31:56'),
(22474, 'order', 173554, '414984239193', '', '2024-06-24 11:31:56'),
(22475, 'order', 173556, '414984239209', '', '2024-06-24 11:31:56'),
(22476, 'order', 173558, '414984239216', '', '2024-06-24 11:31:56'),
(22477, 'order', 173559, '414984239223', '', '2024-06-24 11:31:56'),
(22478, 'order', 173560, '414984239230', '', '2024-06-24 11:31:56'),
(22479, 'order', 173561, '414984239247', '', '2024-06-24 11:31:56'),
(22480, 'order', 173566, '414984239254', '', '2024-06-24 11:31:56'),
(22481, 'order', 173551, '414984239261', '', '2024-06-24 11:31:56'),
(22482, 'order', 173552, '414984239278', '', '2024-06-24 11:31:56'),
(22483, 'order', 173555, '414984239285', '', '2024-06-24 11:31:56'),
(22484, 'order', 173557, '414984239292', '', '2024-06-24 11:31:56'),
(22485, 'order', 173562, '414984239308', '', '2024-06-24 11:31:56'),
(22486, 'order', 173563, '414984239315', '', '2024-06-24 11:31:56'),
(22487, 'order', 173564, '414984239322', '', '2024-06-24 11:31:56'),
(22488, 'order', 173565, '414984239339', '', '2024-06-24 11:31:56'),
(22489, 'order', 173567, '414984239346', '', '2024-06-24 11:31:56'),
(22490, 'order', 173568, '414984239353', '', '2024-06-24 11:31:56'),
(22491, 'order', 173569, '414984239360', '', '2024-06-24 11:31:56'),
(22492, 'reclamation', 1652, '414984239377', '', '2024-06-24 11:31:56'),
(22493, 'order', 173570, '414984239384', '', '2024-06-24 11:31:56'),
(22494, 'order', 173572, '414984239391', '', '2024-06-24 11:31:56'),
(22495, 'order', 173573, '414985162520', '', '2024-06-24 11:31:56'),
(22496, 'order', 173574, '414984239407', '', '2024-06-24 11:31:56'),
(22497, 'order', 173575, '414984239414', '', '2024-06-24 11:31:56'),
(22498, 'order', 173576, '414984239421', '', '2024-06-24 11:31:56'),
(22499, 'order', 173577, '414984239438', '', '2024-06-24 11:31:56'),
(22500, 'order', 173578, '414984239445', '', '2024-06-24 11:31:56'),
(22501, 'order', 173579, '414984239452', '', '2024-06-24 11:31:56'),
(22502, 'order', 173580, '414984239469', '', '2024-06-24 11:31:56'),
(22503, 'order', 173581, '414984239476', '', '2024-06-24 11:31:56'),
(22504, 'order', 173582, '414984239483', '', '2024-06-24 11:31:56'),
(22505, 'order', 173583, '414984239490', '', '2024-06-24 11:31:56'),
(22506, 'order', 173571, '414984239513', '', '2024-06-24 11:31:56'),
(22507, 'reclamation', 1656, '414985162650', '', '2024-07-02 14:13:15'),
(22508, 'order', 173669, '414985162667', '', '2024-07-02 14:13:15'),
(22509, 'order', 173670, '414985162674', '', '2024-07-02 14:13:15'),
(22510, 'order', 173671, '414985162681', '', '2024-07-02 14:13:15'),
(22511, 'order', 173672, '414985162698', '', '2024-07-02 14:13:15'),
(22512, 'order', 173673, '414985162704', '', '2024-07-02 14:13:15'),
(22513, 'order', 173675, '414985162711', '', '2024-07-02 14:13:15'),
(22514, 'order', 173676, '414985162728', '', '2024-07-02 14:13:15'),
(22515, 'order', 173677, '414985162735', '', '2024-07-02 14:13:15'),
(22516, 'order', 173678, '414985162742', '', '2024-07-02 14:13:15'),
(22517, 'order', 173679, '414985162759', '', '2024-07-02 14:13:15'),
(22518, 'order', 173680, '414985162766', '', '2024-07-02 14:13:15'),
(22519, 'order', 173682, '414985162773', '', '2024-07-02 14:13:15'),
(22520, 'order', 11304, '414985162780', '', '2024-07-02 14:13:15'),
(22521, 'order', 11305, '414985162797', '', '2024-07-02 14:13:15'),
(22522, 'order', 11306, '414985162803', '', '2024-07-02 14:13:15'),
(22523, 'order', 11307, '414985162810', '', '2024-07-02 14:13:15'),
(22524, 'order', 11303, '414985162827', '', '2024-07-02 14:13:15'),
(22525, 'order', 173684, '414985162841', '', '2024-07-03 05:59:46'),
(22526, 'order', 173685, '414985162858', '', '2024-07-03 05:59:46'),
(22527, 'order', 173686, '414985162865', '', '2024-07-03 05:59:46');
INSERT INTO `shippings_tracking_numbers_temp` (`shippings_tracking_numbers_temp_id`, `target_type`, `target_type_id`, `transaction_id`, `versender`, `date_added`) VALUES
(22528, 'order', 173687, '414985162872', '', '2024-07-03 05:59:46'),
(22529, 'order', 173688, '414985162889', '', '2024-07-03 05:59:46'),
(22530, 'order', 173692, '414985162896', '', '2024-07-03 05:59:46'),
(22531, 'order', 173693, '414985162902', '', '2024-07-03 05:59:46'),
(22532, 'order', 173694, '414985162919', '', '2024-07-03 05:59:46'),
(22533, 'order', 173695, '414985162926', '', '2024-07-03 05:59:46'),
(22534, 'order', 173696, '414985162933', '', '2024-07-03 05:59:46'),
(22535, 'order', 173697, '414985162940', '', '2024-07-03 05:59:46'),
(22536, 'order', 173698, '414985162957', '', '2024-07-03 05:59:46'),
(22537, 'order', 173699, '414985162964', '', '2024-07-03 05:59:46'),
(22538, 'order', 173700, '414985162971', '', '2024-07-03 05:59:46'),
(22539, 'order', 173702, '414985162988', '', '2024-07-03 05:59:46'),
(22540, 'order', 173703, '414985162995', '', '2024-07-03 05:59:46'),
(22541, 'order', 173704, '414985163008', '', '2024-07-03 05:59:46'),
(22542, 'order', 173705, '414985163015', '', '2024-07-03 05:59:46'),
(22543, 'order', 173706, '414985163022', '', '2024-07-03 05:59:46'),
(22544, 'order', 11308, '414985163039', '', '2024-07-03 05:59:46'),
(22545, 'order', 173683, '414985163053', '', '2024-07-04 11:06:26'),
(22546, 'order', 173707, '414985163060', '', '2024-07-04 11:06:26'),
(22547, 'order', 173708, '414985163077', '', '2024-07-04 11:06:26'),
(22548, 'order', 173709, '414985163084', '', '2024-07-04 11:06:26'),
(22549, 'order', 173710, '414985163091', '', '2024-07-04 11:06:26'),
(22550, 'order', 173711, '414985163107', '', '2024-07-04 11:06:26'),
(22551, 'order', 173712, '414985163114', '', '2024-07-04 11:06:26'),
(22552, 'order', 173713, '414985163121', '', '2024-07-04 11:06:26'),
(22553, 'order', 173714, '414985163138', '', '2024-07-04 11:06:26'),
(22554, 'order', 173715, '414985163145', '', '2024-07-04 11:06:26'),
(22555, 'order', 173716, '414985163152', '', '2024-07-04 11:06:26'),
(22556, 'order', 173717, '414985163169', '', '2024-07-04 11:06:26'),
(22557, 'order', 173718, '414985163176', '', '2024-07-04 11:06:26'),
(22558, 'order', 173719, '414985163183', '', '2024-07-04 11:06:26'),
(22559, 'order', 173720, '414985163190', '', '2024-07-04 11:06:26'),
(22560, 'order', 173721, '414985163206', '', '2024-07-04 11:06:26'),
(22561, 'order', 173722, '414985163213', '', '2024-07-04 11:06:26'),
(22562, 'order', 173723, '414985163220', '', '2024-07-04 11:06:26'),
(22563, 'order', 173724, '414985163237', '', '2024-07-04 11:06:26'),
(22564, 'order', 173725, '414985163244', '', '2024-07-04 11:06:26'),
(22565, 'order', 173726, '414985163251', '', '2024-07-04 11:06:26'),
(22566, 'order', 173727, '414985163268', '', '2024-07-04 11:06:26'),
(22567, 'order', 173728, '414985163275', '', '2024-07-04 11:06:26'),
(22568, 'order', 11309, '414985163282', '', '2024-07-04 11:06:26'),
(22569, 'order', 173740, '414985163411', '', '2024-07-08 11:48:00'),
(22570, 'order', 173743, '414985163428', '', '2024-07-08 11:48:00'),
(22571, 'order', 173744, '414985163435', '', '2024-07-08 11:48:00'),
(22572, 'order', 173746, '414985163442', '', '2024-07-08 11:48:00'),
(22573, 'order', 173749, '414985163459', '', '2024-07-08 11:48:00'),
(22574, 'order', 173750, '414985163466', '', '2024-07-08 11:48:00'),
(22575, 'order', 173753, '414985163473', '', '2024-07-08 11:48:00'),
(22576, 'order', 173755, '414985163480', '', '2024-07-08 11:48:00'),
(22577, 'order', 173757, '414985163497', '', '2024-07-08 11:48:00'),
(22578, 'order', 173758, '414985163503', '', '2024-07-08 11:48:00'),
(22579, 'order', 173738, '414985163510', '', '2024-07-08 11:48:00'),
(22580, 'order', 173739, '414985163527', '', '2024-07-08 11:48:00'),
(22581, 'order', 173741, '414985163534', '', '2024-07-08 11:48:00'),
(22582, 'order', 173747, '414985163541', '', '2024-07-08 11:48:00'),
(22583, 'order', 173748, '414985163558', '', '2024-07-08 11:48:00'),
(22584, 'order', 173751, '414985163565', '', '2024-07-08 11:48:00'),
(22585, 'order', 173754, '414985163572', '', '2024-07-08 11:48:00'),
(22586, 'order', 173756, '414985163589', '', '2024-07-08 11:48:00'),
(22587, 'order', 173760, '414985163596', '', '2024-07-08 11:48:00'),
(22588, 'order', 173762, '414985163602', '', '2024-07-08 11:48:00'),
(22589, 'order', 173763, '414985163619', '', '2024-07-08 11:48:00'),
(22590, 'order', 173764, '414985163626', '', '2024-07-08 11:48:00'),
(22591, 'order', 173765, '414985163633', '', '2024-07-08 11:48:00'),
(22592, 'order', 173766, '414985163640', '', '2024-07-08 11:48:00'),
(22593, 'order', 173767, '414985163657', '', '2024-07-08 11:48:00'),
(22594, 'order', 173768, '414985163664', '', '2024-07-08 11:48:00'),
(22595, 'order', 173769, '414985163671', '', '2024-07-08 11:48:00'),
(22596, 'order', 173770, '414985163688', '', '2024-07-08 11:48:00'),
(22597, 'order', 173771, '414985163695', '', '2024-07-08 11:48:00'),
(22598, 'order', 173773, '414985163701', '', '2024-07-08 11:48:00'),
(22599, 'order', 173774, '414985163718', '', '2024-07-08 11:48:00'),
(22600, 'order', 173775, '414985163725', '', '2024-07-08 11:48:00'),
(22601, 'order', 173776, '414985163732', '', '2024-07-08 11:48:00'),
(22602, 'order', 11313, '414985163756', '', '2024-07-08 11:48:00'),
(22603, 'order', 11322, '414985163763', '', '2024-07-08 11:48:00'),
(22604, 'order', 11323, '414985163770', '', '2024-07-08 11:48:00'),
(22605, 'order', 11310, '414985163787', '', '2024-07-08 11:48:00'),
(22606, 'order', 173628, '414985163794', '', '2024-07-08 11:48:00'),
(22607, 'order', 173779, '414985163800', '', '2024-07-08 11:48:00'),
(22608, 'order', 173777, '414985163817', '', '2024-07-08 11:48:00'),
(22609, 'order', 173759, '414985163824', '', '2024-07-08 11:48:00'),
(22610, 'order', 11324, '414985164777', '', '2024-07-16 10:26:48'),
(22611, 'order', 173832, '414985164838', '', '2024-07-16 10:26:48'),
(22612, 'order', 173881, '414985164845', '', '2024-07-16 10:26:48'),
(22613, 'order', 173883, '414985164852', '', '2024-07-16 10:26:48'),
(22614, 'order', 173884, '414985164869', '', '2024-07-16 10:26:48'),
(22615, 'order', 173885, '414985164876', '', '2024-07-16 10:26:48'),
(22616, 'order', 173886, '414985164883', '', '2024-07-16 10:26:48'),
(22617, 'order', 173887, '414985164890', '', '2024-07-16 10:26:48'),
(22618, 'order', 173888, '414985164906', '', '2024-07-16 10:26:48'),
(22619, 'order', 173889, '414985164913', '', '2024-07-16 10:26:48'),
(22620, 'order', 173890, '414985164920', '', '2024-07-16 10:26:48'),
(22621, 'order', 173891, '414985164937', '', '2024-07-16 10:26:48'),
(22622, 'order', 173862, '414985164944', '', '2024-07-16 10:26:48'),
(22623, 'order', 173892, '414985164968', '', '2024-07-17 14:13:15'),
(22624, 'order', 173893, '414985164975', '', '2024-07-17 14:13:15'),
(22625, 'order', 173894, '414985164982', '', '2024-07-17 14:13:15'),
(22626, 'order', 173895, '414985164999', '', '2024-07-17 14:13:15'),
(22627, 'order', 173896, '414985165002', '', '2024-07-17 14:13:15'),
(22628, 'order', 173897, '414985165019', '', '2024-07-17 14:13:15'),
(22629, 'order', 173899, '414985165026', '', '2024-07-17 14:13:15'),
(22630, 'order', 173901, '414985165033', '', '2024-07-17 14:13:15'),
(22631, 'order', 173917, '414987253318', '', '2024-07-19 13:33:24'),
(22632, 'order', 173920, '414987253325', '', '2024-07-19 13:33:24'),
(22633, 'order', 173921, '414987253332', '', '2024-07-19 13:33:24'),
(22634, 'order', 173922, '414987253349', '', '2024-07-19 13:33:24'),
(22635, 'order', 173923, '414987253356', '', '2024-07-19 13:33:24'),
(22636, 'order', 173924, '414987253363', '', '2024-07-19 13:33:24'),
(22637, 'order', 173925, '414987253370', '', '2024-07-19 13:33:24'),
(22638, 'order', 173926, '414987253387', '', '2024-07-19 13:33:24'),
(22639, 'order', 173971, '414987253844', '', '2024-07-24 11:17:51'),
(22640, 'order', 173972, '414987253851', '', '2024-07-24 11:17:51'),
(22641, 'order', 173973, '414987253868', '', '2024-07-24 11:17:51'),
(22642, 'order', 173974, '414987253875', '', '2024-07-24 11:17:51'),
(22643, 'order', 173975, '414987253882', '', '2024-07-24 11:17:51'),
(22644, 'order', 173976, '414987253899', '', '2024-07-24 11:17:51'),
(22645, 'order', 173977, '414987253905', '', '2024-07-24 11:17:51'),
(22646, 'order', 173978, '414987253912', '', '2024-07-24 11:17:51'),
(22647, 'order', 173979, '414987253929', '', '2024-07-24 11:17:51'),
(22648, 'order', 173980, '414987253936', '', '2024-07-24 11:17:51'),
(22649, 'order', 173981, '414987253943', '', '2024-07-24 11:17:51'),
(22650, 'order', 173982, '414987253950', '', '2024-07-24 11:17:51'),
(22651, 'order', 173983, '414987253967', '', '2024-07-24 11:17:51'),
(22652, 'order', 173984, '414987253974', '', '2024-07-24 11:17:51'),
(22653, 'order', 11334, '414987253998', '', '2024-07-24 11:17:51'),
(22654, 'order', 11335, '414987254001', '', '2024-07-24 11:17:51'),
(22655, 'order', 173894, '414987254018', '', '2024-07-24 11:17:51'),
(22656, 'order', 174003, '414987254193', '', '2024-07-29 10:51:22'),
(22657, 'order', 174006, '414987254209', '', '2024-07-29 10:51:22'),
(22658, 'order', 174008, '414987254216', '', '2024-07-29 10:51:22'),
(22659, 'order', 174016, '414987254223', '', '2024-07-29 10:51:22'),
(22660, 'order', 174018, '414987254230', '', '2024-07-29 10:51:22'),
(22661, 'order', 174019, '414987254247', '', '2024-07-29 10:51:22'),
(22662, 'order', 174020, '414987254254', '', '2024-07-29 10:51:22'),
(22663, 'order', 174021, '414987254261', '', '2024-07-29 10:51:22'),
(22664, 'order', 174022, '414987254278', '', '2024-07-29 10:51:22'),
(22665, 'order', 174023, '414987254285', '', '2024-07-29 10:51:22'),
(22666, 'order', 174024, '414987254292', '', '2024-07-29 10:51:22'),
(22667, 'order', 174025, '414987254308', '', '2024-07-29 10:51:22'),
(22668, 'order', 174000, '414987254315', '', '2024-07-29 10:51:22'),
(22669, 'order', 174001, '414987254322', '', '2024-07-29 10:51:22'),
(22670, 'order', 174005, '414987254339', '', '2024-07-29 10:51:22'),
(22671, 'order', 174007, '414987254346', '', '2024-07-29 10:51:22'),
(22672, 'order', 174010, '414987254353', '', '2024-07-29 10:51:22'),
(22673, 'order', 174011, '414987254360', '', '2024-07-29 10:51:22'),
(22674, 'order', 174012, '414987254377', '', '2024-07-29 10:51:22'),
(22675, 'order', 174013, '414987254384', '', '2024-07-29 10:51:22'),
(22676, 'order', 174014, '414987254391', '', '2024-07-29 10:51:22'),
(22677, 'order', 174015, '414987254407', '', '2024-07-29 10:51:22'),
(22678, 'order', 174017, '414987254414', '', '2024-07-29 10:51:22'),
(22679, 'order', 174026, '414987254421', '', '2024-07-29 10:51:22'),
(22680, 'order', 174027, '414987254438', '', '2024-07-29 10:51:22'),
(22681, 'order', 174028, '414987254445', '', '2024-07-29 10:51:22'),
(22682, 'order', 174029, '414987254452', '', '2024-07-29 10:51:22'),
(22683, 'order', 174030, '414987254469', '', '2024-07-29 10:51:22'),
(22684, 'order', 174031, '414987254476', '', '2024-07-29 10:51:22'),
(22685, 'order', 174032, '414987254483', '', '2024-07-29 10:51:22'),
(22686, 'order', 174033, '414987254490', '', '2024-07-29 10:51:22'),
(22687, 'order', 174034, '414987254506', '', '2024-07-29 10:51:22'),
(22688, 'order', 174035, '414987254513', '', '2024-07-29 10:51:22'),
(22689, 'order', 174036, '414987254520', '', '2024-07-29 10:51:22'),
(22690, 'order', 174037, '414987254537', '', '2024-07-29 10:51:22'),
(22691, 'order', 174004, '414987254544', '', '2024-07-29 10:51:22'),
(22692, 'order', 11346, '414987254568', '', '2024-07-29 10:51:22'),
(22693, 'order', 11347, '414987254575', '', '2024-07-29 10:51:22'),
(22694, 'order', 11348, '414987254582', '', '2024-07-29 10:51:22'),
(22695, 'order', 11349, '414987254599', '', '2024-07-29 10:51:22'),
(22696, 'order', 174038, '414987254605', '', '2024-07-30 14:13:49'),
(22697, 'order', 174041, '414987254612', '', '2024-07-30 14:13:49'),
(22698, 'order', 174042, '414987254629', '', '2024-07-30 14:13:49'),
(22699, 'order', 174044, '414987254636', '', '2024-07-30 14:13:49'),
(22700, 'order', 174046, '414987254643', '', '2024-07-30 14:13:49'),
(22701, 'order', 174049, '414987254650', '', '2024-07-30 14:13:49'),
(22702, 'order', 11350, '414987254667', '', '2024-07-30 14:13:49'),
(22703, 'order', 174051, '414987254681', '', '2024-07-31 11:01:19'),
(22704, 'order', 174053, '414987254698', '', '2024-07-31 11:01:19'),
(22705, 'order', 174057, '414987254704', '', '2024-07-31 11:01:19'),
(22706, 'order', 174058, '414987254711', '', '2024-07-31 11:01:19'),
(22707, 'order', 174063, '414987254728', '', '2024-07-31 11:01:19'),
(22708, 'order', 174200, '414987255343', '', '2024-08-13 14:11:11'),
(22709, 'order', 174204, '414987255350', '', '2024-08-13 14:11:11'),
(22710, 'order', 174208, '414987255367', '', '2024-08-13 14:11:11'),
(22711, 'order', 174209, '414987255374', '', '2024-08-13 14:11:11'),
(22712, 'order', 174324, '414987255879', '', '2024-08-22 11:34:48'),
(22713, 'order', 174325, '414987255886', '', '2024-08-22 11:34:48'),
(22714, 'order', 174328, '414987255893', '', '2024-08-22 11:34:48'),
(22715, 'order', 174329, '414987255909', '', '2024-08-22 11:34:48'),
(22716, 'order', 174341, '414987255978', '', '2024-08-26 06:19:12'),
(22717, 'order', 174344, '414987255985', '', '2024-08-26 06:19:12'),
(22718, 'order', 174348, '414987255992', '', '2024-08-26 06:19:12'),
(22719, 'order', 174351, '414987256005', '', '2024-08-26 06:19:12'),
(22720, 'order', 174352, '414987256012', '', '2024-08-26 06:19:12'),
(22721, 'order', 174353, '414987256029', '', '2024-08-26 06:19:12'),
(22722, 'order', 174355, '414987256036', '', '2024-08-26 06:19:12'),
(22723, 'order', 174354, '414987256043', '', '2024-08-26 06:19:12'),
(22724, 'order', 174359, '414987256050', '', '2024-08-26 06:19:12'),
(22725, 'order', 174362, '414987256067', '', '2024-08-26 06:19:12'),
(22726, 'order', 174364, '414987256074', '', '2024-08-26 06:19:12'),
(22727, 'order', 174365, '414987256081', '', '2024-08-26 06:19:12'),
(22728, 'order', 174395, '414987256234', '', '2024-08-29 07:29:36'),
(22729, 'order', 174401, '414987256241', '', '2024-08-29 07:29:36'),
(22730, 'order', 174450, '414988919794', '', '2024-09-03 06:01:15'),
(22731, 'order', 174462, '414988919800', '', '2024-09-03 06:01:15'),
(22732, 'order', 174464, '414988919817', '', '2024-09-03 06:01:15'),
(22733, 'order', 174512, '414988919992', '', '2024-09-10 06:02:58'),
(22734, 'order', 174513, '414988920004', '', '2024-09-10 06:02:58'),
(22735, 'order', 174543, '414988920011', '', '2024-09-10 06:02:58'),
(22736, 'order', 174544, '414988920028', '', '2024-09-10 06:02:58'),
(22737, 'order', 174545, '414988920035', '', '2024-09-10 06:02:58'),
(22738, 'order', 174546, '414988920042', '', '2024-09-10 06:02:58'),
(22739, 'order', 174512, '414988919992', '', '2024-09-11 09:38:25'),
(22740, 'order', 174513, '414988920004', '', '2024-09-11 09:38:25'),
(22741, 'order', 174543, '414988920011', '', '2024-09-11 09:38:25'),
(22742, 'order', 174544, '414988920028', '', '2024-09-11 09:38:25'),
(22743, 'order', 174545, '414988920035', '', '2024-09-11 09:38:25'),
(22744, 'order', 174546, '414988920042', '', '2024-09-11 09:38:25'),
(22745, 'order', 174558, '414988920097', '', '2024-09-11 09:38:25'),
(22746, 'order', 174563, '414988920103', '', '2024-09-11 09:38:25'),
(22747, 'order', 174572, '414988920110', '', '2024-09-11 09:38:25');

-- --------------------------------------------------------

--
-- Tabellenstruktur für Tabelle `shipping_graduation`
--

CREATE TABLE `shipping_graduation` (
  `shipping_graduation_id` int(11) NOT NULL,
  `value` int(11) NOT NULL DEFAULT '0'
) ENGINE=MyISAM DEFAULT CHARSET=utf8;

--
-- Daten für Tabelle `shipping_graduation`
--

INSERT INTO `shipping_graduation` (`shipping_graduation_id`, `value`) VALUES
(1, 1);

-- --------------------------------------------------------

--
-- Tabellenstruktur für Tabelle `shipping_graduation_countries`
--

CREATE TABLE `shipping_graduation_countries` (
  `shipping_graduation_countries_id` int(11) NOT NULL,
  `country_id` int(11) NOT NULL DEFAULT '0',
  `shipping_graduation_groups_id` int(11) NOT NULL DEFAULT '0'
) ENGINE=MyISAM DEFAULT CHARSET=utf8;

--
-- Daten für Tabelle `shipping_graduation_countries`
--

INSERT INTO `shipping_graduation_countries` (`shipping_graduation_countries_id`, `country_id`, `shipping_graduation_groups_id`) VALUES
(350, 190, 3),
(316, 222, 4),
(349, 189, 3),
(348, 171, 3),
(347, 170, 3),
(346, 123, 3),
(345, 117, 3),
(322, 150, 2),
(321, 124, 2),
(318, 21, 2),
(301, 81, 1),
(315, 204, 4),
(344, 105, 3),
(343, 103, 3),
(354, 223, 5),
(317, 14, 2),
(342, 97, 3),
(341, 84, 3),
(340, 74, 3),
(339, 73, 3),
(338, 72, 3),
(320, 57, 2),
(319, 56, 2),
(353, 160, 5),
(352, 38, 5),
(337, 67, 3),
(351, 203, 3);

-- --------------------------------------------------------

--
-- Tabellenstruktur für Tabelle `shipping_graduation_groups`
--

CREATE TABLE `shipping_graduation_groups` (
  `shipping_graduation_groups_id` int(11) NOT NULL,
  `title` varchar(32) NOT NULL DEFAULT '',
  `shippingcosts_multiplikator` int(1) NOT NULL DEFAULT '0',
  `shippingcosts_products_multiplikator` int(1) NOT NULL DEFAULT '0',
  `shippingcosts_only_max` int(11) NOT NULL DEFAULT '0',
  `show_weight` int(1) NOT NULL DEFAULT '0',
  `not_ship` int(1) NOT NULL DEFAULT '0',
  `weight_calc` int(1) NOT NULL DEFAULT '0',
  `allow_cod` int(1) NOT NULL DEFAULT '0',
  `cod_fee` float NOT NULL DEFAULT '0'
) ENGINE=MyISAM DEFAULT CHARSET=utf8;

--
-- Daten für Tabelle `shipping_graduation_groups`
--

INSERT INTO `shipping_graduation_groups` (`shipping_graduation_groups_id`, `title`, `shippingcosts_multiplikator`, `shippingcosts_products_multiplikator`, `shippingcosts_only_max`, `show_weight`, `not_ship`, `weight_calc`, `allow_cod`, `cod_fee`) VALUES
(1, 'Gruppe 1', 0, 1, 1, 0, 0, 0, 0, 0),
(2, 'Gruppe 2', 0, 1, 1, 0, 0, 1, 0, 0),
(3, 'Gruppe 3', 0, 0, 0, 0, 0, 1, 0, 0),
(4, 'Gruppe 4', 0, 0, 0, 0, 1, 0, 0, 0),
(5, 'Gruppe 5', 0, 0, 0, 0, 1, 0, 0, 0),
(999999, 'Alle anderen LÃƒÂ¤nder', 0, 0, 1, 0, 1, 0, 0, 0);

-- --------------------------------------------------------

--
-- Tabellenstruktur für Tabelle `shipping_graduation_products`
--

CREATE TABLE `shipping_graduation_products` (
  `shipping_graduation_products_id` int(11) NOT NULL,
  `shipping_graduation_groups_id` int(11) NOT NULL DEFAULT '0',
  `graduation_id` int(11) NOT NULL DEFAULT '0',
  `products_id` int(11) NOT NULL DEFAULT '0',
  `value` float NOT NULL DEFAULT '0'
) ENGINE=MyISAM DEFAULT CHARSET=utf8;

-- --------------------------------------------------------

--
-- Tabellenstruktur für Tabelle `shipping_graduation_values`
--

CREATE TABLE `shipping_graduation_values` (
  `shipping_graduation_id` int(11) NOT NULL DEFAULT '0',
  `shipping_graduation_weights_id` int(11) NOT NULL DEFAULT '0',
  `shipping_graduation_groups_id` int(11) NOT NULL DEFAULT '0',
  `grad_value` float NOT NULL DEFAULT '0',
  `grad_value_cost` float NOT NULL
) ENGINE=MyISAM DEFAULT CHARSET=utf8;

--
-- Daten für Tabelle `shipping_graduation_values`
--

INSERT INTO `shipping_graduation_values` (`shipping_graduation_id`, `shipping_graduation_weights_id`, `shipping_graduation_groups_id`, `grad_value`, `grad_value_cost`) VALUES
(2, 1, 1, 10, 0),
(2, 1, 2, 11, 0),
(2, 1, 3, 12, 0),
(2, 1, 4, 13, 0),
(2, 2, 1, 20, 0),
(2, 2, 2, 21, 0),
(2, 2, 3, 22, 0),
(2, 2, 4, 23, 0),
(2, 3, 1, 34, 0),
(2, 3, 2, 35, 0),
(2, 3, 3, 36, 0),
(2, 3, 4, 37, 0),
(1, 12, 999999, 0, 0),
(1, 12, 5, 201.681, 0),
(1, 12, 4, 0, 0),
(1, 12, 3, 49.2436, 0),
(1, 12, 2, 38.5714, 0),
(1, 12, 1, 6.6386, 0),
(1, 9, 999999, 0, 0),
(1, 9, 5, 147.059, 0),
(1, 9, 4, 0, 0),
(1, 9, 3, 37.731, 0),
(1, 9, 2, 217647, 0),
(1, 9, 1, 6.6386, 0),
(1, 13, 999999, 0, 0),
(1, 13, 5, 92.439, 0),
(1, 13, 4, 0, 0),
(1, 13, 3, 25.126, 0),
(1, 13, 2, 19.2437, 0),
(1, 13, 1, 6.6386, 0),
(1, 5, 999999, 0, 0),
(1, 5, 5, 57.8991, 0),
(1, 5, 4, 0, 0),
(1, 5, 3, 21.7647, 0),
(1, 5, 2, 16.7224, 0),
(1, 5, 1, 5.4622, 0),
(1, 8, 999999, 0, 0),
(1, 8, 5, 54.54, 0),
(1, 8, 4, 0, 0),
(1, 8, 3, 21.7647, 0),
(1, 8, 2, 16.7226, 0),
(1, 8, 1, 4.9579, 0),
(1, 2, 1, 0.0001, 0),
(1, 2, 2, 16.7226, 0),
(1, 2, 3, 49.2436, 0),
(1, 2, 4, 0, 0),
(1, 2, 5, 201.681, 0),
(1, 2, 999999, 0, 0);

-- --------------------------------------------------------

--
-- Tabellenstruktur für Tabelle `shipping_graduation_weights`
--

CREATE TABLE `shipping_graduation_weights` (
  `shipping_graduation_weights_id` int(11) NOT NULL,
  `weight` float NOT NULL DEFAULT '0'
) ENGINE=MyISAM DEFAULT CHARSET=utf8;

--
-- Daten für Tabelle `shipping_graduation_weights`
--

INSERT INTO `shipping_graduation_weights` (`shipping_graduation_weights_id`, `weight`) VALUES
(2, 200),
(5, 5),
(8, 0.2499),
(9, 20),
(12, 31.5),
(13, 10);

-- --------------------------------------------------------

--
-- Tabellenstruktur für Tabelle `shipping_status`
--

CREATE TABLE `shipping_status` (
  `shipping_status_id` int(11) NOT NULL DEFAULT '0',
  `language_id` int(11) NOT NULL DEFAULT '1',
  `shipping_status_name` varchar(32) NOT NULL DEFAULT '',
  `shipping_status_image` varchar(32) NOT NULL DEFAULT ''
) ENGINE=MyISAM DEFAULT CHARSET=utf8;

--
-- Daten für Tabelle `shipping_status`
--

INSERT INTO `shipping_status` (`shipping_status_id`, `language_id`, `shipping_status_name`, `shipping_status_image`) VALUES
(1, 1, '3-4 Days', ''),
(1, 2, '1 - 2 Tage', ''),
(2, 1, '1 Week', ''),
(2, 2, '1 Woche', ''),
(3, 1, '2 Weeks', ''),
(3, 2, '2 Wochen', ''),
(4, 2, 'nicht mehr im Programm', ''),
(5, 2, '2-3 Tage', ''),
(6, 2, '4 Wochen', ''),
(7, 2, '8 Wochen', ''),
(8, 2, 'nicht auf Lager', '');

-- --------------------------------------------------------

--
-- Tabellenstruktur für Tabelle `specials`
--

CREATE TABLE `specials` (
  `specials_id` int(11) NOT NULL,
  `products_id` int(11) NOT NULL DEFAULT '0',
  `specials_quantity` int(4) NOT NULL DEFAULT '0',
  `specials_new_products_price` decimal(15,4) NOT NULL DEFAULT '0.0000',
  `specials_date_added` datetime DEFAULT NULL,
  `specials_last_modified` datetime DEFAULT NULL,
  `expires_date` datetime DEFAULT NULL,
  `date_status_change` datetime DEFAULT NULL,
  `status` int(1) NOT NULL DEFAULT '1',
  `start_date` datetime NOT NULL,
  `sell_to_v1null` int(1) NOT NULL,
  `ebay_price_revise` int(1) NOT NULL
) ENGINE=MyISAM DEFAULT CHARSET=utf8;

--
-- Daten für Tabelle `specials`
--

INSERT INTO `specials` (`specials_id`, `products_id`, `specials_quantity`, `specials_new_products_price`, `specials_date_added`, `specials_last_modified`, `expires_date`, `date_status_change`, `status`, `start_date`, `sell_to_v1null`, `ebay_price_revise`) VALUES
(3, 100, 49, 24.3697, '2010-03-19 12:57:52', NULL, '2022-11-04 00:00:00', '2022-11-04 00:01:44', 0, '2022-10-28 00:00:00', 0, 0),
(4, 103, 99, 126.0504, '2010-03-22 13:22:31', NULL, NULL, NULL, 1, '0000-00-00 00:00:00', 0, 0),
(5, 92, 10, 4.2017, '2011-04-14 23:31:32', NULL, '2012-07-31 00:00:00', '2012-07-31 12:36:48', 0, '0000-00-00 00:00:00', 0, 0),
(6, 108, 0, 18.4874, '2014-03-20 21:47:07', NULL, '2018-04-20 00:00:00', '2018-04-20 00:03:39', 0, '2014-03-20 20:00:00', 0, 0);

-- --------------------------------------------------------

--
-- Tabellenstruktur für Tabelle `specials_ebay_revise`
--

CREATE TABLE `specials_ebay_revise` (
  `specials_ebay_revise_id` int(11) NOT NULL,
  `specials_id` int(11) NOT NULL,
  `ebay_auctions_id` int(11) NOT NULL,
  `sku` varchar(64) NOT NULL,
  `orig_price` decimal(15,4) NOT NULL,
  `status` int(1) NOT NULL COMMENT 'wenn der np wieder gesetzt werden soll, auf 1',
  `original_price` decimal(13,4) NOT NULL,
  `special_price` decimal(13,4) NOT NULL,
  `is_revised` int(1) NOT NULL
) ENGINE=InnoDB DEFAULT CHARSET=utf8;

-- --------------------------------------------------------

--
-- Tabellenstruktur für Tabelle `storages`
--

CREATE TABLE `storages` (
  `id` int(11) NOT NULL,
  `name` varchar(128) NOT NULL DEFAULT '',
  `beschreibung` text NOT NULL,
  `schema_key` varchar(32) NOT NULL DEFAULT '',
  `schema_start` int(11) NOT NULL DEFAULT '0',
  `default_storage` enum('n','y') NOT NULL DEFAULT 'n',
  `storage_company` varchar(64) NOT NULL,
  `storage_suburb` varchar(64) NOT NULL,
  `storage_name` varchar(64) NOT NULL,
  `storage_street_address` varchar(64) NOT NULL,
  `storage_city` varchar(32) NOT NULL,
  `storage_postcode` varchar(10) NOT NULL,
  `storage_country` tinyint(4) NOT NULL,
  `storage_telephone` varchar(32) NOT NULL
) ENGINE=MyISAM DEFAULT CHARSET=utf8;

--
-- Daten für Tabelle `storages`
--

INSERT INTO `storages` (`id`, `name`, `beschreibung`, `schema_key`, `schema_start`, `default_storage`, `storage_company`, `storage_suburb`, `storage_name`, `storage_street_address`, `storage_city`, `storage_postcode`, `storage_country`, `storage_telephone`) VALUES
(3, 'L3HvS', 'Lager3 abt.HvS', 'L3HvS', 0, 'y', 'Hellmann Versand', '', '', '', '', '', 81, '');

-- --------------------------------------------------------

--
-- Tabellenstruktur für Tabelle `storage_numbers`
--

CREATE TABLE `storage_numbers` (
  `id` int(11) NOT NULL,
  `products_id` int(11) NOT NULL DEFAULT '0',
  `storage_id` int(11) NOT NULL DEFAULT '0',
  `nummer` varchar(64) NOT NULL DEFAULT ''
) ENGINE=MyISAM DEFAULT CHARSET=utf8;

--
-- Daten für Tabelle `storage_numbers`
--

INSERT INTO `storage_numbers` (`id`, `products_id`, `storage_id`, `nummer`) VALUES
(40, 404, 3, 'L3HvS-R9-E.4'),
(98, 464, 3, 'L3HvS-R7-D.1'),
(30, 466, 3, 'L3HvS-R7-D.2'),
(7, 468, 3, 'L3HvS-R7-D.3'),
(97, 469, 3, 'L3HvS-R7-D.4'),
(9, 474, 3, 'L3HvS-R7-D.5'),
(10, 475, 3, 'L3HvS-R7-D.6'),
(11, 476, 3, 'L3HvS-R7-E.1'),
(12, 485, 3, 'L3HvS-R7-E.6'),
(13, 443, 3, 'L3HvS-R7-B.4'),
(14, 444, 3, 'L3HvS-R7-B.5'),
(15, 446, 3, 'L3HvS-R10-C.2'),
(16, 447, 3, 'L3HvS-R7-B.6'),
(17, 449, 3, 'L3HvS-R7-C.1'),
(18, 450, 3, 'L3HvS-R7-C.2'),
(27, 460, 3, 'L3HvS-R7-C.5'),
(28, 461, 3, 'L3HvS-R7-C.6'),
(21, 372, 3, 'L3HvS-R10-E.2'),
(22, 373, 3, 'L3HvS-R9-B.5'),
(23, 374, 3, 'L3HvS-R9-C.3'),
(24, 382, 3, 'L3HvS-R9-C.1'),
(25, 383, 3, 'L3HvS-R9-C.2'),
(26, 384, 3, 'L3HvS-R9-C.4'),
(29, 385, 3, 'L3HvS-R9-C.5'),
(31, 387, 3, 'L3HvS-R9-D.1'),
(32, 388, 3, 'L3HvS-R9-D.2'),
(33, 389, 3, 'L3HvS-R9-D.3'),
(34, 390, 3, 'L3HvS-R9-D.4'),
(35, 392, 3, 'L3HvS-R9-D.5'),
(36, 395, 3, 'L3HvS-R9-E.1'),
(37, 396, 3, 'L3HvS-R9-E.2'),
(38, 397, 3, 'L3HvS-R7-E.3'),
(39, 402, 3, 'L3HvS-R9-E.3'),
(41, 405, 3, 'L3HvS-R9-E.5'),
(42, 412, 3, 'L3HvS-R7-A.2'),
(43, 415, 3, 'L3HvS-R7-A.3'),
(44, 416, 3, 'L3HvS-R7-A.4'),
(45, 417, 3, 'L3HvS-R7-E.4'),
(46, 426, 3, 'L3HvS-R7-A.5'),
(47, 427, 3, 'L3HvS-R7-A.6'),
(48, 428, 3, 'L3HvS-R7-B.1'),
(49, 429, 3, 'L3HvS-R7-B.2'),
(50, 433, 3, 'L3HvS-R7-B.3'),
(51, 340, 3, 'L3HvS-R10-E.1'),
(52, 345, 3, 'L3HvS-R7-E.5'),
(53, 346, 3, 'L3HvS-R10-E.5'),
(54, 348, 3, 'L3HvS-R7-C.4'),
(55, 349, 3, 'L3HvS-R10-E.6'),
(56, 350, 3, 'L3HvS-R10-F.1'),
(57, 351, 3, 'L3HvS-R10-F.2'),
(58, 352, 3, 'L3HvS-R10-F.3'),
(59, 356, 3, 'L3HvS-R10-F.5'),
(60, 357, 3, 'L3HvS-R10-F.6'),
(61, 358, 3, 'L3HvS-R10-E.4'),
(62, 359, 3, 'L3HvS-R10-F.4'),
(63, 360, 3, 'L3HvS-R9-A.1'),
(65, 361, 3, 'L3HvS-R9-A.2'),
(66, 362, 3, 'L3HvS-R9-A.3'),
(67, 363, 3, 'L3HvS-R9-A.4'),
(68, 364, 3, 'L3HvS-R9-A.5'),
(69, 366, 3, 'L3HvS-R9-A.6'),
(70, 367, 3, 'L3HvS-R9-B.1'),
(71, 368, 3, 'L3HvS-R9-B.2'),
(72, 369, 3, 'L3HvS-R9-B.3'),
(73, 370, 3, 'L3HvS-R9-B.4'),
(74, 325, 3, 'L3HvS-R10-C.4'),
(75, 327, 3, 'L3HvS-R10-C.5'),
(76, 330, 3, 'L3HvS-R10-C.6'),
(77, 332, 3, 'L3HvS-R10-D.1'),
(78, 333, 3, 'L3HvS-R10-D.2'),
(79, 334, 3, 'L3HvS-R10-D.3'),
(80, 335, 3, 'L3HvS-R10-D.4'),
(81, 337, 3, 'L3HvS-R10-D.5'),
(82, 338, 3, 'L3HvS-R10-D.6'),
(83, 316, 3, 'L3HvS-R10-B.3'),
(84, 317, 3, 'L3HvS-R10-B.4'),
(85, 318, 3, 'L3HvS-R10-B.5'),
(86, 319, 3, 'L3HvS-R10-B.6'),
(87, 321, 3, 'L3HvS-R10-C.1'),
(88, 323, 3, 'L3HvS-R10-C.3'),
(89, 312, 3, 'L3HvS-R7-E.2'),
(90, 313, 3, 'L3HvS-R10-A.6'),
(91, 314, 3, 'L3HvS-R10-B.1'),
(92, 310, 3, 'L3HvS-R10-A.4'),
(93, 311, 3, 'L3HvS-R10-A.5'),
(94, 309, 3, 'L3HvS-R10-A.3'),
(95, 308, 3, 'L3HvS-R10-A.2'),
(96, 307, 3, 'L3HvS-R10-A.1'),
(99, 1224, 3, 'L3HvS-R6-B.4'),
(100, 1225, 3, 'L3HvS-R6-B.3'),
(101, 1226, 3, 'L3HvS-R6-B.2'),
(102, 1227, 3, 'L3HvS-R6-B.1'),
(103, 1228, 3, 'L3HvS-R6-C.6'),
(104, 1229, 3, 'L3HvS-R6-C.5'),
(105, 1230, 3, 'L3HvS-R6-C.4'),
(106, 1220, 3, 'L3HvS-R6-A.2'),
(107, 1221, 3, 'L3HvS-R6-A.1'),
(108, 1222, 3, 'L3HvS-R6-B.6'),
(109, 1223, 3, 'L3HvS-R6-B.5'),
(110, 1218, 3, 'L3HvS-R6-A.4'),
(111, 1219, 3, 'L3HvS-R6-A.3'),
(112, 1217, 3, 'L3HvS-R6-A.5'),
(113, 1216, 3, 'L3HvS-R6-A.6'),
(114, 1202, 3, 'L3HvS-R6-E.1'),
(115, 1203, 3, 'L3HvS-R6-E.2'),
(116, 1204, 3, 'L3HvS-R6-E.3'),
(117, 1205, 3, 'L3HvS-R6-E.4'),
(118, 1206, 3, 'L3HvS-R6-F.1.1'),
(119, 1207, 3, 'L3HvS-R6-F.1.2'),
(120, 1208, 3, 'L3HvS-R6-F.2.1'),
(121, 1209, 3, 'L3HvS-R6-F.2.2'),
(122, 1198, 3, 'L3HvS-R6-D.3.2'),
(123, 1199, 3, 'L3HvS-R6-D.3.1'),
(124, 1200, 3, 'L3HvS-R6-D.4.1'),
(125, 1201, 3, 'L3HvS-R6-D.4.2'),
(126, 1196, 3, 'L3HvS-R6-D.2.1'),
(127, 1197, 3, 'L3HvS-R6-D.2.2'),
(128, 1195, 3, 'L3HvS-R6-D.1.2'),
(129, 1194, 3, 'L3HvS-R6-D.1.1'),
(130, 138, 3, 'L3HvS-R5-A.1.1'),
(131, 139, 3, 'L3HvS-R5-A.1.2'),
(132, 140, 3, 'L3HvS-R5-A.2.1'),
(133, 141, 3, 'L3HvS-R5-A.2.2'),
(134, 146, 3, 'L3HvS-R5-A.5.1'),
(135, 145, 3, 'L3HvS-R5-A.4.2'),
(136, 144, 3, 'L3HvS-R5-A.4.1'),
(137, 143, 3, 'L3HvS-R5-A.3.2'),
(138, 154, 3, 'L3HvS-R5-B.2.2'),
(139, 152, 3, 'L3HvS-R5-B.1.3'),
(140, 151, 3, 'L3HvS-R5-B.1.2'),
(141, 150, 3, 'L3HvS-R5-B.1.1'),
(142, 149, 3, 'L3HvS-R5-A.6.1'),
(143, 148, 3, 'L3HvS-R5-A.7.1'),
(144, 147, 3, 'L3HvS-R5-A.5.2'),
(145, 170, 3, 'L3HvS-R5-C.1.2'),
(146, 169, 3, 'L3HvS-R5-C.1.1'),
(147, 168, 3, 'L3HvS-R5-B.7.2'),
(148, 167, 3, 'L3HvS-R5-B.7.1'),
(149, 166, 3, 'L3HvS-R5-B.6.3'),
(150, 164, 3, 'L3HvS-R5-B.5.3'),
(151, 163, 3, 'L3HvS-R5-B.5.2'),
(152, 162, 3, 'L3HvS-R5-B.5.1'),
(153, 161, 3, 'L3HvS-R5-B.4.3'),
(154, 160, 3, 'L3HvS-R5-B.4.2'),
(155, 159, 3, 'L3HvS-R5-B.6.2'),
(156, 158, 3, 'L3HvS-R5-B.3.3'),
(157, 157, 3, 'L3HvS-R5-B.3.2'),
(158, 156, 3, 'L3HvS-R5-B.3.1'),
(159, 155, 3, 'L3HvS-R5-B.2.3'),
(160, 183, 3, 'L3HvS-R5-C.6.2'),
(161, 182, 3, 'L3HvS-R5-C.6.1'),
(162, 181, 3, 'L3HvS-R5-C.5.2'),
(163, 180, 3, 'L3HvS-R5-C.5.1'),
(164, 179, 3, 'L3HvS-R5-C.5.3'),
(165, 178, 3, 'L3HvS-R5-C.3.1'),
(166, 177, 3, 'L3HvS-R5-C.4.1'),
(167, 176, 3, 'L3HvS-R5-C.3.3'),
(168, 175, 3, 'L3HvS-R5-C.3.2'),
(169, 173, 3, 'L3HvS-C.2.2'),
(170, 172, 3, 'L3HvS-R5-C.2.1'),
(171, 171, 3, 'L3HvS-R5-C.1.3'),
(172, 208, 3, 'L3HvS-R5-E.1.3'),
(173, 207, 3, 'L3HvS-R5-E.1.2'),
(174, 206, 3, 'L3HvS-R5-E.1.1'),
(175, 205, 3, 'L3HvS-R5-D.7.2'),
(176, 203, 3, 'L3HvS-R5-D.6.3'),
(177, 202, 3, 'L3HvS-R5-D.6.1'),
(178, 200, 3, 'L3HvS-R5-D.5.2'),
(179, 199, 3, 'L3HvS-R5-D.5.1'),
(180, 198, 3, 'L3HvS-R5-D.4.3'),
(181, 195, 3, 'L3HvS-R5-D.3.3'),
(182, 194, 3, 'L3HvS-R5-D.3.2'),
(183, 191, 3, 'L3HvS-R5-D.2.2'),
(184, 190, 3, 'L3HvS-R5-D.2.1'),
(185, 187, 3, 'L3HvS-R5-D.1.1'),
(186, 186, 3, 'L3HvS-R5-C.7.2'),
(187, 185, 3, 'L3HvS-R5-C.7.1'),
(188, 184, 3, 'L3HvS-R5-C.6.3'),
(191, 223, 3, 'L3HvS-R5-E.6.3'),
(190, 222, 3, 'L3HvS-R5-E.6.2'),
(192, 220, 3, 'L3HvS-R5-E.5.3'),
(193, 219, 3, 'L3HvS-R5-E.5.2'),
(194, 218, 3, 'L3HvS-R5-E.5.1'),
(195, 216, 3, 'L3HvS-R5-E.4.2'),
(196, 215, 3, 'L3HvS-R5-E.4.1'),
(197, 214, 3, 'L3HvS-R5-E.3.3'),
(198, 240, 3, 'L3HvS-R5-F.6.1'),
(199, 239, 3, 'L3HvS-R5-F.5.3'),
(200, 238, 3, 'L3HvS-R5-F.5.2'),
(201, 235, 3, 'L3HvS-R5-F.4.2'),
(202, 234, 3, 'L3HvS-R5-F.4.1'),
(203, 233, 3, 'L3HvS-R5-F.3.3'),
(204, 232, 3, 'L3HvS-R5-F.3.2'),
(205, 231, 3, 'L3HvS-R5-F.3.1'),
(206, 230, 3, 'L3HvS-R5-F.2.3'),
(207, 229, 3, 'L3HvS-R5-F.2.2'),
(208, 227, 3, 'L3HvS-R5-F.1.2'),
(209, 226, 3, 'L3HvS-R5-F.1.1'),
(210, 225, 3, 'L3HvS-R5-E.7.2'),
(211, 255, 3, 'L3HvS-R5-G.4.2'),
(212, 254, 3, 'L3HvS-R5-G.4.1'),
(213, 250, 3, 'L3HvS-R5-G.2.3'),
(214, 249, 3, 'L3HvS-R5-G.2.2'),
(215, 248, 3, 'L3HvS-R5-G.2.1'),
(216, 247, 3, 'L3HvS-R5-G.1.3'),
(217, 246, 3, 'L3HvS-R5-G.1.2'),
(218, 244, 3, 'L3HvS-R5-F.7.2'),
(219, 243, 3, 'L3HvS-R5-F.7.1'),
(220, 281, 3, 'L3HvS-R5-H.1.1'),
(221, 263, 3, 'L3HvS-R5-G.7.1'),
(222, 261, 3, 'L3HvS-R5-G.6.2'),
(223, 259, 3, 'L3HvS-R5-G.5.3'),
(224, 305, 3, 'L3HvS-R5-H.4.1'),
(225, 297, 3, 'L3HvS-R5-H.3.2'),
(226, 296, 3, 'L3HvS-R5-H.3.1'),
(227, 292, 3, 'L3HvS-R5-H.2.2'),
(228, 291, 3, 'L3HvS-R5-H.2.1'),
(229, 290, 3, 'L3HvS-R5-H.1.3'),
(230, 288, 3, 'L3HvS-R5-H.1.2'),
(231, 1240, 3, 'L3-HvS-R12-D.5'),
(232, 1241, 3, 'L3-HvS-R12-E.1'),
(233, 1242, 3, 'L3-HvS-R12-E.2'),
(234, 1243, 3, 'L3-HvS-R12-E.3'),
(235, 1244, 3, 'L3-HvS-R12-E.4'),
(236, 1245, 3, 'L3-HvS-R12-E.5'),
(237, 1236, 3, 'L3-HvS-R12-C.5'),
(238, 1237, 3, 'L3-HvS-R12-D.1'),
(240, 1238, 3, 'L3-HvS-R12-D.2'),
(241, 1239, 3, 'L3-HvS-R12-D.3'),
(242, 1234, 3, 'L3-HvS-R12-C.3'),
(243, 1235, 3, 'L3-HvS-R12-C.4'),
(244, 1233, 3, 'L3-HvS-R12-C.2'),
(245, 1232, 3, 'L3-HvS-R12-C.1'),
(246, 1192, 3, 'L3-HvS-R11-A.3'),
(247, 1169, 3, 'L3-HvS-R11-C.2'),
(248, 1170, 3, 'L3-HvS-R11-C.3'),
(249, 1172, 3, 'L3-HvS-R11-C.4'),
(250, 1173, 3, 'L3-HvS-R11-C.5'),
(251, 1174, 3, 'L3-HvS-R11-C.6'),
(252, 1177, 3, 'L3-HvS-R11-D.1'),
(253, 1178, 3, 'L3-HvS-R11-D.2'),
(254, 1179, 3, 'L3-HvS-R11-D.3'),
(255, 1161, 3, 'L3-HvS-R11-B.1'),
(256, 1162, 3, 'L3-HvS-R11-B.2'),
(257, 1163, 3, 'L3-HvS-R11-B.3'),
(258, 1164, 3, 'L3-HvS-R11-B.4'),
(259, 1165, 3, 'L3-HvS-R11-B.5'),
(260, 1166, 3, 'L3-HvS-R11-B.6'),
(261, 1167, 3, 'L3-HvS-R11-C.1'),
(262, 1157, 3, 'L3-HvS-R11-A.6'),
(263, 1156, 3, 'L3-HvS-R11-A.5'),
(264, 1153, 3, 'L3-HvS-R11-A.2'),
(265, 1127, 3, 'L3-HvS-R11-A.1'),
(266, 800, 3, 'L3-HvS-R13-B.1'),
(267, 802, 3, 'L3-HvS-R13-B.2'),
(268, 806, 3, 'L3-HvS-R13-B.3'),
(269, 807, 3, 'L3-HvS-R13-B.4'),
(270, 808, 3, 'L3-HvS-R13-B.5'),
(271, 810, 3, 'L3-HvS-R13-E.4'),
(272, 811, 3, 'L3-HvS-R13-C.1'),
(273, 812, 3, 'L3-HvS-R13-D.1'),
(274, 813, 3, 'L3-HvS-R13-C.2'),
(275, 814, 3, 'L3-HvS-R13-C.3'),
(276, 817, 3, 'L3-HvS-R13-C.4'),
(277, 820, 3, 'L3-HvS-R13-D.2'),
(278, 824, 3, 'L3-HvS-R13-E.2'),
(279, 828, 3, 'L3-HvS-R13-D.3'),
(280, 833, 3, 'L3-HvS-R13-E.3'),
(281, 836, 3, 'L3-HvS-R13-E.1'),
(282, 840, 3, 'L3-HvS-R13-D.4');

-- --------------------------------------------------------

--
-- Tabellenstruktur für Tabelle `storage_places`
--

CREATE TABLE `storage_places` (
  `storage_places_id` int(11) NOT NULL,
  `storage_id` int(11) NOT NULL,
  `title` varchar(64) NOT NULL,
  `storage_type` int(1) NOT NULL,
  `description` text NOT NULL
) ENGINE=MyISAM DEFAULT CHARSET=utf8 COMMENT='lagerplaetze';

--
-- Daten für Tabelle `storage_places`
--

INSERT INTO `storage_places` (`storage_places_id`, `storage_id`, `title`, `storage_type`, `description`) VALUES
(105, 3, 'L3HvS-R10-F.6', 0, ''),
(104, 3, 'L3HvS-R10-F.5', 0, ''),
(103, 3, 'L3HvS-R10-F.4', 0, ''),
(102, 3, 'L3HvS-R10-F.3', 0, ''),
(101, 3, 'L3HvS-R10-F.2', 0, ''),
(8, 3, 'L3HvS-R7-A.1', 0, ''),
(9, 3, 'L3HvS-R7-A.2', 0, ''),
(10, 3, 'L3HvS-R7-A.3', 0, ''),
(11, 3, 'L3HvS-R7-A.4', 0, ''),
(12, 3, 'L3HvS-R7-A.5', 0, ''),
(13, 3, 'L3HvS-R7-A.6', 0, ''),
(14, 3, 'L3HvS-R7-B.1', 0, ''),
(15, 3, 'L3HvS-R7-B.2', 0, ''),
(16, 3, 'L3HvS-R7-B.3', 0, ''),
(17, 3, 'L3HvS-R7-B.4', 0, ''),
(18, 3, 'L3HvS-R7-B.5', 0, ''),
(19, 3, 'L3HvS-R7-B.6', 0, ''),
(20, 3, 'L3HvS-R7-C.1', 0, ''),
(21, 3, 'L3HvS-R7-C.2', 0, ''),
(22, 3, 'L3HvS-R7-C.3', 0, ''),
(23, 3, 'L3HvS-R7-C.4', 0, ''),
(24, 3, 'L3HvS-R7-C.5', 0, ''),
(25, 3, 'L3HvS-R7-C.6', 0, ''),
(26, 3, 'L3HvS-R7-D.1', 0, ''),
(27, 3, 'L3HvS-R7-D.2', 0, ''),
(28, 3, 'L3HvS-R7-D.3', 0, ''),
(29, 3, 'L3HvS-R7-D.4', 0, ''),
(30, 3, 'L3HvS-R7-D.5', 0, ''),
(31, 3, 'L3HvS-R7-D.6', 0, ''),
(32, 3, 'L3HvS-R7-E.1', 0, ''),
(33, 3, 'L3HvS-R7-E.2', 0, ''),
(34, 3, 'L3HvS-R7-E.3', 0, ''),
(35, 3, 'L3HvS-R7-E.4', 0, ''),
(36, 3, 'L3HvS-R7-E.5', 0, ''),
(37, 3, 'L3HvS-R7-E.6', 0, ''),
(38, 3, 'L3HvS-R7-F', 0, ''),
(39, 3, 'L3HvS-R9-A.1', 0, ''),
(40, 3, 'L3HvS-R9-A.2', 0, ''),
(41, 3, 'L3HvS-R9-A.3', 0, ''),
(42, 3, 'L3HvS-R9-A.4', 0, ''),
(43, 3, 'L3HvS-R9-A.5', 0, ''),
(44, 3, 'L3HvS-R9-A.6', 0, ''),
(45, 3, 'L3HvS-R9-B.1', 0, ''),
(46, 3, 'L3HvS-R9-B.2', 0, ''),
(47, 3, 'L3HvS-R9-B.3', 0, ''),
(48, 3, 'L3HvS-R9-B.4', 0, ''),
(49, 3, 'L3HvS-R9-B.5', 0, ''),
(50, 3, 'L3HvS-R9-B.6', 0, ''),
(51, 3, 'L3HvS-R9-C.1', 0, ''),
(52, 3, 'L3HvS-R9-C.2', 0, ''),
(53, 3, 'L3HvS-R9-C.3', 0, ''),
(54, 3, 'L3HvS-R9-C.4', 0, ''),
(55, 3, 'L3HvS-R9-C.5', 0, ''),
(56, 3, 'L3HvS-R9-C.6', 0, ''),
(57, 3, 'L3HvS-R9-D.1', 0, ''),
(58, 3, 'L3HvS-R9-D.2', 0, ''),
(59, 3, 'L3HvS-R9-D.3', 0, ''),
(60, 3, 'L3HvS-R9-D.4', 0, ''),
(61, 3, 'L3HvS-R9-D.5', 0, ''),
(62, 3, 'L3HvS-R9-D.6', 0, ''),
(63, 3, 'L3HvS-R9-E.1', 0, ''),
(64, 3, 'L3HvS-R9-E.2', 0, ''),
(65, 3, 'L3HvS-R9-E.3', 0, ''),
(66, 3, 'L3HvS-R9-E.4', 0, ''),
(67, 3, 'L3HvS-R9-E.5', 0, ''),
(68, 3, 'L3HvS-R9-E.6', 0, ''),
(69, 3, 'L3HvS-R9-F', 0, ''),
(70, 3, 'L3HvS-R10-A.1', 0, ''),
(71, 3, 'L3HvS-R10-A.2', 0, ''),
(72, 3, 'L3HvS-R10-A.3', 0, ''),
(73, 3, 'L3HvS-R10-A.4', 0, ''),
(74, 3, 'L3HvS-R10-A.5', 0, ''),
(75, 3, 'L3HvS-R10-A.6', 0, ''),
(76, 3, 'L3HvS-R10-B.1', 0, ''),
(77, 3, 'L3HvS-R10-B.2', 0, ''),
(78, 3, 'L3HvS-R10-B.3', 0, ''),
(79, 3, 'L3HvS-R10-B.4', 0, ''),
(80, 3, 'L3HvS-R10-B.5', 0, ''),
(81, 3, 'L3HvS-R10-B.6', 0, ''),
(82, 3, 'L3HvS-R10-C.1', 0, ''),
(83, 3, 'L3HvS-R10-C.2', 0, ''),
(84, 3, 'L3HvS-R10-C.3', 0, ''),
(85, 3, 'L3HvS-R10-C.4', 0, ''),
(86, 3, 'L3HvS-R10-C.5', 0, ''),
(87, 3, 'L3HvS-R10-C.6', 0, ''),
(88, 3, 'L3HvS-R10-D.1', 0, ''),
(89, 3, 'L3HvS-R10-D.2', 0, ''),
(90, 3, 'L3HvS-R10-D.3', 0, ''),
(91, 3, 'L3HvS-R10-D.4', 0, ''),
(92, 3, 'L3HvS-R10-D.5', 0, ''),
(93, 3, 'L3HvS-R10-D.6', 0, ''),
(94, 3, 'L3HvS-R10-E.1', 0, ''),
(95, 3, 'L3HvS-R10-E.2', 0, ''),
(96, 3, 'L3HvS-R10-E.3', 0, ''),
(97, 3, 'L3HvS-R10-E.4', 0, ''),
(98, 3, 'L3HvS-R10-E.5', 0, ''),
(99, 3, 'L3HvS-R10-E.6', 0, ''),
(100, 3, 'L3HvS-R10-F.1', 0, ''),
(106, 3, 'L3HvS-R6-A.1', 0, ''),
(107, 3, 'L3HvS-R6-A.2', 0, ''),
(108, 3, 'L3HvS-R6-A.3', 0, ''),
(109, 3, 'L3HvS-R6-A.4', 0, ''),
(110, 3, 'L3HvS-R6-A.5', 0, ''),
(111, 3, 'L3HvS-R6-A.6', 0, ''),
(112, 3, 'L3HvS-R6-B.1', 0, ''),
(113, 3, 'L3HvS-R6-B.2', 0, ''),
(114, 3, 'L3HvS-R6-B.3', 0, ''),
(115, 3, 'L3HvS-R6-B.4', 0, ''),
(116, 3, 'L3HvS-R6-B.5', 0, ''),
(117, 3, 'L3HvS-R6-B.6', 0, ''),
(118, 3, 'L3HvS-R6-C.1', 0, ''),
(119, 3, 'L3HvS-R6-C.2', 0, ''),
(120, 3, 'L3HvS-R6-C.3', 0, ''),
(121, 3, 'L3HvS-R6-C.4', 0, ''),
(122, 3, 'L3HvS-R6-C.5', 0, ''),
(123, 3, 'L3HvS-R6-C.6', 0, ''),
(124, 3, 'L3HvS-R6-D.1.1', 0, ''),
(125, 3, 'L3HvS-R6-D.1.2', 0, ''),
(126, 3, 'L3HvS-R6-D.2.1', 0, ''),
(127, 3, 'L3HvS-R6-D.2.2', 0, ''),
(128, 3, 'L3HvS-R6-D.3.1', 0, ''),
(129, 3, 'L3HvS-R6-D.3.2', 0, ''),
(130, 3, 'L3HvS-R6-D.4.1', 0, ''),
(131, 3, 'L3HvS-R6-D.4.2', 0, ''),
(132, 3, 'L3HvS-R6-F.1.1', 0, ''),
(133, 3, 'L3HvS-R6-F.1.2', 0, ''),
(134, 3, 'L3HvS-R6-F.2.1', 0, ''),
(135, 3, 'L3HvS-R6-F.2.2', 0, ''),
(136, 3, 'L3HvS-R6-E.1', 0, ''),
(137, 3, 'L3HvS-R6-E.2', 0, ''),
(138, 3, 'L3HvS-R6-E.3', 0, ''),
(139, 3, 'L3HvS-R6-E.4', 0, ''),
(140, 3, 'L3-HvS-R5-A.1.1', 0, ''),
(141, 3, 'L3-HvS-R5-A.1.2', 0, ''),
(142, 3, 'L3-HvS-R5-A.1.3', 0, ''),
(143, 3, 'L3-HvS-R5-B.1.1', 0, ''),
(144, 3, 'L3-HvS-R5-B.1.2', 0, ''),
(145, 3, 'L3-HvS-R5-B.1.3', 0, ''),
(146, 3, 'L3-HvS-R5-C.1.1', 0, ''),
(147, 3, 'L3-HvS-R5-C.1.2', 0, ''),
(148, 3, 'L3-HvS-R5-C.1.3', 0, ''),
(149, 3, 'L3-HvS-R5-D.1.1', 0, ''),
(150, 3, 'L3-HvS-R5-D.1.2', 0, ''),
(151, 3, 'L3-HvS-R5-D.1.3', 0, ''),
(152, 3, 'L3-HvS-R5-E.1.1', 0, ''),
(153, 3, 'L3-HvS-R5-E.1.2', 0, ''),
(154, 3, 'L3-HvS-R5-E.1.3', 0, ''),
(155, 3, 'L3-HvS-R5-F.1.1', 0, ''),
(156, 3, 'L3-HvS-R5-F.1.2', 0, ''),
(157, 3, 'L3-HvS-R5-F.1.3', 0, ''),
(158, 3, 'L3-HvS-R5-G.1.1', 0, ''),
(159, 3, 'L3-HvS-R5-G.1.2', 0, ''),
(160, 3, 'L3-HvS-R5-G.1.3', 0, ''),
(161, 3, 'L3-HvS-R5-H.1.1', 0, ''),
(162, 3, 'L3-HvS-R5-H.1.2', 0, ''),
(163, 3, 'L3-HvS-R5-H.1.3', 0, ''),
(164, 3, 'L3-HvS-R5-A.2.1', 0, ''),
(165, 3, 'L3-HvS-R5-A.2.2', 0, ''),
(166, 3, 'L3-HvS-R5-A.2.3', 0, ''),
(167, 3, 'L3-HvS-R5-A.3.1', 0, ''),
(168, 3, 'L3-HvS-R5-A.3.2', 0, ''),
(169, 3, 'L3-HvS-R5-A.3.3', 0, ''),
(170, 3, 'L3-HvS-R5-A.4.1', 0, ''),
(171, 3, 'L3-HvS-R5-A.4.2', 0, ''),
(172, 3, 'L3-HvS-R5-A.4.3', 0, ''),
(173, 3, 'L3-HvS-R5-A.5.1', 0, ''),
(174, 3, 'L3-HvS-R5-A.5.2', 0, ''),
(175, 3, 'L3-HvS-R5-A.5.3', 0, ''),
(176, 3, 'L3-HvS-R5-A.6.1', 0, ''),
(177, 3, 'L3-HvS-R5-A.6.2', 0, ''),
(178, 3, 'L3-HvS-R5-A.6.3', 0, ''),
(179, 3, 'L3-HvS-R5-A.7.1', 0, ''),
(180, 3, 'L3-HvS-R5-A.7.2', 0, ''),
(181, 3, 'L3-HvS-R5-B.2.1', 0, ''),
(182, 3, 'L3-HvS-R5-B.2.2', 0, ''),
(183, 3, 'L3-HvS-R5-B.2.3', 0, ''),
(184, 3, 'L3-HvS-R5-B.3.1', 0, ''),
(185, 3, 'L3-HvS-R5-B.3.2', 0, ''),
(186, 3, 'L3-HvS-R5-B.3.3', 0, ''),
(187, 3, 'L3-HvS-R5-B.4.1', 0, ''),
(188, 3, 'L3-HvS-R5-B.4.2', 0, ''),
(189, 3, 'L3-HvS-R5-B.4.3', 0, ''),
(190, 3, 'L3-HvS-R5-B.5.1', 0, ''),
(191, 3, 'L3-HvS-R5-B.5.2', 0, ''),
(192, 3, 'L3-HvS-R5-B.5.3', 0, ''),
(193, 3, 'L3-HvS-R5-B.6.1', 0, ''),
(194, 3, 'L3-HvS-R5-B.6.2', 0, ''),
(195, 3, 'L3-HvS-R5-B.6.3', 0, ''),
(196, 3, 'L3-HvS-R5-B.7.1', 0, ''),
(197, 3, 'L3-HvS-R5-B.7.2', 0, ''),
(198, 3, 'L3-HvS-R5-C.2.1', 0, ''),
(199, 3, 'L3-HvS-R5-C.2.2', 0, ''),
(200, 3, 'L3-HvS-R5-C.2.3', 0, ''),
(201, 3, 'L3-HvS-R5-C.4.1', 0, ''),
(202, 3, 'L3-HvS-R5-C.4.2', 0, ''),
(203, 3, 'L3-HvS-R5-C.4.3', 0, ''),
(204, 3, 'L3-HvS-R5-C.5.1', 0, ''),
(205, 3, 'L3-HvS-R5-C.5.2', 0, ''),
(206, 3, 'L3-HvS-R5-C.5.3', 0, ''),
(207, 3, 'L3-HvS-R5-C.6.1', 0, ''),
(208, 3, 'L3-HvS-R5-C.6.2', 0, ''),
(209, 3, 'L3-HvS-R5-C.6.3', 0, ''),
(210, 3, 'L3-HvS-R5-C.7.1', 0, ''),
(211, 3, 'L3-HvS-R5-C.7.2', 0, ''),
(212, 3, 'L3-HvS-R5-D.2.1', 0, ''),
(213, 3, 'L3-HvS-R5-D.2.2', 0, ''),
(214, 3, 'L3-HvS-R5-D.2.3', 0, ''),
(215, 3, 'L3-HvS-R5-D.3.1', 0, ''),
(216, 3, 'L3-HvS-R5-D.3.2', 0, ''),
(217, 3, 'L3-HvS-R5-D.3.3', 0, ''),
(218, 3, 'L3-HvS-R5-D.4.1', 0, ''),
(219, 3, 'L3-HvS-R5-D.4.2', 0, ''),
(220, 3, 'L3-HvS-R5-D.4.3', 0, ''),
(221, 3, 'L3-HvS-R5-D.5.1', 0, ''),
(222, 3, 'L3-HvS-R5-D.5.2', 0, ''),
(223, 3, 'L3-HvS-R5-D.5.3', 0, ''),
(224, 3, 'L3-HvS-R5-D.6.1', 0, ''),
(225, 3, 'L3-HvS-R5-D.6.2', 0, ''),
(226, 3, 'L3-HvS-R5-D.6.3', 0, ''),
(227, 3, 'L3-HvS-R5-D.7.1', 0, ''),
(228, 3, 'L3-HvS-R5-D.7.2', 0, ''),
(229, 3, 'L3-HvS-R5-C.3.1', 0, ''),
(230, 3, 'L3-HvS-R5-C.3.2', 0, ''),
(231, 3, 'L3-HvS-R5-C.3.3', 0, ''),
(232, 3, 'L3-HvS-R5-E.2.1', 0, ''),
(233, 3, 'L3-HvS-R5-E.2.2', 0, ''),
(234, 3, 'L3-HvS-R5-E.2.3', 0, ''),
(235, 3, 'L3-HvS-R5-E.3.1', 0, ''),
(236, 3, 'L3-HvS-R5-E.3.2', 0, ''),
(237, 3, 'L3-HvS-R5-E.3.3', 0, ''),
(238, 3, 'L3-HvS-R5-E.4.1', 0, ''),
(239, 3, 'L3-HvS-R5-E.4.2', 0, ''),
(240, 3, 'L3-HvS-R5-E.4.3', 0, ''),
(241, 3, 'L3-HvS-R5-E.5.1', 0, ''),
(242, 3, 'L3-HvS-R5-E.5.2', 0, ''),
(243, 3, 'L3-HvS-R5-E.5.3', 0, ''),
(244, 3, 'L3-HvS-R5-E.6.1', 0, ''),
(245, 3, 'L3-HvS-R5-E.6.2', 0, ''),
(246, 3, 'L3-HvS-R5-E.6.3', 0, ''),
(247, 3, 'L3-HvS-R5-E.7.1', 0, ''),
(248, 3, 'L3-HvS-R5-E.7.2', 0, ''),
(249, 3, 'L3-HvS-R5-F.2.1', 0, ''),
(250, 3, 'L3-HvS-R5-F.2.2', 0, ''),
(251, 3, 'L3-HvS-R5-F.2.3', 0, ''),
(252, 3, 'L3-HvS-R5-F.3.1', 0, ''),
(253, 3, 'L3-HvS-R5-F.3.2', 0, ''),
(254, 3, 'L3-HvS-R5-F.3.3', 0, ''),
(255, 3, 'L3-HvS-R5-F.4.1', 0, ''),
(256, 3, 'L3-HvS-R5-F.4.2', 0, ''),
(257, 3, 'L3-HvS-R5-F.4.3', 0, ''),
(258, 3, 'L3-HvS-R5-F.5.1', 0, ''),
(259, 3, 'L3-HvS-R5-F.5.2', 0, ''),
(260, 3, 'L3-HvS-R5-F.5.3', 0, ''),
(261, 3, 'L3-HvS-R5-F.6.1', 0, ''),
(262, 3, 'L3-HvS-R5-F.6.2', 0, ''),
(263, 3, 'L3-HvS-R5-F.6.3', 0, ''),
(264, 3, 'L3-HvS-R5-F.7.1', 0, ''),
(265, 3, 'L3-HvS-R5-F.7.2', 0, ''),
(266, 3, 'L3-HvS-R5-G.2.1', 0, ''),
(267, 3, 'L3-HvS-R5-G.2.2', 0, ''),
(268, 3, 'L3-HvS-R5-G.2.3', 0, ''),
(269, 3, 'L3-HvS-R5-G.3.1', 0, ''),
(270, 3, 'L3-HvS-R5-G.3.2', 0, ''),
(271, 3, 'L3-HvS-R5-G.3.3', 0, ''),
(272, 3, 'L3-HvS-R5-G.4.1', 0, ''),
(273, 3, 'L3-HvS-R5-G.4.2', 0, ''),
(274, 3, 'L3-HvS-R5-G.4.3', 0, ''),
(275, 3, 'L3-HvS-R5-G.5.1', 0, ''),
(276, 3, 'L3-HvS-R5-G.5.2', 0, ''),
(277, 3, 'L3-HvS-R5-G.5.3', 0, ''),
(278, 3, 'L3-HvS-R5-G.6.1', 0, ''),
(279, 3, 'L3-HvS-R5-G.6.2', 0, ''),
(280, 3, 'L3-HvS-R5-G.6.3', 0, ''),
(281, 3, 'L3-HvS-R5-G.7.1', 0, ''),
(282, 3, 'L3-HvS-R5-G.7.2', 0, ''),
(283, 3, 'L3-HvS-R5-H.2.1', 0, ''),
(284, 3, 'L3-HvS-R5-H.2.2', 0, ''),
(285, 3, 'L3-HvS-R5-H.2.3', 0, ''),
(286, 3, 'L3-HvS-R5-H.3.1', 0, ''),
(287, 3, 'L3-HvS-R5-H.3.2', 0, ''),
(288, 3, 'L3-HvS-R5-H.3.3', 0, ''),
(289, 3, 'L3-HvS-R5-H.4.1', 0, ''),
(290, 3, 'L3-HvS-R5-H.4.2', 0, ''),
(291, 3, 'L3-HvS-R5-H.4.3', 0, ''),
(292, 3, 'L3-HvS-R12-D.1', 0, ''),
(293, 3, 'L3-HvS-R12-D.2', 0, ''),
(294, 3, 'L3-HvS-R12-D.3', 0, ''),
(295, 3, 'L3-HvS-R12-D.4', 0, ''),
(296, 3, 'L3-HvS-R12-D.5', 0, ''),
(297, 3, 'L3-HvS-R12-E.1', 0, ''),
(298, 3, 'L3-HvS-R12-E.2', 0, ''),
(299, 3, 'L3-HvS-R12-E.3', 0, ''),
(300, 3, 'L3-HvS-R12-E.4', 0, ''),
(301, 3, 'L3-HvS-R12-E.5', 0, ''),
(302, 3, 'L3-HvS-R12-C.1', 0, ''),
(303, 3, 'L3-HvS-R12-C.2', 0, ''),
(304, 3, 'L3-HvS-R12-C.3', 0, ''),
(305, 3, 'L3-HvS-R12-C.4', 0, ''),
(306, 3, 'L3-HvS-R12-C.5', 0, ''),
(307, 3, 'L3-HvS-R11-A.1', 0, ''),
(308, 3, 'L3-HvS-R11-A.2', 0, ''),
(309, 3, 'L3-HvS-R11-A.3', 0, ''),
(310, 3, 'L3-HvS-R11-A.4', 0, ''),
(311, 3, 'L3-HvS-R11-A.5', 0, ''),
(312, 3, 'L3-HvS-R11-A.6', 0, ''),
(313, 3, 'L3-HvS-R11-B.1', 0, ''),
(314, 3, 'L3-HvS-R11-B.2', 0, ''),
(315, 3, 'L3-HvS-R11-B.3', 0, ''),
(316, 3, 'L3-HvS-R11-B.4', 0, ''),
(317, 3, 'L3-HvS-R11-B.5', 0, ''),
(318, 3, 'L3-HvS-R11-B.6', 0, ''),
(319, 3, 'L3-HvS-R11-C.1', 0, ''),
(320, 3, 'L3-HvS-R11-C.2', 0, ''),
(321, 3, 'L3-HvS-R11-C.3', 0, ''),
(322, 3, 'L3-HvS-R11-C.4', 0, ''),
(323, 3, 'L3-HvS-R11-C.5', 0, ''),
(324, 3, 'L3-HvS-R11-C.6', 0, ''),
(325, 3, 'L3-HvS-R11-D.1', 0, ''),
(326, 3, 'L3-HvS-R11-D.2', 0, ''),
(327, 3, 'L3-HvS-R11-D.3', 0, ''),
(328, 3, 'L3-HvS-R11-D.4', 0, ''),
(329, 3, 'L3-HvS-R11-D.5', 0, ''),
(330, 3, 'L3-HvS-R11-D.6', 0, ''),
(331, 3, 'L3-HvS-R13-B.1', 0, ''),
(332, 3, 'L3-HvS-R13-B.2', 0, ''),
(333, 3, 'L3-HvS-R13-B.3', 0, ''),
(334, 3, 'L3-HvS-R13-B.4', 0, ''),
(335, 3, 'L3-HvS-R13-B.5', 0, ''),
(336, 3, 'L3-HvS-R13-C.1', 0, ''),
(337, 3, 'L3-HvS-R13-C.2', 0, ''),
(338, 3, 'L3-HvS-R13-C.3', 0, ''),
(339, 3, 'L3-HvS-R13-C.5', 0, ''),
(340, 3, 'L3-HvS-R13-D.1', 0, ''),
(341, 3, 'L3-HvS-R13-D.2', 0, ''),
(342, 3, 'L3-HvS-R13-D.3', 0, ''),
(343, 3, 'L3-HvS-R13-D.4', 0, ''),
(344, 3, 'L3-HvS-R13-D.5', 0, ''),
(345, 3, 'L3-HvS-R13-E.1', 0, ''),
(346, 3, 'L3-HvS-R13-E.2', 0, ''),
(347, 3, 'L3-HvS-R13-E.3', 0, ''),
(348, 3, 'L3-HvS-R13-E.4', 0, ''),
(349, 3, 'L3-HvS-R13-E.5', 0, ''),
(350, 3, 'L3-HvS-R13-C.4', 0, '');

-- --------------------------------------------------------

--
-- Tabellenstruktur für Tabelle `storage_products`
--

CREATE TABLE `storage_products` (
  `id` int(11) NOT NULL,
  `storage_id` int(11) NOT NULL DEFAULT '0',
  `products_id` int(11) NOT NULL DEFAULT '0',
  `quantity` int(11) NOT NULL DEFAULT '0',
  `created` timestamp NOT NULL DEFAULT CURRENT_TIMESTAMP,
  `changed` datetime NOT NULL DEFAULT '0000-00-00 00:00:00',
  `storage_place` varchar(100) NOT NULL DEFAULT '',
  `priority` int(11) NOT NULL,
  `storage_places_id` int(11) NOT NULL
) ENGINE=MyISAM DEFAULT CHARSET=utf8;

--
-- Daten für Tabelle `storage_products`
--

INSERT INTO `storage_products` (`id`, `storage_id`, `products_id`, `quantity`, `created`, `changed`, `storage_place`, `priority`, `storage_places_id`) VALUES
(47, 3, 416, 1003, '2024-08-28 17:02:19', '0000-00-00 00:00:00', '', 0, 11),
(46, 3, 415, 1005, '2024-08-28 17:01:19', '0000-00-00 00:00:00', '', 0, 10),
(45, 3, 412, 1001, '2024-08-28 17:00:43', '0000-00-00 00:00:00', '', 0, 9),
(44, 3, 405, 1005, '2024-08-28 16:58:44', '0000-00-00 00:00:00', '', 0, 67),
(43, 3, 404, 1004, '2024-08-28 16:57:50', '0000-00-00 00:00:00', '', 0, 66),
(99, 3, 464, 1008, '2024-08-29 13:48:45', '0000-00-00 00:00:00', '', 0, 26),
(33, 3, 466, 1003, '2024-08-28 15:25:05', '0000-00-00 00:00:00', '', 0, 27),
(10, 3, 468, 1007, '2024-08-28 14:40:41', '0000-00-00 00:00:00', '', 0, 28),
(98, 3, 469, 1006, '2024-08-29 13:42:47', '0000-00-00 00:00:00', '', 0, 29),
(12, 3, 474, 1003, '2024-08-28 14:44:46', '0000-00-00 00:00:00', '', 0, 30),
(13, 3, 475, 1004, '2024-08-28 14:50:05', '0000-00-00 00:00:00', '', 0, 31),
(14, 3, 476, 1001, '2024-08-28 14:51:02', '0000-00-00 00:00:00', '', 0, 32),
(15, 3, 485, 1007, '2024-08-28 14:52:11', '0000-00-00 00:00:00', '', 0, 37),
(16, 3, 443, 1007, '2024-08-28 14:53:22', '0000-00-00 00:00:00', '', 0, 17),
(17, 3, 444, 1004, '2024-08-28 14:54:27', '0000-00-00 00:00:00', '', 0, 18),
(18, 3, 446, 1009, '2024-08-28 14:56:04', '0000-00-00 00:00:00', '', 0, 83),
(19, 3, 447, 1003, '2024-08-28 14:57:11', '0000-00-00 00:00:00', '', 0, 19),
(20, 3, 449, 1000, '2024-08-28 14:58:19', '0000-00-00 00:00:00', '', 0, 20),
(21, 3, 450, 3, '2024-08-28 14:59:11', '0000-00-00 00:00:00', '', 0, 21),
(30, 3, 460, 1006, '2024-08-28 15:19:45', '0000-00-00 00:00:00', '', 0, 24),
(31, 3, 461, 1005, '2024-08-28 15:20:57', '0000-00-00 00:00:00', '', 0, 25),
(24, 3, 372, 1005, '2024-08-28 15:03:10', '0000-00-00 00:00:00', '', 0, 95),
(25, 3, 373, 0, '2024-08-28 15:04:44', '0000-00-00 00:00:00', '', 0, 49),
(26, 3, 374, 1000, '2024-08-28 15:05:38', '0000-00-00 00:00:00', '', 0, 53),
(27, 3, 382, 1006, '2024-08-28 15:14:53', '0000-00-00 00:00:00', '', 0, 51),
(28, 3, 383, 1005, '2024-08-28 15:15:45', '0000-00-00 00:00:00', '', 0, 52),
(29, 3, 384, 1004, '2024-08-28 15:16:42', '0000-00-00 00:00:00', '', 0, 54),
(32, 3, 385, 1006, '2024-08-28 15:21:52', '0000-00-00 00:00:00', '', 0, 55),
(34, 3, 387, 1005, '2024-08-28 15:27:24', '0000-00-00 00:00:00', '', 0, 57),
(35, 3, 388, 1005, '2024-08-28 15:28:25', '0000-00-00 00:00:00', '', 0, 58),
(36, 3, 389, 1001, '2024-08-28 16:48:31', '0000-00-00 00:00:00', '', 0, 59),
(37, 3, 390, 1004, '2024-08-28 16:50:01', '0000-00-00 00:00:00', '', 0, 60),
(38, 3, 392, 1003, '2024-08-28 16:51:18', '0000-00-00 00:00:00', '', 0, 61),
(39, 3, 395, 1007, '2024-08-28 16:52:56', '0000-00-00 00:00:00', '', 0, 63),
(40, 3, 396, 1003, '2024-08-28 16:54:14', '0000-00-00 00:00:00', '', 0, 64),
(41, 3, 397, 1005, '2024-08-28 16:55:20', '0000-00-00 00:00:00', '', 0, 34),
(42, 3, 402, 1005, '2024-08-28 16:56:29', '0000-00-00 00:00:00', '', 0, 65),
(48, 3, 417, 1003, '2024-08-28 17:03:21', '0000-00-00 00:00:00', '', 0, 35),
(49, 3, 426, 1004, '2024-08-28 17:04:43', '0000-00-00 00:00:00', '', 0, 12),
(50, 3, 427, 1002, '2024-08-28 17:05:39', '0000-00-00 00:00:00', '', 0, 13),
(51, 3, 428, 1002, '2024-08-28 17:06:32', '0000-00-00 00:00:00', '', 0, 14),
(52, 3, 429, 1006, '2024-08-28 17:07:15', '0000-00-00 00:00:00', '', 0, 15),
(53, 3, 433, 1003, '2024-08-28 17:08:09', '0000-00-00 00:00:00', '', 0, 16),
(54, 3, 340, 1004, '2024-08-28 17:09:04', '0000-00-00 00:00:00', '', 0, 94),
(55, 3, 345, 999, '2024-08-28 17:10:01', '0000-00-00 00:00:00', '', 0, 36),
(56, 3, 346, 1006, '2024-08-28 17:11:02', '0000-00-00 00:00:00', '', 0, 98),
(57, 3, 348, 1002, '2024-08-28 17:12:27', '0000-00-00 00:00:00', '', 0, 23),
(58, 3, 349, 1003, '2024-08-28 17:13:34', '0000-00-00 00:00:00', '', 0, 99),
(59, 3, 350, 1003, '2024-08-28 17:15:07', '0000-00-00 00:00:00', '', 0, 100),
(60, 3, 352, 2, '2024-08-28 17:18:48', '0000-00-00 00:00:00', '', 0, 102),
(61, 3, 356, 999, '2024-08-28 17:19:37', '0000-00-00 00:00:00', '', 0, 104),
(62, 3, 357, 0, '2024-08-28 17:20:20', '0000-00-00 00:00:00', '', 0, 105),
(63, 3, 358, 1008, '2024-08-28 17:21:19', '0000-00-00 00:00:00', '', 0, 97),
(64, 3, 359, 1003, '2024-08-28 17:22:07', '0000-00-00 00:00:00', '', 0, 103),
(65, 3, 360, 3, '2024-08-28 17:22:57', '0000-00-00 00:00:00', '', 0, 39),
(66, 3, 361, 1005, '2024-08-28 17:24:13', '0000-00-00 00:00:00', '', 0, 40),
(67, 3, 362, 1002, '2024-08-28 17:25:01', '0000-00-00 00:00:00', '', 0, 41),
(68, 3, 363, 1007, '2024-08-29 08:07:51', '0000-00-00 00:00:00', '', 0, 42),
(69, 3, 364, 1002, '2024-08-29 08:08:56', '0000-00-00 00:00:00', '', 0, 43),
(70, 3, 366, 1002, '2024-08-29 08:09:49', '0000-00-00 00:00:00', '', 0, 44),
(71, 3, 367, 2, '2024-08-29 08:10:38', '0000-00-00 00:00:00', '', 0, 45),
(72, 3, 368, 1006, '2024-08-29 08:11:45', '0000-00-00 00:00:00', '', 0, 46),
(73, 3, 369, 1000, '2024-08-29 08:12:42', '0000-00-00 00:00:00', '', 0, 47),
(74, 3, 370, 1000, '2024-08-29 08:13:35', '0000-00-00 00:00:00', '', 0, 48),
(75, 3, 325, 1004, '2024-08-29 08:18:34', '0000-00-00 00:00:00', '', 0, 85),
(76, 3, 327, 1006, '2024-08-29 08:19:39', '0000-00-00 00:00:00', '', 0, 86),
(77, 3, 330, 1006, '2024-08-29 08:20:32', '0000-00-00 00:00:00', '', 0, 87),
(78, 3, 332, 1005, '2024-08-29 08:21:31', '0000-00-00 00:00:00', '', 0, 88),
(79, 3, 333, 1012, '2024-08-29 08:24:01', '0000-00-00 00:00:00', '', 0, 89),
(80, 3, 334, 1005, '2024-08-29 08:24:48', '0000-00-00 00:00:00', '', 0, 90),
(81, 3, 335, 1005, '2024-08-29 08:25:31', '0000-00-00 00:00:00', '', 0, 91),
(82, 3, 337, 2, '2024-08-29 08:26:43', '0000-00-00 00:00:00', '', 0, 92),
(83, 3, 338, 1002, '2024-08-29 08:27:31', '0000-00-00 00:00:00', '', 0, 93),
(84, 3, 316, 1003, '2024-08-29 08:28:24', '0000-00-00 00:00:00', '', 0, 78),
(85, 3, 317, 1002, '2024-08-29 08:29:26', '0000-00-00 00:00:00', '', 0, 79),
(86, 3, 318, 1006, '2024-08-29 08:30:33', '0000-00-00 00:00:00', '', 0, 80),
(87, 3, 319, 1003, '2024-08-29 08:31:23', '0000-00-00 00:00:00', '', 0, 81),
(88, 3, 321, 1004, '2024-08-29 08:36:32', '0000-00-00 00:00:00', '', 0, 82),
(89, 3, 323, 1008, '2024-08-29 08:39:30', '0000-00-00 00:00:00', '', 0, 84),
(90, 3, 312, 1001, '2024-08-29 08:40:21', '0000-00-00 00:00:00', '', 0, 33),
(91, 3, 313, 1003, '2024-08-29 08:41:30', '0000-00-00 00:00:00', '', 0, 75),
(92, 3, 314, 1004, '2024-08-29 08:43:00', '0000-00-00 00:00:00', '', 0, 76),
(93, 3, 310, 1003, '2024-08-29 08:44:42', '0000-00-00 00:00:00', '', 0, 73),
(94, 3, 311, 1003, '2024-08-29 08:45:43', '0000-00-00 00:00:00', '', 0, 74),
(95, 3, 309, 0, '2024-08-29 08:46:40', '0000-00-00 00:00:00', '', 0, 72),
(96, 3, 308, 1009, '2024-08-29 08:47:42', '0000-00-00 00:00:00', '', 0, 71),
(97, 3, 307, 1005, '2024-08-29 08:48:34', '0000-00-00 00:00:00', '', 0, 70),
(100, 3, 1224, 1004, '2024-08-29 14:07:08', '0000-00-00 00:00:00', '', 0, 115),
(101, 3, 1225, 1004, '2024-08-29 14:08:07', '0000-00-00 00:00:00', '', 0, 114),
(102, 3, 1226, 1007, '2024-08-29 14:08:59', '0000-00-00 00:00:00', '', 0, 113),
(103, 3, 1227, 1001, '2024-08-29 14:09:56', '0000-00-00 00:00:00', '', 0, 112),
(104, 3, 1228, 1007, '2024-08-29 14:10:51', '0000-00-00 00:00:00', '', 0, 123),
(105, 3, 1229, 1002, '2024-08-29 14:12:29', '0000-00-00 00:00:00', '', 0, 122),
(106, 3, 1230, 1003, '2024-08-29 14:13:41', '0000-00-00 00:00:00', '', 0, 121),
(107, 3, 1220, 1003, '2024-08-29 14:14:49', '0000-00-00 00:00:00', '', 0, 107),
(108, 3, 1221, 1004, '2024-08-29 14:17:30', '0000-00-00 00:00:00', '', 0, 106),
(109, 3, 1222, 1002, '2024-08-29 14:18:50', '0000-00-00 00:00:00', '', 0, 117),
(110, 3, 1223, 1003, '2024-08-29 14:19:40', '0000-00-00 00:00:00', '', 0, 116),
(111, 3, 1218, 1003, '2024-08-29 14:20:42', '0000-00-00 00:00:00', '', 0, 109),
(112, 3, 1219, 1004, '2024-08-29 14:21:38', '0000-00-00 00:00:00', '', 0, 108),
(113, 3, 1217, 1003, '2024-08-29 14:22:48', '0000-00-00 00:00:00', '', 0, 110),
(114, 3, 1216, 1007, '2024-08-29 14:24:05', '0000-00-00 00:00:00', '', 0, 111),
(115, 3, 1202, 1004, '2024-08-29 14:28:21', '0000-00-00 00:00:00', '', 0, 136),
(116, 3, 1203, 1002, '2024-08-29 14:29:51', '0000-00-00 00:00:00', '', 0, 137),
(117, 3, 1204, 1006, '2024-08-29 14:30:58', '0000-00-00 00:00:00', '', 0, 138),
(118, 3, 1205, 1006, '2024-08-29 14:32:44', '0000-00-00 00:00:00', '', 0, 139),
(119, 3, 1206, 1003, '2024-08-29 14:33:35', '0000-00-00 00:00:00', '', 0, 132),
(120, 3, 1207, 1006, '2024-08-29 14:34:49', '0000-00-00 00:00:00', '', 0, 133),
(121, 3, 1208, 0, '2024-08-29 14:35:58', '0000-00-00 00:00:00', '', 0, 134),
(122, 3, 1209, 998, '2024-08-29 14:36:39', '0000-00-00 00:00:00', '', 0, 135),
(123, 3, 1198, 1005, '2024-08-29 14:38:02', '0000-00-00 00:00:00', '', 0, 129),
(124, 3, 1199, 1007, '2024-08-29 14:39:11', '0000-00-00 00:00:00', '', 0, 128),
(125, 3, 1200, 1005, '2024-08-29 14:40:08', '0000-00-00 00:00:00', '', 0, 130),
(126, 3, 1201, 1006, '2024-08-29 14:42:22', '0000-00-00 00:00:00', '', 0, 131),
(127, 3, 1196, 1003, '2024-08-29 14:44:21', '0000-00-00 00:00:00', '', 0, 126),
(128, 3, 1197, 1004, '2024-08-29 14:45:42', '0000-00-00 00:00:00', '', 0, 127),
(129, 3, 1195, 1001, '2024-08-29 14:46:50', '0000-00-00 00:00:00', '', 0, 125),
(130, 3, 1194, 1006, '2024-08-29 14:47:58', '0000-00-00 00:00:00', '', 0, 124),
(131, 3, 138, 1013, '2024-08-30 14:52:40', '0000-00-00 00:00:00', '', 0, 140),
(132, 3, 139, 1008, '2024-08-30 14:53:54', '0000-00-00 00:00:00', '', 0, 141),
(133, 3, 140, 1000, '2024-08-30 14:55:34', '0000-00-00 00:00:00', '', 0, 164),
(134, 3, 141, 1006, '2024-08-30 14:57:11', '0000-00-00 00:00:00', '', 0, 165),
(135, 3, 146, 0, '2024-08-30 14:59:16', '0000-00-00 00:00:00', '', 0, 173),
(136, 3, 145, 1011, '2024-08-30 15:04:49', '0000-00-00 00:00:00', '', 0, 171),
(137, 3, 144, 1008, '2024-08-30 15:05:55', '0000-00-00 00:00:00', '', 0, 170),
(138, 3, 143, 1007, '2024-08-30 15:07:09', '0000-00-00 00:00:00', '', 0, 168),
(139, 3, 154, 1005, '2024-08-30 15:08:02', '0000-00-00 00:00:00', '', 0, 182),
(140, 3, 152, 1003, '2024-08-30 15:09:24', '0000-00-00 00:00:00', '', 0, 145),
(141, 3, 151, 0, '2024-08-30 15:10:43', '0000-00-00 00:00:00', '', 0, 144),
(142, 3, 150, 1008, '2024-08-30 15:11:41', '0000-00-00 00:00:00', '', 0, 143),
(143, 3, 149, 1022, '2024-08-30 15:12:43', '0000-00-00 00:00:00', '', 0, 176),
(144, 3, 148, 1011, '2024-08-30 15:13:35', '0000-00-00 00:00:00', '', 0, 179),
(145, 3, 147, 0, '2024-08-30 15:14:29', '0000-00-00 00:00:00', '', 0, 174),
(146, 3, 170, 0, '2024-08-30 15:16:52', '0000-00-00 00:00:00', '', 0, 147),
(147, 3, 169, 1015, '2024-08-30 15:17:44', '0000-00-00 00:00:00', '', 0, 146),
(148, 3, 168, 1014, '2024-08-30 15:18:41', '0000-00-00 00:00:00', '', 0, 197),
(149, 3, 167, 1011, '2024-08-30 15:19:35', '0000-00-00 00:00:00', '', 0, 196),
(150, 3, 166, 0, '2024-08-30 15:26:04', '0000-00-00 00:00:00', '', 0, 195),
(151, 3, 164, 8, '2024-08-30 15:28:03', '0000-00-00 00:00:00', '', 0, 192),
(152, 3, 163, 1007, '2024-08-30 15:28:57', '0000-00-00 00:00:00', '', 0, 191),
(153, 3, 162, 1020, '2024-08-30 15:29:59', '0000-00-00 00:00:00', '', 0, 190),
(154, 3, 161, 1009, '2024-08-30 15:30:54', '0000-00-00 00:00:00', '', 0, 189),
(155, 3, 160, 1009, '2024-08-30 15:31:58', '0000-00-00 00:00:00', '', 0, 188),
(156, 3, 159, 8, '2024-08-30 15:33:07', '0000-00-00 00:00:00', '', 0, 194),
(157, 3, 158, 1003, '2024-08-30 15:34:27', '0000-00-00 00:00:00', '', 0, 186),
(158, 3, 157, 1006, '2024-08-30 15:35:15', '0000-00-00 00:00:00', '', 0, 185),
(159, 3, 156, 1005, '2024-08-30 15:36:14', '0000-00-00 00:00:00', '', 0, 184),
(160, 3, 155, 1011, '2024-08-30 15:37:08', '0000-00-00 00:00:00', '', 0, 183),
(161, 3, 183, 1014, '2024-08-30 15:38:06', '0000-00-00 00:00:00', '', 0, 208),
(162, 3, 182, 1007, '2024-08-30 15:38:54', '0000-00-00 00:00:00', '', 0, 207),
(163, 3, 181, 999, '2024-08-30 15:39:49', '0000-00-00 00:00:00', '', 0, 205),
(164, 3, 180, 1012, '2024-08-30 15:41:09', '0000-00-00 00:00:00', '', 0, 204),
(165, 3, 179, 0, '2024-08-30 15:42:15', '0000-00-00 00:00:00', '', 0, 206),
(166, 3, 178, 5, '2024-08-30 15:44:42', '0000-00-00 00:00:00', '', 0, 229),
(167, 3, 177, 0, '2024-08-30 16:18:56', '0000-00-00 00:00:00', '', 0, 201),
(168, 3, 176, 1011, '2024-08-30 16:19:53', '0000-00-00 00:00:00', '', 0, 231),
(169, 3, 175, 1014, '2024-08-30 16:20:38', '0000-00-00 00:00:00', '', 0, 230),
(170, 3, 173, 0, '2024-08-30 16:24:40', '0000-00-00 00:00:00', '', 0, 199),
(171, 3, 172, 0, '2024-08-30 16:25:59', '0000-00-00 00:00:00', '', 0, 198),
(172, 3, 171, 17, '2024-08-30 16:26:59', '0000-00-00 00:00:00', '', 0, 148),
(173, 3, 208, 1017, '2024-08-30 16:28:07', '0000-00-00 00:00:00', '', 0, 154),
(174, 3, 207, 1009, '2024-08-30 16:29:09', '0000-00-00 00:00:00', '', 0, 153),
(175, 3, 206, 1012, '2024-08-30 16:30:04', '0000-00-00 00:00:00', '', 0, 152),
(176, 3, 205, 10, '2024-08-30 16:31:11', '0000-00-00 00:00:00', '', 0, 211),
(177, 3, 203, 1015, '2024-08-30 16:33:17', '0000-00-00 00:00:00', '', 0, 226),
(178, 3, 202, 1009, '2024-08-30 16:34:38', '0000-00-00 00:00:00', '', 0, 224),
(179, 3, 200, 1012, '2024-08-30 16:36:49', '0000-00-00 00:00:00', '', 0, 222),
(180, 3, 199, 0, '2024-08-30 16:37:56', '0000-00-00 00:00:00', '', 0, 221),
(181, 3, 198, 1006, '2024-08-30 16:38:52', '0000-00-00 00:00:00', '', 0, 220),
(182, 3, 195, 1010, '2024-08-30 16:40:50', '0000-00-00 00:00:00', '', 0, 217),
(183, 3, 194, 1010, '2024-08-30 16:42:24', '0000-00-00 00:00:00', '', 0, 216),
(184, 3, 191, 1010, '2024-08-30 16:44:20', '0000-00-00 00:00:00', '', 0, 213),
(185, 3, 190, 0, '2024-08-30 16:45:17', '0000-00-00 00:00:00', '', 0, 212),
(186, 3, 187, 1007, '2024-08-30 16:47:14', '0000-00-00 00:00:00', '', 0, 149),
(187, 3, 186, 1000, '2024-08-30 16:48:38', '0000-00-00 00:00:00', '', 0, 211),
(188, 3, 185, 1005, '2024-08-30 16:49:40', '0000-00-00 00:00:00', '', 0, 210),
(189, 3, 184, 1005, '2024-08-30 16:50:27', '0000-00-00 00:00:00', '', 0, 209),
(191, 3, 223, 1006, '2024-08-31 13:32:47', '0000-00-00 00:00:00', '', 0, 246),
(192, 3, 222, 1008, '2024-08-31 13:33:35', '0000-00-00 00:00:00', '', 0, 245),
(193, 3, 220, 1000, '2024-08-31 13:35:21', '0000-00-00 00:00:00', '', 0, 243),
(194, 3, 219, 1000, '2024-08-31 13:36:19', '0000-00-00 00:00:00', '', 0, 242),
(195, 3, 218, 1033, '2024-08-31 13:43:41', '0000-00-00 00:00:00', '', 0, 241),
(196, 3, 216, 1006, '2024-08-31 13:45:43', '0000-00-00 00:00:00', '', 0, 239),
(197, 3, 215, 1008, '2024-08-31 13:46:39', '0000-00-00 00:00:00', '', 0, 238),
(198, 3, 214, 1005, '2024-08-31 13:47:38', '0000-00-00 00:00:00', '', 0, 237),
(199, 3, 240, 0, '2024-08-31 13:48:57', '0000-00-00 00:00:00', '', 0, 261),
(200, 3, 239, 1000, '2024-08-31 13:50:11', '0000-00-00 00:00:00', '', 0, 260),
(201, 3, 238, 1004, '2024-08-31 13:51:52', '0000-00-00 00:00:00', '', 0, 259),
(202, 3, 235, 1022, '2024-08-31 13:54:00', '0000-00-00 00:00:00', '', 0, 256),
(203, 3, 234, 1003, '2024-08-31 13:54:56', '0000-00-00 00:00:00', '', 0, 255),
(204, 3, 233, 2, '2024-08-31 13:55:49', '0000-00-00 00:00:00', '', 0, 254),
(205, 3, 232, 1009, '2024-08-31 13:57:15', '0000-00-00 00:00:00', '', 0, 253),
(206, 3, 231, 1012, '2024-08-31 13:58:10', '0000-00-00 00:00:00', '', 0, 252),
(207, 3, 230, 1032, '2024-08-31 13:59:19', '0000-00-00 00:00:00', '', 0, 251),
(208, 3, 229, 1011, '2024-08-31 14:00:18', '0000-00-00 00:00:00', '', 0, 250),
(209, 3, 227, 1011, '2024-08-31 14:01:49', '0000-00-00 00:00:00', '', 0, 156),
(210, 3, 226, 1009, '2024-08-31 14:02:40', '0000-00-00 00:00:00', '', 0, 155),
(211, 3, 225, 1004, '2024-08-31 14:03:33', '0000-00-00 00:00:00', '', 0, 248),
(212, 3, 255, 1004, '2024-08-31 14:05:02', '0000-00-00 00:00:00', '', 0, 273),
(213, 3, 254, 1008, '2024-08-31 14:06:22', '0000-00-00 00:00:00', '', 0, 272),
(214, 3, 250, 1010, '2024-08-31 14:09:19', '0000-00-00 00:00:00', '', 0, 268),
(215, 3, 249, 1007, '2024-08-31 14:10:23', '0000-00-00 00:00:00', '', 0, 267),
(216, 3, 248, 1007, '2024-08-31 14:11:20', '0000-00-00 00:00:00', '', 0, 266),
(217, 3, 247, 1016, '2024-08-31 14:12:21', '0000-00-00 00:00:00', '', 0, 160),
(218, 3, 246, 1012, '2024-08-31 14:13:10', '0000-00-00 00:00:00', '', 0, 159),
(219, 3, 244, 1011, '2024-08-31 14:14:58', '0000-00-00 00:00:00', '', 0, 265),
(220, 3, 243, 1014, '2024-08-31 14:15:54', '0000-00-00 00:00:00', '', 0, 264),
(221, 3, 281, 1008, '2024-08-31 14:18:18', '0000-00-00 00:00:00', '', 0, 161),
(222, 3, 263, 1011, '2024-08-31 14:34:27', '0000-00-00 00:00:00', '', 0, 281),
(223, 3, 261, 1015, '2024-08-31 14:35:53', '0000-00-00 00:00:00', '', 0, 279),
(224, 3, 259, 1008, '2024-08-31 14:37:11', '0000-00-00 00:00:00', '', 0, 277),
(225, 3, 305, 1018, '2024-08-31 14:39:02', '0000-00-00 00:00:00', '', 0, 289),
(226, 3, 297, 1012, '2024-08-31 14:40:21', '0000-00-00 00:00:00', '', 0, 287),
(227, 3, 296, 1016, '2024-08-31 14:41:55', '0000-00-00 00:00:00', '', 0, 286),
(228, 3, 292, 1006, '2024-08-31 14:43:28', '0000-00-00 00:00:00', '', 0, 284),
(229, 3, 291, 1007, '2024-08-31 14:44:53', '0000-00-00 00:00:00', '', 0, 283),
(230, 3, 290, 1011, '2024-08-31 14:46:24', '0000-00-00 00:00:00', '', 0, 163),
(231, 3, 288, 1020, '2024-08-31 14:48:17', '0000-00-00 00:00:00', '', 0, 162),
(232, 3, 1240, 1005, '2024-09-13 13:00:55', '0000-00-00 00:00:00', '', 0, 296),
(233, 3, 1241, 1007, '2024-09-13 13:01:46', '0000-00-00 00:00:00', '', 0, 297),
(234, 3, 1242, 1007, '2024-09-13 13:02:34', '0000-00-00 00:00:00', '', 0, 298),
(235, 3, 1243, 1008, '2024-09-13 13:03:18', '0000-00-00 00:00:00', '', 0, 299),
(236, 3, 1244, 1012, '2024-09-13 13:04:03', '0000-00-00 00:00:00', '', 0, 300),
(237, 3, 1245, 1013, '2024-09-13 13:04:49', '0000-00-00 00:00:00', '', 0, 301),
(238, 3, 1236, 0, '2024-09-13 13:06:47', '0000-00-00 00:00:00', '', 0, 306),
(239, 3, 1237, 1012, '2024-09-13 13:07:42', '0000-00-00 00:00:00', '', 0, 292),
(240, 3, 1238, 1004, '2024-09-13 13:08:51', '0000-00-00 00:00:00', '', 0, 293),
(241, 3, 1239, 1002, '2024-09-13 13:09:52', '0000-00-00 00:00:00', '', 0, 294),
(242, 3, 1234, 1004, '2024-09-13 13:11:01', '0000-00-00 00:00:00', '', 0, 304),
(243, 3, 1235, 1003, '2024-09-13 13:12:33', '0000-00-00 00:00:00', '', 0, 305),
(244, 3, 1233, 1005, '2024-09-13 13:13:15', '0000-00-00 00:00:00', '', 0, 303),
(245, 3, 1232, 1018, '2024-09-13 13:14:18', '0000-00-00 00:00:00', '', 0, 302),
(246, 3, 1192, 1030, '2024-09-13 14:02:14', '0000-00-00 00:00:00', '', 0, 309),
(247, 3, 1169, 1012, '2024-09-13 14:03:24', '0000-00-00 00:00:00', '', 0, 320),
(248, 3, 1170, 0, '2024-09-13 14:04:07', '0000-00-00 00:00:00', '', 0, 321),
(249, 3, 1172, 1006, '2024-09-13 14:04:54', '0000-00-00 00:00:00', '', 0, 322),
(250, 3, 1173, 1005, '2024-09-13 14:05:39', '0000-00-00 00:00:00', '', 0, 323),
(251, 3, 1174, 1003, '2024-09-13 14:06:19', '0000-00-00 00:00:00', '', 0, 324),
(252, 3, 1177, 1012, '2024-09-13 14:07:55', '0000-00-00 00:00:00', '', 0, 325),
(253, 3, 1178, 1012, '2024-09-13 14:09:21', '0000-00-00 00:00:00', '', 0, 326),
(254, 3, 1179, 1008, '2024-09-13 14:10:11', '0000-00-00 00:00:00', '', 0, 294),
(255, 3, 1161, 1007, '2024-09-13 14:11:21', '0000-00-00 00:00:00', '', 0, 313),
(256, 3, 1162, 1007, '2024-09-13 14:12:17', '0000-00-00 00:00:00', '', 0, 314),
(257, 3, 1163, 1013, '2024-09-13 14:13:04', '0000-00-00 00:00:00', '', 0, 315),
(258, 3, 1164, 1012, '2024-09-13 14:15:39', '0000-00-00 00:00:00', '', 0, 316),
(259, 3, 1165, 1007, '2024-09-13 14:16:38', '0000-00-00 00:00:00', '', 0, 317),
(260, 3, 1166, 1009, '2024-09-13 14:17:21', '0000-00-00 00:00:00', '', 0, 318),
(261, 3, 1167, 1015, '2024-09-13 14:18:12', '0000-00-00 00:00:00', '', 0, 319),
(262, 3, 1157, 1001, '2024-09-13 14:19:05', '0000-00-00 00:00:00', '', 0, 312),
(263, 3, 1156, 1013, '2024-09-13 14:20:10', '0000-00-00 00:00:00', '', 0, 311),
(264, 3, 1153, 1005, '2024-09-13 14:20:59', '0000-00-00 00:00:00', '', 0, 308),
(265, 3, 1127, 1012, '2024-09-13 14:21:46', '0000-00-00 00:00:00', '', 0, 307),
(266, 3, 800, 1003, '2024-09-16 15:13:36', '0000-00-00 00:00:00', '', 0, 331),
(267, 3, 802, 1006, '2024-09-16 15:14:41', '0000-00-00 00:00:00', '', 0, 332),
(268, 3, 806, 1003, '2024-09-16 15:16:17', '0000-00-00 00:00:00', '', 0, 333),
(269, 3, 807, 1006, '2024-09-16 15:17:39', '0000-00-00 00:00:00', '', 0, 334),
(270, 3, 808, 1006, '2024-09-16 15:18:53', '0000-00-00 00:00:00', '', 0, 335),
(271, 3, 810, 1003, '2024-09-16 15:20:00', '0000-00-00 00:00:00', '', 0, 348),
(272, 3, 811, 1002, '2024-09-16 15:21:05', '0000-00-00 00:00:00', '', 0, 336),
(273, 3, 812, 1001, '2024-09-16 15:22:22', '0000-00-00 00:00:00', '', 0, 340),
(274, 3, 813, 1002, '2024-09-16 15:23:47', '0000-00-00 00:00:00', '', 0, 337),
(275, 3, 814, 1003, '2024-09-16 15:25:05', '0000-00-00 00:00:00', '', 0, 338),
(276, 3, 817, 1003, '2024-09-16 15:27:07', '0000-00-00 00:00:00', '', 0, 350),
(277, 3, 820, 1002, '2024-09-16 15:28:19', '0000-00-00 00:00:00', '', 0, 341),
(278, 3, 824, 1000, '2024-09-16 15:29:27', '0000-00-00 00:00:00', '', 0, 346),
(279, 3, 828, 1005, '2024-09-16 15:34:21', '0000-00-00 00:00:00', '', 0, 342),
(280, 3, 833, 1001, '2024-09-16 15:35:36', '0000-00-00 00:00:00', '', 0, 347),
(281, 3, 836, 1003, '2024-09-16 15:36:36', '0000-00-00 00:00:00', '', 0, 345),
(282, 3, 840, 1003, '2024-09-16 15:38:50', '0000-00-00 00:00:00', '', 0, 343);

-- --------------------------------------------------------

--
-- Tabellenstruktur für Tabelle `storage_products_transfer`
--

CREATE TABLE `storage_products_transfer` (
  `storage_products_transfer_id` int(11) NOT NULL,
  `source_storage_products_id` int(11) NOT NULL,
  `target_storage_products_id` int(11) NOT NULL,
  `quantity` int(11) NOT NULL,
  `editor` int(11) NOT NULL,
  `date_added` timestamp NOT NULL DEFAULT CURRENT_TIMESTAMP ON UPDATE CURRENT_TIMESTAMP,
  `reason_class` varchar(16) NOT NULL,
  `reason_id` int(11) NOT NULL,
  `reason_subclass` varchar(16) NOT NULL,
  `shipping_products_id` int(11) NOT NULL COMMENT 'wird bei versandabschluss gesetzt'
) ENGINE=MyISAM DEFAULT CHARSET=utf8;

--
-- Daten für Tabelle `storage_products_transfer`
--

INSERT INTO `storage_products_transfer` (`storage_products_transfer_id`, `source_storage_products_id`, `target_storage_products_id`, `quantity`, `editor`, `date_added`, `reason_class`, `reason_id`, `reason_subclass`, `shipping_products_id`) VALUES
(1, 0, 4, 20, 1, '2013-11-16 10:31:38', '', 0, '', 0),
(2, 0, 5, 10, 1, '2013-11-16 10:31:58', '', 0, '', 0),
(3, 0, 6, 40, 1, '2013-11-16 10:32:13', '', 0, '', 0),
(4, 0, 7, 30, 1, '2013-11-16 10:32:25', '', 0, '', 0),
(5, 0, 8, 1003, 5000, '2024-08-28 14:19:42', '', 0, '', 0),
(6, 0, 9, 1003, 5000, '2024-08-28 14:32:24', '', 0, '', 0),
(7, 0, 10, 1004, 5000, '2024-08-28 14:40:45', '', 0, '', 0),
(8, 0, 11, 1001, 5000, '2024-08-28 14:43:33', '', 0, '', 0),
(9, 0, 12, 1001, 5000, '2024-08-28 14:44:51', '', 0, '', 0),
(10, 0, 13, 1005, 5000, '2024-08-28 14:50:09', '', 0, '', 0),
(11, 0, 14, 1002, 5000, '2024-08-28 14:51:05', '', 0, '', 0),
(12, 0, 16, 1002, 5000, '2024-08-28 14:53:25', '', 0, '', 0),
(13, 0, 17, 1000, 5000, '2024-08-28 14:54:30', '', 0, '', 0),
(14, 0, 18, 1017, 5000, '2024-08-28 14:56:08', '', 0, '', 0),
(15, 0, 19, 1009, 5000, '2024-08-28 14:57:15', '', 0, '', 0),
(16, 0, 20, 1002, 5000, '2024-08-28 14:58:22', '', 0, '', 0),
(17, 0, 21, 1010, 5000, '2024-08-28 14:59:14', '', 0, '', 0),
(18, 0, 22, 1002, 5000, '2024-08-28 15:00:30', '', 0, '', 0),
(19, 0, 23, 1006, 5000, '2024-08-28 15:01:59', '', 0, '', 0),
(20, 0, 24, 1005, 5000, '2024-08-28 15:03:33', '', 0, '', 0),
(21, 0, 25, 1004, 5000, '2024-08-28 15:04:48', '', 0, '', 0),
(22, 0, 26, 1000, 5000, '2024-08-28 15:05:42', '', 0, '', 0),
(23, 0, 27, 1003, 5000, '2024-08-28 15:14:56', '', 0, '', 0),
(24, 0, 28, 1000, 5000, '2024-08-28 15:15:48', '', 0, '', 0),
(25, 0, 29, 1001, 5000, '2024-08-28 15:16:46', '', 0, '', 0),
(26, 22, -1, 1002, 5000, '2024-08-28 15:19:00', 'inventur', 0, '', 0),
(27, 0, 30, 1002, 5000, '2024-08-28 15:20:00', '', 0, '', 0),
(28, 23, -1, 1006, 5000, '2024-08-28 15:20:33', 'inventur', 0, '', 0),
(29, 0, 31, 1006, 5000, '2024-08-28 15:21:10', '', 0, '', 0),
(30, 0, 32, 1001, 5000, '2024-08-28 15:21:56', '', 0, '', 0),
(31, 9, -1, 1003, 5000, '2024-08-28 15:24:40', 'inventur', 0, '', 0),
(32, 0, 33, 1003, 5000, '2024-08-28 15:25:25', '', 0, '', 0),
(33, 0, 34, 1005, 5000, '2024-08-28 15:27:29', '', 0, '', 0),
(34, 0, 35, 1002, 5000, '2024-08-28 15:28:38', '', 0, '', 0),
(35, 0, 36, 1004, 5000, '2024-08-28 16:48:33', '', 0, '', 0),
(36, 0, 37, 1001, 5000, '2024-08-28 16:50:04', '', 0, '', 0),
(37, 0, 38, 1002, 5000, '2024-08-28 16:51:22', '', 0, '', 0),
(38, 0, 39, 1005, 5000, '2024-08-28 16:53:03', '', 0, '', 0),
(39, 0, 40, 1001, 5000, '2024-08-28 16:54:17', '', 0, '', 0),
(40, 0, 41, 1005, 5000, '2024-08-28 16:55:24', '', 0, '', 0),
(41, 0, 42, 1005, 5000, '2024-08-28 16:56:33', '', 0, '', 0),
(42, 0, 43, 1002, 5000, '2024-08-28 16:57:53', '', 0, '', 0),
(43, 0, 44, 1006, 5000, '2024-08-28 16:58:47', '', 0, '', 0),
(44, 0, 45, 1003, 5000, '2024-08-28 17:00:46', '', 0, '', 0),
(45, 0, 46, 1006, 5000, '2024-08-28 17:01:23', '', 0, '', 0),
(46, 0, 47, 1002, 5000, '2024-08-28 17:02:29', '', 0, '', 0),
(47, 0, 48, 1001, 5000, '2024-08-28 17:03:23', '', 0, '', 0),
(48, 0, 49, 1001, 5000, '2024-08-28 17:04:46', '', 0, '', 0),
(49, 0, 50, 1003, 5000, '2024-08-28 17:05:44', '', 0, '', 0),
(50, 0, 51, 1001, 5000, '2024-08-28 17:06:34', '', 0, '', 0),
(51, 0, 52, 1005, 5000, '2024-08-28 17:07:19', '', 0, '', 0),
(52, 0, 53, 1001, 5000, '2024-08-28 17:08:13', '', 0, '', 0),
(53, 0, 54, 1001, 5000, '2024-08-28 17:09:10', '', 0, '', 0),
(54, 0, 55, 1000, 5000, '2024-08-28 17:10:09', '', 0, '', 0),
(55, 0, 56, 1002, 5000, '2024-08-28 17:11:05', '', 0, '', 0),
(56, 0, 57, 1002, 5000, '2024-08-28 17:12:31', '', 0, '', 0),
(57, 0, 58, 1004, 5000, '2024-08-28 17:13:41', '', 0, '', 0),
(58, 0, 59, 1004, 5000, '2024-08-28 17:15:11', '', 0, '', 0),
(59, 0, 60, 2, 5000, '2024-08-28 17:18:51', '', 0, '', 0),
(60, 0, 61, 1018, 5000, '2024-08-28 17:19:40', '', 0, '', 0),
(61, 0, 62, 1, 5000, '2024-08-28 17:20:24', '', 0, '', 0),
(62, 0, 63, 1000, 5000, '2024-08-28 17:21:22', '', 0, '', 0),
(63, 0, 64, 1002, 5000, '2024-08-28 17:22:10', '', 0, '', 0),
(64, 0, 65, 3, 5000, '2024-08-28 17:23:00', '', 0, '', 0),
(65, 0, 66, 1001, 5000, '2024-08-28 17:24:16', '', 0, '', 0),
(66, 0, 67, 1006, 5000, '2024-08-28 17:25:04', '', 0, '', 0),
(67, 0, 68, 1002, 5000, '2024-08-29 08:07:53', '', 0, '', 0),
(68, 0, 69, 1006, 5000, '2024-08-29 08:09:00', '', 0, '', 0),
(69, 0, 70, 1003, 5000, '2024-08-29 08:09:52', '', 0, '', 0),
(70, 0, 71, 2, 5000, '2024-08-29 08:10:42', '', 0, '', 0),
(71, 0, 72, 1002, 5000, '2024-08-29 08:11:49', '', 0, '', 0),
(72, 0, 73, 1005, 5000, '2024-08-29 08:12:45', '', 0, '', 0),
(73, 0, 74, 1003, 5000, '2024-08-29 08:13:38', '', 0, '', 0),
(74, 0, 75, 1004, 5000, '2024-08-29 08:18:38', '', 0, '', 0),
(75, 0, 76, 1001, 5000, '2024-08-29 08:19:43', '', 0, '', 0),
(76, 0, 77, 1006, 5000, '2024-08-29 08:20:37', '', 0, '', 0),
(77, 0, 78, 1020, 5000, '2024-08-29 08:21:35', '', 0, '', 0),
(78, 0, 79, 1, 5000, '2024-08-29 08:24:04', '', 0, '', 0),
(79, 0, 80, 1006, 5000, '2024-08-29 08:24:51', '', 0, '', 0),
(80, 0, 81, 1003, 5000, '2024-08-29 08:25:34', '', 0, '', 0),
(81, 0, 82, 2, 5000, '2024-08-29 08:26:46', '', 0, '', 0),
(82, 0, 83, 1007, 5000, '2024-08-29 08:27:35', '', 0, '', 0),
(83, 0, 84, 1006, 5000, '2024-08-29 08:28:27', '', 0, '', 0),
(84, 0, 85, 1005, 5000, '2024-08-29 08:29:29', '', 0, '', 0),
(85, 0, 86, 1003, 5000, '2024-08-29 08:30:37', '', 0, '', 0),
(86, 0, 87, 1002, 5000, '2024-08-29 08:31:27', '', 0, '', 0),
(87, 0, 88, 1001, 5000, '2024-08-29 08:36:35', '', 0, '', 0),
(88, 0, 89, 1008, 5000, '2024-08-29 08:39:33', '', 0, '', 0),
(89, 0, 90, 1001, 5000, '2024-08-29 08:40:24', '', 0, '', 0),
(90, 0, 91, 1006, 5000, '2024-08-29 08:41:33', '', 0, '', 0),
(91, 0, 92, 1005, 5000, '2024-08-29 08:43:03', '', 0, '', 0),
(92, 0, 93, 1006, 5000, '2024-08-29 08:44:46', '', 0, '', 0),
(93, 0, 94, 1006, 5000, '2024-08-29 08:45:46', '', 0, '', 0),
(94, 0, 95, 2, 5000, '2024-08-29 08:46:45', '', 0, '', 0),
(95, 0, 96, 1006, 5000, '2024-08-29 08:47:46', '', 0, '', 0),
(96, 0, 97, 1004, 5000, '2024-08-29 08:48:36', '', 0, '', 0),
(97, 34, -1, -1, 5000, '2024-08-29 08:49:30', 'Bestandseingabe', 0, '', 0),
(98, 11, -1, 1001, 5000, '2024-08-29 13:42:27', 'inventur', 0, '', 0),
(99, 0, 98, 1001, 5000, '2024-08-29 13:42:59', '', 0, '', 0),
(100, 8, -1, 1003, 5000, '2024-08-29 13:48:25', 'inventur', 0, '', 0),
(101, 0, 99, 1003, 5000, '2024-08-29 13:48:58', '', 0, '', 0),
(102, 0, 100, 1004, 5000, '2024-08-29 14:07:11', '', 0, '', 0),
(103, 0, 101, 1005, 5000, '2024-08-29 14:08:09', '', 0, '', 0),
(104, 0, 102, 1004, 5000, '2024-08-29 14:09:02', '', 0, '', 0),
(105, 0, 103, 1003, 5000, '2024-08-29 14:09:59', '', 0, '', 0),
(106, 0, 104, 1007, 5000, '2024-08-29 14:11:02', '', 0, '', 0),
(107, 0, 105, 1004, 5000, '2024-08-29 14:12:32', '', 0, '', 0),
(108, 0, 106, 1003, 5000, '2024-08-29 14:13:44', '', 0, '', 0),
(109, 0, 107, 1004, 5000, '2024-08-29 14:14:52', '', 0, '', 0),
(110, 0, 108, 1004, 5000, '2024-08-29 14:17:34', '', 0, '', 0),
(111, 0, 109, 1002, 5000, '2024-08-29 14:18:53', '', 0, '', 0),
(112, 0, 110, 1005, 5000, '2024-08-29 14:19:43', '', 0, '', 0),
(113, 0, 111, 1005, 5000, '2024-08-29 14:20:49', '', 0, '', 0),
(114, 0, 112, 1005, 5000, '2024-08-29 14:21:42', '', 0, '', 0),
(115, 0, 113, 1006, 5000, '2024-08-29 14:23:01', '', 0, '', 0),
(116, 0, 114, 1007, 5000, '2024-08-29 14:24:08', '', 0, '', 0),
(117, 0, 115, 1005, 5000, '2024-08-29 14:28:24', '', 0, '', 0),
(118, 0, 116, 1005, 5000, '2024-08-29 14:29:55', '', 0, '', 0),
(119, 0, 117, 1005, 5000, '2024-08-29 14:31:04', '', 0, '', 0),
(120, 0, 118, 1004, 5000, '2024-08-29 14:32:47', '', 0, '', 0),
(121, 0, 119, 1006, 5000, '2024-08-29 14:33:38', '', 0, '', 0),
(122, 0, 120, 1006, 5000, '2024-08-29 14:34:52', '', 0, '', 0),
(123, 0, 122, 1002, 5000, '2024-08-29 14:36:42', '', 0, '', 0),
(124, 0, 123, 1001, 5000, '2024-08-29 14:38:04', '', 0, '', 0),
(125, 0, 124, 1011, 5000, '2024-08-29 14:39:14', '', 0, '', 0),
(126, 0, 125, 1004, 5000, '2024-08-29 14:40:12', '', 0, '', 0),
(127, 0, 126, 1006, 5000, '2024-08-29 14:42:25', '', 0, '', 0),
(128, 0, 127, 1003, 5000, '2024-08-29 14:44:24', '', 0, '', 0),
(129, 0, 128, 1001, 5000, '2024-08-29 14:45:44', '', 0, '', 0),
(130, 0, 129, 1007, 5000, '2024-08-29 14:46:53', '', 0, '', 0),
(131, 0, 130, 1002, 5000, '2024-08-29 14:48:05', '', 0, '', 0),
(132, 52, -2, -1, 5000, '2024-08-30 05:13:19', 'order', 2620, 'Versand', 5730),
(133, 0, 131, 1004, 5000, '2024-08-30 14:52:43', '', 0, '', 0),
(134, 0, 132, 1011, 5000, '2024-08-30 14:54:05', '', 0, '', 0),
(135, 0, 133, 1007, 5000, '2024-08-30 14:55:37', '', 0, '', 0),
(136, 0, 134, 1005, 5000, '2024-08-30 14:57:13', '', 0, '', 0),
(137, 0, 135, 2, 5000, '2024-08-30 14:59:44', '', 0, '', 0),
(138, 0, 136, 1006, 5000, '2024-08-30 15:04:56', '', 0, '', 0),
(139, 0, 137, 1009, 5000, '2024-08-30 15:05:59', '', 0, '', 0),
(140, 0, 138, 1002, 5000, '2024-08-30 15:07:11', '', 0, '', 0),
(141, 0, 139, 1006, 5000, '2024-08-30 15:08:05', '', 0, '', 0),
(142, 0, 140, 1006, 5000, '2024-08-30 15:09:27', '', 0, '', 0),
(143, 0, 141, 2, 5000, '2024-08-30 15:10:47', '', 0, '', 0),
(144, 0, 142, 1018, 5000, '2024-08-30 15:11:44', '', 0, '', 0),
(145, 0, 143, 1030, 5000, '2024-08-30 15:12:46', '', 0, '', 0),
(146, 0, 144, 1, 5000, '2024-08-30 15:13:38', '', 0, '', 0),
(147, 0, 145, 2, 5000, '2024-08-30 15:14:32', '', 0, '', 0),
(148, 0, 146, 2, 5000, '2024-08-30 15:16:55', '', 0, '', 0),
(149, 0, 147, 1007, 5000, '2024-08-30 15:17:47', '', 0, '', 0),
(150, 0, 148, 1014, 5000, '2024-08-30 15:18:44', '', 0, '', 0),
(151, 0, 149, 1009, 5000, '2024-08-30 15:19:38', '', 0, '', 0),
(152, 0, 150, 1, 5000, '2024-08-30 15:26:07', '', 0, '', 0),
(153, 0, 151, 9, 5000, '2024-08-30 15:28:06', '', 0, '', 0),
(154, 0, 152, 1008, 5000, '2024-08-30 15:29:03', '', 0, '', 0),
(155, 0, 153, 1015, 5000, '2024-08-30 15:30:02', '', 0, '', 0),
(156, 0, 154, 2, 5000, '2024-08-30 15:30:58', '', 0, '', 0),
(157, 0, 155, 1012, 5000, '2024-08-30 15:32:01', '', 0, '', 0),
(158, 0, 156, 8, 5000, '2024-08-30 15:33:10', '', 0, '', 0),
(159, 0, 157, 1006, 5000, '2024-08-30 15:34:30', '', 0, '', 0),
(160, 0, 158, 1009, 5000, '2024-08-30 15:35:18', '', 0, '', 0),
(161, 0, 159, 1011, 5000, '2024-08-30 15:36:17', '', 0, '', 0),
(162, 0, 160, 1012, 5000, '2024-08-30 15:37:10', '', 0, '', 0),
(163, 0, 161, 1018, 5000, '2024-08-30 15:38:09', '', 0, '', 0),
(164, 0, 162, 1009, 5000, '2024-08-30 15:39:03', '', 0, '', 0),
(165, 0, 163, 1004, 5000, '2024-08-30 15:39:51', '', 0, '', 0),
(166, 0, 164, 1011, 5000, '2024-08-30 15:41:13', '', 0, '', 0),
(167, 0, 165, 1, 5000, '2024-08-30 15:42:18', '', 0, '', 0),
(168, 0, 166, 6, 5000, '2024-08-30 15:44:46', '', 0, '', 0),
(169, 0, 167, 2, 5000, '2024-08-30 16:19:00', '', 0, '', 0),
(170, 0, 168, 1010, 5000, '2024-08-30 16:19:56', '', 0, '', 0),
(171, 0, 169, 1008, 5000, '2024-08-30 16:20:45', '', 0, '', 0),
(172, 0, 170, 6, 5000, '2024-08-30 16:24:57', '', 0, '', 0),
(173, 0, 171, 4, 5000, '2024-08-30 16:26:02', '', 0, '', 0),
(174, 0, 172, 20, 5000, '2024-08-30 16:27:04', '', 0, '', 0),
(175, 0, 173, 1003, 5000, '2024-08-30 16:28:10', '', 0, '', 0),
(176, 0, 174, 1009, 5000, '2024-08-30 16:29:12', '', 0, '', 0),
(177, 0, 175, 1012, 5000, '2024-08-30 16:30:08', '', 0, '', 0),
(178, 0, 176, 10, 5000, '2024-08-30 16:31:14', '', 0, '', 0),
(179, 0, 177, 1018, 5000, '2024-08-30 16:33:20', '', 0, '', 0),
(180, 0, 178, 1014, 5000, '2024-08-30 16:34:45', '', 0, '', 0),
(181, 0, 179, 1006, 5000, '2024-08-30 16:36:52', '', 0, '', 0),
(182, 0, 180, 2, 5000, '2024-08-30 16:38:03', '', 0, '', 0),
(183, 0, 181, 1004, 5000, '2024-08-30 16:38:55', '', 0, '', 0),
(184, 0, 182, 1017, 5000, '2024-08-30 16:40:54', '', 0, '', 0),
(185, 0, 183, 1009, 5000, '2024-08-30 16:42:26', '', 0, '', 0),
(186, 0, 184, 1009, 5000, '2024-08-30 16:44:23', '', 0, '', 0),
(187, 0, 185, 1, 5000, '2024-08-30 16:45:20', '', 0, '', 0),
(188, 0, 186, 1010, 5000, '2024-08-30 16:47:17', '', 0, '', 0),
(189, 0, 187, 1000, 5000, '2024-08-30 16:48:42', '', 0, '', 0),
(190, 0, 188, 1011, 5000, '2024-08-30 16:49:42', '', 0, '', 0),
(191, 0, 189, 1007, 5000, '2024-08-30 16:50:29', '', 0, '', 0),
(192, 0, 190, 1013, 5000, '2024-08-31 13:22:42', '', 0, '', 0),
(193, 190, -1, 1013, 5000, '2024-08-31 13:24:12', 'inventur', 0, '', 0),
(194, 0, 191, 1013, 5000, '2024-08-31 13:33:06', '', 0, '', 0),
(195, 0, 192, 1011, 5000, '2024-08-31 13:33:38', '', 0, '', 0),
(196, 0, 193, 1000, 5000, '2024-08-31 13:35:24', '', 0, '', 0),
(197, 0, 194, 1001, 5000, '2024-08-31 13:36:22', '', 0, '', 0),
(198, 0, 195, 1012, 5000, '2024-08-31 13:43:44', '', 0, '', 0),
(199, 0, 196, 1007, 5000, '2024-08-31 13:45:45', '', 0, '', 0),
(200, 0, 197, 1017, 5000, '2024-08-31 13:46:41', '', 0, '', 0),
(201, 0, 198, 1005, 5000, '2024-08-31 13:47:40', '', 0, '', 0),
(202, 0, 199, 1004, 5000, '2024-08-31 13:49:00', '', 0, '', 0),
(203, 0, 200, 1000, 5000, '2024-08-31 13:50:14', '', 0, '', 0),
(204, 0, 201, 1010, 5000, '2024-08-31 13:51:56', '', 0, '', 0),
(205, 0, 202, 1028, 5000, '2024-08-31 13:54:03', '', 0, '', 0),
(206, 0, 203, 1007, 5000, '2024-08-31 13:54:59', '', 0, '', 0),
(207, 0, 204, 1002, 5000, '2024-08-31 13:55:51', '', 0, '', 0),
(208, 0, 205, 1008, 5000, '2024-08-31 13:57:17', '', 0, '', 0),
(209, 0, 206, 1005, 5000, '2024-08-31 13:58:17', '', 0, '', 0),
(210, 0, 207, 1036, 5000, '2024-08-31 13:59:21', '', 0, '', 0),
(211, 0, 208, 1001, 5000, '2024-08-31 14:00:21', '', 0, '', 0),
(212, 0, 209, 1002, 5000, '2024-08-31 14:01:52', '', 0, '', 0),
(213, 0, 210, 1012, 5000, '2024-08-31 14:02:44', '', 0, '', 0),
(214, 0, 211, 1007, 5000, '2024-08-31 14:03:36', '', 0, '', 0),
(215, 0, 212, 1016, 5000, '2024-08-31 14:05:05', '', 0, '', 0),
(216, 0, 213, 1007, 5000, '2024-08-31 14:06:25', '', 0, '', 0),
(217, 0, 214, 1008, 5000, '2024-08-31 14:09:22', '', 0, '', 0),
(218, 0, 215, 1002, 5000, '2024-08-31 14:10:25', '', 0, '', 0),
(219, 0, 216, 1007, 5000, '2024-08-31 14:11:23', '', 0, '', 0),
(220, 0, 217, 1023, 5000, '2024-08-31 14:12:24', '', 0, '', 0),
(221, 0, 218, 1014, 5000, '2024-08-31 14:13:14', '', 0, '', 0),
(222, 0, 219, 1011, 5000, '2024-08-31 14:15:01', '', 0, '', 0),
(223, 0, 220, 1003, 5000, '2024-08-31 14:15:57', '', 0, '', 0),
(224, 0, 221, 1003, 5000, '2024-08-31 14:18:20', '', 0, '', 0),
(225, 0, 222, 1015, 5000, '2024-08-31 14:34:29', '', 0, '', 0),
(226, 0, 223, 1011, 5000, '2024-08-31 14:35:57', '', 0, '', 0),
(227, 0, 224, 1002, 5000, '2024-08-31 14:37:14', '', 0, '', 0),
(228, 0, 225, 1007, 5000, '2024-08-31 14:39:05', '', 0, '', 0),
(229, 0, 226, 1012, 5000, '2024-08-31 14:40:24', '', 0, '', 0),
(230, 0, 227, 1013, 5000, '2024-08-31 14:41:58', '', 0, '', 0),
(231, 0, 228, 1003, 5000, '2024-08-31 14:43:33', '', 0, '', 0),
(232, 0, 229, 1010, 5000, '2024-08-31 14:44:57', '', 0, '', 0),
(233, 0, 230, 1019, 5000, '2024-08-31 14:46:29', '', 0, '', 0),
(234, 0, 231, 1023, 5000, '2024-08-31 14:48:23', '', 0, '', 0),
(235, 34, -2, -1, 5000, '2024-09-03 03:57:38', 'order', 2623, 'Versand', 5732),
(236, 47, -2, -1, 5000, '2024-09-03 03:57:38', 'order', 2623, 'Versand', 5733),
(237, 31, -2, -1, 5000, '2024-09-03 03:57:38', 'order', 2623, 'Versand', 5734),
(238, 0, 63, 6, 5000, '2024-09-03 09:22:12', '', 0, '', 0),
(239, 0, 66, 6, 5000, '2024-09-03 09:22:34', '', 0, '', 0),
(240, 73, -2, -1, 4999, '2024-09-11 07:37:28', 'order', 2627, 'Versand', 5744),
(241, 43, -2, -1, 4999, '2024-09-11 07:37:28', 'order', 2627, 'Versand', 5743),
(242, 171, -1, -4, 5000, '2024-09-13 12:09:45', 'Bestandseingabe', 0, '', 0),
(243, 0, 232, 1010, 5000, '2024-09-13 13:00:57', '', 0, '', 0),
(244, 0, 233, 1011, 5000, '2024-09-13 13:01:50', '', 0, '', 0),
(245, 0, 234, 1006, 5000, '2024-09-13 13:02:37', '', 0, '', 0),
(246, 0, 235, 1009, 5000, '2024-09-13 13:03:22', '', 0, '', 0),
(247, 0, 236, 1003, 5000, '2024-09-13 13:04:06', '', 0, '', 0),
(248, 0, 237, 1001, 5000, '2024-09-13 13:04:52', '', 0, '', 0),
(249, 0, 238, 1007, 5000, '2024-09-13 13:06:50', '', 0, '', 0),
(250, 0, 239, 1007, 5000, '2024-09-13 13:07:44', '', 0, '', 0),
(251, 0, 240, 1005, 5000, '2024-09-13 13:08:54', '', 0, '', 0),
(252, 0, 241, 1003, 5000, '2024-09-13 13:09:55', '', 0, '', 0),
(253, 0, 242, 1010, 5000, '2024-09-13 13:11:04', '', 0, '', 0),
(254, 0, 243, 1008, 5000, '2024-09-13 13:12:36', '', 0, '', 0),
(255, 0, 244, 1009, 5000, '2024-09-13 13:13:17', '', 0, '', 0),
(256, 0, 245, 1001, 5000, '2024-09-13 13:14:54', '', 0, '', 0),
(257, 0, 246, 1034, 5000, '2024-09-13 14:02:17', '', 0, '', 0),
(258, 0, 247, 1007, 5000, '2024-09-13 14:03:31', '', 0, '', 0),
(259, 0, 248, 1005, 5000, '2024-09-13 14:04:10', '', 0, '', 0),
(260, 0, 249, 1009, 5000, '2024-09-13 14:04:57', '', 0, '', 0),
(261, 0, 250, 1005, 5000, '2024-09-13 14:05:42', '', 0, '', 0),
(262, 0, 251, 1001, 5000, '2024-09-13 14:06:22', '', 0, '', 0),
(263, 0, 252, 1003, 5000, '2024-09-13 14:07:58', '', 0, '', 0),
(264, 0, 253, 1012, 5000, '2024-09-13 14:09:24', '', 0, '', 0),
(265, 0, 254, 1008, 5000, '2024-09-13 14:10:14', '', 0, '', 0),
(266, 0, 255, 1009, 5000, '2024-09-13 14:11:25', '', 0, '', 0),
(267, 0, 256, 1002, 5000, '2024-09-13 14:12:21', '', 0, '', 0),
(268, 0, 257, 1011, 5000, '2024-09-13 14:13:08', '', 0, '', 0),
(269, 0, 258, 1009, 5000, '2024-09-13 14:16:03', '', 0, '', 0),
(270, 0, 259, 1007, 5000, '2024-09-13 14:16:41', '', 0, '', 0),
(271, 0, 260, 1002, 5000, '2024-09-13 14:17:23', '', 0, '', 0),
(272, 0, 261, 1003, 5000, '2024-09-13 14:18:16', '', 0, '', 0),
(273, 0, 262, 1009, 5000, '2024-09-13 14:19:08', '', 0, '', 0),
(274, 0, 263, 1018, 5000, '2024-09-13 14:20:16', '', 0, '', 0),
(275, 0, 264, 1019, 5000, '2024-09-13 14:21:02', '', 0, '', 0),
(276, 0, 265, 1003, 5000, '2024-09-13 14:21:51', '', 0, '', 0),
(277, 0, 266, 1002, 5000, '2024-09-16 15:13:43', '', 0, '', 0),
(278, 0, 267, 1002, 5000, '2024-09-16 15:14:44', '', 0, '', 0),
(279, 0, 268, 1004, 5000, '2024-09-16 15:16:21', '', 0, '', 0),
(280, 0, 269, 6, 5000, '2024-09-16 15:17:47', '', 0, '', 0),
(281, 0, 269, 1006, 5000, '2024-09-16 15:18:11', '', 0, '', 0),
(282, 0, 270, 1006, 5000, '2024-09-16 15:18:57', '', 0, '', 0),
(283, 0, 271, 1003, 5000, '2024-09-16 15:20:04', '', 0, '', 0),
(284, 0, 272, 1004, 5000, '2024-09-16 15:21:08', '', 0, '', 0),
(285, 0, 273, 1007, 5000, '2024-09-16 15:22:26', '', 0, '', 0),
(286, 0, 274, 1004, 5000, '2024-09-16 15:23:53', '', 0, '', 0),
(287, 0, 275, 1003, 5000, '2024-09-16 15:25:07', '', 0, '', 0),
(288, 0, 276, 1003, 5000, '2024-09-16 15:27:10', '', 0, '', 0),
(289, 0, 277, 1005, 5000, '2024-09-16 15:28:22', '', 0, '', 0),
(290, 0, 278, 1005, 5000, '2024-09-16 15:29:30', '', 0, '', 0),
(291, 0, 279, 1002, 5000, '2024-09-16 15:34:24', '', 0, '', 0),
(292, 0, 280, 1004, 5000, '2024-09-16 15:35:44', '', 0, '', 0),
(293, 0, 281, 1010, 5000, '2024-09-16 15:36:38', '', 0, '', 0),
(294, 0, 282, 1001, 5000, '2024-09-16 15:38:52', '', 0, '', 0),
(295, 279, -1, -1, 5000, '2024-09-17 09:09:47', 'Bestandseingabe', 0, '', 0),
(296, 77, -2, -1, 4999, '2024-09-17 09:17:26', 'order', 2635, 'Versand', 5748),
(297, 18, -2, -1, 4999, '2024-09-17 09:17:26', 'order', 2635, 'Versand', 5747),
(298, 279, -2, -1, 5000, '2024-09-18 03:45:58', 'order', 2633, 'Versand', 5749),
(299, 62, -2, -1, 5000, '2024-09-18 03:45:58', 'order', 2634, 'Versand', 5751),
(300, 274, -2, -1, 5000, '2024-09-18 03:45:58', 'order', 2634, 'Versand', 5750),
(301, 56, -2, -1, 5000, '2024-09-18 03:45:58', 'order', 2641, 'Versand', 5756),
(302, 58, -1, -1, 5000, '2024-09-18 09:21:53', 'Bestandseingabe', 0, '', 0),
(303, 0, 15, 1000, 5000, '2024-09-19 08:47:19', '', 0, '', 0),
(304, 270, -2, -1, 5000, '2024-09-20 03:51:40', 'order', 2637, 'Versand', 5760),
(305, 271, -2, -1, 5000, '2024-09-20 03:51:40', 'order', 2637, 'Versand', 5761),
(306, 276, -2, -1, 5000, '2024-09-20 03:51:40', 'order', 2637, 'Versand', 5759),
(307, 129, -2, -1, 5000, '2024-09-20 03:51:40', 'order', 2644, 'Versand', 5763),
(308, 127, -2, -1, 5000, '2024-09-20 03:51:40', 'order', 2644, 'Versand', 5764),
(309, 124, -2, -1, 5000, '2024-09-20 03:51:40', 'order', 2644, 'Versand', 5765),
(310, 125, -2, -1, 5000, '2024-09-20 03:51:40', 'order', 2644, 'Versand', 5766),
(311, 48, -1, -1, 5000, '2024-09-20 08:37:35', 'Bestandseingabe', 0, '', 0),
(312, 19, -1, -1, 5000, '2024-09-20 08:38:20', 'Bestandseingabe', 0, '', 0),
(313, 267, -2, -1, 5000, '2024-09-24 03:51:56', 'order', 2639, 'Versand', 5771),
(314, 272, -2, -1, 5000, '2024-09-24 03:51:56', 'order', 2639, 'Versand', 5770),
(315, 277, -2, -1, 5000, '2024-09-24 03:51:56', 'order', 2639, 'Versand', 5772),
(316, 16, -2, -1, 5000, '2024-09-24 03:51:56', 'order', 2646, 'Versand', 5773),
(317, 145, -2, -2, 5000, '2024-09-26 03:49:16', 'order', 2647, 'Versand', 5774),
(318, 96, -2, -1, 5000, '2024-09-27 03:48:11', 'order', 2648, 'Versand', 5775),
(319, 86, -2, -1, 5000, '2024-09-27 03:48:11', 'order', 2649, 'Versand', 5776),
(320, 81, -2, -1, 5000, '2024-09-27 03:48:11', 'order', 2649, 'Versand', 5778),
(321, 35, -2, -1, 5000, '2024-09-27 03:48:11', 'order', 2649, 'Versand', 5779),
(322, 46, -2, -1, 5000, '2024-09-27 03:48:11', 'order', 2649, 'Versand', 5781),
(323, 31, -2, -1, 5000, '2024-09-27 03:48:11', 'order', 2649, 'Versand', 5777),
(324, 10, -2, -1, 5000, '2024-09-27 03:48:11', 'order', 2649, 'Versand', 5780),
(325, 25, -2, -1, 5000, '2024-09-27 03:48:11', 'order', 2652, 'Versand', 5783),
(326, 271, -2, -1, 5000, '2024-09-27 03:48:11', 'order', 2652, 'Versand', 5782),
(327, 173, -2, -1, 5000, '2024-09-27 09:52:35', 'order', 2650, 'Versand', 5785),
(328, 219, -2, -1, 5000, '2024-09-27 09:52:35', 'order', 2650, 'Versand', 5784),
(329, 80, -2, -1, 5000, '2024-09-27 09:52:35', 'order', 2650, 'Versand', 5786),
(330, 271, -2, -1, 5000, '2024-09-27 09:52:35', 'order', 2650, 'Versand', 5787),
(331, 45, -2, -1, 5000, '2024-10-01 04:04:21', 'order', 2655, 'Versand', 5790),
(332, 31, -2, -1, 5000, '2024-10-01 04:04:21', 'order', 2655, 'Versand', 5789),
(333, 12, -2, -1, 5000, '2024-10-01 04:04:21', 'order', 2655, 'Versand', 5788),
(334, 133, -2, -2, 5000, '2024-10-04 04:13:03', 'order', 2658, 'Versand', 5800),
(335, 223, -2, -2, 5000, '2024-10-04 04:13:03', 'order', 2658, 'Versand', 5801),
(336, 95, -2, -1, 5000, '2024-10-04 04:13:03', 'order', 2658, 'Versand', 5798),
(337, 52, -2, -1, 5000, '2024-10-04 04:13:03', 'order', 2658, 'Versand', 5799),
(338, 271, -1, -1, 5000, '2024-10-04 06:58:52', 'Bestandseingabe', 0, '', 0),
(339, 271, -1, -1, 5000, '2024-10-04 06:59:06', 'Bestandseingabe', 0, '', 0),
(340, 56, -1, -1, 5000, '2024-10-07 07:49:13', 'Bestandseingabe', 0, '', 0),
(341, 39, -1, -1, 5000, '2024-10-07 07:49:45', 'Bestandseingabe', 0, '', 0),
(342, 0, 282, 6, 5000, '2024-10-07 08:19:58', '', 0, '', 0),
(343, 0, 56, 6, 5000, '2024-10-07 08:20:32', '', 0, '', 0),
(344, 0, 48, 6, 5000, '2024-10-07 08:21:31', '', 0, '', 0),
(345, 0, 15, 6, 5000, '2024-10-07 08:22:02', '', 0, '', 0),
(346, 16, -2, -2, 5000, '2024-10-08 03:59:09', 'order', 2660, 'Versand', 5802),
(347, 53, -2, -1, 5000, '2024-10-09 08:20:25', 'order', 2665, 'Versand', 5805),
(348, 272, -2, -1, 5000, '2024-10-09 08:20:25', 'order', 2666, 'Versand', 5806),
(349, 75, -2, -1, 5000, '2024-10-09 08:20:25', 'order', 2667, 'Versand', 5809),
(350, 52, -2, -1, 5000, '2024-10-09 08:20:25', 'order', 2667, 'Versand', 5808),
(351, 16, -2, -1, 5000, '2024-10-09 08:20:25', 'order', 2667, 'Versand', 5807),
(352, 204, -1, 1000, 5000, '2024-10-09 14:37:03', 'inventur', 0, '', 0),
(353, 0, 204, 2, 5000, '2024-10-09 14:37:08', '', 0, '', 0),
(354, 94, -2, -1, 5000, '2024-10-10 03:56:28', 'order', 2668, 'Versand', 5813),
(355, 89, -2, -1, 5000, '2024-10-10 03:56:28', 'order', 2668, 'Versand', 5812),
(356, 48, -2, -1, 5000, '2024-10-10 03:56:28', 'order', 2668, 'Versand', 5811),
(357, 50, -2, -1, 5000, '2024-10-10 03:56:28', 'order', 2668, 'Versand', 5814),
(358, 173, -2, -1, 5000, '2024-10-11 03:48:01', 'order', 2663, 'Versand', 5815),
(359, 38, -2, -4, 5000, '2024-10-11 03:48:01', 'order', 2663, 'Versand', 5816),
(360, 144, -2, -1, 5000, '2024-10-11 03:48:01', 'order', 2669, 'Versand', 5820),
(361, 154, -2, -2, 5000, '2024-10-11 03:48:01', 'order', 2669, 'Versand', 5821),
(362, 225, -2, -2, 5000, '2024-10-11 03:48:01', 'order', 2669, 'Versand', 5822),
(363, 87, -2, -1, 5000, '2024-10-11 03:48:01', 'order', 2669, 'Versand', 5817),
(364, 79, -2, -1, 5000, '2024-10-11 03:48:01', 'order', 2669, 'Versand', 5819),
(365, 15, -2, -1, 5000, '2024-10-11 03:48:01', 'order', 2669, 'Versand', 5818),
(366, 233, -2, -1, 5000, '2024-10-11 03:48:01', 'order', 2669, 'Versand', 5824),
(367, 235, -2, -1, 5000, '2024-10-11 03:48:01', 'order', 2669, 'Versand', 5823),
(368, 53, -1, -1, 5000, '2024-10-11 12:51:00', 'Bestandseingabe', 0, '', 0),
(369, 0, 51, 6, 5000, '2024-10-11 13:22:45', '', 0, '', 0),
(370, 0, 52, 6, 5000, '2024-10-11 13:23:05', '', 0, '', 0),
(371, 0, 12, 7, 5000, '2024-10-11 13:24:11', '', 0, '', 0),
(372, 0, 53, 6, 5000, '2024-10-11 13:24:37', '', 0, '', 0),
(373, 0, 16, 6, 5000, '2024-10-11 13:25:00', '', 0, '', 0),
(374, 0, 140, 12, 5000, '2024-10-11 13:25:24', '', 0, '', 0),
(375, 110, -2, -1, 5000, '2024-10-15 03:52:45', 'order', 2670, 'Versand', 5825),
(376, 77, -2, -1, 5000, '2024-10-15 03:52:45', 'order', 2672, 'Versand', 5826),
(377, 25, -2, -1, 5000, '2024-10-15 03:52:45', 'order', 2672, 'Versand', 5827),
(378, 19, -2, -1, 5000, '2024-10-15 03:52:45', 'order', 2672, 'Versand', 5828),
(379, 97, -2, -1, 5000, '2024-10-16 03:50:56', 'order', 2673, 'Versand', 5830),
(380, 83, -2, -2, 5000, '2024-10-16 03:50:56', 'order', 2673, 'Versand', 5829),
(381, 83, -2, -1, 5000, '2024-10-16 03:50:56', 'order', 2675, 'Versand', 5838),
(382, 282, -1, -2, 5000, '2024-10-16 09:33:12', 'Bestandseingabe', 0, '', 0),
(383, 27, -2, -2, 5000, '2024-10-16 09:42:45', 'order', 2671, 'Versand', 5841),
(384, 34, -2, -3, 5000, '2024-10-16 09:42:45', 'order', 2671, 'Versand', 5842),
(385, 237, -1, -1, 5000, '2024-10-18 10:08:11', 'Bestandseingabe', 0, '', 0),
(386, 61, -2, -3, 5000, '2024-10-21 05:45:06', 'order', 2677, 'Versand', 5843),
(387, 87, -2, -1, 5000, '2024-10-21 05:45:06', 'order', 2678, 'Versand', 5844),
(388, 15, -2, -1, 5000, '2024-10-21 05:45:06', 'order', 2678, 'Versand', 5845),
(389, 80, -2, -2, 5000, '2024-10-21 05:45:06', 'order', 2680, 'Versand', 5846),
(390, 119, -2, -3, 5000, '2024-10-21 05:45:06', 'order', 2681, 'Versand', 5847),
(391, 247, -1, -1, 5000, '2024-10-21 08:40:18', 'Bestandseingabe', 0, '', 0),
(392, 191, -1, -2, 5000, '2024-10-21 08:40:58', 'Bestandseingabe', 0, '', 0),
(393, 256, -1, -1, 5000, '2024-10-22 07:12:54', 'Bestandseingabe', 0, '', 0),
(394, 113, -1, -2, 5000, '2024-10-22 07:14:26', 'Bestandseingabe', 0, '', 0),
(395, 40, -2, -1, 5000, '2024-10-23 04:21:46', 'order', 2679, 'Versand', 5849),
(396, 53, -2, -1, 5000, '2024-10-23 04:21:46', 'order', 2679, 'Versand', 5848),
(397, 267, -2, -1, 5000, '2024-10-23 04:21:46', 'order', 2679, 'Versand', 5850),
(398, 0, 17, 6, 5000, '2024-10-23 12:37:48', '', 0, '', 0),
(399, 0, 173, 24, 5000, '2024-10-23 12:39:43', '', 0, '', 0),
(400, 0, 225, 24, 5000, '2024-10-23 12:40:11', '', 0, '', 0),
(401, 0, 34, 6, 5000, '2024-10-23 12:45:02', '', 0, '', 0),
(402, 0, 35, 6, 5000, '2024-10-23 12:45:24', '', 0, '', 0),
(403, 0, 43, 6, 5000, '2024-10-23 12:45:50', '', 0, '', 0),
(404, 132, -2, -1, 5000, '2024-10-25 04:06:26', 'order', 2683, 'Versand', 5852),
(405, 149, -2, -1, 5000, '2024-10-25 04:06:26', 'order', 2683, 'Versand', 5860),
(406, 146, -2, -1, 5000, '2024-10-25 04:06:26', 'order', 2683, 'Versand', 5857),
(407, 164, -2, -2, 5000, '2024-10-25 04:06:26', 'order', 2683, 'Versand', 5851),
(408, 184, -2, -1, 5000, '2024-10-25 04:06:26', 'order', 2683, 'Versand', 5853),
(409, 197, -2, -1, 5000, '2024-10-25 04:06:26', 'order', 2683, 'Versand', 5859),
(410, 211, -2, -1, 5000, '2024-10-25 04:06:26', 'order', 2683, 'Versand', 5854),
(411, 209, -2, -1, 5000, '2024-10-25 04:06:26', 'order', 2683, 'Versand', 5855),
(412, 230, -2, -1, 5000, '2024-10-25 04:06:26', 'order', 2683, 'Versand', 5856),
(413, 229, -2, -1, 5000, '2024-10-25 04:06:26', 'order', 2683, 'Versand', 5858),
(414, 234, -2, -1, 5000, '2024-10-28 05:33:42', 'order', 2686, 'Versand', 5863),
(415, 236, -2, -1, 5000, '2024-10-28 05:33:42', 'order', 2686, 'Versand', 5864),
(416, 87, -2, -1, 5000, '2024-10-29 04:31:41', 'order', 2688, 'Versand', 5867),
(417, 78, -2, -1, 5000, '2024-10-29 04:31:41', 'order', 2688, 'Versand', 5866),
(418, 34, -2, -1, 5000, '2024-10-29 04:31:41', 'order', 2688, 'Versand', 5868),
(419, 16, -2, -1, 5000, '2024-10-29 04:31:41', 'order', 2688, 'Versand', 5870),
(420, 17, -2, -1, 5000, '2024-10-29 04:31:41', 'order', 2688, 'Versand', 5869),
(421, 12, -2, -1, 5000, '2024-10-29 04:31:41', 'order', 2688, 'Versand', 5871),
(422, 138, -2, -1, 5000, '2024-10-29 04:31:41', 'order', 2689, 'Versand', 5873),
(423, 136, -2, -1, 5000, '2024-10-29 04:31:41', 'order', 2689, 'Versand', 5872),
(424, 135, -2, -1, 5000, '2024-10-29 04:31:41', 'order', 2689, 'Versand', 5882),
(425, 183, -2, -2, 5000, '2024-10-29 04:31:41', 'order', 2689, 'Versand', 5884),
(426, 181, -2, -2, 5000, '2024-10-29 04:31:41', 'order', 2689, 'Versand', 5877),
(427, 179, -2, -1, 5000, '2024-10-29 04:31:41', 'order', 2689, 'Versand', 5876),
(428, 198, -2, -1, 5000, '2024-10-29 04:31:41', 'order', 2689, 'Versand', 5875),
(429, 211, -2, -2, 5000, '2024-10-29 04:31:41', 'order', 2689, 'Versand', 5874),
(430, 210, -2, -2, 5000, '2024-10-29 04:31:41', 'order', 2689, 'Versand', 5883),
(431, 94, -2, -1, 5000, '2024-10-29 04:31:41', 'order', 2689, 'Versand', 5881),
(432, 92, -2, -2, 5000, '2024-10-29 04:31:41', 'order', 2689, 'Versand', 5879),
(433, 85, -2, -1, 5000, '2024-10-29 04:31:41', 'order', 2689, 'Versand', 5878),
(434, 78, -2, -1, 5000, '2024-10-29 04:31:41', 'order', 2689, 'Versand', 5880),
(435, 73, -1, -1, 5000, '2024-10-30 10:01:09', 'Bestandseingabe', 0, '', 0),
(436, 63, -1, -1, 5000, '2024-10-30 10:01:25', 'Bestandseingabe', 0, '', 0),
(437, 96, -1, -1, 5000, '2024-10-30 10:01:48', 'Bestandseingabe', 0, '', 0),
(438, 80, -1, -1, 5000, '2024-10-31 04:56:45', 'Bestandseingabe', 0, '', 0),
(439, 74, -1, -1, 5000, '2024-10-31 04:57:03', 'Bestandseingabe', 0, '', 0),
(440, 138, -1, -2, 5000, '2024-11-04 10:23:50', 'Bestandseingabe', 0, '', 0),
(441, 229, -1, -1, 5000, '2024-11-04 10:24:23', 'Bestandseingabe', 0, '', 0),
(442, 224, -1, -1, 5000, '2024-11-04 10:24:48', 'Bestandseingabe', 0, '', 0),
(443, 223, -1, -1, 5000, '2024-11-04 10:25:08', 'Bestandseingabe', 0, '', 0),
(444, 153, -1, -1, 5000, '2024-11-04 10:25:24', 'Bestandseingabe', 0, '', 0),
(445, 0, 38, 6, 5000, '2024-11-04 10:44:37', '', 0, '', 0),
(446, 140, -2, -8, 5000, '2024-11-05 04:57:29', 'order', 2659, 'Versand', 5887),
(447, 94, -2, -1, 5000, '2024-11-05 04:57:29', 'order', 2692, 'Versand', 5888),
(448, 69, -2, -1, 5000, '2024-11-05 04:57:29', 'order', 2692, 'Versand', 5889),
(449, 34, -2, -1, 5000, '2024-11-05 04:57:29', 'order', 2692, 'Versand', 5890),
(450, 51, -2, -1, 5000, '2024-11-05 04:57:29', 'order', 2692, 'Versand', 5891),
(451, 74, -2, -2, 5000, '2024-11-05 04:57:29', 'order', 2694, 'Versand', 5892),
(452, 276, -2, -1, 5000, '2024-11-05 04:57:29', 'order', 2695, 'Versand', 5893),
(453, 258, -2, -1, 5000, '2024-11-05 04:57:29', 'order', 2697, 'Versand', 5894),
(454, 259, -2, -1, 5000, '2024-11-05 04:57:29', 'order', 2697, 'Versand', 5897),
(455, 261, -2, -1, 5000, '2024-11-05 04:57:29', 'order', 2697, 'Versand', 5895),
(456, 247, -2, -1, 5000, '2024-11-05 04:57:29', 'order', 2697, 'Versand', 5896),
(457, 133, -2, -1, 5000, '2024-11-05 04:57:29', 'order', 2698, 'Versand', 5908),
(458, 147, -2, -1, 5000, '2024-11-05 04:57:29', 'order', 2698, 'Versand', 5902),
(459, 169, -2, -1, 5000, '2024-11-05 04:57:29', 'order', 2698, 'Versand', 5900),
(460, 168, -2, -1, 5000, '2024-11-05 04:57:29', 'order', 2698, 'Versand', 5904),
(461, 167, -2, -1, 5000, '2024-11-05 04:57:29', 'order', 2698, 'Versand', 5905),
(462, 166, -2, -1, 5000, '2024-11-05 04:57:29', 'order', 2698, 'Versand', 5901),
(463, 164, -2, -1, 5000, '2024-11-05 04:57:29', 'order', 2698, 'Versand', 5903),
(464, 189, -2, -1, 5000, '2024-11-05 04:57:29', 'order', 2698, 'Versand', 5906),
(465, 179, -2, -1, 5000, '2024-11-05 04:57:29', 'order', 2698, 'Versand', 5914),
(466, 192, -2, -1, 5000, '2024-11-05 04:57:29', 'order', 2698, 'Versand', 5910),
(467, 191, -2, -1, 5000, '2024-11-05 04:57:29', 'order', 2698, 'Versand', 5911),
(468, 211, -2, -1, 5000, '2024-11-05 04:57:29', 'order', 2698, 'Versand', 5909),
(469, 220, -2, -1, 5000, '2024-11-05 04:57:29', 'order', 2698, 'Versand', 5912),
(470, 213, -2, -1, 5000, '2024-11-05 04:57:29', 'order', 2698, 'Versand', 5915),
(471, 88, -2, -1, 5000, '2024-11-05 04:57:29', 'order', 2698, 'Versand', 5913),
(472, 38, -2, -2, 5000, '2024-11-05 04:57:29', 'order', 2702, 'Versand', 5918),
(473, 44, -2, -2, 5000, '2024-11-05 04:57:29', 'order', 2702, 'Versand', 5917),
(474, 53, -2, -1, 5000, '2024-11-05 04:57:29', 'order', 2703, 'Versand', 5919),
(475, 0, 237, 12, 5000, '2024-11-05 09:49:56', '', 0, '', 0),
(476, 0, 267, 6, 5000, '2024-11-05 09:50:17', '', 0, '', 0),
(477, 0, 87, 6, 5000, '2024-11-05 09:50:37', '', 0, '', 0),
(478, 0, 144, 1011, 5000, '2024-11-05 09:57:20', '', 0, '', 0),
(479, 0, 154, 1010, 5000, '2024-11-05 09:58:12', '', 0, '', 0),
(480, 0, 198, 12, 5000, '2024-11-05 09:59:36', '', 0, '', 0),
(481, 0, 256, 12, 5000, '2024-11-05 10:00:32', '', 0, '', 0),
(482, 270, -2, -1, 5000, '2024-11-06 04:44:43', 'order', 2701, 'Versand', 5921),
(483, 256, -2, -1, 5000, '2024-11-06 04:44:43', 'order', 2705, 'Versand', 5926),
(484, 260, -2, -1, 5000, '2024-11-06 04:44:43', 'order', 2705, 'Versand', 5925),
(485, 247, -2, -1, 5000, '2024-11-06 04:44:43', 'order', 2705, 'Versand', 5924),
(486, 248, -2, -2, 5000, '2024-11-06 04:44:43', 'order', 2705, 'Versand', 5923),
(487, 246, -2, -1, 5000, '2024-11-06 04:44:43', 'order', 2705, 'Versand', 5922),
(488, 88, -2, -1, 5000, '2024-11-08 05:05:51', 'order', 2706, 'Versand', 5938),
(489, 77, -2, -1, 5000, '2024-11-08 05:05:51', 'order', 2706, 'Versand', 5937),
(490, 48, -2, -1, 5000, '2024-11-08 05:05:51', 'order', 2706, 'Versand', 5936),
(491, 12, -2, -1, 5000, '2024-11-08 05:05:51', 'order', 2706, 'Versand', 5935),
(492, 13, -2, -1, 5000, '2024-11-08 05:05:51', 'order', 2706, 'Versand', 5934),
(493, 15, -2, -1, 5000, '2024-11-08 05:05:51', 'order', 2706, 'Versand', 5933),
(494, 159, -2, -1, 5000, '2024-11-08 05:05:51', 'order', 2708, 'Versand', 5940),
(495, 211, -2, -1, 5000, '2024-11-08 05:05:51', 'order', 2708, 'Versand', 5941),
(496, 209, -2, -1, 5000, '2024-11-08 05:05:51', 'order', 2708, 'Versand', 5942),
(497, 76, -2, -1, 5000, '2024-11-08 05:05:51', 'order', 2708, 'Versand', 5944),
(498, 43, -2, -1, 5000, '2024-11-10 06:13:33', 'order', 2710, 'Versand', 5949),
(499, 61, -2, -1, 5000, '2024-11-10 06:13:33', 'order', 2712, 'Versand', 5950),
(500, 264, -2, -1, 5000, '2024-11-10 06:13:33', 'order', 2713, 'Versand', 5951),
(501, 83, -2, -1, 5000, '2024-11-11 09:17:15', 'order', 2716, 'Versand', 5954),
(502, 282, -2, -1, 5000, '2024-11-11 09:17:15', 'order', 2718, 'Versand', 5955),
(503, 157, -2, -1, 5000, '2024-11-11 09:17:15', 'order', 2719, 'Versand', 5960),
(504, 150, -2, -1, 5000, '2024-11-11 09:17:15', 'order', 2719, 'Versand', 5962),
(505, 168, -2, -1, 5000, '2024-11-11 09:17:15', 'order', 2719, 'Versand', 5958),
(506, 178, -2, -1, 5000, '2024-11-11 09:17:15', 'order', 2719, 'Versand', 5957),
(507, 220, -2, -1, 5000, '2024-11-11 09:17:15', 'order', 2719, 'Versand', 5956),
(508, 219, -2, -1, 5000, '2024-11-11 09:17:15', 'order', 2719, 'Versand', 5961),
(509, 228, -2, -1, 5000, '2024-11-11 09:17:15', 'order', 2719, 'Versand', 5959),
(510, 52, -2, -1, 5000, '2024-11-11 09:17:15', 'order', 2720, 'Versand', 5963),
(511, 38, -2, -1, 5000, '2024-11-11 09:17:15', 'order', 2723, 'Versand', 5964),
(512, 15, -2, -1, 5000, '2024-11-11 09:17:15', 'order', 2723, 'Versand', 5965),
(513, 15, -1, -1, 5000, '2024-11-11 10:11:40', 'Bestandseingabe', 0, '', 0),
(514, 0, 88, 6, 5000, '2024-11-11 11:16:36', '', 0, '', 0),
(515, 0, 38, 6, 5000, '2024-11-11 11:16:56', '', 0, '', 0),
(516, 0, 74, 6, 5000, '2024-11-11 11:17:53', '', 0, '', 0),
(517, 29, -1, 1, 5000, '2024-11-11 11:18:13', 'inventur', 0, '', 0),
(518, 0, 29, 1006, 5000, '2024-11-11 11:18:27', '', 0, '', 0),
(519, 0, 138, 12, 5000, '2024-11-11 11:19:32', '', 0, '', 0),
(520, 135, -2, -1, 5000, '2024-11-12 04:53:23', 'order', 2730, 'Versand', 5977),
(521, 168, -2, -1, 5000, '2024-11-12 04:53:23', 'order', 2730, 'Versand', 5978),
(522, 198, -2, -1, 5000, '2024-11-12 04:53:23', 'order', 2730, 'Versand', 5979),
(523, 75, -2, -1, 5000, '2024-11-12 04:53:23', 'order', 2722, 'Versand', 5971),
(524, 76, -2, -1, 5000, '2024-11-12 04:53:23', 'order', 2722, 'Versand', 5970),
(525, 70, -2, -1, 5000, '2024-11-12 04:53:23', 'order', 2722, 'Versand', 5969),
(526, 97, -1, -1, 5000, '2024-11-12 09:49:02', 'Bestandseingabe', 0, '', 0),
(527, 274, -1, -1, 5000, '2024-11-12 09:50:09', 'Bestandseingabe', 0, '', 0),
(528, 15, -2, -1, 5000, '2024-11-13 05:20:04', 'order', 2724, 'Versand', 5980),
(529, 230, -2, -1, 5000, '2024-11-13 05:20:04', 'order', 2728, 'Versand', 5985),
(530, 225, -2, -1, 5000, '2024-11-13 05:20:04', 'order', 2728, 'Versand', 5984),
(531, 129, -2, -1, 5000, '2024-11-13 05:20:04', 'order', 2728, 'Versand', 5983),
(532, 128, -2, -1, 5000, '2024-11-13 05:20:04', 'order', 2728, 'Versand', 5981),
(533, 124, -2, -1, 5000, '2024-11-13 05:20:04', 'order', 2728, 'Versand', 5982),
(534, 131, -2, -1, 5000, '2024-11-13 05:20:04', 'order', 2733, 'Versand', 5986),
(535, 217, -2, -1, 5000, '2024-11-13 05:20:04', 'order', 2733, 'Versand', 5987),
(536, 84, -2, -1, 5000, '2024-11-13 05:20:04', 'order', 2733, 'Versand', 5988),
(537, 54, -2, -1, 5000, '2024-11-13 05:20:04', 'order', 2734, 'Versand', 5991),
(538, 69, -2, -1, 5000, '2024-11-13 05:20:04', 'order', 2734, 'Versand', 5989),
(539, 70, -2, -1, 5000, '2024-11-13 05:20:04', 'order', 2734, 'Versand', 5990),
(540, 34, -2, -3, 5000, '2024-11-13 05:20:04', 'order', 2734, 'Versand', 5992),
(541, 136, -2, -1, 5000, '2024-11-13 05:20:04', 'order', 2735, 'Versand', 5993),
(542, 155, -2, -1, 5000, '2024-11-13 05:20:04', 'order', 2735, 'Versand', 5996),
(543, 183, -2, -1, 5000, '2024-11-13 05:20:04', 'order', 2735, 'Versand', 5995),
(544, 201, -2, -1, 5000, '2024-11-13 05:20:04', 'order', 2735, 'Versand', 5994),
(545, 251, -2, -1, 5000, '2024-11-13 05:20:04', 'order', 2737, 'Versand', 5998),
(546, 132, -2, -1, 5000, '2024-11-14 05:29:05', 'order', 2717, 'Versand', 6001),
(547, 149, -2, -1, 5000, '2024-11-14 05:29:05', 'order', 2717, 'Versand', 6002),
(548, 102, -2, -1, 5000, '2024-11-14 05:29:05', 'order', 2732, 'Versand', 6004),
(549, 0, 76, 6, 5000, '2024-11-14 08:20:39', '', 0, '', 0),
(550, 0, 15, 6, 5000, '2024-11-14 08:22:31', '', 0, '', 0),
(551, 0, 220, 12, 5000, '2024-11-14 08:23:00', '', 0, '', 0),
(552, 0, 228, 12, 5000, '2024-11-14 08:23:49', '', 0, '', 0),
(553, 0, 94, 6, 5000, '2024-11-14 08:25:40', '', 0, '', 0),
(554, 0, 76, 6, 5000, '2024-11-14 08:26:04', '', 0, '', 0),
(555, 0, 16, 6, 5000, '2024-11-14 08:26:30', '', 0, '', 0),
(556, 0, 15, 6, 5000, '2024-11-14 08:26:55', '', 0, '', 0),
(557, 0, 211, 12, 5000, '2024-11-14 08:31:58', '', 0, '', 0),
(558, 0, 209, 12, 5000, '2024-11-14 08:32:50', '', 0, '', 0),
(559, 21, -1, -1, 5000, '2024-11-14 08:34:24', 'Bestandseingabe', 0, '', 0),
(560, 30, -2, -1, 5000, '2024-11-15 05:51:00', 'order', 2729, 'Versand', 6005),
(561, 237, -1, -1, 5000, '2024-11-15 08:58:40', 'Bestandseingabe', 0, '', 0),
(562, 234, -1, -1, 5000, '2024-11-15 08:59:01', 'Bestandseingabe', 0, '', 0),
(563, 245, -1, -1, 5000, '2024-11-15 08:59:25', 'Bestandseingabe', 0, '', 0),
(564, 53, -1, -1, 5000, '2024-11-15 08:59:56', 'Bestandseingabe', 0, '', 0),
(565, 73, -2, -1, 5000, '2024-11-15 09:31:10', 'order', 2741, 'Versand', 6007),
(566, 34, -2, -1, 5000, '2024-11-17 07:01:56', 'order', 2744, 'Versand', 6009),
(567, 51, -2, -1, 5000, '2024-11-17 07:01:56', 'order', 2744, 'Versand', 6008),
(568, 12, -2, -1, 5000, '2024-11-17 07:01:56', 'order', 2745, 'Versand', 6011),
(569, 13, -2, -1, 5000, '2024-11-17 07:01:56', 'order', 2745, 'Versand', 6010),
(570, 202, -2, -3, 5000, '2024-11-17 07:01:56', 'order', 2747, 'Versand', 6012),
(571, 63, -1, -1, 5000, '2024-11-18 08:56:54', 'Bestandseingabe', 0, '', 0),
(572, 94, -1, -1, 5000, '2024-11-18 08:58:11', 'Bestandseingabe', 0, '', 0),
(573, 136, -1, -1, 5000, '2024-11-18 08:58:51', 'Bestandseingabe', 0, '', 0),
(574, 149, -1, -1, 5000, '2024-11-18 08:59:14', 'Bestandseingabe', 0, '', 0),
(575, 184, -1, -1, 5000, '2024-11-18 08:59:44', 'Bestandseingabe', 0, '', 0),
(576, 182, -1, -1, 5000, '2024-11-18 09:00:09', 'Bestandseingabe', 0, '', 0),
(577, 179, -1, -2, 5000, '2024-11-18 09:00:30', 'Bestandseingabe', 0, '', 0),
(578, 212, -1, -1, 5000, '2024-11-18 09:00:50', 'Bestandseingabe', 0, '', 0),
(579, 221, -1, -1, 5000, '2024-11-18 09:01:11', 'Bestandseingabe', 0, '', 0),
(580, 102, -1, -1, 5000, '2024-11-18 09:01:29', 'Bestandseingabe', 0, '', 0),
(581, 103, -1, -1, 5000, '2024-11-18 09:01:48', 'Bestandseingabe', 0, '', 0),
(582, 214, -2, -1, 5000, '2024-11-18 10:47:57', 'order', 2740, 'Versand', 6020),
(583, 221, -2, -1, 5000, '2024-11-18 10:47:57', 'order', 2740, 'Versand', 6019),
(584, 123, -2, -1, 5000, '2024-11-18 10:47:57', 'order', 2740, 'Versand', 6022),
(585, 0, 54, 6, 5000, '2024-11-18 16:05:29', '', 0, '', 0),
(586, 0, 70, 6, 5000, '2024-11-18 16:05:55', '', 0, '', 0),
(587, 0, 34, 6, 5000, '2024-11-18 16:06:37', '', 0, '', 0),
(588, 0, 251, 12, 5000, '2024-11-18 16:07:31', '', 0, '', 0),
(589, 0, 128, 6, 5000, '2024-11-18 16:08:14', '', 0, '', 0),
(590, 0, 271, 6, 5000, '2024-11-18 16:11:31', '', 0, '', 0),
(591, 36, -2, -1, 5000, '2024-11-19 06:00:33', 'order', 2746, 'Versand', 6024),
(592, 16, -2, -1, 5000, '2024-11-19 06:00:33', 'order', 2746, 'Versand', 6025),
(593, 271, -2, -1, 5000, '2024-11-19 06:00:33', 'order', 2753, 'Versand', 6035),
(594, 173, -1, -2, 5000, '2024-11-19 10:03:14', 'Bestandseingabe', 0, '', 0),
(595, 25, -1, -1, 5000, '2024-11-19 10:04:22', 'Bestandseingabe', 0, '', 0),
(596, 19, -1, -1, 5000, '2024-11-19 10:04:45', 'Bestandseingabe', 0, '', 0),
(597, 67, -1, -1, 5000, '2024-11-19 10:05:06', 'Bestandseingabe', 0, '', 0),
(598, 58, -1, -1, 5000, '2024-11-19 10:05:47', 'Bestandseingabe', 0, '', 0),
(599, 24, -1, -1, 5000, '2024-11-19 10:06:13', 'Bestandseingabe', 0, '', 0),
(600, 24, -1, 1, 5000, '2024-11-19 10:06:21', 'inventur', 0, '', 0),
(601, 0, 24, 1003, 5000, '2024-11-19 10:06:25', '', 0, '', 0),
(602, 33, -1, -1, 5000, '2024-11-19 10:06:44', 'Bestandseingabe', 0, '', 0),
(603, 21, -1, 1000, 5000, '2024-11-19 10:08:44', 'inventur', 0, '', 0),
(604, 0, 21, 9, 5000, '2024-11-19 10:08:47', '', 0, '', 0),
(605, 131, -1, 1, 5000, '2024-11-19 17:42:16', 'inventur', 0, '', 0),
(606, 127, -2, -1, 5000, '2024-11-20 03:02:48', 'order', 2756, 'Versand', 6039),
(607, 124, -2, -1, 5000, '2024-11-20 03:02:48', 'order', 2756, 'Versand', 6040),
(608, 268, -2, -1, 5000, '2024-11-23 07:20:27', 'order', 2761, 'Versand', 6048),
(609, 268, -2, -1, 5000, '2024-11-23 07:20:27', 'order', 2763, 'Versand', 6049),
(610, 184, -2, -3, 5000, '2024-11-23 07:20:27', 'order', 2764, 'Versand', 6051),
(611, 78, -2, -1, 5000, '2024-11-23 07:20:27', 'order', 2764, 'Versand', 6050),
(612, 16, -2, -2, 5000, '2024-11-23 07:20:27', 'order', 2765, 'Versand', 6053),
(613, 17, -2, -3, 5000, '2024-11-23 07:20:27', 'order', 2765, 'Versand', 6052),
(614, 78, -2, -1, 5000, '2024-11-25 08:13:02', 'order', 2762, 'Versand', 6054),
(615, 122, -1, -1, 5000, '2024-11-25 10:23:25', 'Bestandseingabe', 0, '', 0),
(616, 76, -1, -1, 5000, '2024-11-25 10:24:02', 'Bestandseingabe', 0, '', 0),
(617, 83, -1, -1, 5000, '2024-11-25 10:40:09', 'Bestandseingabe', 0, '', 0),
(618, 59, -1, -1, 5000, '2024-11-25 10:40:45', 'Bestandseingabe', 0, '', 0),
(619, 239, -1, -1, 5000, '2024-11-25 10:41:16', 'Bestandseingabe', 0, '', 0),
(620, 132, -1, -2, 5000, '2024-11-25 10:41:47', 'Bestandseingabe', 0, '', 0),
(621, 99, -1, -1, 5000, '2024-11-25 10:42:58', 'Bestandseingabe', 0, '', 0),
(622, 25, -1, 1000, 5000, '2024-11-25 10:45:43', 'inventur', 0, '', 0),
(623, 0, 25, 1, 5000, '2024-11-25 10:45:48', '', 0, '', 0),
(624, 58, -1, -1, 5000, '2024-11-25 10:47:59', 'Bestandseingabe', 0, '', 0),
(625, 97, -1, -1, 5000, '2024-11-25 10:48:20', 'Bestandseingabe', 0, '', 0),
(626, 271, -1, -2, 5000, '2024-11-25 10:48:46', 'Bestandseingabe', 0, '', 0),
(627, 93, -2, -1, 5000, '2024-11-26 08:43:35', 'order', 2771, 'Versand', 6065),
(628, 53, -2, -2, 5000, '2024-11-26 08:43:35', 'order', 2771, 'Versand', 6063),
(629, 20, -2, -1, 5000, '2024-11-26 08:43:35', 'order', 2771, 'Versand', 6066),
(630, 63, -1, -1, 5000, '2024-11-26 10:04:05', 'Bestandseingabe', 0, '', 0),
(631, 58, -1, -1, 5000, '2024-11-26 10:04:33', 'Bestandseingabe', 0, '', 0),
(632, 61, -1, -1, 5000, '2024-11-26 10:05:12', 'Bestandseingabe', 0, '', 0),
(633, 20, -1, -1, 5000, '2024-11-26 10:05:39', 'Bestandseingabe', 0, '', 0),
(634, 0, 131, 1014, 5000, '2024-11-27 06:41:42', '', 0, '', 0),
(635, 0, 179, 12, 5000, '2024-11-27 06:42:10', '', 0, '', 0),
(636, 0, 221, 12, 5000, '2024-11-27 06:42:33', '', 0, '', 0),
(637, 0, 123, 6, 5000, '2024-11-27 06:45:08', '', 0, '', 0),
(638, 267, -2, -2, 5000, '2024-11-27 07:26:09', 'order', 2769, 'Versand', 6069),
(639, 271, -2, -2, 5000, '2024-11-27 07:26:09', 'order', 2769, 'Versand', 6070),
(640, 280, -2, -2, 5000, '2024-11-27 07:26:09', 'order', 2769, 'Versand', 6067),
(641, 281, -2, -2, 5000, '2024-11-27 07:26:09', 'order', 2769, 'Versand', 6068),
(642, 282, -2, -1, 5000, '2024-11-27 07:26:09', 'order', 2769, 'Versand', 6071),
(643, 131, -2, -1, 5000, '2024-11-27 07:26:09', 'order', 2778, 'Versand', 6074),
(644, 245, -1, 11, 5000, '2024-11-27 09:53:20', 'Bestandseingabe', 0, '', 0),
(645, 51, -1, -2, 5000, '2024-11-27 10:00:40', 'Bestandseingabe', 0, '', 0),
(646, 52, -1, -1, 5000, '2024-11-27 10:01:10', 'Bestandseingabe', 0, '', 0),
(647, 70, -2, -1, 5000, '2024-11-28 05:48:03', 'order', 2774, 'Versand', 6077),
(648, 56, -2, -1, 5000, '2024-11-28 05:48:03', 'order', 2780, 'Versand', 6078),
(649, 132, -2, -1, 5000, '2024-11-28 05:48:03', 'order', 2784, 'Versand', 6083),
(650, 149, -2, -1, 5000, '2024-11-28 05:48:03', 'order', 2784, 'Versand', 6079),
(651, 181, -2, -1, 5000, '2024-11-28 05:48:03', 'order', 2784, 'Versand', 6082),
(652, 197, -2, -1, 5000, '2024-11-28 05:48:03', 'order', 2784, 'Versand', 6081),
(653, 223, -2, -1, 5000, '2024-11-28 05:48:03', 'order', 2784, 'Versand', 6080),
(654, 152, -2, -3, 5000, '2024-11-28 05:48:03', 'order', 2785, 'Versand', 6084),
(655, 80, -2, -1, 5000, '2024-11-28 05:48:03', 'order', 2785, 'Versand', 6086),
(656, 271, -2, -1, 5000, '2024-11-28 05:48:03', 'order', 2785, 'Versand', 6085),
(657, 88, -2, -1, 5000, '2024-11-28 05:48:03', 'order', 2786, 'Versand', 6087),
(658, 48, -2, -1, 5000, '2024-11-28 05:48:03', 'order', 2786, 'Versand', 6089),
(659, 19, -2, -1, 5000, '2024-11-28 05:48:03', 'order', 2786, 'Versand', 6088),
(660, 0, 271, 4, 5000, '2024-11-28 10:25:17', '', 0, '', 0),
(661, 0, 97, 6, 5000, '2024-11-28 10:25:44', '', 0, '', 0),
(662, 0, 83, 6, 5000, '2024-11-28 10:26:17', '', 0, '', 0),
(663, 0, 58, 6, 5000, '2024-11-28 10:26:44', '', 0, '', 0),
(664, 0, 53, 6, 5000, '2024-11-28 10:27:07', '', 0, '', 0),
(665, 0, 20, 6, 5000, '2024-11-28 10:27:30', '', 0, '', 0),
(666, 0, 179, 12, 5000, '2024-11-28 10:27:59', '', 0, '', 0),
(667, 277, -2, -1, 5000, '2024-11-29 07:04:13', 'order', 2773, 'Versand', 6090),
(668, 97, -2, -1, 5000, '2024-11-29 07:04:13', 'order', 2792, 'Versand', 6096),
(669, 93, -2, -1, 5000, '2024-11-29 07:04:13', 'order', 2792, 'Versand', 6097),
(670, 92, -2, -1, 5000, '2024-11-29 07:04:13', 'order', 2792, 'Versand', 6098),
(671, 86, -2, -1, 5000, '2024-11-29 07:04:13', 'order', 2792, 'Versand', 6099),
(672, 88, -2, -1, 5000, '2024-11-29 07:04:13', 'order', 2792, 'Versand', 6100),
(673, 89, -1, -1, 5000, '2024-11-29 09:29:46', 'Bestandseingabe', 0, '', 0),
(674, 131, -1, -1, 5000, '2024-11-29 09:30:31', 'Bestandseingabe', 0, '', 0),
(675, 132, -1, -2, 5000, '2024-11-29 09:31:16', 'Bestandseingabe', 0, '', 0),
(676, 220, -1, -1, 5000, '2024-11-29 09:31:48', 'Bestandseingabe', 0, '', 0),
(677, 31, -1, -1, 5000, '2024-11-29 13:28:24', 'Bestandseingabe', 0, '', 0),
(678, 0, 34, 6, 5000, '2024-12-02 08:08:44', '', 0, '', 0),
(679, 0, 27, 6, 5000, '2024-12-02 08:11:15', '', 0, '', 0),
(680, 179, -2, -16, 5000, '2024-12-03 05:30:16', 'order', 2772, 'Versand', 6101),
(681, 132, -2, -3, 5000, '2024-12-03 05:30:16', 'order', 2781, 'Versand', 6104),
(682, 133, -2, -4, 5000, '2024-12-03 05:30:16', 'order', 2781, 'Versand', 6105),
(683, 168, -2, -1, 5000, '2024-12-03 05:30:16', 'order', 2781, 'Versand', 6107),
(684, 179, -2, -2, 5000, '2024-12-03 05:30:16', 'order', 2781, 'Versand', 6106),
(685, 85, -2, -2, 5000, '2024-12-03 05:30:16', 'order', 2781, 'Versand', 6103),
(686, 89, -2, -1, 5000, '2024-12-03 05:30:16', 'order', 2781, 'Versand', 6102),
(687, 195, -2, -1, 5000, '2024-12-03 05:30:16', 'order', 2789, 'Versand', 6108),
(688, 271, -2, -1, 5000, '2024-12-03 05:30:16', 'order', 2794, 'Versand', 6111),
(689, 87, -2, -1, 5000, '2024-12-03 05:30:16', 'order', 2795, 'Versand', 6113),
(690, 66, -2, -1, 5000, '2024-12-03 05:30:16', 'order', 2795, 'Versand', 6112),
(691, 35, -2, -1, 5000, '2024-12-03 05:30:16', 'order', 2796, 'Versand', 6116),
(692, 36, -2, -1, 5000, '2024-12-03 05:30:16', 'order', 2796, 'Versand', 6115),
(693, 52, -2, -1, 5000, '2024-12-03 05:30:16', 'order', 2796, 'Versand', 6114),
(694, 270, -2, -1, 5000, '2024-12-03 05:30:16', 'order', 2798, 'Versand', 6117),
(695, 67, -2, -1, 5000, '2024-12-03 05:30:16', 'order', 2799, 'Versand', 6118),
(696, 15, -2, -1, 5000, '2024-12-03 05:30:16', 'order', 2799, 'Versand', 6119),
(697, 73, -2, -1, 5000, '2024-12-03 05:30:16', 'order', 2802, 'Versand', 6120),
(698, 96, -2, -1, 5000, '2024-12-03 05:30:16', 'order', 2806, 'Versand', 6121),
(699, 94, -2, -1, 5000, '2024-12-03 05:30:16', 'order', 2806, 'Versand', 6122),
(700, 85, -2, -1, 5000, '2024-12-03 05:30:16', 'order', 2806, 'Versand', 6123),
(701, 83, -2, -1, 5000, '2024-12-03 05:30:16', 'order', 2806, 'Versand', 6124),
(702, 54, -2, -1, 5000, '2024-12-03 05:30:16', 'order', 2806, 'Versand', 6125),
(703, 58, -2, -1, 5000, '2024-12-03 05:30:16', 'order', 2806, 'Versand', 6126),
(704, 74, -2, -1, 5000, '2024-12-03 05:30:16', 'order', 2806, 'Versand', 6127),
(705, 34, -2, -1, 5000, '2024-12-03 05:30:16', 'order', 2806, 'Versand', 6128),
(706, 53, -2, -1, 5000, '2024-12-03 05:30:16', 'order', 2806, 'Versand', 6129),
(707, 16, -2, -1, 5000, '2024-12-03 05:30:16', 'order', 2806, 'Versand', 6130),
(708, 85, -2, -1, 5000, '2024-12-03 05:30:16', 'order', 2807, 'Versand', 6131),
(709, 70, -2, -1, 5000, '2024-12-03 05:30:16', 'order', 2807, 'Versand', 6133),
(710, 34, -2, -1, 5000, '2024-12-03 05:30:16', 'order', 2807, 'Versand', 6132),
(711, 153, -2, -1, 5000, '2024-12-03 05:30:16', 'order', 2808, 'Versand', 6136),
(712, 163, -2, -1, 5000, '2024-12-03 05:30:16', 'order', 2808, 'Versand', 6135),
(713, 186, -2, -1, 5000, '2024-12-03 05:30:16', 'order', 2808, 'Versand', 6134),
(714, 242, -2, -1, 5000, '2024-12-03 05:30:16', 'order', 2809, 'Versand', 6137),
(715, 39, -1, -1, 5000, '2024-12-03 19:16:28', 'Bestandseingabe', 0, '', 0),
(716, 52, -1, -2, 5000, '2024-12-03 19:16:48', 'Bestandseingabe', 0, '', 0);
INSERT INTO `storage_products_transfer` (`storage_products_transfer_id`, `source_storage_products_id`, `target_storage_products_id`, `quantity`, `editor`, `date_added`, `reason_class`, `reason_id`, `reason_subclass`, `shipping_products_id`) VALUES
(717, 281, -1, -1, 5000, '2024-12-03 19:17:19', 'Bestandseingabe', 0, '', 0),
(718, 273, -1, -1, 5000, '2024-12-03 19:20:04', 'Bestandseingabe', 0, '', 0),
(719, 232, -1, -1, 5000, '2024-12-03 19:20:30', 'Bestandseingabe', 0, '', 0),
(720, 77, -1, -1, 5000, '2024-12-03 19:20:50', 'Bestandseingabe', 0, '', 0),
(721, 85, -1, -1, 5000, '2024-12-03 19:21:13', 'Bestandseingabe', 0, '', 0),
(722, 234, -1, -1, 5000, '2024-12-03 19:22:09', 'Bestandseingabe', 0, '', 0),
(723, 58, -2, -1, 5000, '2024-12-04 05:17:00', 'order', 2711, 'Versand', 6139),
(724, 53, -2, -1, 5000, '2024-12-04 05:17:00', 'order', 2711, 'Versand', 6140),
(725, 134, -2, -1, 5000, '2024-12-04 05:17:00', 'order', 2811, 'Versand', 6142),
(726, 165, -2, -1, 5000, '2024-12-04 05:17:00', 'order', 2811, 'Versand', 6141),
(727, 130, -2, -1, 5000, '2024-12-04 05:17:00', 'order', 2819, 'Versand', 6143),
(728, 153, -2, -1, 5000, '2024-12-04 05:17:00', 'order', 2815, 'Versand', 6147),
(729, 183, -2, -1, 5000, '2024-12-04 05:17:00', 'order', 2815, 'Versand', 6149),
(730, 182, -2, -2, 5000, '2024-12-04 05:17:00', 'order', 2815, 'Versand', 6151),
(731, 181, -2, -2, 5000, '2024-12-04 05:17:00', 'order', 2815, 'Versand', 6150),
(732, 179, -2, -1, 5000, '2024-12-04 05:17:00', 'order', 2815, 'Versand', 6146),
(733, 211, -2, -2, 5000, '2024-12-04 05:17:00', 'order', 2815, 'Versand', 6148),
(734, 271, -2, -1, 5000, '2024-12-04 05:17:01', 'order', 2805, 'Versand', 6152),
(735, 88, -2, -1, 5000, '2024-12-04 05:17:01', 'order', 2810, 'Versand', 6154),
(736, 48, -2, -1, 5000, '2024-12-04 05:17:01', 'order', 2810, 'Versand', 6153),
(737, 242, -1, -1, 5000, '2024-12-04 18:28:31', 'Bestandseingabe', 0, '', 0),
(738, 153, -1, -1, 5000, '2024-12-04 18:29:11', 'Bestandseingabe', 0, '', 0),
(739, 87, -2, -1, 5000, '2024-12-05 04:44:18', 'order', 2817, 'Versand', 6165),
(740, 78, -2, -1, 5000, '2024-12-05 04:44:18', 'order', 2817, 'Versand', 6166),
(741, 66, -2, -1, 5000, '2024-12-05 04:44:18', 'order', 2817, 'Versand', 6163),
(742, 38, -2, -1, 5000, '2024-12-05 04:44:18', 'order', 2817, 'Versand', 6164),
(743, 39, -2, -1, 5000, '2024-12-05 04:44:18', 'order', 2821, 'Versand', 6167),
(744, 141, -2, -1, 5000, '2024-12-05 04:44:18', 'order', 2823, 'Versand', 6170),
(745, 211, -2, -1, 5000, '2024-12-05 04:44:18', 'order', 2823, 'Versand', 6169),
(746, 219, -2, -1, 5000, '2024-12-05 04:44:18', 'order', 2823, 'Versand', 6171),
(747, 14, -1, -1, 5000, '2024-12-06 05:25:46', 'Bestandseingabe', 0, '', 0),
(748, 87, -1, -1, 5000, '2024-12-06 05:26:16', 'Bestandseingabe', 0, '', 0),
(749, 88, -1, -2, 5000, '2024-12-06 05:27:00', 'Bestandseingabe', 0, '', 0),
(750, 77, -1, -2, 5000, '2024-12-06 05:27:33', 'Bestandseingabe', 0, '', 0),
(751, 238, -1, -1, 5000, '2024-12-06 05:28:13', 'Bestandseingabe', 0, '', 0),
(752, 153, -1, 10, 5000, '2024-12-06 05:32:39', 'inventur', 0, '', 0),
(753, 0, 153, 1001, 5000, '2024-12-06 05:32:51', '', 0, '', 0),
(754, 129, -2, -1, 5000, '2024-12-06 05:56:07', 'order', 2830, 'Versand', 6180),
(755, 115, -2, -1, 5000, '2024-12-06 05:56:07', 'order', 2830, 'Versand', 6181),
(756, 64, -2, -1, 5000, '2024-12-06 08:02:42', 'order', 2797, 'Versand', 6183),
(757, 27, -2, -1, 5000, '2024-12-06 08:02:42', 'order', 2797, 'Versand', 6185),
(758, 0, 271, 2, 5000, '2024-12-06 11:18:40', '', 0, '', 0),
(759, 0, 85, 6, 5000, '2024-12-06 11:19:12', '', 0, '', 0),
(760, 0, 80, 6, 5000, '2024-12-06 11:19:47', '', 0, '', 0),
(761, 0, 73, 6, 5000, '2024-12-06 11:20:13', '', 0, '', 0),
(762, 0, 36, 6, 5000, '2024-12-06 11:20:37', '', 0, '', 0),
(763, 0, 132, 12, 5000, '2024-12-06 11:22:15', '', 0, '', 0),
(764, 0, 181, 12, 5000, '2024-12-06 11:22:47', '', 0, '', 0),
(765, 131, -2, -1, 5000, '2024-12-07 06:54:40', 'order', 2837, 'Versand', 6188),
(766, 140, -2, -1, 5000, '2024-12-07 06:54:40', 'order', 2837, 'Versand', 6193),
(767, 160, -2, -1, 5000, '2024-12-07 06:54:40', 'order', 2837, 'Versand', 6194),
(768, 154, -2, -1, 5000, '2024-12-07 06:54:40', 'order', 2837, 'Versand', 6190),
(769, 152, -2, -1, 5000, '2024-12-07 06:54:40', 'order', 2837, 'Versand', 6189),
(770, 196, -2, -1, 5000, '2024-12-07 06:54:40', 'order', 2837, 'Versand', 6192),
(771, 194, -2, -1, 5000, '2024-12-07 06:54:40', 'order', 2837, 'Versand', 6191),
(772, 153, -1, -1, 5000, '2024-12-07 08:53:17', 'Bestandseingabe', 0, '', 0),
(773, 0, 153, 1012, 5000, '2024-12-07 08:53:28', '', 0, '', 0),
(774, 132, -1, -1, 5000, '2024-12-07 08:53:47', 'Bestandseingabe', 0, '', 0),
(775, 134, -1, -1, 5000, '2024-12-07 08:54:05', 'Bestandseingabe', 0, '', 0),
(776, 149, -1, -1, 5000, '2024-12-07 08:54:28', 'Bestandseingabe', 0, '', 0),
(777, 168, -1, -1, 5000, '2024-12-07 08:54:45', 'Bestandseingabe', 0, '', 0),
(778, 184, -1, -1, 5000, '2024-12-07 08:55:12', 'Bestandseingabe', 0, '', 0),
(779, 173, -1, -1, 5000, '2024-12-07 08:55:45', 'Bestandseingabe', 0, '', 0),
(780, 201, -1, -1, 5000, '2024-12-07 08:56:11', 'Bestandseingabe', 0, '', 0),
(781, 219, -1, -2, 5000, '2024-12-07 08:56:32', 'Bestandseingabe', 0, '', 0),
(782, 228, -1, -1, 5000, '2024-12-07 08:56:56', 'Bestandseingabe', 0, '', 0),
(783, 77, -2, -1, 5000, '2024-12-08 07:21:44', 'order', 2832, 'Versand', 6197),
(784, 232, -2, -1, 5000, '2024-12-08 07:21:44', 'order', 2838, 'Versand', 6198),
(785, 235, -2, -1, 5000, '2024-12-08 07:21:44', 'order', 2842, 'Versand', 6200),
(786, 248, -1, -1, 5000, '2024-12-08 07:25:04', 'Bestandseingabe', 0, '', 0),
(787, 24, -2, -1, 5000, '2024-12-09 04:58:12', 'order', 2844, 'Versand', 6203),
(788, 134, -2, -1, 5000, '2024-12-09 04:58:12', 'order', 2845, 'Versand', 6208),
(789, 164, -2, -1, 5000, '2024-12-09 04:58:12', 'order', 2845, 'Versand', 6204),
(790, 201, -2, -1, 5000, '2024-12-09 04:58:12', 'order', 2845, 'Versand', 6209),
(791, 93, -2, -1, 5000, '2024-12-09 04:58:12', 'order', 2845, 'Versand', 6207),
(792, 77, -2, -1, 5000, '2024-12-09 04:58:12', 'order', 2845, 'Versand', 6206),
(793, 44, -2, -1, 5000, '2024-12-09 04:58:12', 'order', 2845, 'Versand', 6205),
(794, 281, -2, -1, 5000, '2024-12-09 04:58:12', 'order', 2845, 'Versand', 6210),
(795, 241, -2, -1, 5000, '2024-12-09 04:58:12', 'order', 2848, 'Versand', 6213),
(796, 38, -2, -1, 5000, '2024-12-09 04:58:12', 'order', 2850, 'Versand', 6217),
(797, 97, -2, -1, 5000, '2024-12-09 04:58:12', 'order', 2852, 'Versand', 6218),
(798, 52, -2, -2, 5000, '2024-12-09 04:58:12', 'order', 2853, 'Versand', 6219),
(799, 179, -1, -1, 5000, '2024-12-09 09:30:23', 'Bestandseingabe', 0, '', 0),
(800, 70, -2, -1, 5000, '2024-12-10 05:23:45', 'reclamation', 56, 'Versand', 6220),
(801, 85, -2, -1, 5000, '2024-12-10 05:23:45', 'order', 2829, 'Versand', 6221),
(802, 152, -2, -1, 5000, '2024-12-10 05:23:45', 'order', 2840, 'Versand', 6226),
(803, 172, -2, -1, 5000, '2024-12-10 05:23:45', 'order', 2840, 'Versand', 6225),
(804, 173, -2, -1, 5000, '2024-12-10 05:23:45', 'order', 2840, 'Versand', 6223),
(805, 211, -2, -1, 5000, '2024-12-10 05:23:45', 'order', 2840, 'Versand', 6224),
(806, 210, -2, -1, 5000, '2024-12-10 05:23:45', 'order', 2840, 'Versand', 6222),
(807, 12, -2, -1, 5000, '2024-12-10 05:23:45', 'order', 2851, 'Versand', 6227),
(808, 58, -2, -1, 5000, '2024-12-10 05:23:45', 'order', 2855, 'Versand', 6229),
(809, 75, -2, -1, 5000, '2024-12-10 05:23:45', 'order', 2859, 'Versand', 6236),
(810, 51, -2, -1, 5000, '2024-12-10 05:23:45', 'order', 2859, 'Versand', 6235),
(811, 140, -2, -1, 5000, '2024-12-10 05:23:45', 'order', 2858, 'Versand', 6231),
(812, 155, -2, -1, 5000, '2024-12-10 05:23:45', 'order', 2858, 'Versand', 6233),
(813, 152, -2, -1, 5000, '2024-12-10 05:23:45', 'order', 2858, 'Versand', 6234),
(814, 211, -2, -1, 5000, '2024-12-10 05:23:45', 'order', 2858, 'Versand', 6232),
(815, 73, -1, 7, 5000, '2024-12-10 18:48:16', 'inventur', 0, '', 0),
(816, 63, -1, -1, 5000, '2024-12-10 18:48:49', 'Bestandseingabe', 0, '', 0),
(817, 52, -1, -1, 5000, '2024-12-10 18:49:18', 'Bestandseingabe', 0, '', 0),
(818, 76, -1, -1, 5000, '2024-12-10 18:49:40', 'Bestandseingabe', 0, '', 0),
(819, 70, -1, -1, 5000, '2024-12-10 18:49:59', 'Bestandseingabe', 0, '', 0),
(820, 134, -1, -3, 5000, '2024-12-10 18:52:18', 'Bestandseingabe', 0, '', 0),
(821, 155, -1, -3, 5000, '2024-12-10 18:52:52', 'Bestandseingabe', 0, '', 0),
(822, 152, -1, -3, 5000, '2024-12-10 18:53:13', 'Bestandseingabe', 0, '', 0),
(823, 199, -1, -1, 5000, '2024-12-10 18:53:33', 'Bestandseingabe', 0, '', 0),
(824, 220, -1, -4, 5000, '2024-12-10 18:53:51', 'Bestandseingabe', 0, '', 0),
(825, 219, -1, -3, 5000, '2024-12-10 18:54:20', 'Bestandseingabe', 0, '', 0),
(826, 124, -1, -1, 5000, '2024-12-10 18:56:12', 'Bestandseingabe', 0, '', 0),
(827, 113, -2, -1, 5000, '2024-12-11 05:06:40', 'order', 2818, 'Versand', 6240),
(828, 16, -2, -1, 5000, '2024-12-11 05:06:40', 'order', 2863, 'Versand', 6244),
(829, 17, -2, -1, 5000, '2024-12-11 05:06:40', 'order', 2863, 'Versand', 6243),
(830, 243, -2, -1, 5000, '2024-12-11 05:06:40', 'order', 2841, 'Versand', 6242),
(831, 183, -1, -1, 5000, '2024-12-11 18:05:39', 'Bestandseingabe', 0, '', 0),
(832, 191, -1, -1, 5000, '2024-12-11 18:06:08', 'Bestandseingabe', 0, '', 0),
(833, 212, -1, -1, 5000, '2024-12-11 18:06:26', 'Bestandseingabe', 0, '', 0),
(834, 198, -1, -1, 5000, '2024-12-11 18:07:55', 'Bestandseingabe', 0, '', 0),
(835, 181, -2, -1, 5000, '2024-12-12 05:04:54', 'order', 2861, 'Versand', 6249),
(836, 211, -2, -1, 5000, '2024-12-12 05:04:54', 'order', 2861, 'Versand', 6248),
(837, 209, -2, -1, 5000, '2024-12-12 05:04:54', 'order', 2861, 'Versand', 6251),
(838, 206, -2, -1, 5000, '2024-12-12 05:04:54', 'order', 2861, 'Versand', 6247),
(839, 203, -2, -1, 5000, '2024-12-12 05:04:54', 'order', 2861, 'Versand', 6246),
(840, 224, -2, -1, 5000, '2024-12-12 05:04:54', 'order', 2861, 'Versand', 6250),
(841, 266, -2, -2, 5000, '2024-12-12 05:04:54', 'order', 2862, 'Versand', 6254),
(842, 271, -2, -2, 5000, '2024-12-12 05:04:54', 'order', 2862, 'Versand', 6253),
(843, 272, -2, -2, 5000, '2024-12-12 05:04:54', 'order', 2862, 'Versand', 6252),
(844, 268, -2, -1, 5000, '2024-12-12 05:04:54', 'order', 2865, 'Versand', 6256),
(845, 282, -2, -1, 5000, '2024-12-12 05:04:54', 'order', 2865, 'Versand', 6255),
(846, 78, -2, -1, 5000, '2024-12-12 05:04:54', 'order', 2870, 'Versand', 6263),
(847, 52, -2, -1, 5000, '2024-12-12 05:04:54', 'order', 2870, 'Versand', 6262),
(848, 16, -2, -1, 5000, '2024-12-12 05:04:54', 'order', 2870, 'Versand', 6259),
(849, 17, -2, -1, 5000, '2024-12-12 05:04:54', 'order', 2870, 'Versand', 6260),
(850, 244, -2, -1, 5000, '2024-12-12 05:04:54', 'order', 2874, 'Versand', 6266),
(851, 237, -2, -1, 5000, '2024-12-12 05:04:54', 'order', 2874, 'Versand', 6265),
(852, 85, -2, -1, 5000, '2024-12-12 05:04:54', 'order', 2875, 'Versand', 6267),
(853, 76, -2, -1, 5000, '2024-12-12 05:04:54', 'order', 2875, 'Versand', 6268),
(854, 66, -2, -1, 5000, '2024-12-12 05:04:54', 'order', 2877, 'Versand', 6271),
(855, 67, -2, -2, 5000, '2024-12-12 05:04:54', 'order', 2877, 'Versand', 6270),
(856, 266, -1, 1, 5000, '2024-12-12 08:56:21', 'inventur', 0, '', 0),
(857, 224, -1, 1, 5000, '2024-12-12 08:56:57', 'inventur', 0, '', 0),
(858, 0, 224, 999, 5000, '2024-12-12 08:57:02', '', 0, '', 0),
(859, 242, -1, -1, 5000, '2024-12-12 08:58:38', 'Bestandseingabe', 0, '', 0),
(860, 243, -2, -1, 5000, '2024-12-13 05:55:05', 'order', 2847, 'Versand', 6276),
(861, 179, -2, -1, 5000, '2024-12-13 05:55:05', 'order', 2880, 'Versand', 6287),
(862, 217, -2, -1, 5000, '2024-12-13 05:55:05', 'order', 2880, 'Versand', 6288),
(863, 13, -2, -1, 5000, '2024-12-13 05:55:05', 'order', 2880, 'Versand', 6285),
(864, 15, -2, -1, 5000, '2024-12-13 05:55:05', 'order', 2880, 'Versand', 6286),
(865, 87, -2, -1, 5000, '2024-12-13 05:55:05', 'order', 2864, 'Versand', 6280),
(866, 89, -2, -1, 5000, '2024-12-13 05:55:05', 'order', 2864, 'Versand', 6282),
(867, 66, -2, -1, 5000, '2024-12-13 05:55:05', 'order', 2864, 'Versand', 6281),
(868, 52, -2, -1, 5000, '2024-12-13 05:55:05', 'order', 2864, 'Versand', 6277),
(869, 16, -2, -1, 5000, '2024-12-13 05:55:05', 'order', 2864, 'Versand', 6278),
(870, 15, -2, -1, 5000, '2024-12-13 05:55:05', 'order', 2864, 'Versand', 6279),
(871, 89, -1, -1, 5000, '2024-12-13 13:38:32', 'Bestandseingabe', 0, '', 0),
(872, 51, -1, -1, 5000, '2024-12-13 13:38:53', 'Bestandseingabe', 0, '', 0),
(873, 52, -1, -1, 5000, '2024-12-13 13:39:08', 'Bestandseingabe', 0, '', 0),
(874, 48, -1, -1, 5000, '2024-12-13 13:39:24', 'Bestandseingabe', 0, '', 0),
(875, 0, 88, 6, 5000, '2024-12-13 14:12:08', '', 0, '', 0),
(876, 0, 77, 6, 5000, '2024-12-13 14:12:29', '', 0, '', 0),
(877, 0, 153, 12, 5000, '2024-12-13 14:16:15', '', 0, '', 0),
(878, 0, 75, 6, 5000, '2024-12-13 14:17:54', '', 0, '', 0),
(879, 0, 51, 6, 5000, '2024-12-13 14:18:15', '', 0, '', 0),
(880, 0, 52, 6, 5000, '2024-12-13 14:18:38', '', 0, '', 0),
(881, 0, 155, 12, 5000, '2024-12-13 14:19:05', '', 0, '', 0),
(882, 0, 52, 6, 5000, '2024-12-13 14:20:01', '', 0, '', 0),
(883, 0, 12, 6, 5000, '2024-12-13 14:20:24', '', 0, '', 0),
(884, 0, 134, 12, 5000, '2024-12-13 14:21:31', '', 0, '', 0),
(885, 0, 152, 12, 5000, '2024-12-13 14:22:17', '', 0, '', 0),
(886, 0, 184, 12, 5000, '2024-12-13 14:23:07', '', 0, '', 0),
(887, 0, 219, 12, 5000, '2024-12-13 14:23:37', '', 0, '', 0),
(888, 0, 266, 1005, 5000, '2024-12-13 14:26:36', '', 0, '', 0),
(889, 0, 268, 6, 5000, '2024-12-13 14:27:24', '', 0, '', 0),
(890, 0, 271, 6, 5000, '2024-12-13 14:27:44', '', 0, '', 0),
(891, 0, 272, 1007, 5000, '2024-12-13 14:28:11', '', 0, '', 0),
(892, 0, 87, 6, 5000, '2024-12-13 14:28:49', '', 0, '', 0),
(893, 0, 17, 6, 5000, '2024-12-13 14:29:20', '', 0, '', 0),
(894, 0, 224, 12, 5000, '2024-12-13 14:30:24', '', 0, '', 0),
(895, 248, -1, 1000, 5000, '2024-12-13 16:41:18', 'inventur', 0, '', 0),
(896, 0, 248, 2, 5000, '2024-12-13 16:41:22', '', 0, '', 0),
(897, 0, 282, 1, 5000, '2024-12-14 06:35:08', '', 0, '', 0),
(898, 275, -2, -1, 5000, '2024-12-14 06:49:20', 'order', 2883, 'Versand', 6291),
(899, 277, -2, -1, 5000, '2024-12-14 06:49:20', 'order', 2883, 'Versand', 6292),
(900, 144, -2, -3, 5000, '2024-12-14 06:49:21', 'order', 2889, 'Versand', 6297),
(901, 183, -2, -3, 5000, '2024-12-14 06:49:21', 'order', 2889, 'Versand', 6294),
(902, 198, -2, -3, 5000, '2024-12-14 06:49:21', 'order', 2889, 'Versand', 6295),
(903, 213, -2, -3, 5000, '2024-12-14 06:49:21', 'order', 2889, 'Versand', 6296),
(904, 227, -2, -3, 5000, '2024-12-14 06:49:21', 'order', 2889, 'Versand', 6298),
(905, 264, -2, -2, 5000, '2024-12-14 06:49:21', 'order', 2891, 'Versand', 6300),
(906, 248, -2, -2, 5000, '2024-12-14 06:49:21', 'order', 2891, 'Versand', 6299),
(907, 235, -1, -1, 5000, '2024-12-15 15:35:54', 'Bestandseingabe', 0, '', 0),
(908, 235, -1, -1, 5000, '2024-12-15 15:37:58', 'Bestandseingabe', 0, '', 0),
(909, 152, -1, -3, 5000, '2024-12-15 15:39:33', 'Bestandseingabe', 0, '', 0),
(910, 161, -1, -2, 5000, '2024-12-15 15:39:56', 'Bestandseingabe', 0, '', 0),
(911, 149, -1, -2, 5000, '2024-12-15 15:40:17', 'Bestandseingabe', 0, '', 0),
(912, 95, -1, -1, 5000, '2024-12-15 15:45:49', 'Bestandseingabe', 0, '', 0),
(913, 255, -2, -1, 5000, '2024-12-16 05:09:18', 'order', 2901, 'Versand', 6301),
(914, 257, -2, -1, 5000, '2024-12-16 05:09:18', 'order', 2901, 'Versand', 6302),
(915, 96, -2, -1, 5000, '2024-12-16 05:09:18', 'order', 2894, 'Versand', 6306),
(916, 80, -2, -1, 5000, '2024-12-16 05:09:18', 'order', 2898, 'Versand', 6307),
(917, 61, -2, -1, 5000, '2024-12-16 05:09:18', 'order', 2898, 'Versand', 6308),
(918, 260, -2, -1, 5000, '2024-12-16 05:09:18', 'order', 2904, 'Versand', 6309),
(919, 251, -2, -1, 5000, '2024-12-16 05:09:18', 'order', 2904, 'Versand', 6310),
(920, 277, -2, -2, 5000, '2024-12-16 05:09:18', 'order', 2906, 'Versand', 6311),
(921, 252, -2, -1, 5000, '2024-12-16 05:09:18', 'order', 2907, 'Versand', 6312),
(922, 173, -1, -4, 5000, '2024-12-16 17:39:34', 'Bestandseingabe', 0, '', 0),
(923, 219, -1, -1, 5000, '2024-12-16 17:39:53', 'Bestandseingabe', 0, '', 0),
(924, 217, -1, -1, 5000, '2024-12-16 17:40:20', 'Bestandseingabe', 0, '', 0),
(925, 207, -1, -1, 5000, '2024-12-16 17:40:49', 'Bestandseingabe', 0, '', 0),
(926, 199, -1, -1, 5000, '2024-12-16 17:41:13', 'Bestandseingabe', 0, '', 0),
(927, 219, -1, -1, 5000, '2024-12-16 17:41:35', 'Bestandseingabe', 0, '', 0),
(928, 235, -1, -1, 5000, '2024-12-16 17:43:21', 'Bestandseingabe', 0, '', 0),
(929, 152, -1, -3, 5000, '2024-12-16 17:43:45', 'Bestandseingabe', 0, '', 0),
(930, 149, -1, -2, 5000, '2024-12-16 17:44:07', 'Bestandseingabe', 0, '', 0),
(931, 0, 73, 999, 5000, '2024-12-17 04:58:33', '', 0, '', 0),
(932, 85, -2, -1, 5000, '2024-12-17 05:00:46', 'order', 2885, 'Versand', 6316),
(933, 87, -2, -1, 5000, '2024-12-17 05:00:46', 'order', 2885, 'Versand', 6318),
(934, 78, -2, -1, 5000, '2024-12-17 05:00:46', 'order', 2885, 'Versand', 6317),
(935, 38, -2, -1, 5000, '2024-12-17 05:00:46', 'order', 2885, 'Versand', 6315),
(936, 172, -2, -1, 5000, '2024-12-17 05:00:46', 'order', 2914, 'Versand', 6331),
(937, 282, -2, -1, 5000, '2024-12-17 05:00:46', 'order', 2888, 'Versand', 6319),
(938, 43, -2, -1, 5000, '2024-12-17 05:00:46', 'order', 2890, 'Versand', 6320),
(939, 54, -2, -1, 5000, '2024-12-17 05:00:46', 'order', 2903, 'Versand', 6323),
(940, 59, -2, -1, 5000, '2024-12-17 05:00:46', 'order', 2903, 'Versand', 6328),
(941, 34, -2, -1, 5000, '2024-12-17 05:00:46', 'order', 2903, 'Versand', 6327),
(942, 43, -2, -1, 5000, '2024-12-17 05:00:46', 'order', 2903, 'Versand', 6326),
(943, 50, -2, -1, 5000, '2024-12-17 05:00:46', 'order', 2903, 'Versand', 6325),
(944, 99, -2, -1, 5000, '2024-12-17 05:00:46', 'order', 2903, 'Versand', 6324),
(945, 131, -2, -1, 5000, '2024-12-17 05:00:46', 'order', 2911, 'Versand', 6329),
(946, 88, -2, -1, 5000, '2024-12-17 05:00:46', 'order', 2912, 'Versand', 6330),
(947, 144, -2, -1, 5000, '2024-12-17 05:00:46', 'order', 2916, 'Versand', 6336),
(948, 155, -2, -1, 5000, '2024-12-17 05:00:46', 'order', 2916, 'Versand', 6337),
(949, 183, -2, -1, 5000, '2024-12-17 05:00:46', 'order', 2916, 'Versand', 6335),
(950, 58, -2, -1, 5000, '2024-12-17 05:00:46', 'order', 2916, 'Versand', 6333),
(951, 12, -2, -1, 5000, '2024-12-17 05:00:46', 'order', 2916, 'Versand', 6334),
(952, 77, -2, -1, 5000, '2024-12-17 06:38:26', 'order', 2899, 'Versand', 6341),
(953, 67, -2, -1, 5000, '2024-12-17 06:38:26', 'order', 2899, 'Versand', 6346),
(954, 70, -2, -1, 5000, '2024-12-17 06:38:26', 'order', 2899, 'Versand', 6345),
(955, 73, -2, -1, 5000, '2024-12-17 06:38:26', 'order', 2899, 'Versand', 6347),
(956, 35, -2, -1, 5000, '2024-12-17 06:38:26', 'order', 2899, 'Versand', 6342),
(957, 52, -2, -1, 5000, '2024-12-17 06:38:26', 'order', 2899, 'Versand', 6343),
(958, 99, -2, -1, 5000, '2024-12-17 06:38:26', 'order', 2899, 'Versand', 6344),
(959, 14, -2, -1, 5000, '2024-12-18 05:03:46', 'order', 2872, 'Versand', 6348),
(960, 232, -2, -2, 5000, '2024-12-18 05:03:46', 'order', 2897, 'Versand', 6350),
(961, 63, -2, -4, 5000, '2024-12-18 05:03:46', 'order', 2902, 'Versand', 6353),
(962, 154, -2, -1, 5000, '2024-12-18 05:03:46', 'order', 2923, 'Versand', 6357),
(963, 201, -2, -1, 5000, '2024-12-18 05:03:46', 'order', 2923, 'Versand', 6358),
(964, 226, -2, -1, 5000, '2024-12-18 05:03:46', 'order', 2923, 'Versand', 6359),
(965, 134, -2, -1, 5000, '2024-12-18 05:03:46', 'order', 2925, 'Versand', 6362),
(966, 144, -2, -1, 5000, '2024-12-18 05:03:46', 'order', 2925, 'Versand', 6360),
(967, 183, -2, -1, 5000, '2024-12-18 05:03:46', 'order', 2925, 'Versand', 6364),
(968, 180, -2, -1, 5000, '2024-12-18 05:03:46', 'order', 2925, 'Versand', 6363),
(969, 211, -2, -1, 5000, '2024-12-18 05:03:46', 'order', 2925, 'Versand', 6361),
(970, 92, -2, -1, 5000, '2024-12-18 05:03:46', 'order', 2927, 'Versand', 6370),
(971, 85, -2, -1, 5000, '2024-12-18 05:03:46', 'order', 2927, 'Versand', 6366),
(972, 72, -2, -1, 5000, '2024-12-18 05:03:46', 'order', 2927, 'Versand', 6365),
(973, 29, -2, -1, 5000, '2024-12-18 05:03:46', 'order', 2927, 'Versand', 6367),
(974, 47, -2, -1, 5000, '2024-12-18 05:03:46', 'order', 2927, 'Versand', 6368),
(975, 99, -2, -1, 5000, '2024-12-18 05:03:46', 'order', 2927, 'Versand', 6369),
(976, 173, -2, -2, 5000, '2024-12-18 05:03:46', 'order', 2928, 'Versand', 6372),
(977, 25, -2, -1, 5000, '2024-12-18 05:03:46', 'order', 2928, 'Versand', 6371),
(978, 183, -2, -1, 5000, '2024-12-18 05:03:46', 'order', 2932, 'Versand', 6380),
(979, 180, -2, -1, 5000, '2024-12-18 05:03:46', 'order', 2932, 'Versand', 6378),
(980, 179, -2, -1, 5000, '2024-12-18 05:03:46', 'order', 2932, 'Versand', 6379),
(981, 213, -2, -1, 5000, '2024-12-18 05:03:46', 'order', 2932, 'Versand', 6377),
(982, 226, -2, -2, 5000, '2024-12-18 05:03:46', 'order', 2932, 'Versand', 6376),
(983, 51, -1, -1, 5000, '2024-12-18 18:27:56', 'Bestandseingabe', 0, '', 0),
(984, 275, -1, -1, 5000, '2024-12-18 18:29:35', 'Bestandseingabe', 0, '', 0),
(985, 18, -1, -1, 5000, '2024-12-18 18:30:59', 'Bestandseingabe', 0, '', 0),
(986, 76, -1, -1, 5000, '2024-12-18 18:31:17', 'Bestandseingabe', 0, '', 0),
(987, 61, -1, -1, 5000, '2024-12-18 18:31:57', 'Bestandseingabe', 0, '', 0),
(988, 235, -1, -2, 5000, '2024-12-18 18:32:26', 'Bestandseingabe', 0, '', 0),
(989, 147, -1, -1, 5000, '2024-12-18 18:32:54', 'Bestandseingabe', 0, '', 0),
(990, 161, -1, -1, 5000, '2024-12-18 18:33:17', 'Bestandseingabe', 0, '', 0),
(991, 199, -1, -1, 5000, '2024-12-18 18:33:38', 'Bestandseingabe', 0, '', 0),
(992, 215, -1, -1, 5000, '2024-12-18 18:34:09', 'Bestandseingabe', 0, '', 0),
(993, 212, -1, -1, 5000, '2024-12-18 18:34:33', 'Bestandseingabe', 0, '', 0),
(994, 38, -1, -1, 5000, '2024-12-18 18:34:53', 'Bestandseingabe', 0, '', 0),
(995, 271, -1, -1, 5000, '2024-12-18 18:38:36', 'Bestandseingabe', 0, '', 0),
(996, 50, -1, -1, 5000, '2024-12-18 18:39:29', 'Bestandseingabe', 0, '', 0),
(997, 234, -1, -2, 5000, '2024-12-18 18:44:57', 'Bestandseingabe', 0, '', 0),
(998, 235, -1, -1, 5000, '2024-12-18 18:45:17', 'Bestandseingabe', 0, '', 0),
(999, 0, 73, 1004, 5000, '2024-12-18 18:45:58', '', 0, '', 0),
(1000, 215, -1, 1, 5000, '2024-12-18 18:46:24', 'inventur', 0, '', 0),
(1001, 0, 63, 6, 5000, '2024-12-18 18:48:24', '', 0, '', 0),
(1002, 0, 39, 6, 5000, '2024-12-18 18:48:43', '', 0, '', 0),
(1003, 0, 48, 6, 5000, '2024-12-18 18:49:18', '', 0, '', 0),
(1004, 0, 50, 6, 5000, '2024-12-18 18:49:43', '', 0, '', 0),
(1005, 0, 99, 6, 5000, '2024-12-18 18:50:04', '', 0, '', 0),
(1006, 0, 149, 12, 5000, '2024-12-18 18:52:34', '', 0, '', 0),
(1007, 0, 183, 12, 5000, '2024-12-18 18:52:55', '', 0, '', 0),
(1008, 0, 16, 6, 5000, '2024-12-18 18:54:48', '', 0, '', 0),
(1009, 0, 13, 6, 5000, '2024-12-18 18:55:07', '', 0, '', 0),
(1010, 0, 14, 6, 5000, '2024-12-18 18:55:30', '', 0, '', 0),
(1011, 0, 277, 1, 5000, '2024-12-18 18:56:43', '', 0, '', 0),
(1012, 123, -2, -1, 5000, '2024-12-19 05:06:17', 'order', 2933, 'Versand', 6392),
(1013, 85, -2, -1, 5000, '2024-12-19 05:06:17', 'order', 2935, 'Versand', 6394),
(1014, 54, -2, -1, 5000, '2024-12-19 05:06:17', 'order', 2935, 'Versand', 6393),
(1015, 270, -2, -1, 5000, '2024-12-19 05:06:17', 'order', 2935, 'Versand', 6396),
(1016, 277, -2, -1, 5000, '2024-12-19 05:06:17', 'order', 2935, 'Versand', 6395),
(1017, 80, -2, -1, 5000, '2024-12-19 05:06:17', 'order', 2893, 'Versand', 6402),
(1018, 38, -2, -1, 5000, '2024-12-19 05:06:17', 'order', 2893, 'Versand', 6401),
(1019, 39, -2, -1, 5000, '2024-12-19 05:06:17', 'order', 2893, 'Versand', 6400),
(1020, 44, -2, -1, 5000, '2024-12-19 05:06:17', 'order', 2893, 'Versand', 6404),
(1021, 48, -2, -1, 5000, '2024-12-19 05:06:17', 'order', 2893, 'Versand', 6405),
(1022, 53, -2, -1, 5000, '2024-12-19 05:06:17', 'order', 2893, 'Versand', 6406),
(1023, 18, -2, -1, 5000, '2024-12-19 05:06:17', 'order', 2893, 'Versand', 6407),
(1024, 15, -2, -1, 5000, '2024-12-19 05:06:17', 'order', 2893, 'Versand', 6408),
(1025, 244, -1, -1, 5000, '2024-12-19 09:17:55', 'Bestandseingabe', 0, '', 0),
(1026, 237, -1, -2, 5000, '2024-12-19 09:18:09', 'Bestandseingabe', 0, '', 0),
(1027, 20, -1, -1, 5000, '2024-12-19 09:19:49', 'Bestandseingabe', 0, '', 0),
(1028, 33, -1, -1, 5000, '2024-12-19 09:20:06', 'Bestandseingabe', 0, '', 0),
(1029, 99, -1, -1, 5000, '2024-12-19 09:20:22', 'Bestandseingabe', 0, '', 0),
(1030, 14, -1, -1, 5000, '2024-12-19 09:20:37', 'Bestandseingabe', 0, '', 0),
(1031, 58, -1, -1, 5000, '2024-12-19 09:20:54', 'Bestandseingabe', 0, '', 0),
(1032, 37, -1, -1, 5000, '2024-12-19 09:21:16', 'Bestandseingabe', 0, '', 0),
(1033, 39, -1, -1, 5000, '2024-12-19 09:21:36', 'Bestandseingabe', 0, '', 0),
(1034, 17, -1, -1, 5000, '2024-12-19 09:21:52', 'Bestandseingabe', 0, '', 0),
(1035, 97, -1, -1, 5000, '2024-12-19 09:22:12', 'Bestandseingabe', 0, '', 0),
(1036, 76, -1, -1, 5000, '2024-12-20 04:50:45', 'Bestandseingabe', 0, '', 0),
(1037, 132, -1, -2, 5000, '2024-12-20 04:51:17', 'Bestandseingabe', 0, '', 0),
(1038, 138, -1, -2, 5000, '2024-12-20 04:51:36', 'Bestandseingabe', 0, '', 0),
(1039, 147, -1, -1, 5000, '2024-12-20 04:52:08', 'Bestandseingabe', 0, '', 0),
(1040, 223, -1, -1, 5000, '2024-12-20 04:52:44', 'Bestandseingabe', 0, '', 0),
(1041, 230, -1, -1, 5000, '2024-12-20 04:53:02', 'Bestandseingabe', 0, '', 0),
(1042, 226, -1, -1, 5000, '2024-12-20 04:53:22', 'Bestandseingabe', 0, '', 0),
(1043, 38, -1, -1, 5000, '2024-12-20 04:54:24', 'Bestandseingabe', 0, '', 0),
(1044, 243, -2, -3, 5000, '2024-12-20 04:56:26', 'order', 2913, 'Versand', 6409),
(1045, 24, -2, -1, 5000, '2024-12-20 04:56:26', 'order', 2940, 'Versand', 6411),
(1046, 282, -2, -1, 5000, '2024-12-20 04:56:26', 'order', 2940, 'Versand', 6412),
(1047, 0, 235, 12, 5000, '2024-12-20 11:54:49', '', 0, '', 0),
(1048, 0, 234, 12, 5000, '2024-12-20 11:55:13', '', 0, '', 0),
(1049, 0, 72, 6, 5000, '2024-12-20 11:55:36', '', 0, '', 0),
(1050, 0, 215, 1012, 5000, '2024-12-20 11:57:30', '', 0, '', 0),
(1051, 0, 213, 12, 5000, '2024-12-20 11:58:25', '', 0, '', 0),
(1052, 0, 260, 12, 5000, '2024-12-20 12:00:39', '', 0, '', 0),
(1053, 0, 252, 12, 5000, '2024-12-20 12:01:21', '', 0, '', 0),
(1054, 132, -2, -1, 5000, '2024-12-20 12:54:27', 'order', 2942, 'Versand', 6418),
(1055, 183, -2, -1, 5000, '2024-12-20 12:54:27', 'order', 2942, 'Versand', 6417),
(1056, 198, -2, -1, 5000, '2024-12-20 12:54:27', 'order', 2942, 'Versand', 6416),
(1057, 276, -2, -1, 5000, '2024-12-20 12:54:27', 'order', 2942, 'Versand', 6420),
(1058, 281, -2, -1, 5000, '2024-12-20 12:54:27', 'order', 2942, 'Versand', 6419),
(1059, 38, -2, -1, 5000, '2024-12-21 05:38:57', 'order', 2945, 'Versand', 6424),
(1060, 39, -2, -1, 5000, '2024-12-21 05:38:57', 'order', 2945, 'Versand', 6423),
(1061, 35, -2, -1, 5000, '2024-12-23 04:51:05', 'order', 2934, 'Versand', 6425),
(1062, 45, -2, -1, 5000, '2024-12-23 04:51:05', 'order', 2934, 'Versand', 6426),
(1063, 238, -2, -2, 5000, '2024-12-23 04:51:05', 'order', 2946, 'Versand', 6427),
(1064, 124, -2, -1, 5000, '2024-12-24 05:50:46', 'order', 2951, 'Versand', 6436),
(1065, 125, -2, -1, 5000, '2024-12-24 05:50:46', 'order', 2951, 'Versand', 6434),
(1066, 117, -2, -1, 5000, '2024-12-24 05:50:46', 'order', 2951, 'Versand', 6435),
(1067, 118, -2, -1, 5000, '2024-12-24 05:50:46', 'order', 2951, 'Versand', 6437),
(1068, 127, -2, -1, 5000, '2024-12-24 05:50:46', 'order', 2952, 'Versand', 6438),
(1069, 128, -2, -1, 5000, '2024-12-24 05:50:46', 'order', 2952, 'Versand', 6439),
(1070, 268, -2, -1, 5000, '2024-12-29 06:17:59', 'order', 2938, 'Versand', 6440),
(1071, 85, -2, -1, 5000, '2024-12-29 06:17:59', 'order', 2949, 'Versand', 6441),
(1072, 139, -2, -1, 5000, '2024-12-29 06:17:59', 'order', 2957, 'Versand', 6445),
(1073, 164, -2, -1, 5000, '2024-12-29 06:17:59', 'order', 2957, 'Versand', 6446),
(1074, 185, -2, -1, 5000, '2024-12-29 06:17:59', 'order', 2957, 'Versand', 6447),
(1075, 72, -2, -1, 5000, '2024-12-29 06:17:59', 'order', 2959, 'Versand', 6449),
(1076, 50, -2, -1, 5000, '2024-12-29 06:17:59', 'order', 2959, 'Versand', 6448),
(1077, 271, -2, -1, 5000, '2024-12-29 06:17:59', 'order', 2960, 'Versand', 6450),
(1078, 276, -2, -1, 5000, '2024-12-29 06:17:59', 'order', 2960, 'Versand', 6451),
(1079, 76, -1, -1, 5000, '2024-12-29 17:52:47', 'Bestandseingabe', 0, '', 0),
(1080, 75, -1, -1, 5000, '2024-12-29 17:53:05', 'Bestandseingabe', 0, '', 0),
(1081, 134, -1, -1, 5000, '2024-12-29 17:53:53', 'Bestandseingabe', 0, '', 0),
(1082, 158, -1, -1, 5000, '2024-12-29 17:54:15', 'Bestandseingabe', 0, '', 0),
(1083, 221, -1, -1, 5000, '2024-12-29 17:54:35', 'Bestandseingabe', 0, '', 0),
(1084, 230, -1, -1, 5000, '2024-12-29 17:54:56', 'Bestandseingabe', 0, '', 0),
(1085, 229, -1, -1, 5000, '2024-12-29 17:55:15', 'Bestandseingabe', 0, '', 0),
(1086, 92, -1, -1, 5000, '2024-12-29 17:55:57', 'Bestandseingabe', 0, '', 0),
(1087, 260, -1, -2, 5000, '2024-12-29 17:56:19', 'Bestandseingabe', 0, '', 0),
(1088, 80, -1, -1, 5000, '2024-12-29 17:56:40', 'Bestandseingabe', 0, '', 0),
(1089, 83, -1, -1, 5000, '2024-12-29 17:57:00', 'Bestandseingabe', 0, '', 0),
(1090, 262, -1, -4, 5000, '2024-12-29 17:58:38', 'Bestandseingabe', 0, '', 0),
(1091, 255, -1, -1, 5000, '2024-12-29 17:58:59', 'Bestandseingabe', 0, '', 0),
(1092, 256, -1, -1, 5000, '2024-12-29 17:59:22', 'Bestandseingabe', 0, '', 0),
(1093, 257, -1, -1, 5000, '2024-12-29 17:59:39', 'Bestandseingabe', 0, '', 0),
(1094, 235, -1, -1, 5000, '2024-12-29 18:01:49', 'Bestandseingabe', 0, '', 0),
(1095, 49, -1, -1, 5000, '2024-12-29 18:02:10', 'Bestandseingabe', 0, '', 0),
(1096, 31, -1, -1, 5000, '2024-12-29 18:02:45', 'Bestandseingabe', 0, '', 0),
(1097, 10, -1, -2, 5000, '2024-12-29 18:03:06', 'Bestandseingabe', 0, '', 0),
(1098, 96, -1, -1, 5000, '2024-12-29 18:04:57', 'Bestandseingabe', 0, '', 0),
(1099, 0, 282, 6, 5000, '2024-12-29 18:06:11', '', 0, '', 0),
(1100, 0, 276, 6, 5000, '2024-12-29 18:06:24', '', 0, '', 0),
(1101, 0, 85, 6, 5000, '2024-12-29 18:06:45', '', 0, '', 0),
(1102, 0, 58, 6, 5000, '2024-12-29 18:07:56', '', 0, '', 0),
(1103, 0, 38, 6, 5000, '2024-12-29 18:08:15', '', 0, '', 0),
(1104, 19, -2, -1, 5000, '2024-12-30 04:45:31', 'order', 2964, 'Versand', 6454),
(1105, 13, -2, -1, 5000, '2024-12-30 04:45:31', 'order', 2964, 'Versand', 6455),
(1106, 76, -2, -1, 5000, '2024-12-30 04:45:31', 'order', 2966, 'Versand', 6456),
(1107, 43, -2, -1, 5000, '2024-12-30 04:45:31', 'order', 2966, 'Versand', 6457),
(1108, 98, -2, -1, 5000, '2024-12-31 05:55:09', 'order', 2965, 'Versand', 6460),
(1109, 234, -2, -1, 5000, '2024-12-31 05:55:09', 'order', 2967, 'Versand', 6462),
(1110, 64, -1, -1, 5000, '2024-12-31 10:04:49', 'Bestandseingabe', 0, '', 0),
(1111, 260, -1, -1, 5000, '2024-12-31 10:05:27', 'Bestandseingabe', 0, '', 0),
(1112, 249, -1, -1, 5000, '2024-12-31 10:05:44', 'Bestandseingabe', 0, '', 0),
(1113, 51, -2, -1, 5000, '2025-01-02 05:24:40', 'order', 2963, 'Versand', 6467),
(1114, 53, -2, -1, 5000, '2025-01-02 05:24:41', 'order', 2971, 'Versand', 6471),
(1115, 119, -2, -1, 5000, '2025-01-02 05:24:41', 'order', 2972, 'Versand', 6472),
(1116, 40, -1, -2, 5000, '2025-01-02 10:10:42', 'Bestandseingabe', 0, '', 0),
(1117, 131, -1, -1, 5000, '2025-01-02 10:11:25', 'Bestandseingabe', 0, '', 0),
(1118, 235, -1, -1, 5000, '2025-01-02 10:11:49', 'Bestandseingabe', 0, '', 0),
(1119, 77, -1, -1, 5000, '2025-01-02 10:12:05', 'Bestandseingabe', 0, '', 0),
(1120, 97, -1, -1, 5000, '2025-01-02 10:12:39', 'Bestandseingabe', 0, '', 0),
(1121, 63, -1, -1, 5000, '2025-01-02 10:12:57', 'Bestandseingabe', 0, '', 0),
(1122, 257, -2, -1, 5000, '2025-01-03 05:04:36', 'order', 2973, 'Versand', 6475),
(1123, 258, -2, -1, 5000, '2025-01-03 05:04:36', 'order', 2973, 'Versand', 6474),
(1124, 247, -2, -2, 5000, '2025-01-03 05:04:36', 'order', 2973, 'Versand', 6473),
(1125, 170, -2, -1, 5000, '2025-01-03 05:04:36', 'order', 2975, 'Versand', 6479),
(1126, 182, -2, -1, 5000, '2025-01-03 05:04:36', 'order', 2975, 'Versand', 6478),
(1127, 197, -2, -1, 5000, '2025-01-03 05:04:36', 'order', 2975, 'Versand', 6477),
(1128, 214, -2, -1, 5000, '2025-01-03 05:04:36', 'order', 2975, 'Versand', 6480),
(1129, 223, -2, -1, 5000, '2025-01-03 05:04:36', 'order', 2975, 'Versand', 6481),
(1130, 197, -1, -1, 5000, '2025-01-03 07:49:29', 'Bestandseingabe', 0, '', 0),
(1131, 170, -1, 5, 5000, '2025-01-03 07:49:53', 'inventur', 0, '', 0),
(1132, 268, -2, -1, 5000, '2025-01-05 09:45:11', 'order', 2976, 'Versand', 6483),
(1133, 146, -2, -1, 5000, '2025-01-05 09:45:11', 'order', 2983, 'Versand', 6485),
(1134, 230, -2, -1, 5000, '2025-01-05 09:45:11', 'order', 2983, 'Versand', 6486),
(1135, 33, -2, -1, 5000, '2025-01-05 09:45:11', 'order', 2983, 'Versand', 6487),
(1136, 70, -2, -1, 5000, '2025-01-05 09:45:11', 'order', 2985, 'Versand', 6489),
(1137, 34, -2, -1, 5000, '2025-01-05 09:45:11', 'order', 2985, 'Versand', 6488),
(1138, 96, -2, -1, 4999, '2025-01-08 04:58:20', 'order', 2978, 'Versand', 6493),
(1139, 147, -2, -1, 4999, '2025-01-08 04:58:20', 'order', 2982, 'Versand', 6498),
(1140, 163, -2, -1, 4999, '2025-01-08 04:58:20', 'order', 2982, 'Versand', 6499),
(1141, 230, -2, -1, 4999, '2025-01-08 04:58:20', 'order', 2982, 'Versand', 6497),
(1142, 242, -2, -1, 4999, '2025-01-08 04:58:20', 'order', 2988, 'Versand', 6502),
(1143, 84, -2, -1, 4999, '2025-01-08 04:58:20', 'order', 2990, 'Versand', 6504),
(1144, 18, -2, -1, 4999, '2025-01-08 04:58:20', 'order', 2990, 'Versand', 6505),
(1145, 127, -2, -2, 4999, '2025-01-08 04:58:20', 'order', 2990, 'Versand', 6506),
(1146, 58, -2, -1, 5000, '2025-01-09 05:08:43', 'order', 2991, 'Versand', 6510),
(1147, 33, -2, -1, 5000, '2025-01-09 05:08:43', 'order', 2991, 'Versand', 6509),
(1148, 105, -2, -1, 5000, '2025-01-09 05:08:43', 'order', 2997, 'Versand', 6513),
(1149, 230, -1, -2, 5000, '2025-01-09 06:33:12', 'Bestandseingabe', 0, '', 0),
(1150, 96, -1, -1, 5000, '2025-01-09 06:33:57', 'Bestandseingabe', 0, '', 0),
(1151, 77, -1, -2, 5000, '2025-01-09 06:34:34', 'Bestandseingabe', 0, '', 0),
(1152, 78, -1, -1, 5000, '2025-01-09 06:34:55', 'Bestandseingabe', 0, '', 0),
(1153, 58, -1, -2, 5000, '2025-01-09 06:35:15', 'Bestandseingabe', 0, '', 0),
(1154, 282, -1, -1, 5000, '2025-01-09 06:35:37', 'Bestandseingabe', 0, '', 0),
(1155, 158, -1, -1, 5000, '2025-01-09 06:35:57', 'Bestandseingabe', 0, '', 0),
(1156, 228, -1, -1, 5000, '2025-01-09 06:36:16', 'Bestandseingabe', 0, '', 0),
(1157, 147, -1, -4, 5000, '2025-01-09 06:36:45', 'Bestandseingabe', 0, '', 0),
(1158, 64, -1, -1, 5000, '2025-01-09 06:37:18', 'Bestandseingabe', 0, '', 0),
(1159, 136, -2, -1, 5000, '2025-01-10 05:34:36', 'order', 2994, 'Versand', 6516),
(1160, 226, -2, -2, 5000, '2025-01-10 05:34:36', 'order', 2994, 'Versand', 6517),
(1161, 15, -2, -1, 5000, '2025-01-10 05:34:36', 'order', 2994, 'Versand', 6518),
(1162, 54, -2, -1, 5000, '2025-01-10 05:34:36', 'order', 3000, 'Versand', 6521),
(1163, 52, -2, -1, 5000, '2025-01-10 05:34:36', 'order', 3000, 'Versand', 6522),
(1164, 136, -1, -1, 5000, '2025-01-10 09:28:11', 'Bestandseingabe', 0, '', 0),
(1165, 53, -1, -1, 5000, '2025-01-10 09:32:03', 'Bestandseingabe', 0, '', 0),
(1166, 0, 77, 6, 5000, '2025-01-10 17:55:14', '', 0, '', 0),
(1167, 0, 64, 6, 5000, '2025-01-10 17:55:49', '', 0, '', 0),
(1168, 0, 40, 6, 5000, '2025-01-10 17:56:27', '', 0, '', 0),
(1169, 0, 98, 6, 5000, '2025-01-10 17:56:52', '', 0, '', 0),
(1170, 0, 127, 6, 5000, '2025-01-10 17:58:01', '', 0, '', 0),
(1171, 0, 97, 6, 5000, '2025-01-10 17:58:38', '', 0, '', 0),
(1172, 0, 96, 6, 5000, '2025-01-10 17:59:00', '', 0, '', 0),
(1173, 0, 52, 6, 5000, '2025-01-10 17:59:30', '', 0, '', 0),
(1174, 0, 33, 6, 5000, '2025-01-10 17:59:50', '', 0, '', 0),
(1175, 0, 131, 12, 5000, '2025-01-10 18:00:31', '', 0, '', 0),
(1176, 0, 179, 12, 5000, '2025-01-10 18:00:56', '', 0, '', 0),
(1177, 0, 223, 12, 5000, '2025-01-10 18:01:15', '', 0, '', 0),
(1178, 0, 70, 6, 5000, '2025-01-10 18:02:08', '', 0, '', 0),
(1179, 0, 53, 6, 5000, '2025-01-10 18:02:28', '', 0, '', 0),
(1180, 0, 147, 12, 5000, '2025-01-10 18:02:53', '', 0, '', 0),
(1181, 247, -1, -1, 5000, '2025-01-12 10:11:33', 'Bestandseingabe', 0, '', 0),
(1182, 255, -1, -1, 5000, '2025-01-12 10:11:48', 'Bestandseingabe', 0, '', 0),
(1183, 239, -1, -1, 5000, '2025-01-12 10:12:06', 'Bestandseingabe', 0, '', 0),
(1184, 234, -1, -1, 5000, '2025-01-12 10:12:24', 'Bestandseingabe', 0, '', 0),
(1185, 159, -1, -1, 5000, '2025-01-12 10:12:42', 'Bestandseingabe', 0, '', 0),
(1186, 149, -1, -1, 5000, '2025-01-12 10:13:02', 'Bestandseingabe', 0, '', 0),
(1187, 215, -1, -2, 5000, '2025-01-12 10:13:42', 'Bestandseingabe', 0, '', 0),
(1188, 54, -2, -1, 5000, '2025-01-13 04:43:57', 'order', 3009, 'Versand', 6527),
(1189, 64, -2, -1, 5000, '2025-01-13 04:43:57', 'order', 3009, 'Versand', 6526),
(1190, 10, -2, -1, 5000, '2025-01-13 04:43:57', 'order', 3009, 'Versand', 6525),
(1191, 38, -2, -1, 5000, '2025-01-13 04:43:57', 'order', 3010, 'Versand', 6529),
(1192, 13, -2, -1, 5000, '2025-01-13 04:43:57', 'order', 3010, 'Versand', 6528),
(1193, 233, -2, -1, 5000, '2025-01-13 04:43:57', 'order', 3010, 'Versand', 6530),
(1194, 244, -1, -1, 5000, '2025-01-13 06:57:26', 'Bestandseingabe', 0, '', 0),
(1195, 239, -2, -1, 5000, '2025-01-13 08:16:59', 'order', 3007, 'Versand', 6533),
(1196, 233, -2, -1, 5000, '2025-01-13 08:16:59', 'order', 3007, 'Versand', 6532),
(1197, 234, -2, -1, 5000, '2025-01-13 08:16:59', 'order', 3007, 'Versand', 6534),
(1198, 27, -2, -1, 5000, '2025-01-14 05:10:33', 'order', 3014, 'Versand', 6544),
(1199, 16, -2, -1, 5000, '2025-01-14 05:10:33', 'order', 3014, 'Versand', 6543),
(1200, 164, -1, -1, 5000, '2025-01-14 09:18:59', 'Bestandseingabe', 0, '', 0),
(1201, 212, -1, -1, 5000, '2025-01-14 09:19:18', 'Bestandseingabe', 0, '', 0),
(1202, 76, -1, -1, 5000, '2025-01-14 09:20:51', 'Bestandseingabe', 0, '', 0),
(1203, 47, -1, -1, 5000, '2025-01-14 09:21:17', 'Bestandseingabe', 0, '', 0),
(1204, 0, 47, 6, 5000, '2025-01-14 09:22:35', '', 0, '', 0),
(1205, 0, 49, 7, 5000, '2025-01-14 09:22:55', '', 0, '', 0),
(1206, 0, 10, 6, 5000, '2025-01-14 09:23:15', '', 0, '', 0),
(1207, 154, -2, -3, 5000, '2025-01-15 04:54:11', 'order', 2984, 'Versand', 6547),
(1208, 210, -2, -1, 5000, '2025-01-15 04:54:11', 'order', 3015, 'Versand', 6562),
(1209, 221, -2, -1, 5000, '2025-01-15 04:54:11', 'order', 3015, 'Versand', 6563),
(1210, 96, -2, -1, 5000, '2025-01-15 04:54:11', 'order', 3015, 'Versand', 6558),
(1211, 87, -2, -1, 5000, '2025-01-15 04:54:11', 'order', 3015, 'Versand', 6557),
(1212, 273, -2, -1, 5000, '2025-01-15 04:54:11', 'order', 3015, 'Versand', 6561),
(1213, 255, -2, -1, 5000, '2025-01-15 04:54:11', 'order', 3015, 'Versand', 6559),
(1214, 258, -2, -1, 5000, '2025-01-15 04:54:11', 'order', 3015, 'Versand', 6560),
(1215, 0, 54, 6, 5000, '2025-01-15 04:56:36', '', 0, '', 0),
(1216, 0, 10, 6, 5000, '2025-01-15 04:57:18', '', 0, '', 0),
(1217, 0, 247, 12, 5000, '2025-01-15 04:58:53', '', 0, '', 0),
(1218, 43, -2, -1, 5000, '2025-01-16 04:54:07', 'order', 3018, 'Versand', 6567),
(1219, 14, -1, -1, 5000, '2025-01-16 08:01:00', 'Bestandseingabe', 0, '', 0),
(1220, 58, -1, -1, 5000, '2025-01-16 08:01:20', 'Bestandseingabe', 0, '', 0),
(1221, 33, -1, -1, 5000, '2025-01-16 08:01:40', 'Bestandseingabe', 0, '', 0),
(1222, 280, -2, -1, 5000, '2025-01-17 05:36:03', 'order', 3019, 'Versand', 6571),
(1223, 234, -1, -1, 5000, '2025-01-19 06:43:40', 'Bestandseingabe', 0, '', 0),
(1224, 197, -2, -1, 5000, '2025-01-19 06:46:26', 'reclamation', 59, 'Versand', 6572),
(1225, 275, -2, -1, 5000, '2025-01-19 06:46:26', 'order', 3021, 'Versand', 6575),
(1226, 125, -2, -1, 5000, '2025-01-19 06:46:26', 'order', 3021, 'Versand', 6576),
(1227, 247, -2, -1, 5000, '2025-01-19 06:46:26', 'order', 3023, 'Versand', 6577),
(1228, 235, -2, -1, 5000, '2025-01-22 04:53:47', 'order', 3020, 'Versand', 6578),
(1229, 243, -2, -1, 5000, '2025-01-22 04:53:47', 'order', 3029, 'Versand', 6579),
(1230, 99, -2, -1, 5000, '2025-01-22 04:53:47', 'order', 3030, 'Versand', 6581),
(1231, 143, -1, -2, 5000, '2025-01-23 04:30:23', 'Bestandseingabe', 0, '', 0),
(1232, 111, -2, -1, 5000, '2025-01-23 04:53:41', 'order', 3031, 'Versand', 6584),
(1233, 136, -2, 11, 5000, '2025-01-24 05:16:20', 'order', 3033, 'Versand', 6592),
(1234, 141, -2, -1, 5000, '2025-01-24 05:16:20', 'order', 3033, 'Versand', 6595),
(1235, 147, -2, -1, 5000, '2025-01-24 05:16:20', 'order', 3033, 'Versand', 6594),
(1236, 184, -2, -1, 5000, '2025-01-24 05:16:20', 'order', 3033, 'Versand', 6586),
(1237, 177, -2, -1, 5000, '2025-01-24 05:16:20', 'order', 3033, 'Versand', 6587),
(1238, 191, -2, -1, 5000, '2025-01-24 05:16:20', 'order', 3033, 'Versand', 6588),
(1239, 205, -2, -1, 5000, '2025-01-24 05:16:20', 'order', 3033, 'Versand', 6589),
(1240, 218, -2, -1, 5000, '2025-01-24 05:16:20', 'order', 3033, 'Versand', 6590),
(1241, 217, -2, -1, 5000, '2025-01-24 05:16:20', 'order', 3033, 'Versand', 6591),
(1242, 228, -2, -1, 5000, '2025-01-24 05:16:20', 'order', 3033, 'Versand', 6593),
(1243, 179, -1, -3, 5000, '2025-01-24 08:17:19', 'Bestandseingabe', 0, '', 0),
(1244, 0, 58, 1, 5000, '2025-01-26 05:29:44', '', 0, '', 0),
(1245, 123, -2, -1, 5000, '2025-01-27 04:54:37', 'reclamation', 61, 'Versand', 6596),
(1246, 73, -2, -1, 5000, '2025-01-27 04:54:37', 'order', 2979, 'Versand', 6597),
(1247, 73, -1, -1, 5000, '2025-01-27 07:35:55', 'Bestandseingabe', 0, '', 0),
(1248, 0, 73, 1, 5000, '2025-01-27 07:36:49', '', 0, '', 0),
(1249, 54, -2, -1, 5000, '2025-01-28 04:48:43', 'order', 3035, 'Versand', 6602),
(1250, 58, -2, -1, 5000, '2025-01-28 04:48:43', 'order', 3035, 'Versand', 6601),
(1251, 53, -2, -1, 5000, '2025-01-28 04:48:43', 'order', 3035, 'Versand', 6600),
(1252, 16, -2, -1, 5000, '2025-01-28 04:48:43', 'order', 3035, 'Versand', 6599),
(1253, 101, -2, -1, 5000, '2025-01-28 04:48:43', 'order', 3038, 'Versand', 6603),
(1254, 83, -2, -1, 5000, '2025-01-28 04:48:43', 'order', 3039, 'Versand', 6605),
(1255, 27, -2, -1, 5000, '2025-01-28 04:48:43', 'order', 3039, 'Versand', 6604),
(1256, 74, -1, -1, 5000, '2025-01-29 08:37:01', 'Bestandseingabe', 0, '', 0),
(1257, 59, -1, -1, 5000, '2025-01-29 08:37:47', 'Bestandseingabe', 0, '', 0),
(1258, 266, -1, -1, 5000, '2025-01-29 08:38:00', 'Bestandseingabe', 0, '', 0),
(1259, 73, -2, -1, 5000, '2025-01-30 04:51:24', 'order', 3022, 'Versand', 6609),
(1260, 124, -2, -1, 5000, '2025-01-30 04:51:24', 'order', 3022, 'Versand', 6608),
(1261, 125, -2, -1, 5000, '2025-01-30 04:51:24', 'order', 3022, 'Versand', 6610),
(1262, 111, -2, -1, 5000, '2025-01-30 04:51:24', 'order', 3040, 'Versand', 6613),
(1263, 266, -2, -1, 5000, '2025-01-30 04:51:24', 'order', 3043, 'Versand', 6616),
(1264, 268, -2, -1, 5000, '2025-01-30 04:51:24', 'order', 3043, 'Versand', 6614),
(1265, 273, -2, -1, 5000, '2025-01-30 04:51:24', 'order', 3043, 'Versand', 6615),
(1266, 258, -2, -1, 5000, '2025-01-30 04:51:24', 'order', 3044, 'Versand', 6618),
(1267, 259, -2, -1, 5000, '2025-01-30 04:51:24', 'order', 3044, 'Versand', 6619),
(1268, 261, -2, -1, 5000, '2025-01-30 04:51:24', 'order', 3044, 'Versand', 6617),
(1269, 247, -2, -1, 5000, '2025-01-30 04:51:24', 'order', 3044, 'Versand', 6620),
(1270, 97, -1, -1, 5000, '2025-01-30 07:42:35', 'Bestandseingabe', 0, '', 0),
(1271, 0, 92, 6, 5000, '2025-01-30 07:44:18', '', 0, '', 0),
(1272, 74, -2, -1, 5000, '2025-02-02 07:49:23', 'order', 3048, 'Versand', 6625),
(1273, 66, -1, -2, 5000, '2025-02-04 04:24:05', 'Bestandseingabe', 0, '', 0),
(1274, 77, -1, -1, 5000, '2025-02-04 04:24:27', 'Bestandseingabe', 0, '', 0),
(1275, 83, -2, -1, 5000, '2025-02-04 04:55:23', 'order', 3042, 'Versand', 6626),
(1276, 94, -2, -1, 5000, '2025-02-04 04:55:23', 'order', 3050, 'Versand', 6628),
(1277, 83, -2, -1, 5000, '2025-02-04 04:55:23', 'order', 3050, 'Versand', 6627),
(1278, 74, -2, -1, 5000, '2025-02-04 04:55:23', 'order', 3050, 'Versand', 6629),
(1279, 36, -2, -1, 5000, '2025-02-04 04:55:23', 'order', 3050, 'Versand', 6630),
(1280, 51, -2, -1, 5000, '2025-02-04 04:55:23', 'order', 3050, 'Versand', 6631),
(1281, 52, -2, -1, 5000, '2025-02-04 04:55:23', 'order', 3050, 'Versand', 6632),
(1282, 73, -2, -2, 5000, '2025-02-04 04:55:23', 'order', 3052, 'Versand', 6634),
(1283, 43, -1, -1, 5000, '2025-02-04 08:08:56', 'Bestandseingabe', 0, '', 0),
(1284, 220, -1, -2, 5000, '2025-02-04 08:10:19', 'Bestandseingabe', 0, '', 0),
(1285, 220, -2, -1, 5000, '2025-02-05 05:00:28', 'order', 3049, 'Versand', 6635),
(1286, 252, -2, -1, 5000, '2025-02-05 05:00:28', 'order', 3049, 'Versand', 6636),
(1287, 91, -1, -35, 5000, '2025-02-05 08:02:44', 'Bestandseingabe', 0, '', 0),
(1288, 35, -1, -1, 5000, '2025-02-05 08:03:12', 'Bestandseingabe', 0, '', 0),
(1289, 91, -1, 35, 5000, '2025-02-05 08:07:28', 'Bestandseingabe', 0, '', 0),
(1290, 243, -2, -1, 5000, '2025-02-06 04:51:28', 'order', 3056, 'Versand', 6643),
(1291, 63, -1, -1, 5000, '2025-02-06 07:45:28', 'Bestandseingabe', 0, '', 0),
(1292, 20, -1, -1, 5000, '2025-02-06 07:45:44', 'Bestandseingabe', 0, '', 0),
(1293, 21, -1, -2, 5000, '2025-02-06 07:46:18', 'Bestandseingabe', 0, '', 0),
(1294, 43, -1, -1, 5000, '2025-02-06 07:47:03', 'Bestandseingabe', 0, '', 0),
(1295, 131, -1, -1, 5000, '2025-02-09 10:16:20', 'Bestandseingabe', 0, '', 0),
(1296, 27, -2, -1, 5000, '2025-02-10 05:01:46', 'order', 3063, 'Versand', 6648),
(1297, 278, -2, -1, 5000, '2025-02-10 05:01:46', 'order', 3063, 'Versand', 6649),
(1298, 119, -2, -1, 5000, '2025-02-10 05:01:46', 'order', 3063, 'Versand', 6650),
(1299, 278, -1, -1, 5000, '2025-02-10 09:25:27', 'Bestandseingabe', 0, '', 0),
(1300, 76, -1, -1, 5000, '2025-02-11 08:05:22', 'Bestandseingabe', 0, '', 0),
(1301, 51, -2, -1, 5000, '2025-02-12 04:52:00', 'order', 3066, 'Versand', 6657),
(1302, 16, -2, -1, 5000, '2025-02-12 04:52:00', 'order', 3066, 'Versand', 6656),
(1303, 0, 73, 6, 5000, '2025-02-14 08:08:10', '', 0, '', 0),
(1304, 144, -1, -2, 5000, '2025-02-16 09:43:31', 'Bestandseingabe', 0, '', 0),
(1305, 212, -1, -6, 5000, '2025-02-17 04:35:29', 'Bestandseingabe', 0, '', 0),
(1306, 53, -2, -1, 5000, '2025-02-17 04:36:55', 'order', 3071, 'Versand', 6661),
(1307, 130, -2, -1, 5000, '2025-02-17 04:36:55', 'order', 3072, 'Versand', 6662),
(1308, 149, -1, -4, 5000, '2025-02-18 04:53:56', 'Bestandseingabe', 0, '', 0),
(1309, 24, -1, -1, 5000, '2025-02-18 04:56:22', 'Bestandseingabe', 0, '', 0),
(1310, 128, -2, -1, 5000, '2025-02-18 05:01:46', 'order', 3074, 'Versand', 6665),
(1311, 73, -1, -1, 5000, '2025-02-18 07:47:47', 'Bestandseingabe', 0, '', 0),
(1312, 94, -2, -1, 5000, '2025-02-20 05:37:46', 'order', 3075, 'Versand', 6667),
(1313, 35, -2, -1, 5000, '2025-02-20 05:37:46', 'order', 3075, 'Versand', 6668),
(1314, 52, -2, -1, 5000, '2025-02-20 05:37:46', 'order', 3075, 'Versand', 6666),
(1315, 78, -2, -1, 5000, '2025-02-20 05:37:46', 'order', 3076, 'Versand', 6669),
(1316, 67, -2, -1, 5000, '2025-02-20 05:37:46', 'order', 3076, 'Versand', 6670),
(1317, 0, 261, 12, 5000, '2025-02-21 08:18:07', '', 0, '', 0),
(1318, 97, -1, -1, 5000, '2025-02-21 08:51:15', 'Bestandseingabe', 0, '', 0),
(1319, 182, -1, -1, 5000, '2025-02-24 04:32:37', 'Bestandseingabe', 0, '', 0),
(1320, 218, -1, -1, 5000, '2025-02-24 04:33:06', 'Bestandseingabe', 0, '', 0),
(1321, 97, -2, -1, 5000, '2025-02-26 04:43:43', 'order', 3080, 'Versand', 6674),
(1322, 54, -2, -1, 5000, '2025-02-26 04:43:43', 'order', 3080, 'Versand', 6676),
(1323, 59, -2, -1, 5000, '2025-02-26 04:43:43', 'order', 3080, 'Versand', 6673),
(1324, 67, -2, -1, 5000, '2025-02-26 04:43:43', 'order', 3080, 'Versand', 6677),
(1325, 51, -2, -1, 5000, '2025-02-26 04:43:43', 'order', 3080, 'Versand', 6678),
(1326, 16, -2, -1, 5000, '2025-02-26 04:43:43', 'order', 3080, 'Versand', 6675),
(1327, 237, -1, -1, 5000, '2025-02-26 06:42:33', 'Bestandseingabe', 0, '', 0),
(1328, 0, 59, 6, 5000, '2025-02-26 06:43:55', '', 0, '', 0),
(1329, 0, 67, 6, 5000, '2025-02-26 06:44:17', '', 0, '', 0),
(1330, 0, 51, 6, 5000, '2025-02-26 06:44:41', '', 0, '', 0),
(1331, 0, 16, 6, 5000, '2025-02-26 06:45:08', '', 0, '', 0),
(1332, 52, -1, -1, 5000, '2025-03-03 04:21:47', 'Bestandseingabe', 0, '', 0),
(1333, 223, -1, -1, 5000, '2025-03-03 04:22:04', 'Bestandseingabe', 0, '', 0),
(1334, 157, -2, -1, 5000, '2025-03-04 04:54:50', 'order', 3089, 'Versand', 6691),
(1335, 162, -2, -1, 5000, '2025-03-04 04:54:50', 'order', 3089, 'Versand', 6690),
(1336, 191, -2, -1, 5000, '2025-03-04 04:54:50', 'order', 3089, 'Versand', 6692),
(1337, 220, -2, -1, 5000, '2025-03-04 04:54:50', 'order', 3089, 'Versand', 6693),
(1338, 59, -1, -1, 5000, '2025-03-04 08:14:40', 'Bestandseingabe', 0, '', 0),
(1339, 97, -1, -1, 5000, '2025-03-04 08:17:33', 'Bestandseingabe', 0, '', 0),
(1340, 14, -1, -1, 5000, '2025-03-04 08:18:02', 'Bestandseingabe', 0, '', 0),
(1341, 51, -1, -1, 5000, '2025-03-04 08:18:23', 'Bestandseingabe', 0, '', 0),
(1342, 54, -2, -1, 5000, '2025-03-05 04:57:35', 'order', 3091, 'Versand', 6697),
(1343, 63, -2, -1, 5000, '2025-03-05 04:57:35', 'order', 3091, 'Versand', 6696),
(1344, 70, -2, -1, 5000, '2025-03-05 04:57:35', 'order', 3091, 'Versand', 6698),
(1345, 149, -2, -1, 5000, '2025-03-05 04:57:35', 'order', 3093, 'Versand', 6700),
(1346, 163, -2, -1, 5000, '2025-03-05 04:57:35', 'order', 3093, 'Versand', 6702),
(1347, 181, -2, -1, 5000, '2025-03-05 04:57:35', 'order', 3093, 'Versand', 6701),
(1348, 51, -2, -1, 5000, '2025-03-05 04:57:35', 'order', 3093, 'Versand', 6699),
(1349, 119, -2, -1, 5000, '2025-03-05 04:57:35', 'order', 3093, 'Versand', 6703),
(1350, 186, -2, -1, 5000, '2025-03-05 04:57:35', 'order', 3096, 'Versand', 6704),
(1351, 273, -2, -2, 5000, '2025-03-10 04:43:05', 'order', 3097, 'Versand', 6710),
(1352, 51, -2, -1, 5000, '2025-03-14 06:22:58', 'order', 3099, 'Versand', 6716),
(1353, 63, -1, -1, 5000, '2025-03-14 09:04:04', 'Bestandseingabe', 0, '', 0),
(1354, 0, 130, 6, 5000, '2025-03-14 09:05:19', '', 0, '', 0),
(1355, 0, 119, 6, 5000, '2025-03-14 09:05:38', '', 0, '', 0),
(1356, 76, -1, -1, 5000, '2025-03-14 09:20:52', 'Bestandseingabe', 0, '', 0),
(1357, 97, -1, -1, 5000, '2025-03-14 09:21:16', 'Bestandseingabe', 0, '', 0),
(1358, 51, -1, -2, 5000, '2025-03-17 08:09:21', 'Bestandseingabe', 0, '', 0),
(1359, 266, -1, -1, 5000, '2025-03-20 09:12:26', 'Bestandseingabe', 0, '', 0),
(1360, 131, -2, -2, 5000, '2025-03-21 05:52:28', 'order', 3090, 'Versand', 6720),
(1361, 181, -2, -1, 5000, '2025-03-21 05:52:28', 'order', 3090, 'Versand', 6722),
(1362, 223, -2, -1, 5000, '2025-03-21 05:52:28', 'order', 3090, 'Versand', 6721),
(1363, 54, -2, -2, 5000, '2025-03-25 04:50:08', 'order', 3101, 'Versand', 6723),
(1364, 53, -2, -2, 5000, '2025-03-25 04:50:08', 'order', 3101, 'Versand', 6724),
(1365, 53, -2, -1, 5000, '2025-03-25 04:50:08', 'order', 3105, 'Versand', 6727),
(1366, 81, -2, -1, 5000, '2025-03-25 04:50:08', 'order', 3108, 'Versand', 6730),
(1367, 54, -2, -1, 5000, '2025-03-25 04:50:08', 'order', 3108, 'Versand', 6729),
(1368, 58, -2, -1, 5000, '2025-03-25 04:50:08', 'order', 3108, 'Versand', 6731),
(1369, 53, -2, -1, 5000, '2025-03-25 04:50:08', 'order', 3108, 'Versand', 6732),
(1370, 127, -2, -1, 5000, '2025-03-25 04:50:08', 'order', 3108, 'Versand', 6733),
(1371, 147, -2, -1, 5000, '2025-03-25 04:50:08', 'order', 3109, 'Versand', 6735),
(1372, 168, -2, -1, 5000, '2025-03-25 04:50:08', 'order', 3109, 'Versand', 6741),
(1373, 182, -2, -1, 5000, '2025-03-25 04:50:08', 'order', 3109, 'Versand', 6734),
(1374, 220, -2, -1, 5000, '2025-03-25 04:50:08', 'order', 3109, 'Versand', 6737);
INSERT INTO `storage_products_transfer` (`storage_products_transfer_id`, `source_storage_products_id`, `target_storage_products_id`, `quantity`, `editor`, `date_added`, `reason_class`, `reason_id`, `reason_subclass`, `shipping_products_id`) VALUES
(1375, 214, -2, -2, 5000, '2025-03-25 04:50:08', 'order', 3109, 'Versand', 6738),
(1376, 223, -2, -1, 5000, '2025-03-25 04:50:08', 'order', 3109, 'Versand', 6736),
(1377, 225, -2, -1, 5000, '2025-03-25 04:50:08', 'order', 3109, 'Versand', 6739),
(1378, 124, -2, -1, 5000, '2025-03-25 04:50:08', 'order', 3109, 'Versand', 6740),
(1379, 159, -1, -3, 5000, '2025-03-25 05:09:18', 'Bestandseingabe', 0, '', 0),
(1380, 202, -1, -1, 5000, '2025-03-26 05:20:52', 'Bestandseingabe', 0, '', 0),
(1381, 224, -1, -1, 5000, '2025-03-26 05:21:24', 'Bestandseingabe', 0, '', 0),
(1382, 153, -1, -1, 5000, '2025-03-26 05:21:42', 'Bestandseingabe', 0, '', 0),
(1383, 157, -1, -1, 5000, '2025-03-26 05:22:02', 'Bestandseingabe', 0, '', 0),
(1384, 93, -2, -1, 5000, '2025-03-26 09:27:00', 'order', 3110, 'Versand', 6743),
(1385, 80, -2, -1, 5000, '2025-03-26 09:27:00', 'order', 3110, 'Versand', 6742),
(1386, 273, -1, -1, 5000, '2025-03-27 04:43:49', 'Bestandseingabe', 0, '', 0),
(1387, 10, -1, -1, 5000, '2025-03-27 04:44:05', 'Bestandseingabe', 0, '', 0),
(1388, 134, -2, -5, 5000, '2025-04-01 03:56:09', 'order', 3112, 'Versand', 6748),
(1389, 10, -1, -1, 5000, '2025-04-01 06:56:51', 'Bestandseingabe', 0, '', 0),
(1390, 21, -1, -1, 5000, '2025-04-01 06:57:13', 'Bestandseingabe', 0, '', 0),
(1391, 51, -2, -1, 5000, '2025-04-02 03:47:47', 'order', 3114, 'Versand', 6751),
(1392, 10, -2, -1, 5000, '2025-04-02 03:47:47', 'order', 3114, 'Versand', 6750),
(1393, 52, -2, -1, 5000, '2025-04-02 03:47:47', 'order', 3115, 'Versand', 6752),
(1394, 70, -2, -1, 5000, '2025-04-04 04:55:50', 'order', 3117, 'Versand', 6753),
(1395, 52, -2, -1, 5000, '2025-04-04 04:55:50', 'order', 3117, 'Versand', 6754),
(1396, 137, -2, -1, 5000, '2025-04-14 04:05:17', 'order', 3122, 'Versand', 6770),
(1397, 158, -2, -1, 5000, '2025-04-14 04:05:17', 'order', 3122, 'Versand', 6773),
(1398, 179, -2, -1, 5000, '2025-04-14 04:05:17', 'order', 3122, 'Versand', 6768),
(1399, 203, -2, -1, 5000, '2025-04-14 04:05:17', 'order', 3122, 'Versand', 6769),
(1400, 217, -2, -1, 5000, '2025-04-14 04:05:17', 'order', 3122, 'Versand', 6771),
(1401, 228, -2, -1, 5000, '2025-04-14 04:05:17', 'order', 3122, 'Versand', 6772),
(1402, 58, -2, -1, 5000, '2025-04-16 03:47:20', 'order', 3123, 'Versand', 6777),
(1403, 34, -2, -1, 5000, '2025-04-16 03:47:20', 'order', 3123, 'Versand', 6776),
(1404, 53, -2, -1, 5000, '2025-04-16 03:47:20', 'order', 3123, 'Versand', 6775),
(1405, 16, -2, -1, 5000, '2025-04-16 03:47:20', 'order', 3123, 'Versand', 6774),
(1406, 169, -2, -1, 5000, '2025-04-25 04:20:42', 'order', 3128, 'Versand', 6784),
(1407, 179, -2, -1, 5000, '2025-04-25 04:20:42', 'order', 3128, 'Versand', 6781),
(1408, 203, -2, -1, 5000, '2025-04-25 04:20:42', 'order', 3128, 'Versand', 6782),
(1409, 221, -2, -1, 5000, '2025-04-25 04:20:42', 'order', 3128, 'Versand', 6783),
(1410, 0, 51, 6, 5000, '2025-04-25 09:25:39', '', 0, '', 0),
(1411, 0, 53, 6, 5000, '2025-04-25 09:28:14', '', 0, '', 0),
(1412, 96, -2, -1, 4999, '2025-04-29 03:56:05', 'order', 3130, 'Versand', 6785),
(1413, 251, -2, -1, 5000, '2025-04-30 03:48:42', 'order', 3129, 'Versand', 6786),
(1414, 50, -2, -1, 5000, '2025-04-30 03:48:42', 'order', 3131, 'Versand', 6787),
(1415, 117, -2, -2, 5000, '2025-05-05 04:05:32', 'order', 3134, 'Versand', 6789),
(1416, 118, -2, -2, 5000, '2025-05-05 04:05:32', 'order', 3136, 'Versand', 6790),
(1417, 125, -2, -1, 5000, '2025-05-08 02:07:57', 'order', 3133, 'Versand', 6791),
(1418, 278, -2, -1, 5000, '2025-05-08 02:07:57', 'order', 3135, 'Versand', 6792),
(1419, 37, -1, -1, 5000, '2025-05-12 07:20:33', 'Bestandseingabe', 0, '', 0),
(1420, 85, -1, -1, 5000, '2025-05-12 07:21:31', 'Bestandseingabe', 0, '', 0),
(1421, 20, -2, -1, 5000, '2025-05-13 03:51:55', 'order', 3139, 'Versand', 6795),
(1422, 0, 125, 6, 5000, '2025-05-17 11:54:45', '', 0, '', 0),
(1423, 0, 117, 6, 5000, '2025-05-17 11:55:03', '', 0, '', 0),
(1424, 0, 118, 6, 5000, '2025-05-17 11:55:18', '', 0, '', 0),
(1425, 0, 37, 6, 5000, '2025-05-17 11:56:02', '', 0, '', 0),
(1426, 0, 227, 12, 5000, '2025-05-17 11:56:52', '', 0, '', 0),
(1427, 0, 63, 6, 5000, '2025-05-19 03:36:37', '', 0, '', 0),
(1428, 128, -2, -1, 5000, '2025-05-19 04:04:31', 'order', 3142, 'Versand', 6797),
(1429, 130, -2, -2, 5000, '2025-05-19 04:04:31', 'order', 3143, 'Versand', 6798),
(1430, 123, -2, -1, 5000, '2025-05-19 04:04:31', 'order', 3143, 'Versand', 6801),
(1431, 125, -2, -1, 5000, '2025-05-19 04:04:31', 'order', 3143, 'Versand', 6799),
(1432, 117, -2, -2, 5000, '2025-05-19 04:04:31', 'order', 3143, 'Versand', 6800),
(1433, 17, -2, -1, 5000, '2025-05-20 04:05:12', 'order', 3145, 'Versand', 6804),
(1434, 97, -2, -1, 5000, '2025-05-21 04:09:02', 'order', 3147, 'Versand', 6808),
(1435, 63, -2, -1, 5000, '2025-05-21 04:09:02', 'order', 3147, 'Versand', 6809),
(1436, 73, -2, -1, 5000, '2025-05-21 04:09:02', 'order', 3147, 'Versand', 6810),
(1437, 36, -2, -1, 5000, '2025-05-21 04:09:02', 'order', 3147, 'Versand', 6811),
(1438, 119, -2, -1, 5000, '2025-05-21 04:09:02', 'order', 3152, 'Versand', 6813),
(1439, 132, -2, -1, 4999, '2025-05-22 04:10:45', 'order', 3153, 'Versand', 6818),
(1440, 202, -2, -1, 4999, '2025-05-22 04:10:45', 'order', 3153, 'Versand', 6814),
(1441, 34, -2, -1, 4999, '2025-05-22 04:10:45', 'order', 3153, 'Versand', 6817),
(1442, 51, -2, -1, 4999, '2025-05-22 04:10:45', 'order', 3153, 'Versand', 6816),
(1443, 52, -2, -1, 4999, '2025-05-22 04:10:45', 'order', 3153, 'Versand', 6815),
(1444, 36, -1, -1, 5000, '2025-05-22 08:11:27', 'Bestandseingabe', 0, '', 0),
(1445, 73, -1, -1, 5000, '2025-05-22 08:11:45', 'Bestandseingabe', 0, '', 0),
(1446, 63, -1, -1, 5000, '2025-05-22 08:12:14', 'Bestandseingabe', 0, '', 0),
(1447, 97, -1, -1, 5000, '2025-05-22 08:13:03', 'Bestandseingabe', 0, '', 0),
(1448, 119, -2, -1, 5000, '2025-06-02 03:50:28', 'order', 3159, 'Versand', 6822),
(1449, 259, -2, -2, 5000, '2025-06-03 03:33:49', 'order', 3141, 'Versand', 6824),
(1450, 96, -2, -1, 5000, '2025-06-03 03:33:49', 'order', 3158, 'Versand', 6827),
(1451, 78, -2, -1, 5000, '2025-06-03 03:33:49', 'order', 3158, 'Versand', 6828),
(1452, 59, -2, -1, 5000, '2025-06-03 03:33:49', 'order', 3158, 'Versand', 6826),
(1453, 97, -2, -1, 5000, '2025-06-03 03:33:49', 'order', 3161, 'Versand', 6837),
(1454, 83, -2, -1, 5000, '2025-06-03 03:33:49', 'order', 3161, 'Versand', 6836),
(1455, 63, -2, -1, 5000, '2025-06-03 03:33:49', 'order', 3161, 'Versand', 6835),
(1456, 267, -1, -1, 5000, '2025-06-04 08:27:28', 'Bestandseingabe', 0, '', 0),
(1457, 51, -1, -1, 5000, '2025-06-04 08:27:46', 'Bestandseingabe', 0, '', 0),
(1458, 52, -1, -1, 5000, '2025-06-04 08:28:04', 'Bestandseingabe', 0, '', 0),
(1459, 10, -1, -1, 5000, '2025-06-04 08:28:24', 'Bestandseingabe', 0, '', 0),
(1460, 63, -1, -1, 5000, '2025-06-04 08:28:54', 'Bestandseingabe', 0, '', 0),
(1461, 99, -1, -1, 5000, '2025-06-04 08:29:15', 'Bestandseingabe', 0, '', 0),
(1462, 247, -1, -1, 5000, '2025-06-05 03:36:23', 'Bestandseingabe', 0, '', 0),
(1463, 93, -2, -1, 5000, '2025-06-11 03:52:15', 'order', 3165, 'Versand', 6841),
(1464, 54, -2, -1, 5000, '2025-06-11 03:52:15', 'order', 3165, 'Versand', 6842),
(1465, 53, -2, -1, 5000, '2025-06-11 03:52:15', 'order', 3165, 'Versand', 6843),
(1466, 116, -2, -1, 5000, '2025-06-11 03:52:15', 'order', 3165, 'Versand', 6844),
(1467, 36, -2, -1, 5000, '2025-06-11 03:52:15', 'order', 3166, 'Versand', 6845),
(1468, 169, -2, -1, 5000, '2025-06-13 05:29:13', 'order', 3167, 'Versand', 6848),
(1469, 168, -2, -1, 5000, '2025-06-13 05:29:13', 'order', 3167, 'Versand', 6849),
(1470, 56, -2, -2, 5000, '2025-06-13 05:29:13', 'order', 3167, 'Versand', 6846),
(1471, 73, -2, -2, 5000, '2025-06-13 05:29:13', 'order', 3167, 'Versand', 6847),
(1472, 272, -1, -1, 5000, '2025-06-27 07:28:19', 'Bestandseingabe', 0, '', 0),
(1473, 266, -1, -1, 5000, '2025-06-27 07:28:55', 'Bestandseingabe', 0, '', 0),
(1474, 268, -2, -1, 5000, '2025-06-30 04:05:09', 'order', 3172, 'Versand', 6853),
(1475, 94, -2, -1, 5000, '2025-06-30 04:05:09', 'order', 3175, 'Versand', 6854),
(1476, 129, -2, -2, 5000, '2025-06-30 04:05:09', 'order', 3177, 'Versand', 6856),
(1477, 127, -2, -1, 5000, '2025-06-30 04:05:09', 'order', 3177, 'Versand', 6858),
(1478, 125, -2, -1, 5000, '2025-06-30 04:05:09', 'order', 3177, 'Versand', 6859),
(1479, 115, -2, -1, 5000, '2025-06-30 04:05:09', 'order', 3177, 'Versand', 6857),
(1480, 239, -2, -1, 5000, '2025-07-01 03:46:33', 'order', 3178, 'Versand', 6861),
(1481, 237, -2, -1, 5000, '2025-07-01 03:46:33', 'order', 3178, 'Versand', 6860),
(1482, 267, -1, -1, 5000, '2025-07-02 07:56:30', 'Bestandseingabe', 0, '', 0),
(1483, 268, -1, -1, 5000, '2025-07-02 07:56:54', 'Bestandseingabe', 0, '', 0),
(1484, 14, -1, -1, 5000, '2025-07-02 07:57:36', 'Bestandseingabe', 0, '', 0),
(1485, 0, 97, 6, 5000, '2025-07-02 07:58:38', '', 0, '', 0),
(1486, 0, 96, 6, 5000, '2025-07-02 07:59:05', '', 0, '', 0),
(1487, 0, 93, 6, 5000, '2025-07-02 07:59:28', '', 0, '', 0),
(1488, 138, -2, -1, 5000, '2025-07-11 05:22:41', 'order', 3181, 'Versand', 6864),
(1489, 152, -2, -1, 5000, '2025-07-11 05:22:41', 'order', 3181, 'Versand', 6865),
(1490, 149, -2, -2, 5000, '2025-07-11 05:22:41', 'order', 3181, 'Versand', 6866),
(1491, 164, -2, -1, 5000, '2025-07-11 05:22:41', 'order', 3182, 'Versand', 6868),
(1492, 243, -1, -1, 5000, '2025-07-11 07:58:43', 'Bestandseingabe', 0, '', 0),
(1493, 73, -1, -1, 5000, '2025-07-11 08:00:29', 'Bestandseingabe', 0, '', 0),
(1494, 36, -2, -1, 5000, '2025-07-14 03:58:03', 'order', 3183, 'Versand', 6869),
(1495, 127, -2, -1, 5000, '2025-07-14 03:58:03', 'order', 3184, 'Versand', 6871),
(1496, 116, -2, -1, 5000, '2025-07-14 03:58:03', 'order', 3184, 'Versand', 6873),
(1497, 117, -2, -1, 5000, '2025-07-14 03:58:03', 'order', 3184, 'Versand', 6872),
(1498, 122, -2, -1, 5000, '2025-07-14 03:58:03', 'order', 3184, 'Versand', 6870),
(1499, 132, -2, -1, 5000, '2025-07-17 07:12:32', 'order', 3174, 'Versand', 6875),
(1500, 119, -2, -2, 5000, '2025-07-23 04:06:44', 'order', 3185, 'Versand', 6876),
(1501, 107, -2, -1, 5000, '2025-07-23 04:06:44', 'order', 3186, 'Versand', 6878),
(1502, 97, -1, -1, 5000, '2025-07-25 14:05:34', 'Bestandseingabe', 0, '', 0),
(1503, 243, -1, -2, 5000, '2025-07-28 07:26:33', 'Bestandseingabe', 0, '', 0),
(1504, 47, -2, -1, 5000, '2025-07-31 04:09:01', 'order', 3192, 'Versand', 6883),
(1505, 34, -2, -3, 5000, '2025-08-01 03:58:11', 'order', 3193, 'Versand', 6884),
(1506, 52, -2, -2, 5000, '2025-08-01 03:58:11', 'order', 3193, 'Versand', 6885),
(1507, 0, 243, 12, 5000, '2025-08-01 12:25:30', '', 0, '', 0),
(1508, 0, 86, 6, 5000, '2025-08-01 12:26:47', '', 0, '', 0),
(1509, 0, 76, 6, 5000, '2025-08-01 12:27:09', '', 0, '', 0),
(1510, 14, -1, -1, 5000, '2025-08-05 03:56:56', 'Bestandseingabe', 0, '', 0),
(1511, 0, 54, 1002, 5000, '2025-08-05 03:57:28', '', 0, '', 0),
(1512, 77, -1, -1, 5000, '2025-08-05 03:58:04', 'Bestandseingabe', 0, '', 0),
(1513, 38, -1, -1, 5000, '2025-08-05 03:58:24', 'Bestandseingabe', 0, '', 0),
(1514, 67, -2, -1, 5000, '2025-08-06 04:34:06', 'order', 3196, 'Versand', 6887),
(1515, 70, -2, -1, 5000, '2025-08-06 04:34:06', 'order', 3196, 'Versand', 6888),
(1516, 54, -2, -1, 5000, '2025-08-06 04:34:06', 'order', 3195, 'Versand', 6890),
(1517, 14, -2, -1, 5000, '2025-08-06 04:34:06', 'order', 3195, 'Versand', 6889),
(1518, 127, -2, -3, 5000, '2025-08-06 04:34:06', 'order', 3195, 'Versand', 6891),
(1519, 149, -2, -1, 5000, '2025-08-12 03:42:42', 'order', 3197, 'Versand', 6896),
(1520, 147, -2, -1, 5000, '2025-08-12 03:42:42', 'order', 3197, 'Versand', 6893),
(1521, 169, -2, -1, 5000, '2025-08-12 03:42:42', 'order', 3197, 'Versand', 6892),
(1522, 181, -2, -1, 5000, '2025-08-12 03:42:42', 'order', 3197, 'Versand', 6897),
(1523, 179, -2, -1, 5000, '2025-08-12 03:42:42', 'order', 3197, 'Versand', 6898),
(1524, 197, -2, -1, 5000, '2025-08-12 03:42:42', 'order', 3197, 'Versand', 6894),
(1525, 211, -2, -1, 5000, '2025-08-12 03:42:42', 'order', 3197, 'Versand', 6899),
(1526, 206, -2, -1, 5000, '2025-08-12 03:42:42', 'order', 3197, 'Versand', 6900),
(1527, 228, -2, -1, 5000, '2025-08-12 03:42:42', 'order', 3197, 'Versand', 6895),
(1528, 0, 54, 6, 5000, '2025-08-12 16:41:31', '', 0, '', 0),
(1529, 0, 34, 6, 5000, '2025-08-12 16:41:57', '', 0, '', 0),
(1530, 0, 14, 6, 5000, '2025-08-12 16:42:17', '', 0, '', 0),
(1531, 0, 127, 6, 5000, '2025-08-12 16:42:49', '', 0, '', 0),
(1532, 30, -1, -1, 5000, '2025-08-19 08:25:40', 'Bestandseingabe', 0, '', 0),
(1533, 266, -2, -1, 5000, '2025-08-20 03:56:02', 'order', 3202, 'Versand', 6906),
(1534, 128, -2, -2, 5000, '2025-08-20 03:56:02', 'order', 3204, 'Versand', 6908),
(1535, 75, -1, -1, 5000, '2025-08-22 08:56:31', 'Bestandseingabe', 0, '', 0),
(1536, 0, 275, 6, 5000, '2025-08-22 09:09:13', '', 0, '', 0),
(1537, 0, 277, 6, 5000, '2025-08-22 09:09:46', '', 0, '', 0),
(1538, 0, 279, 6, 5000, '2025-08-22 09:10:18', '', 0, '', 0),
(1539, 0, 30, 6, 5000, '2025-08-22 09:12:05', '', 0, '', 0),
(1540, 0, 31, 6, 5000, '2025-08-22 09:12:21', '', 0, '', 0),
(1541, 0, 211, 12, 5000, '2025-08-22 09:12:43', '', 0, '', 0),
(1542, 0, 210, 12, 5000, '2025-08-22 09:13:03', '', 0, '', 0),
(1543, 197, -2, -3, 5000, '2025-08-24 04:02:37', 'order', 3205, 'Versand', 6911),
(1544, 211, -2, -12, 5000, '2025-08-24 04:02:37', 'order', 3205, 'Versand', 6909),
(1545, 210, -2, -10, 5000, '2025-08-24 04:02:37', 'order', 3205, 'Versand', 6910),
(1546, 88, -2, -1, 5000, '2025-08-24 04:02:38', 'order', 3206, 'Versand', 6916),
(1547, 61, -2, -1, 5000, '2025-08-24 04:02:38', 'order', 3206, 'Versand', 6915),
(1548, 48, -2, -1, 5000, '2025-08-24 04:02:38', 'order', 3206, 'Versand', 6912),
(1549, 49, -2, -1, 5000, '2025-08-24 04:02:38', 'order', 3206, 'Versand', 6914),
(1550, 13, -2, -1, 5000, '2025-08-24 04:02:38', 'order', 3206, 'Versand', 6913),
(1551, 129, -2, -1, 5000, '2025-08-24 04:02:38', 'order', 3207, 'Versand', 6917),
(1552, 119, -2, -1, 5000, '2025-08-24 04:02:38', 'order', 3207, 'Versand', 6919),
(1553, 122, -2, -1, 5000, '2025-08-24 04:02:38', 'order', 3207, 'Versand', 6918),
(1554, 273, -2, -1, 5000, '2025-08-24 04:02:38', 'order', 3210, 'Versand', 6924),
(1555, 14, -2, -1, 5000, '2025-08-26 04:06:05', 'order', 3212, 'Versand', 6926),
(1556, 58, -1, 5, 5000, '2025-08-27 05:05:32', 'Bestandseingabe', 0, '', 0),
(1557, 272, -2, -1, 5000, '2025-08-27 05:57:10', 'order', 3213, 'Versand', 6927),
(1558, 272, -1, -1, 5000, '2025-08-28 05:17:44', 'Bestandseingabe', 0, '', 0),
(1559, 264, -2, -1, 5000, '2025-08-29 02:22:09', 'order', 3215, 'Versand', 6930),
(1560, 260, -2, -1, 5000, '2025-08-29 02:22:09', 'order', 3215, 'Versand', 6931),
(1561, 53, -2, -1, 5000, '2025-09-02 05:01:32', 'order', 3220, 'Versand', 6938),
(1562, 69, -2, -1, 5000, '2025-09-04 04:42:08', 'order', 3221, 'Versand', 6940),
(1563, 74, -2, -1, 5000, '2025-09-04 04:42:08', 'order', 3221, 'Versand', 6939),
(1564, 14, -2, -1, 5000, '2025-09-04 04:42:08', 'order', 3221, 'Versand', 6941),
(1565, 261, -2, -4, 5000, '2025-09-08 07:40:30', 'order', 3225, 'Versand', 6949),
(1566, 272, -2, -1, 5000, '2025-09-10 07:57:58', 'order', 3227, 'Versand', 6954),
(1567, 275, -2, -2, 5000, '2025-09-10 07:57:58', 'order', 3227, 'Versand', 6950),
(1568, 276, -2, -1, 5000, '2025-09-10 07:57:58', 'order', 3227, 'Versand', 6953),
(1569, 277, -2, -1, 5000, '2025-09-10 07:57:58', 'order', 3227, 'Versand', 6951),
(1570, 282, -2, -1, 5000, '2025-09-10 07:57:58', 'order', 3227, 'Versand', 6952),
(1571, 0, 273, 3, 5000, '2025-09-13 04:15:05', '', 0, '', 0),
(1572, 0, 129, 6, 5000, '2025-09-13 04:16:53', '', 0, '', 0),
(1573, 0, 128, 6, 5000, '2025-09-13 04:17:17', '', 0, '', 0),
(1574, 0, 119, 6, 5000, '2025-09-13 04:17:43', '', 0, '', 0),
(1575, 92, -2, -1, 5000, '2025-09-15 03:32:25', 'order', 3229, 'Versand', 6956),
(1576, 34, -2, -1, 5000, '2025-09-16 03:30:43', 'order', 3230, 'Versand', 6957),
(1577, 35, -1, -1, 5000, '2025-09-16 08:05:36', 'Bestandseingabe', 0, '', 0),
(1578, 268, -2, -1, 5000, '2025-09-18 05:15:48', 'order', 3231, 'Versand', 6958),
(1579, 47, -1, -1, 5000, '2025-09-19 07:25:17', 'Bestandseingabe', 0, '', 0),
(1580, 251, -2, -1, 5000, '2025-09-23 03:35:47', 'order', 3235, 'Versand', 6962),
(1581, 131, -2, -1, 5000, '2025-09-23 03:35:47', 'order', 3236, 'Versand', 6963),
(1582, 132, -2, -1, 5000, '2025-09-23 03:35:47', 'order', 3236, 'Versand', 6965),
(1583, 178, -2, -1, 5000, '2025-09-23 03:35:47', 'order', 3236, 'Versand', 6964),
(1584, 138, -2, -1, 5000, '2025-09-23 03:35:47', 'order', 3238, 'Versand', 6967),
(1585, 211, -2, -1, 5000, '2025-09-23 03:35:47', 'order', 3238, 'Versand', 6970),
(1586, 210, -2, -1, 5000, '2025-09-23 03:35:47', 'order', 3238, 'Versand', 6968),
(1587, 206, -2, -1, 5000, '2025-09-23 03:35:47', 'order', 3238, 'Versand', 6969),
(1588, 67, -2, -1, 5000, '2025-09-24 03:33:11', 'order', 3239, 'Versand', 6972),
(1589, 43, -2, 4, 5000, '2025-09-24 03:33:11', 'order', 3239, 'Versand', 6971),
(1590, 184, -2, -1, 5000, '2025-09-30 05:51:58', 'order', 3243, 'Versand', 6975),
(1591, 213, -2, -1, 5000, '2025-09-30 05:51:58', 'order', 3243, 'Versand', 6974),
(1592, 117, -2, -1, 5000, '2025-09-30 05:51:58', 'order', 3244, 'Versand', 6977),
(1593, 118, -2, -1, 5000, '2025-09-30 05:51:58', 'order', 3244, 'Versand', 6976),
(1594, 152, -2, -1, 5000, '2025-10-02 04:18:08', 'order', 3240, 'Versand', 6980),
(1595, 168, -2, -1, 5000, '2025-10-02 04:18:08', 'order', 3240, 'Versand', 6978),
(1596, 228, -2, -2, 5000, '2025-10-02 04:18:08', 'order', 3240, 'Versand', 6979),
(1597, 16, -2, -2, 5000, '2025-10-02 04:18:08', 'order', 3241, 'Versand', 6981),
(1598, 52, -1, -1, 5000, '2025-10-02 06:17:49', 'Bestandseingabe', 0, '', 0),
(1599, 277, -2, -1, 4999, '2025-10-07 04:09:09', 'order', 3246, 'Versand', 6983),
(1600, 131, -2, -1, 5000, '2025-10-08 07:37:33', 'order', 3233, 'Versand', 6991),
(1601, 163, -2, -1, 5000, '2025-10-08 07:37:33', 'order', 3233, 'Versand', 6989),
(1602, 97, -2, -1, 5000, '2025-10-08 07:37:33', 'order', 3233, 'Versand', 6990),
(1603, 199, -1, 999, 5000, '2025-10-09 07:55:08', 'inventur', 0, '', 0),
(1604, 0, 199, 2, 5000, '2025-10-09 07:55:13', '', 0, '', 0),
(1605, 142, -2, -8, 5000, '2025-10-10 07:11:56', 'order', 3249, 'Versand', 6994),
(1606, 199, -2, -2, 5000, '2025-10-10 07:11:56', 'order', 3249, 'Versand', 6995),
(1607, 155, -2, -1, 5000, '2025-10-12 03:56:35', 'order', 3251, 'Versand', 7000),
(1608, 183, -2, -1, 5000, '2025-10-12 03:56:35', 'order', 3251, 'Versand', 6997),
(1609, 182, -2, -1, 5000, '2025-10-12 03:56:35', 'order', 3251, 'Versand', 7002),
(1610, 198, -2, -1, 5000, '2025-10-12 03:56:35', 'order', 3251, 'Versand', 6996),
(1611, 205, -2, -1, 5000, '2025-10-12 03:56:35', 'order', 3251, 'Versand', 6998),
(1612, 217, -2, -1, 5000, '2025-10-12 03:56:35', 'order', 3251, 'Versand', 6999),
(1613, 226, -2, -1, 5000, '2025-10-12 03:56:35', 'order', 3251, 'Versand', 7001),
(1614, 27, -2, -1, 5000, '2025-10-13 03:54:23', 'order', 3252, 'Versand', 7007),
(1615, 29, -2, -1, 5000, '2025-10-13 03:54:23', 'order', 3252, 'Versand', 7005),
(1616, 39, -2, -1, 5000, '2025-10-13 03:54:23', 'order', 3252, 'Versand', 7006),
(1617, 277, -2, -1, 5000, '2025-10-13 03:54:23', 'order', 3252, 'Versand', 7003),
(1618, 278, -2, -1, 5000, '2025-10-13 03:54:23', 'order', 3252, 'Versand', 7004),
(1619, 142, -2, -1, 5000, '2025-10-17 03:50:50', 'order', 3260, 'Versand', 7014),
(1620, 178, -2, -1, 5000, '2025-10-17 03:50:50', 'order', 3260, 'Versand', 7015),
(1621, 192, -2, -1, 5000, '2025-10-17 03:50:50', 'order', 3260, 'Versand', 7016),
(1622, 211, -2, -1, 5000, '2025-10-17 03:50:50', 'order', 3260, 'Versand', 7017),
(1623, 88, -2, -1, 5000, '2025-10-17 03:50:50', 'order', 3260, 'Versand', 7013),
(1624, 80, -1, -3, 5000, '2025-10-17 15:23:48', 'Bestandseingabe', 0, '', 0),
(1625, 152, -1, -6, 5000, '2025-10-17 15:24:38', 'Bestandseingabe', 0, '', 0),
(1626, 19, -1, -1, 5000, '2025-10-17 15:25:06', 'Bestandseingabe', 0, '', 0),
(1627, 74, -1, -3, 5000, '2025-10-17 15:25:29', 'Bestandseingabe', 0, '', 0),
(1628, 105, -2, -3, 5000, '2025-10-19 03:43:52', 'order', 3261, 'Versand', 7018),
(1629, 240, -2, -1, 5000, '2025-10-19 03:43:52', 'order', 3266, 'Versand', 7026),
(1630, 147, -2, -1, 5000, '2025-10-19 03:43:52', 'order', 3265, 'Versand', 7025),
(1631, 167, -2, -1, 5000, '2025-10-19 03:43:52', 'order', 3265, 'Versand', 7024),
(1632, 161, -2, -1, 5000, '2025-10-19 03:43:52', 'order', 3265, 'Versand', 7023),
(1633, 198, -2, -1, 5000, '2025-10-19 03:43:52', 'order', 3265, 'Versand', 7022),
(1634, 201, -2, -1, 5000, '2025-10-19 03:43:52', 'order', 3265, 'Versand', 7021),
(1635, 231, -2, -1, 5000, '2025-10-19 03:43:52', 'order', 3265, 'Versand', 7020),
(1636, 52, -2, -1, 5000, '2025-10-22 03:53:18', 'order', 3259, 'Versand', 7028),
(1637, 186, -2, -1, 5000, '2025-10-22 03:53:18', 'order', 3263, 'Versand', 7030),
(1638, 214, -2, -1, 5000, '2025-10-22 03:53:18', 'order', 3263, 'Versand', 7033),
(1639, 226, -2, -1, 5000, '2025-10-22 03:53:18', 'order', 3263, 'Versand', 7029),
(1640, 80, -2, -1, 5000, '2025-10-22 03:53:18', 'order', 3263, 'Versand', 7032),
(1641, 12, -2, -1, 5000, '2025-10-22 03:53:18', 'order', 3263, 'Versand', 7031),
(1642, 52, -1, 2, 5000, '2025-10-22 16:46:23', 'inventur', 0, '', 0),
(1643, 0, 52, 998, 5000, '2025-10-22 16:47:37', '', 0, '', 0),
(1644, 51, -1, -1, 5000, '2025-10-22 16:48:06', 'Bestandseingabe', 0, '', 0),
(1645, 63, -1, -1, 5000, '2025-10-22 16:48:26', 'Bestandseingabe', 0, '', 0),
(1646, 0, 74, 6, 5000, '2025-10-22 16:50:01', '', 0, '', 0),
(1647, 0, 35, 6, 5000, '2025-10-22 16:50:46', '', 0, '', 0),
(1648, 0, 99, 6, 5000, '2025-10-22 16:51:45', '', 0, '', 0),
(1649, 0, 80, 6, 5000, '2025-10-22 16:53:09', '', 0, '', 0),
(1650, 0, 52, 6, 5000, '2025-10-22 16:53:36', '', 0, '', 0),
(1651, 0, 152, 12, 5000, '2025-10-22 16:54:08', '', 0, '', 0),
(1652, 0, 105, 6, 5000, '2025-10-22 16:57:26', '', 0, '', 0),
(1653, 44, -1, -1, 5000, '2025-10-22 16:58:42', 'Bestandseingabe', 0, '', 0),
(1654, 77, -1, -1, 5000, '2025-10-22 16:59:05', 'Bestandseingabe', 0, '', 0),
(1655, 159, -2, -1, 5000, '2025-10-24 03:44:14', 'order', 3269, 'Versand', 7043),
(1656, 152, -2, -1, 5000, '2025-10-24 03:44:14', 'order', 3269, 'Versand', 7042),
(1657, 181, -2, -1, 5000, '2025-10-24 03:44:14', 'order', 3269, 'Versand', 7044),
(1658, 154, -2, -4, 5000, '2025-10-24 03:44:14', 'order', 3270, 'Versand', 7045),
(1659, 130, -2, -1, 5000, '2025-10-28 05:19:15', 'order', 3272, 'Versand', 7051),
(1660, 129, -2, -1, 5000, '2025-10-28 05:19:15', 'order', 3272, 'Versand', 7047),
(1661, 127, -2, -1, 5000, '2025-10-28 05:19:15', 'order', 3272, 'Versand', 7049),
(1662, 128, -2, -1, 5000, '2025-10-28 05:19:15', 'order', 3272, 'Versand', 7048),
(1663, 115, -2, -1, 5000, '2025-10-28 05:19:15', 'order', 3272, 'Versand', 7050),
(1664, 208, -1, -1, 5000, '2025-10-29 06:25:14', 'Bestandseingabe', 0, '', 0),
(1665, 231, -1, -1, 5000, '2025-10-29 06:25:39', 'Bestandseingabe', 0, '', 0),
(1666, 179, -1, -1, 5000, '2025-10-29 06:25:58', 'Bestandseingabe', 0, '', 0),
(1667, 192, -1, -1, 5000, '2025-10-29 06:26:16', 'Bestandseingabe', 0, '', 0),
(1668, 234, -1, -1, 5000, '2025-10-29 06:27:05', 'Bestandseingabe', 0, '', 0),
(1669, 275, -2, -1, 5000, '2025-10-29 06:29:26', 'order', 3278, 'Versand', 7062),
(1670, 179, -1, -1, 5000, '2025-10-29 06:33:07', 'Bestandseingabe', 0, '', 0),
(1671, 15, -1, -1, 5000, '2025-10-29 08:40:44', 'Bestandseingabe', 0, '', 0),
(1672, 20, -1, -1, 5000, '2025-10-29 08:41:13', 'Bestandseingabe', 0, '', 0),
(1673, 273, -1, -1, 5000, '2025-10-29 08:41:29', 'Bestandseingabe', 0, '', 0),
(1674, 220, -2, -3, 5000, '2025-10-30 06:45:11', 'order', 3279, 'Versand', 7065),
(1675, 49, -1, -1, 5000, '2025-10-30 07:49:33', 'Bestandseingabe', 0, '', 0),
(1676, 54, -2, -1, 5000, '2025-10-31 06:54:36', 'order', 3257, 'Versand', 7066),
(1677, 227, -2, -1, 5000, '2025-10-31 06:54:36', 'order', 3281, 'Versand', 7071),
(1678, 225, -2, -1, 5000, '2025-10-31 06:54:36', 'order', 3281, 'Versand', 7072),
(1679, 63, -1, -1, 5000, '2025-10-31 08:35:52', 'Bestandseingabe', 0, '', 0),
(1680, 237, -1, -1, 5000, '2025-10-31 08:36:19', 'Bestandseingabe', 0, '', 0),
(1681, 87, -1, -1, 5000, '2025-10-31 08:36:57', 'Bestandseingabe', 0, '', 0),
(1682, 39, -1, -1, 5000, '2025-10-31 08:37:16', 'Bestandseingabe', 0, '', 0),
(1683, 10, -1, -1, 5000, '2025-10-31 08:37:33', 'Bestandseingabe', 0, '', 0),
(1684, 0, 63, 6, 5000, '2025-10-31 09:09:29', '', 0, '', 0),
(1685, 0, 66, 6, 5000, '2025-10-31 09:09:52', '', 0, '', 0),
(1686, 0, 32, 6, 5000, '2025-10-31 09:31:38', '', 0, '', 0),
(1687, 0, 44, 6, 5000, '2025-10-31 09:33:29', '', 0, '', 0),
(1688, 0, 154, 12, 5000, '2025-10-31 09:34:12', '', 0, '', 0),
(1689, 183, -1, -1, 5000, '2025-11-03 05:11:15', 'Bestandseingabe', 0, '', 0),
(1690, 221, -1, -1, 5000, '2025-11-03 05:11:34', 'Bestandseingabe', 0, '', 0),
(1691, 132, -1, -1, 5000, '2025-11-03 05:11:52', 'Bestandseingabe', 0, '', 0),
(1692, 164, -1, -1, 5000, '2025-11-03 05:12:14', 'Bestandseingabe', 0, '', 0),
(1693, 153, -1, -1, 5000, '2025-11-03 05:12:35', 'Bestandseingabe', 0, '', 0),
(1694, 152, -1, -1, 5000, '2025-11-03 05:12:52', 'Bestandseingabe', 0, '', 0),
(1695, 149, -1, -1, 5000, '2025-11-03 05:13:16', 'Bestandseingabe', 0, '', 0),
(1696, 162, -1, -1, 5000, '2025-11-03 05:13:39', 'Bestandseingabe', 0, '', 0),
(1697, 184, -1, -1, 5000, '2025-11-03 05:13:53', 'Bestandseingabe', 0, '', 0),
(1698, 202, -1, -1, 5000, '2025-11-03 05:14:16', 'Bestandseingabe', 0, '', 0),
(1699, 179, -1, -1, 5000, '2025-11-03 05:14:30', 'Bestandseingabe', 0, '', 0),
(1700, 173, -1, -1, 5000, '2025-11-03 05:14:55', 'Bestandseingabe', 0, '', 0),
(1701, 195, -1, -1, 5000, '2025-11-03 05:15:16', 'Bestandseingabe', 0, '', 0),
(1702, 223, -1, -1, 5000, '2025-11-03 05:15:39', 'Bestandseingabe', 0, '', 0),
(1703, 212, -1, -1, 5000, '2025-11-03 05:15:58', 'Bestandseingabe', 0, '', 0),
(1704, 214, -1, -1, 5000, '2025-11-03 05:16:21', 'Bestandseingabe', 0, '', 0),
(1705, 220, -1, -1, 5000, '2025-11-03 05:16:43', 'Bestandseingabe', 0, '', 0),
(1706, 129, -1, -2, 5000, '2025-11-03 05:17:21', 'Bestandseingabe', 0, '', 0),
(1707, 123, -1, -1, 5000, '2025-11-03 05:17:36', 'Bestandseingabe', 0, '', 0),
(1708, 125, -1, -1, 5000, '2025-11-03 05:17:48', 'Bestandseingabe', 0, '', 0),
(1709, 124, -1, -2, 5000, '2025-11-03 05:18:05', 'Bestandseingabe', 0, '', 0),
(1710, 115, -1, -2, 5000, '2025-11-03 05:18:17', 'Bestandseingabe', 0, '', 0),
(1711, 78, -2, -1, 5000, '2025-11-03 05:54:34', 'order', 3286, 'Versand', 7075),
(1712, 19, -2, -1, 5000, '2025-11-03 05:54:34', 'order', 3286, 'Versand', 7076),
(1713, 13, -2, -1, 5000, '2025-11-03 05:54:34', 'order', 3286, 'Versand', 7077),
(1714, 136, -2, -1, 5000, '2025-11-04 06:14:38', 'order', 3285, 'Versand', 7082),
(1715, 183, -2, -1, 5000, '2025-11-04 06:14:38', 'order', 3285, 'Versand', 7081),
(1716, 206, -2, -2, 5000, '2025-11-04 06:14:38', 'order', 3285, 'Versand', 7080),
(1717, 220, -2, -2, 5000, '2025-11-04 06:14:38', 'order', 3285, 'Versand', 7079),
(1718, 191, -2, -1, 5000, '2025-11-04 06:14:38', 'order', 3289, 'Versand', 7084),
(1719, 66, -2, -1, 5000, '2025-11-05 05:36:52', 'order', 3291, 'Versand', 7087),
(1720, 52, -2, -1, 5000, '2025-11-06 06:25:18', 'order', 3287, 'Versand', 7088),
(1721, 267, -1, -1, 5000, '2025-11-07 09:38:48', 'Bestandseingabe', 0, '', 0),
(1722, 0, 267, 6, 5000, '2025-11-07 09:39:00', '', 0, '', 0),
(1723, 0, 52, 6, 5000, '2025-11-07 09:39:24', '', 0, '', 0),
(1724, 0, 19, 6, 5000, '2025-11-07 09:39:41', '', 0, '', 0),
(1725, 0, 134, 12, 5000, '2025-11-07 09:40:09', '', 0, '', 0),
(1726, 0, 149, 12, 5000, '2025-11-07 09:40:39', '', 0, '', 0),
(1727, 0, 208, 12, 5000, '2025-11-07 09:41:29', '', 0, '', 0),
(1728, 0, 206, 12, 5000, '2025-11-07 09:42:15', '', 0, '', 0),
(1729, 0, 220, 12, 5000, '2025-11-07 09:43:00', '', 0, '', 0),
(1730, 0, 115, 6, 5000, '2025-11-07 09:44:48', '', 0, '', 0),
(1731, 52, -2, -2, 5000, '2025-11-10 05:34:29', 'order', 3299, 'Versand', 7098),
(1732, 123, -2, -1, 5000, '2025-11-10 05:34:29', 'order', 3300, 'Versand', 7099),
(1733, 115, -2, -1, 5000, '2025-11-10 05:34:29', 'order', 3300, 'Versand', 7100),
(1734, 88, -2, -1, 5000, '2025-11-10 05:34:29', 'order', 3301, 'Versand', 7102),
(1735, 39, -2, -1, 5000, '2025-11-10 05:34:29', 'order', 3301, 'Versand', 7101),
(1736, 63, -1, -1, 5000, '2025-11-10 08:49:26', 'Bestandseingabe', 0, '', 0),
(1737, 147, -1, -1, 5000, '2025-11-10 08:49:43', 'Bestandseingabe', 0, '', 0),
(1738, 179, -1, -1, 5000, '2025-11-10 08:49:59', 'Bestandseingabe', 0, '', 0),
(1739, 203, -1, -1, 5000, '2025-11-10 08:50:16', 'Bestandseingabe', 0, '', 0),
(1740, 224, -1, -1, 5000, '2025-11-10 08:50:35', 'Bestandseingabe', 0, '', 0),
(1741, 223, -1, -1, 5000, '2025-11-10 08:50:53', 'Bestandseingabe', 0, '', 0),
(1742, 223, -1, 1, 5000, '2025-11-10 08:50:58', 'inventur', 0, '', 0),
(1743, 0, 223, 1011, 5000, '2025-11-10 08:51:03', '', 0, '', 0),
(1744, 222, -1, -1, 5000, '2025-11-10 08:51:29', 'Bestandseingabe', 0, '', 0),
(1745, 129, -2, -1, 5000, '2025-11-11 05:53:59', 'order', 3304, 'Versand', 7110),
(1746, 105, -2, -3, 5000, '2025-11-11 05:53:59', 'order', 3305, 'Versand', 7111),
(1747, 245, -2, -1, 5000, '2025-11-11 05:53:59', 'order', 3306, 'Versand', 7115),
(1748, 244, -2, -1, 5000, '2025-11-11 05:53:59', 'order', 3306, 'Versand', 7114),
(1749, 243, -2, -1, 5000, '2025-11-11 05:53:59', 'order', 3306, 'Versand', 7112),
(1750, 239, -2, -1, 5000, '2025-11-11 05:53:59', 'order', 3306, 'Versand', 7116),
(1751, 232, -2, -1, 5000, '2025-11-11 05:53:59', 'order', 3306, 'Versand', 7113),
(1752, 35, -2, -1, 5000, '2025-11-11 05:53:59', 'order', 3307, 'Versand', 7117),
(1753, 40, -2, -1, 5000, '2025-11-11 05:53:59', 'order', 3307, 'Versand', 7118),
(1754, 282, -2, -1, 5000, '2025-11-12 05:54:28', 'order', 3298, 'Versand', 7119),
(1755, 18, -1, -1, 5000, '2025-11-13 07:26:38', 'Bestandseingabe', 0, '', 0),
(1756, 56, -2, -1, 5000, '2025-11-14 05:31:13', 'order', 3309, 'Versand', 7121),
(1757, 73, -1, -1, 5000, '2025-11-14 07:37:15', 'Bestandseingabe', 0, '', 0),
(1758, 0, 73, 6, 5000, '2025-11-14 07:39:33', '', 0, '', 0),
(1759, 0, 79, 1006, 5000, '2025-11-14 07:40:15', '', 0, '', 0),
(1760, 0, 24, 6, 5000, '2025-11-14 07:42:02', '', 0, '', 0),
(1761, 80, -2, -1, 5000, '2025-11-17 06:19:00', 'order', 3310, 'Versand', 7122),
(1762, 16, -2, -1, 5000, '2025-11-17 06:19:00', 'order', 3312, 'Versand', 7124),
(1763, 207, -2, -1, 5000, '2025-11-17 06:19:00', 'order', 3313, 'Versand', 7126),
(1764, 268, -2, -1, 5000, '2025-11-17 06:19:00', 'order', 3314, 'Versand', 7127),
(1765, 207, -1, -1, 5000, '2025-11-18 05:44:30', 'Bestandseingabe', 0, '', 0),
(1766, 80, -1, -1, 5000, '2025-11-18 05:44:52', 'Bestandseingabe', 0, '', 0),
(1767, 16, -1, -1, 5000, '2025-11-18 05:45:12', 'Bestandseingabe', 0, '', 0),
(1768, 44, -1, -1, 5000, '2025-11-18 05:46:01', 'Bestandseingabe', 0, '', 0),
(1769, 38, -1, -1, 5000, '2025-11-18 05:46:19', 'Bestandseingabe', 0, '', 0),
(1770, 38, -1, -1, 5000, '2025-11-18 05:46:28', 'Bestandseingabe', 0, '', 0),
(1771, 149, -1, -1, 5000, '2025-11-18 05:47:00', 'Bestandseingabe', 0, '', 0),
(1772, 173, -1, -1, 5000, '2025-11-18 05:47:17', 'Bestandseingabe', 0, '', 0),
(1773, 19, -1, -1, 5000, '2025-11-18 05:50:34', 'Bestandseingabe', 0, '', 0),
(1774, 124, -2, -1, 5000, '2025-11-18 06:54:05', 'order', 3317, 'Versand', 7131),
(1775, 125, -2, -1, 5000, '2025-11-18 06:54:05', 'order', 3317, 'Versand', 7132),
(1776, 169, -2, -1, 5000, '2025-11-18 06:54:05', 'order', 3319, 'Versand', 7135),
(1777, 168, -2, -2, 5000, '2025-11-18 06:54:05', 'order', 3319, 'Versand', 7133),
(1778, 228, -2, -1, 5000, '2025-11-18 06:54:05', 'order', 3319, 'Versand', 7136),
(1779, 54, -2, -1, 5000, '2025-11-18 06:54:05', 'order', 3319, 'Versand', 7134),
(1780, 51, -2, -1, 5000, '2025-11-18 06:54:05', 'order', 3320, 'Versand', 7138),
(1781, 12, -2, -1, 5000, '2025-11-18 06:54:05', 'order', 3320, 'Versand', 7137),
(1782, 169, -1, 1, 5000, '2025-11-18 08:53:14', 'inventur', 0, '', 0),
(1783, 0, 169, 1002, 5000, '2025-11-18 08:53:17', '', 0, '', 0),
(1784, 168, -1, 1, 5000, '2025-11-18 08:53:31', 'inventur', 0, '', 0),
(1785, 0, 168, 999, 5000, '2025-11-18 08:53:35', '', 0, '', 0),
(1786, 51, -1, 2, 5000, '2025-11-18 08:54:17', 'inventur', 0, '', 0),
(1787, 0, 51, 1002, 5000, '2025-11-18 08:54:38', '', 0, '', 0),
(1788, 237, -1, -1, 5000, '2025-11-19 05:26:23', 'Bestandseingabe', 0, '', 0),
(1789, 234, -1, -1, 5000, '2025-11-19 05:27:06', 'Bestandseingabe', 0, '', 0),
(1790, 77, -1, -1, 5000, '2025-11-19 05:27:26', 'Bestandseingabe', 0, '', 0),
(1791, 15, -1, -1, 5000, '2025-11-19 05:27:49', 'Bestandseingabe', 0, '', 0),
(1792, 264, -2, -2, 5000, '2025-11-19 06:30:28', 'order', 3322, 'Versand', 7140),
(1793, 94, -2, -1, 5000, '2025-11-19 06:30:28', 'order', 3323, 'Versand', 7142),
(1794, 56, -2, -1, 5000, '2025-11-19 06:30:28', 'order', 3324, 'Versand', 7143),
(1795, 73, -2, -1, 5000, '2025-11-19 06:30:28', 'order', 3324, 'Versand', 7144),
(1796, 237, -1, 2, 5000, '2025-11-19 08:08:18', 'inventur', 0, '', 0),
(1797, 0, 237, 1002, 5000, '2025-11-19 08:08:21', '', 0, '', 0),
(1798, 124, -2, -1, 5000, '2025-11-20 06:43:25', 'order', 3325, 'Versand', 7145),
(1799, 144, -2, -1, 5000, '2025-11-21 06:59:35', 'order', 3327, 'Versand', 7150),
(1800, 140, -2, -1, 5000, '2025-11-21 06:59:35', 'order', 3327, 'Versand', 7151),
(1801, 155, -2, -1, 5000, '2025-11-21 06:59:35', 'order', 3327, 'Versand', 7152),
(1802, 154, -2, -1, 5000, '2025-11-21 06:59:35', 'order', 3327, 'Versand', 7149),
(1803, 153, -2, -1, 5000, '2025-11-21 06:59:35', 'order', 3327, 'Versand', 7153),
(1804, 184, -2, -1, 5000, '2025-11-21 06:59:35', 'order', 3327, 'Versand', 7148),
(1805, 268, -2, -1, 5000, '2025-11-21 06:59:35', 'order', 3328, 'Versand', 7155),
(1806, 279, -2, -1, 5000, '2025-11-21 06:59:35', 'order', 3328, 'Versand', 7154),
(1807, 152, -2, -4, 5000, '2025-11-21 06:59:35', 'order', 3330, 'Versand', 7157),
(1808, 0, 268, 6, 5000, '2025-11-21 09:26:21', '', 0, '', 0),
(1809, 0, 28, 6, 5000, '2025-11-21 09:26:46', '', 0, '', 0),
(1810, 0, 38, 6, 5000, '2025-11-21 09:27:30', '', 0, '', 0),
(1811, 0, 169, 12, 5000, '2025-11-21 09:28:04', '', 0, '', 0),
(1812, 0, 168, 12, 5000, '2025-11-21 09:28:58', '', 0, '', 0),
(1813, 0, 124, 6, 5000, '2025-11-21 09:34:06', '', 0, '', 0),
(1814, 0, 125, 6, 5000, '2025-11-21 09:34:48', '', 0, '', 0),
(1815, 68, -1, -1, 5000, '2025-11-24 05:33:35', 'Bestandseingabe', 0, '', 0),
(1816, 273, -2, -1, 5000, '2025-11-24 05:43:15', 'order', 3334, 'Versand', 7163),
(1817, 88, -2, -1, 5000, '2025-11-24 05:43:15', 'order', 3336, 'Versand', 7165),
(1818, 89, -2, -1, 5000, '2025-11-24 05:43:15', 'order', 3336, 'Versand', 7167),
(1819, 78, -2, -1, 5000, '2025-11-24 05:43:15', 'order', 3336, 'Versand', 7166),
(1820, 66, -2, -1, 5000, '2025-11-24 05:43:15', 'order', 3336, 'Versand', 7168),
(1821, 260, -2, -1, 5000, '2025-11-24 05:43:15', 'order', 3337, 'Versand', 7172),
(1822, 112, -2, -1, 5000, '2025-11-24 05:43:15', 'order', 3337, 'Versand', 7171),
(1823, 131, -2, -1, 5000, '2025-11-24 05:43:15', 'order', 3340, 'Versand', 7174),
(1824, 132, -2, -1, 5000, '2025-11-24 05:43:15', 'order', 3340, 'Versand', 7175),
(1825, 93, -2, -1, 5000, '2025-11-24 05:43:15', 'order', 3340, 'Versand', 7173),
(1826, 270, -2, -1, 5000, '2025-11-24 05:43:15', 'order', 3344, 'Versand', 7178),
(1827, 281, -2, -1, 5000, '2025-11-24 05:43:15', 'order', 3344, 'Versand', 7177),
(1828, 15, -1, -1, 5000, '2025-11-24 08:54:09', 'Bestandseingabe', 0, '', 0),
(1829, 80, -2, -1, 5000, '2025-11-25 06:18:41', 'order', 3342, 'Versand', 7179),
(1830, 67, -2, -1, 5000, '2025-11-25 06:18:41', 'order', 3342, 'Versand', 7180),
(1831, 93, -2, -1, 5000, '2025-11-25 06:18:41', 'order', 3346, 'Versand', 7183),
(1832, 73, -2, -1, 5000, '2025-11-25 06:18:41', 'order', 3346, 'Versand', 7182),
(1833, 74, -2, -1, 5000, '2025-11-25 06:18:41', 'order', 3346, 'Versand', 7181),
(1834, 134, -2, -1, 5000, '2025-11-25 06:18:41', 'order', 3348, 'Versand', 7184),
(1835, 263, -2, -1, 5000, '2025-11-26 05:57:25', 'order', 3350, 'Versand', 7200),
(1836, 262, -2, -1, 5000, '2025-11-26 05:57:25', 'order', 3350, 'Versand', 7199),
(1837, 36, -2, -1, 5000, '2025-11-26 05:57:25', 'order', 3351, 'Versand', 7201),
(1838, 268, -2, -1, 5000, '2025-11-26 05:57:25', 'order', 3351, 'Versand', 7202),
(1839, 77, -2, -1, 5000, '2025-11-26 05:57:25', 'order', 3354, 'Versand', 7204),
(1840, 18, -2, -1, 5000, '2025-11-26 05:57:25', 'order', 3354, 'Versand', 7205),
(1841, 81, -2, -1, 5000, '2025-11-26 05:57:25', 'order', 3355, 'Versand', 7206),
(1842, 0, 237, 12, 5000, '2025-11-26 09:29:09', '', 0, '', 0),
(1843, 0, 56, 6, 5000, '2025-11-26 09:29:30', '', 0, '', 0),
(1844, 0, 51, 6, 5000, '2025-11-26 09:29:50', '', 0, '', 0),
(1845, 15, -1, -1, 5000, '2025-11-27 06:16:08', 'Bestandseingabe', 0, '', 0),
(1846, 19, -1, -1, 5000, '2025-11-27 06:16:23', 'Bestandseingabe', 0, '', 0),
(1847, 63, -1, -1, 5000, '2025-11-27 06:16:48', 'Bestandseingabe', 0, '', 0),
(1848, 89, -1, -1, 5000, '2025-11-27 06:17:05', 'Bestandseingabe', 0, '', 0),
(1849, 77, -1, -1, 5000, '2025-11-27 06:17:26', 'Bestandseingabe', 0, '', 0),
(1850, 147, -1, -1, 5000, '2025-11-27 06:18:18', 'Bestandseingabe', 0, '', 0),
(1851, 172, -1, -1, 5000, '2025-11-27 06:18:33', 'Bestandseingabe', 0, '', 0),
(1852, 164, -1, -1, 5000, '2025-11-27 06:18:53', 'Bestandseingabe', 0, '', 0),
(1853, 163, -1, -1, 5000, '2025-11-27 06:19:35', 'Bestandseingabe', 0, '', 0),
(1854, 223, -1, -1, 5000, '2025-11-27 06:19:57', 'Bestandseingabe', 0, '', 0),
(1855, 177, -1, -1, 5000, '2025-11-27 06:20:18', 'Bestandseingabe', 0, '', 0),
(1856, 173, -1, -1, 5000, '2025-11-27 06:20:33', 'Bestandseingabe', 0, '', 0),
(1857, 55, -1, -1, 5000, '2025-11-27 06:20:48', 'Bestandseingabe', 0, '', 0),
(1858, 80, -1, -1, 5000, '2025-11-27 06:21:20', 'Bestandseingabe', 0, '', 0),
(1859, 34, -2, -1, 5000, '2025-11-27 06:27:17', 'order', 3345, 'Versand', 7211),
(1860, 36, -2, -1, 5000, '2025-11-27 06:27:17', 'order', 3345, 'Versand', 7210),
(1861, 51, -2, -1, 5000, '2025-11-27 06:27:17', 'order', 3345, 'Versand', 7209),
(1862, 52, -2, -1, 5000, '2025-11-27 06:27:17', 'order', 3345, 'Versand', 7208),
(1863, 16, -2, -1, 5000, '2025-11-27 06:27:17', 'order', 3345, 'Versand', 7207),
(1864, 164, -2, -1, 5000, '2025-11-27 06:27:17', 'order', 3357, 'Versand', 7214),
(1865, 173, -2, -1, 5000, '2025-11-27 06:27:17', 'order', 3357, 'Versand', 7213),
(1866, 131, -2, -1, 5000, '2025-11-27 06:27:17', 'order', 3358, 'Versand', 7215),
(1867, 262, -2, -1, 5000, '2025-11-27 06:27:17', 'order', 3358, 'Versand', 7223),
(1868, 255, -2, -1, 5000, '2025-11-27 06:27:17', 'order', 3358, 'Versand', 7222),
(1869, 257, -2, -1, 5000, '2025-11-27 06:27:17', 'order', 3358, 'Versand', 7221),
(1870, 258, -2, -1, 5000, '2025-11-27 06:27:17', 'order', 3358, 'Versand', 7220),
(1871, 259, -2, -1, 5000, '2025-11-27 06:27:17', 'order', 3358, 'Versand', 7219),
(1872, 247, -2, -1, 5000, '2025-11-27 06:27:17', 'order', 3358, 'Versand', 7218),
(1873, 252, -2, -1, 5000, '2025-11-27 06:27:17', 'order', 3358, 'Versand', 7217),
(1874, 34, -2, -1, 5000, '2025-11-27 06:27:17', 'order', 3359, 'Versand', 7224),
(1875, 35, -2, -1, 5000, '2025-11-28 06:14:00', 'order', 3363, 'Versand', 7229),
(1876, 51, -2, -1, 5000, '2025-11-28 06:14:00', 'order', 3363, 'Versand', 7230),
(1877, 16, -2, -1, 5000, '2025-11-28 06:14:00', 'order', 3363, 'Versand', 7228),
(1878, 245, -2, -1, 5000, '2025-11-28 06:14:00', 'order', 3364, 'Versand', 7231),
(1879, 243, -2, -1, 5000, '2025-11-28 06:14:00', 'order', 3364, 'Versand', 7232),
(1880, 278, -2, -1, 5000, '2025-11-28 06:14:00', 'order', 3365, 'Versand', 7236),
(1881, 96, -2, -5, 5000, '2025-11-28 08:07:13', 'order', 3353, 'Versand', 7238),
(1882, 84, -2, -5, 5000, '2025-11-28 08:07:13', 'order', 3353, 'Versand', 7239),
(1883, 89, -2, -5, 5000, '2025-11-28 08:07:13', 'order', 3353, 'Versand', 7240),
(1884, 77, -2, -5, 5000, '2025-11-28 08:07:13', 'order', 3353, 'Versand', 7241),
(1885, 80, -2, -5, 5000, '2025-11-28 08:07:13', 'order', 3353, 'Versand', 7242),
(1886, 83, -2, -5, 5000, '2025-11-28 08:07:13', 'order', 3353, 'Versand', 7243),
(1887, 63, -2, -10, 5000, '2025-11-28 08:07:13', 'order', 3353, 'Versand', 7244),
(1888, 67, -2, -5, 5000, '2025-11-28 08:07:13', 'order', 3353, 'Versand', 7245),
(1889, 38, -2, -5, 5000, '2025-11-28 08:07:13', 'order', 3353, 'Versand', 7246),
(1890, 44, -2, -5, 5000, '2025-11-28 08:07:13', 'order', 3353, 'Versand', 7247),
(1891, 48, -2, -5, 5000, '2025-11-28 08:07:13', 'order', 3353, 'Versand', 7248),
(1892, 53, -2, -5, 5000, '2025-11-28 08:07:13', 'order', 3353, 'Versand', 7249),
(1893, 13, -2, -5, 5000, '2025-11-28 08:07:13', 'order', 3353, 'Versand', 7250),
(1894, 15, -2, -5, 5000, '2025-11-28 08:07:13', 'order', 3353, 'Versand', 7237),
(1895, 0, 96, 6, 5000, '2025-11-28 09:34:39', '', 0, '', 0),
(1896, 0, 84, 6, 5000, '2025-11-28 09:34:59', '', 0, '', 0),
(1897, 0, 77, 6, 5000, '2025-11-28 09:35:46', '', 0, '', 0),
(1898, 0, 79, 6, 5000, '2025-11-28 09:36:05', '', 0, '', 0),
(1899, 0, 80, 6, 5000, '2025-11-28 09:36:23', '', 0, '', 0),
(1900, 0, 83, 6, 5000, '2025-11-28 09:36:48', '', 0, '', 0),
(1901, 0, 63, 12, 5000, '2025-11-28 09:37:10', '', 0, '', 0),
(1902, 0, 67, 6, 5000, '2025-11-28 09:37:31', '', 0, '', 0),
(1903, 0, 38, 6, 5000, '2025-11-28 09:37:55', '', 0, '', 0),
(1904, 0, 44, 6, 5000, '2025-11-28 09:38:18', '', 0, '', 0),
(1905, 0, 48, 6, 5000, '2025-11-28 09:38:41', '', 0, '', 0),
(1906, 0, 53, 6, 5000, '2025-11-28 09:39:02', '', 0, '', 0),
(1907, 0, 13, 6, 5000, '2025-11-28 09:39:21', '', 0, '', 0),
(1908, 0, 15, 6, 5000, '2025-11-28 09:39:55', '', 0, '', 0),
(1909, 265, -1, 3, 5000, '2025-11-28 09:42:45', 'inventur', 0, '', 0),
(1910, 0, 265, 1012, 5000, '2025-11-28 09:42:55', '', 0, '', 0),
(1911, 0, 88, 6, 5000, '2025-11-28 09:43:48', '', 0, '', 0),
(1912, 0, 68, 6, 5000, '2025-11-28 09:44:11', '', 0, '', 0),
(1913, 59, -1, -1, 5000, '2025-11-30 07:24:17', 'Bestandseingabe', 0, '', 0),
(1914, 173, -1, -1, 5000, '2025-11-30 07:24:49', 'Bestandseingabe', 0, '', 0),
(1915, 219, -1, -1, 5000, '2025-11-30 07:25:57', 'Bestandseingabe', 0, '', 0),
(1916, 225, -1, -1, 5000, '2025-11-30 07:26:26', 'Bestandseingabe', 0, '', 0),
(1917, 188, -1, -1, 5000, '2025-11-30 07:26:58', 'Bestandseingabe', 0, '', 0),
(1918, 134, -1, -1, 5000, '2025-11-30 07:27:32', 'Bestandseingabe', 0, '', 0),
(1919, 152, -1, -1, 5000, '2025-11-30 07:27:49', 'Bestandseingabe', 0, '', 0),
(1920, 227, -1, -1, 5000, '2025-11-30 07:28:46', 'Bestandseingabe', 0, '', 0),
(1921, 239, -1, -1, 5000, '2025-11-30 07:29:34', 'Bestandseingabe', 0, '', 0),
(1922, 234, -1, -1, 5000, '2025-11-30 07:29:52', 'Bestandseingabe', 0, '', 0),
(1923, 234, -1, -1, 5000, '2025-11-30 07:30:48', 'Bestandseingabe', 0, '', 0),
(1924, 263, -2, -1, 5000, '2025-11-30 07:43:22', 'order', 3366, 'Versand', 7253),
(1925, 247, -2, -1, 5000, '2025-11-30 07:43:22', 'order', 3366, 'Versand', 7254),
(1926, 12, -2, -1, 5000, '2025-11-30 07:43:22', 'order', 3367, 'Versand', 7256),
(1927, 15, -2, -1, 5000, '2025-11-30 07:43:22', 'order', 3367, 'Versand', 7255),
(1928, 149, -2, -1, 5000, '2025-11-30 07:43:22', 'order', 3371, 'Versand', 7257),
(1929, 208, -2, -1, 5000, '2025-11-30 07:43:22', 'order', 3371, 'Versand', 7258),
(1930, 236, -2, -2, 5000, '2025-11-30 07:43:22', 'order', 3371, 'Versand', 7259),
(1931, 264, -2, -2, 5000, '2025-11-30 07:43:22', 'order', 3372, 'Versand', 7263),
(1932, 263, -2, -2, 5000, '2025-11-30 07:43:22', 'order', 3372, 'Versand', 7262),
(1933, 262, -2, -2, 5000, '2025-11-30 07:43:22', 'order', 3372, 'Versand', 7261),
(1934, 260, -2, -3, 5000, '2025-11-30 07:43:22', 'order', 3372, 'Versand', 7260),
(1935, 84, -2, -1, 5000, '2025-11-30 07:43:22', 'order', 3376, 'Versand', 7266),
(1936, 260, -1, 1, 5000, '2025-12-01 05:05:05', 'inventur', 0, '', 0),
(1937, 0, 260, 1003, 5000, '2025-12-01 05:05:09', '', 0, '', 0),
(1938, 247, -1, 2, 5000, '2025-12-01 05:05:32', 'inventur', 0, '', 0),
(1939, 0, 247, 1006, 5000, '2025-12-01 05:05:37', '', 0, '', 0),
(1940, 234, -1, -2, 5000, '2025-12-01 05:45:07', 'Bestandseingabe', 0, '', 0),
(1941, 15, -1, -1, 5000, '2025-12-01 05:45:55', 'Bestandseingabe', 0, '', 0),
(1942, 173, -1, -2, 5000, '2025-12-01 05:46:26', 'Bestandseingabe', 0, '', 0),
(1943, 179, -1, -2, 5000, '2025-12-01 05:46:54', 'Bestandseingabe', 0, '', 0),
(1944, 198, -1, -3, 5000, '2025-12-01 05:47:20', 'Bestandseingabe', 0, '', 0),
(1945, 53, -2, -1, 5000, '2025-12-01 05:54:25', 'order', 3379, 'Versand', 7269),
(1946, 271, -2, -1, 5000, '2025-12-01 05:54:25', 'order', 3380, 'Versand', 7270),
(1947, 123, -2, -1, 5000, '2025-12-01 05:54:25', 'order', 3383, 'Versand', 7272),
(1948, 124, -2, -2, 5000, '2025-12-01 05:54:25', 'order', 3383, 'Versand', 7273),
(1949, 52, -1, -1, 5000, '2025-12-02 06:05:19', 'Bestandseingabe', 0, '', 0),
(1950, 76, -1, -1, 5000, '2025-12-02 06:05:37', 'Bestandseingabe', 0, '', 0),
(1951, 234, -1, -1, 5000, '2025-12-02 06:11:18', 'Bestandseingabe', 0, '', 0),
(1952, 63, -2, -2, 5000, '2025-12-02 06:18:27', 'order', 3368, 'Versand', 7275),
(1953, 134, -2, -1, 5000, '2025-12-02 06:18:27', 'order', 3387, 'Versand', 7277),
(1954, 144, -2, -1, 5000, '2025-12-02 06:18:27', 'order', 3387, 'Versand', 7279),
(1955, 142, -2, -1, 5000, '2025-12-02 06:18:27', 'order', 3387, 'Versand', 7280),
(1956, 147, -2, -2, 5000, '2025-12-02 06:18:27', 'order', 3387, 'Versand', 7284),
(1957, 220, -2, -1, 5000, '2025-12-02 06:18:27', 'order', 3387, 'Versand', 7278),
(1958, 227, -2, -1, 5000, '2025-12-02 06:18:27', 'order', 3387, 'Versand', 7281),
(1959, 226, -2, -1, 5000, '2025-12-02 06:18:27', 'order', 3387, 'Versand', 7282),
(1960, 225, -2, -1, 5000, '2025-12-02 06:18:27', 'order', 3387, 'Versand', 7283),
(1961, 124, -2, -1, 5000, '2025-12-02 06:18:27', 'order', 3389, 'Versand', 7296),
(1962, 125, -2, -1, 5000, '2025-12-02 06:18:27', 'order', 3389, 'Versand', 7295),
(1963, 119, -2, -1, 5000, '2025-12-02 06:18:27', 'order', 3389, 'Versand', 7294),
(1964, 155, -2, -1, 5000, '2025-12-02 06:18:27', 'order', 3388, 'Versand', 7288),
(1965, 154, -2, -1, 5000, '2025-12-02 06:18:27', 'order', 3388, 'Versand', 7289),
(1966, 189, -2, -1, 5000, '2025-12-02 06:18:27', 'order', 3388, 'Versand', 7293),
(1967, 213, -2, -1, 5000, '2025-12-02 06:18:27', 'order', 3388, 'Versand', 7286),
(1968, 231, -2, -1, 5000, '2025-12-02 06:18:27', 'order', 3388, 'Versand', 7292),
(1969, 227, -2, -1, 5000, '2025-12-02 06:18:27', 'order', 3388, 'Versand', 7290),
(1970, 226, -2, -1, 5000, '2025-12-02 06:18:27', 'order', 3388, 'Versand', 7291),
(1971, 225, -2, -1, 5000, '2025-12-02 06:18:27', 'order', 3388, 'Versand', 7287),
(1972, 38, -1, -1, 5000, '2025-12-03 06:17:00', 'Bestandseingabe', 0, '', 0),
(1973, 239, -1, -1, 5000, '2025-12-03 06:17:32', 'Bestandseingabe', 0, '', 0),
(1974, 38, -1, -1, 5000, '2025-12-03 06:17:50', 'Bestandseingabe', 0, '', 0),
(1975, 15, -1, -1, 5000, '2025-12-03 06:18:09', 'Bestandseingabe', 0, '', 0),
(1976, 173, -2, -4, 5000, '2025-12-03 06:24:47', 'order', 3385, 'Versand', 7298),
(1977, 198, -2, -4, 5000, '2025-12-03 06:24:47', 'order', 3385, 'Versand', 7299),
(1978, 256, -2, -1, 5000, '2025-12-03 06:24:47', 'order', 3392, 'Versand', 7300),
(1979, 249, -2, -1, 5000, '2025-12-03 06:24:47', 'order', 3392, 'Versand', 7301),
(1980, 234, -2, -2, 5000, '2025-12-03 06:24:47', 'order', 3393, 'Versand', 7302),
(1981, 198, -1, 4, 5000, '2025-12-04 04:49:49', 'inventur', 0, '', 0),
(1982, 0, 198, 997, 5000, '2025-12-04 04:49:52', '', 0, '', 0),
(1983, 132, -2, -1, 5000, '2025-12-04 05:37:21', 'order', 3396, 'Versand', 7307),
(1984, 73, -2, -1, 5000, '2025-12-04 05:37:21', 'order', 3399, 'Versand', 7312),
(1985, 52, -2, -1, 5000, '2025-12-04 05:37:21', 'order', 3399, 'Versand', 7311),
(1986, 53, -2, -1, 5000, '2025-12-04 05:37:21', 'order', 3399, 'Versand', 7313),
(1987, 15, -2, -1, 5000, '2025-12-04 05:37:21', 'order', 3399, 'Versand', 7310),
(1988, 144, -2, -1, 5000, '2025-12-04 05:37:21', 'order', 3400, 'Versand', 7315),
(1989, 140, -2, -1, 5000, '2025-12-04 05:37:21', 'order', 3400, 'Versand', 7316),
(1990, 155, -2, -1, 5000, '2025-12-04 05:37:21', 'order', 3400, 'Versand', 7317),
(1991, 154, -2, -1, 5000, '2025-12-04 05:37:21', 'order', 3400, 'Versand', 7318),
(1992, 198, -2, -1, 5000, '2025-12-04 05:37:21', 'order', 3400, 'Versand', 7314),
(1993, 0, 15, 1007, 5000, '2025-12-04 07:19:51', '', 0, '', 0),
(1994, 0, 53, 1004, 5000, '2025-12-04 07:20:14', '', 0, '', 0),
(1995, 52, -1, 1, 5000, '2025-12-04 07:20:30', 'inventur', 0, '', 0),
(1996, 0, 52, 1003, 5000, '2025-12-04 07:20:34', '', 0, '', 0),
(1997, 132, -1, 1, 5000, '2025-12-04 07:20:56', 'inventur', 0, '', 0),
(1998, 0, 132, 1002, 5000, '2025-12-04 07:21:00', '', 0, '', 0),
(1999, 155, -1, 1, 5000, '2025-12-04 07:21:35', 'inventur', 0, '', 0),
(2000, 0, 155, 1013, 5000, '2025-12-04 07:21:40', '', 0, '', 0),
(2001, 244, -1, -10, 5000, '2025-12-05 06:06:29', 'Bestandseingabe', 0, '', 0),
(2002, 234, -1, -1, 5000, '2025-12-05 06:06:53', 'Bestandseingabe', 0, '', 0),
(2003, 27, -2, -1, 5000, '2025-12-05 06:11:00', 'order', 3401, 'Versand', 7321),
(2004, 127, -2, -1, 5000, '2025-12-05 06:11:00', 'order', 3401, 'Versand', 7322),
(2005, 124, -2, -1, 5000, '2025-12-05 06:11:00', 'order', 3402, 'Versand', 7324),
(2006, 125, -2, -1, 5000, '2025-12-05 06:11:00', 'order', 3402, 'Versand', 7327),
(2007, 115, -2, -1, 5000, '2025-12-05 06:11:00', 'order', 3402, 'Versand', 7326),
(2008, 116, -2, -1, 5000, '2025-12-05 06:11:00', 'order', 3402, 'Versand', 7325),
(2009, 117, -2, -1, 5000, '2025-12-05 06:11:00', 'order', 3402, 'Versand', 7323),
(2010, 267, -2, -1, 5000, '2025-12-05 06:11:00', 'order', 3406, 'Versand', 7328),
(2011, 78, -2, -1, 5000, '2025-12-05 06:11:00', 'order', 3407, 'Versand', 7329),
(2012, 0, 239, 12, 5000, '2025-12-05 14:38:08', '', 0, '', 0),
(2013, 0, 236, 12, 5000, '2025-12-05 14:38:45', '', 0, '', 0),
(2014, 0, 63, 6, 5000, '2025-12-05 14:39:25', '', 0, '', 0),
(2015, 0, 152, 12, 5000, '2025-12-05 14:39:56', '', 0, '', 0),
(2016, 0, 164, 12, 5000, '2025-12-05 14:40:18', '', 0, '', 0),
(2017, 0, 173, 12, 5000, '2025-12-05 14:40:39', '', 0, '', 0),
(2018, 0, 198, 12, 5000, '2025-12-05 14:41:00', '', 0, '', 0),
(2019, 0, 245, 12, 5000, '2025-12-05 14:44:07', '', 0, '', 0),
(2020, 0, 244, 12, 5000, '2025-12-05 14:44:36', '', 0, '', 0),
(2021, 0, 144, 12, 5000, '2025-12-05 14:45:08', '', 0, '', 0),
(2022, 0, 147, 12, 5000, '2025-12-05 14:45:45', '', 0, '', 0),
(2023, 0, 226, 12, 5000, '2025-12-05 14:46:40', '', 0, '', 0),
(2024, 0, 89, 12, 5000, '2025-12-05 14:49:49', '', 0, '', 0),
(2025, 0, 80, 6, 5000, '2025-12-05 14:50:09', '', 0, '', 0),
(2026, 0, 16, 6, 5000, '2025-12-05 14:50:29', '', 0, '', 0),
(2027, 38, -1, -1, 5000, '2025-12-07 07:45:59', 'Bestandseingabe', 0, '', 0),
(2028, 15, -1, -1, 5000, '2025-12-07 07:46:19', 'Bestandseingabe', 0, '', 0),
(2029, 51, -1, -1, 5000, '2025-12-07 07:48:06', 'Bestandseingabe', 0, '', 0),
(2030, 58, -1, -1, 5000, '2025-12-07 07:48:30', 'Bestandseingabe', 0, '', 0),
(2031, 20, -1, -1, 5000, '2025-12-07 07:48:50', 'Bestandseingabe', 0, '', 0),
(2032, 21, -1, -1, 5000, '2025-12-07 07:49:07', 'Bestandseingabe', 0, '', 0),
(2033, 131, -2, -1, 5000, '2025-12-07 07:51:56', 'order', 3416, 'Versand', 7352);
INSERT INTO `storage_products_transfer` (`storage_products_transfer_id`, `source_storage_products_id`, `target_storage_products_id`, `quantity`, `editor`, `date_added`, `reason_class`, `reason_id`, `reason_subclass`, `shipping_products_id`) VALUES
(2034, 134, -2, -2, 5000, '2025-12-07 07:51:56', 'order', 3416, 'Versand', 7353),
(2035, 144, -2, -1, 5000, '2025-12-07 07:51:56', 'order', 3416, 'Versand', 7342),
(2036, 140, -2, -1, 5000, '2025-12-07 07:51:56', 'order', 3416, 'Versand', 7341),
(2037, 155, -2, -2, 5000, '2025-12-07 07:51:56', 'order', 3416, 'Versand', 7340),
(2038, 153, -2, -1, 5000, '2025-12-07 07:51:56', 'order', 3416, 'Versand', 7336),
(2039, 152, -2, -4, 5000, '2025-12-07 07:51:56', 'order', 3416, 'Versand', 7338),
(2040, 188, -2, -2, 5000, '2025-12-07 07:51:56', 'order', 3416, 'Versand', 7346),
(2041, 184, -2, -1, 5000, '2025-12-07 07:51:56', 'order', 3416, 'Versand', 7348),
(2042, 183, -2, -1, 5000, '2025-12-07 07:51:56', 'order', 3416, 'Versand', 7347),
(2043, 179, -2, -1, 5000, '2025-12-07 07:51:56', 'order', 3416, 'Versand', 7349),
(2044, 173, -2, -2, 5000, '2025-12-07 07:51:56', 'order', 3416, 'Versand', 7345),
(2045, 198, -2, -2, 5000, '2025-12-07 07:51:56', 'order', 3416, 'Versand', 7350),
(2046, 207, -2, -1, 5000, '2025-12-07 07:51:56', 'order', 3416, 'Versand', 7351),
(2047, 201, -2, -1, 5000, '2025-12-07 07:51:56', 'order', 3416, 'Versand', 7344),
(2048, 217, -2, -1, 5000, '2025-12-07 07:51:56', 'order', 3416, 'Versand', 7335),
(2049, 213, -2, -2, 5000, '2025-12-07 07:51:56', 'order', 3416, 'Versand', 7343),
(2050, 226, -2, -2, 5000, '2025-12-07 07:51:56', 'order', 3416, 'Versand', 7339),
(2051, 225, -2, -2, 5000, '2025-12-07 07:51:56', 'order', 3416, 'Versand', 7337),
(2052, 67, -2, -1, 5000, '2025-12-07 07:51:56', 'order', 3418, 'Versand', 7357),
(2053, 15, -2, -2, 5000, '2025-12-07 07:51:56', 'order', 3418, 'Versand', 7358),
(2054, 268, -2, -1, 5000, '2025-12-07 07:51:56', 'order', 3419, 'Versand', 7360),
(2055, 21, -1, 2, 5000, '2025-12-07 16:59:35', 'inventur', 0, '', 0),
(2056, 0, 21, 3, 5000, '2025-12-07 16:59:39', '', 0, '', 0),
(2057, 0, 179, 1013, 5000, '2025-12-07 17:00:59', '', 0, '', 0),
(2058, 14, -1, -1, 5000, '2025-12-07 17:01:37', 'Bestandseingabe', 0, '', 0),
(2059, 63, -1, -1, 5000, '2025-12-07 17:01:57', 'Bestandseingabe', 0, '', 0),
(2060, 255, -1, -3, 5000, '2025-12-08 06:13:44', 'Bestandseingabe', 0, '', 0),
(2061, 256, -1, -2, 5000, '2025-12-08 06:14:20', 'Bestandseingabe', 0, '', 0),
(2062, 258, -1, -2, 5000, '2025-12-08 06:14:36', 'Bestandseingabe', 0, '', 0),
(2063, 132, -1, -1, 5000, '2025-12-08 06:15:12', 'Bestandseingabe', 0, '', 0),
(2064, 151, -1, -1, 5000, '2025-12-08 06:15:36', 'Bestandseingabe', 0, '', 0),
(2065, 149, -1, -1, 5000, '2025-12-08 06:16:01', 'Bestandseingabe', 0, '', 0),
(2066, 177, -1, -1, 5000, '2025-12-08 06:16:32', 'Bestandseingabe', 0, '', 0),
(2067, 224, -1, -1, 5000, '2025-12-08 06:16:50', 'Bestandseingabe', 0, '', 0),
(2068, 222, -1, -1, 5000, '2025-12-08 06:17:12', 'Bestandseingabe', 0, '', 0),
(2069, 83, -1, -1, 5000, '2025-12-08 06:17:36', 'Bestandseingabe', 0, '', 0),
(2070, 63, -1, -1, 5000, '2025-12-08 06:18:05', 'Bestandseingabe', 0, '', 0),
(2071, 15, -1, -1, 5000, '2025-12-08 06:18:36', 'Bestandseingabe', 0, '', 0),
(2072, 38, -1, -1, 5000, '2025-12-08 06:18:50', 'Bestandseingabe', 0, '', 0),
(2073, 18, -1, -1, 5000, '2025-12-08 06:19:16', 'Bestandseingabe', 0, '', 0),
(2074, 91, -1, -1, 5000, '2025-12-08 06:19:31', 'Bestandseingabe', 0, '', 0),
(2075, 243, -1, -1, 5000, '2025-12-08 06:19:55', 'Bestandseingabe', 0, '', 0),
(2076, 235, -1, -1, 5000, '2025-12-08 06:20:16', 'Bestandseingabe', 0, '', 0),
(2077, 143, -2, -2, 5000, '2025-12-08 06:24:46', 'order', 3422, 'Versand', 7365),
(2078, 152, -2, -2, 5000, '2025-12-08 06:24:46', 'order', 3422, 'Versand', 7366),
(2079, 188, -2, -2, 5000, '2025-12-08 06:24:46', 'order', 3422, 'Versand', 7364),
(2080, 173, -2, -3, 5000, '2025-12-08 06:24:46', 'order', 3422, 'Versand', 7367),
(2081, 61, -2, -5, 5000, '2025-12-08 06:24:46', 'order', 3422, 'Versand', 7368),
(2082, 264, -2, -5, 5000, '2025-12-08 06:24:46', 'order', 3423, 'Versand', 7369),
(2083, 80, -2, -1, 5000, '2025-12-08 06:24:46', 'order', 3425, 'Versand', 7372),
(2084, 34, -2, -1, 5000, '2025-12-08 06:24:46', 'order', 3425, 'Versand', 7371),
(2085, 140, -2, -1, 5000, '2025-12-08 06:24:46', 'order', 3426, 'Versand', 7373),
(2086, 155, -2, -1, 5000, '2025-12-08 06:24:46', 'order', 3426, 'Versand', 7375),
(2087, 179, -2, -1, 5000, '2025-12-08 06:24:46', 'order', 3426, 'Versand', 7376),
(2088, 205, -2, -1, 5000, '2025-12-08 06:24:46', 'order', 3426, 'Versand', 7374),
(2089, 50, -2, -1, 5000, '2025-12-08 06:24:46', 'order', 3429, 'Versand', 7377),
(2090, 52, -2, -1, 5000, '2025-12-08 06:24:46', 'order', 3429, 'Versand', 7378),
(2091, 247, -2, -4, 5000, '2025-12-08 06:24:46', 'order', 3430, 'Versand', 7379),
(2092, 0, 266, 3, 5000, '2025-12-09 04:34:12', '', 0, '', 0),
(2093, 255, -1, -4, 5000, '2025-12-09 05:45:39', 'Bestandseingabe', 0, '', 0),
(2094, 103, -1, -1, 5000, '2025-12-09 05:47:58', 'Bestandseingabe', 0, '', 0),
(2095, 260, -2, -1, 5000, '2025-12-09 05:53:19', 'order', 3412, 'Versand', 7380),
(2096, 246, -2, -2, 5000, '2025-12-09 05:53:20', 'order', 3412, 'Versand', 7381),
(2097, 12, -2, -1, 5000, '2025-12-09 05:53:20', 'order', 3434, 'Versand', 7387),
(2098, 117, -2, -1, 5000, '2025-12-09 05:53:20', 'order', 3434, 'Versand', 7386),
(2099, 20, -2, -1, 5000, '2025-12-09 05:53:20', 'order', 3437, 'Versand', 7388),
(2100, 14, -2, -1, 5000, '2025-12-09 05:53:20', 'order', 3437, 'Versand', 7389),
(2101, 15, -1, -1, 5000, '2025-12-09 08:52:52', 'Bestandseingabe', 0, '', 0),
(2102, 19, -1, -1, 5000, '2025-12-09 08:53:17', 'Bestandseingabe', 0, '', 0),
(2103, 19, -1, 2, 5000, '2025-12-09 08:53:33', 'inventur', 0, '', 0),
(2104, 0, 19, 1003, 5000, '2025-12-09 08:53:37', '', 0, '', 0),
(2105, 14, -1, -1, 5000, '2025-12-09 08:54:07', 'Bestandseingabe', 0, '', 0),
(2106, 0, 123, 6, 5000, '2025-12-10 04:52:17', '', 0, '', 0),
(2107, 49, -1, -1, 5000, '2025-12-10 05:35:42', 'Bestandseingabe', 0, '', 0),
(2108, 18, -1, -1, 5000, '2025-12-10 05:36:04', 'Bestandseingabe', 0, '', 0),
(2109, 178, -1, -1, 5000, '2025-12-10 05:37:54', 'Bestandseingabe', 0, '', 0),
(2110, 178, -1, -1, 5000, '2025-12-10 05:38:09', 'Bestandseingabe', 0, '', 0),
(2111, 215, -1, -3, 5000, '2025-12-10 05:38:31', 'Bestandseingabe', 0, '', 0),
(2112, 225, -1, -2, 5000, '2025-12-10 05:38:51', 'Bestandseingabe', 0, '', 0),
(2113, 222, -1, -2, 5000, '2025-12-10 05:39:14', 'Bestandseingabe', 0, '', 0),
(2114, 213, -1, -1, 5000, '2025-12-10 05:39:34', 'Bestandseingabe', 0, '', 0),
(2115, 214, -1, -3, 5000, '2025-12-10 05:40:17', 'Bestandseingabe', 0, '', 0),
(2116, 173, -1, -2, 5000, '2025-12-10 05:40:41', 'Bestandseingabe', 0, '', 0),
(2117, 219, -1, -1, 5000, '2025-12-10 05:41:03', 'Bestandseingabe', 0, '', 0),
(2118, 221, -1, -1, 5000, '2025-12-10 05:41:32', 'Bestandseingabe', 0, '', 0),
(2119, 132, -1, -5, 5000, '2025-12-10 05:41:50', 'Bestandseingabe', 0, '', 0),
(2120, 134, -2, -4, 5000, '2025-12-10 06:01:09', 'order', 3435, 'Versand', 7405),
(2121, 119, -2, -1, 5000, '2025-12-10 06:01:09', 'order', 3435, 'Versand', 7406),
(2122, 44, -2, -1, 5000, '2025-12-10 06:01:10', 'order', 3444, 'Versand', 7410),
(2123, 155, -2, -1, 5000, '2025-12-10 06:01:10', 'order', 3445, 'Versand', 7411),
(2124, 258, -2, -1, 5000, '2025-12-10 06:01:10', 'order', 3445, 'Versand', 7413),
(2125, 247, -2, -1, 5000, '2025-12-10 06:01:10', 'order', 3445, 'Versand', 7412),
(2126, 198, -2, -1, 5000, '2025-12-10 06:01:10', 'order', 3446, 'Versand', 7415),
(2127, 213, -2, -1, 5000, '2025-12-10 06:01:10', 'order', 3446, 'Versand', 7414),
(2128, 33, -2, -1, 5000, '2025-12-10 06:01:10', 'order', 3447, 'Versand', 7418),
(2129, 129, -2, -1, 5000, '2025-12-10 06:01:10', 'order', 3448, 'Versand', 7419),
(2130, 123, -2, -1, 5000, '2025-12-10 06:01:10', 'order', 3448, 'Versand', 7420),
(2131, 130, -2, -1, 5000, '2025-12-10 06:01:10', 'order', 3413, 'Versand', 7401),
(2132, 127, -2, -1, 5000, '2025-12-10 06:01:10', 'order', 3413, 'Versand', 7399),
(2133, 117, -2, -1, 5000, '2025-12-10 06:01:10', 'order', 3413, 'Versand', 7400),
(2134, 119, -2, -1, 5000, '2025-12-10 06:01:10', 'order', 3413, 'Versand', 7398),
(2135, 245, -2, -1, 5000, '2025-12-10 06:01:10', 'order', 3413, 'Versand', 7403),
(2136, 243, -2, -1, 5000, '2025-12-10 06:01:10', 'order', 3413, 'Versand', 7402),
(2137, 48, -1, -1, 5000, '2025-12-10 08:41:59', 'Bestandseingabe', 0, '', 0),
(2138, 256, -1, -1, 5000, '2025-12-11 05:43:02', 'Bestandseingabe', 0, '', 0),
(2139, 249, -1, -1, 5000, '2025-12-11 05:43:27', 'Bestandseingabe', 0, '', 0),
(2140, 51, -2, -1, 5000, '2025-12-11 05:46:48', 'order', 3436, 'Versand', 7421),
(2141, 80, -2, -1, 5000, '2025-12-11 05:46:49', 'order', 3451, 'Versand', 7427),
(2142, 16, -2, -1, 5000, '2025-12-11 05:46:49', 'order', 3451, 'Versand', 7428),
(2143, 164, -2, -1, 5000, '2025-12-11 05:46:49', 'order', 3453, 'Versand', 7429),
(2144, 212, -2, -1, 5000, '2025-12-11 05:46:49', 'order', 3453, 'Versand', 7430),
(2145, 52, -2, -1, 5000, '2025-12-11 05:46:49', 'order', 3439, 'Versand', 7423),
(2146, 12, -2, -1, 5000, '2025-12-11 05:46:49', 'order', 3439, 'Versand', 7422),
(2147, 0, 214, 1010, 5000, '2025-12-11 09:09:12', '', 0, '', 0),
(2148, 38, -1, -1, 5000, '2025-12-11 09:09:34', 'Bestandseingabe', 0, '', 0),
(2149, 75, -1, -1, 5000, '2025-12-12 04:58:28', 'Bestandseingabe', 0, '', 0),
(2150, 28, -2, -1, 5000, '2025-12-12 06:01:11', 'order', 3454, 'Versand', 7431),
(2151, 37, -2, -1, 5000, '2025-12-12 06:01:11', 'order', 3454, 'Versand', 7432),
(2152, 251, -2, -2, 5000, '2025-12-12 06:01:11', 'order', 3457, 'Versand', 7435),
(2153, 237, -2, -1, 5000, '2025-12-12 06:01:11', 'order', 3457, 'Versand', 7434),
(2154, 122, -2, -1, 5000, '2025-12-12 06:01:11', 'order', 3459, 'Versand', 7439),
(2155, 144, -2, -1, 5000, '2025-12-12 06:01:11', 'order', 3461, 'Versand', 7443),
(2156, 140, -2, -1, 5000, '2025-12-12 06:01:11', 'order', 3461, 'Versand', 7441),
(2157, 225, -2, -1, 5000, '2025-12-12 06:01:11', 'order', 3461, 'Versand', 7442),
(2158, 238, -2, -1, 5000, '2025-12-12 06:01:11', 'order', 3462, 'Versand', 7444),
(2159, 74, -2, -1, 5000, '2025-12-12 06:01:11', 'order', 3463, 'Versand', 7447),
(2160, 260, -2, -3, 5000, '2025-12-12 06:01:11', 'order', 3464, 'Versand', 7448),
(2161, 261, -2, -3, 5000, '2025-12-12 06:01:11', 'order', 3464, 'Versand', 7449),
(2162, 73, -1, -1, 5000, '2025-12-12 09:07:47', 'Bestandseingabe', 0, '', 0),
(2163, 74, -1, -2, 5000, '2025-12-12 09:08:17', 'Bestandseingabe', 0, '', 0),
(2164, 61, -1, -2, 5000, '2025-12-12 09:09:00', 'Bestandseingabe', 0, '', 0),
(2165, 61, -1, 2, 5000, '2025-12-12 09:09:06', 'inventur', 0, '', 0),
(2166, 51, -1, -1, 5000, '2025-12-12 09:09:30', 'Bestandseingabe', 0, '', 0),
(2167, 270, -1, -1, 5000, '2025-12-12 09:28:52', 'Bestandseingabe', 0, '', 0),
(2168, 0, 270, 6, 5000, '2025-12-12 09:29:30', '', 0, '', 0),
(2169, 0, 27, 6, 5000, '2025-12-12 09:30:27', '', 0, '', 0),
(2170, 0, 52, 6, 5000, '2025-12-12 09:30:50', '', 0, '', 0),
(2171, 0, 15, 6, 5000, '2025-12-12 09:31:33', '', 0, '', 0),
(2172, 0, 132, 12, 5000, '2025-12-12 09:32:12', '', 0, '', 0),
(2173, 0, 255, 12, 5000, '2025-12-12 09:33:07', '', 0, '', 0),
(2174, 0, 258, 12, 5000, '2025-12-12 09:33:28', '', 0, '', 0),
(2175, 0, 247, 12, 5000, '2025-12-12 09:33:49', '', 0, '', 0),
(2176, 263, -1, -1, 5000, '2025-12-14 07:25:33', 'Bestandseingabe', 0, '', 0),
(2177, 260, -1, -1, 5000, '2025-12-14 07:25:59', 'Bestandseingabe', 0, '', 0),
(2178, 243, -1, -1, 5000, '2025-12-14 07:27:45', 'Bestandseingabe', 0, '', 0),
(2179, 56, -2, -1, 5000, '2025-12-14 07:44:31', 'order', 3469, 'Versand', 7457),
(2180, 64, -2, -1, 5000, '2025-12-14 07:44:31', 'order', 3469, 'Versand', 7456),
(2181, 244, -2, -1, 5000, '2025-12-14 07:44:31', 'order', 3470, 'Versand', 7458),
(2182, 243, -2, -1, 5000, '2025-12-14 07:44:31', 'order', 3470, 'Versand', 7460),
(2183, 238, -2, -1, 5000, '2025-12-14 07:44:31', 'order', 3470, 'Versand', 7459),
(2184, 129, -2, -1, 5000, '2025-12-14 07:44:31', 'order', 3472, 'Versand', 7463),
(2185, 128, -2, -1, 5000, '2025-12-14 07:44:31', 'order', 3472, 'Versand', 7464),
(2186, 127, -2, -1, 5000, '2025-12-14 07:44:31', 'order', 3477, 'Versand', 7469),
(2187, 119, -2, -1, 5000, '2025-12-14 07:44:31', 'order', 3477, 'Versand', 7468),
(2188, 48, -2, -1, 5000, '2025-12-14 07:44:31', 'order', 3478, 'Versand', 7471),
(2189, 81, -2, -1, 5000, '2025-12-14 07:44:31', 'order', 3481, 'Versand', 7479),
(2190, 32, -2, -1, 5000, '2025-12-14 07:44:31', 'order', 3481, 'Versand', 7477),
(2191, 52, -2, -1, 5000, '2025-12-14 07:44:31', 'order', 3481, 'Versand', 7478),
(2192, 16, -2, -1, 5000, '2025-12-14 07:44:31', 'order', 3481, 'Versand', 7476),
(2193, 69, -2, -1, 5000, '2025-12-14 07:44:31', 'order', 3482, 'Versand', 7481),
(2194, 70, -2, -1, 5000, '2025-12-14 07:44:31', 'order', 3482, 'Versand', 7480),
(2195, 238, -1, 1, 5000, '2025-12-14 10:51:32', 'inventur', 0, '', 0),
(2196, 0, 81, 1000, 5000, '2025-12-14 10:52:11', '', 0, '', 0),
(2197, 0, 61, 1001, 5000, '2025-12-15 05:03:45', '', 0, '', 0),
(2198, 234, -1, 11, 5000, '2025-12-15 05:20:29', 'Bestandseingabe', 0, '', 0),
(2199, 235, -1, -1, 5000, '2025-12-15 05:20:54', 'Bestandseingabe', 0, '', 0),
(2200, 110, -1, -1, 5000, '2025-12-15 05:21:27', 'Bestandseingabe', 0, '', 0),
(2201, 242, -1, -2, 5000, '2025-12-15 05:22:16', 'Bestandseingabe', 0, '', 0),
(2202, 264, -1, -1, 5000, '2025-12-15 05:23:48', 'Bestandseingabe', 0, '', 0),
(2203, 84, -2, -1, 5000, '2025-12-15 05:26:17', 'order', 3490, 'Versand', 7486),
(2204, 70, -2, -1, 5000, '2025-12-15 05:26:17', 'order', 3490, 'Versand', 7487),
(2205, 27, -2, -1, 5000, '2025-12-15 05:26:17', 'order', 3490, 'Versand', 7489),
(2206, 53, -2, -1, 5000, '2025-12-15 05:26:17', 'order', 3490, 'Versand', 7488),
(2207, 261, -2, -1, 5000, '2025-12-15 05:26:17', 'order', 3491, 'Versand', 7490),
(2208, 246, -2, -1, 5000, '2025-12-15 05:26:17', 'order', 3491, 'Versand', 7491),
(2209, 183, -2, -2, 5000, '2025-12-15 05:26:17', 'order', 3492, 'Versand', 7492),
(2210, 227, -2, -1, 5000, '2025-12-15 05:26:17', 'order', 3494, 'Versand', 7493),
(2211, 276, -2, -1, 5000, '2025-12-15 05:26:17', 'order', 3494, 'Versand', 7494),
(2212, 93, -1, -1, 5000, '2025-12-16 06:03:04', 'Bestandseingabe', 0, '', 0),
(2213, 243, -2, -1, 5000, '2025-12-16 06:12:23', 'order', 3449, 'Versand', 7495),
(2214, 54, -2, -1, 5000, '2025-12-16 06:12:23', 'order', 3468, 'Versand', 7496),
(2215, 61, -2, -1, 5000, '2025-12-16 06:12:23', 'order', 3468, 'Versand', 7497),
(2216, 91, -2, -1, 5000, '2025-12-16 06:12:23', 'order', 3495, 'Versand', 7504),
(2217, 87, -2, -1, 5000, '2025-12-16 06:12:23', 'order', 3495, 'Versand', 7503),
(2218, 88, -2, -1, 5000, '2025-12-16 06:12:23', 'order', 3495, 'Versand', 7502),
(2219, 78, -2, -1, 5000, '2025-12-16 06:12:23', 'order', 3495, 'Versand', 7501),
(2220, 80, -2, -1, 5000, '2025-12-16 06:12:23', 'order', 3495, 'Versand', 7500),
(2221, 91, -2, -1, 5000, '2025-12-16 06:12:23', 'order', 3497, 'Versand', 7511),
(2222, 85, -2, -1, 5000, '2025-12-16 06:12:23', 'order', 3497, 'Versand', 7512),
(2223, 88, -2, -2, 5000, '2025-12-16 06:12:23', 'order', 3497, 'Versand', 7513),
(2224, 77, -2, -1, 5000, '2025-12-16 06:12:23', 'order', 3497, 'Versand', 7514),
(2225, 24, -2, -1, 5000, '2025-12-16 06:12:23', 'order', 3497, 'Versand', 7510),
(2226, 38, -2, -1, 5000, '2025-12-16 06:12:23', 'order', 3497, 'Versand', 7509),
(2227, 39, -2, -1, 5000, '2025-12-16 06:12:23', 'order', 3497, 'Versand', 7508),
(2228, 44, -2, -1, 5000, '2025-12-16 06:12:23', 'order', 3497, 'Versand', 7507),
(2229, 13, -2, -1, 5000, '2025-12-16 06:12:23', 'order', 3497, 'Versand', 7506),
(2230, 227, -2, -1, 5000, '2025-12-16 06:12:23', 'order', 3498, 'Versand', 7515),
(2231, 124, -2, -1, 5000, '2025-12-16 06:12:23', 'order', 3498, 'Versand', 7516),
(2232, 255, -2, -2, 5000, '2025-12-16 06:12:23', 'order', 3499, 'Versand', 7521),
(2233, 257, -2, -1, 5000, '2025-12-16 06:12:23', 'order', 3499, 'Versand', 7520),
(2234, 258, -2, -1, 5000, '2025-12-16 06:12:23', 'order', 3499, 'Versand', 7519),
(2235, 259, -2, -2, 5000, '2025-12-16 06:12:23', 'order', 3499, 'Versand', 7518),
(2236, 247, -2, -1, 5000, '2025-12-16 06:12:23', 'order', 3499, 'Versand', 7517),
(2237, 223, -2, -6, 5000, '2025-12-16 06:12:23', 'order', 3500, 'Versand', 7522),
(2238, 102, -2, -1, 5000, '2025-12-16 06:12:23', 'order', 3503, 'Versand', 7524),
(2239, 85, -2, -1, 5000, '2025-12-16 06:12:23', 'order', 3507, 'Versand', 7526),
(2240, 220, -2, -6, 5000, '2025-12-16 06:12:23', 'order', 3509, 'Versand', 7528),
(2241, 277, -2, -1, 5000, '2025-12-16 06:12:23', 'order', 3511, 'Versand', 7531),
(2242, 281, -2, -1, 5000, '2025-12-16 06:12:23', 'order', 3511, 'Versand', 7532),
(2243, 223, -1, 1, 5000, '2025-12-16 08:32:49', 'inventur', 0, '', 0),
(2244, 0, 223, 1003, 5000, '2025-12-16 08:32:54', '', 0, '', 0),
(2245, 78, -2, -1, 5000, '2025-12-17 05:53:30', 'order', 3515, 'Versand', 7536),
(2246, 51, -1, -1, 5000, '2025-12-18 05:59:55', 'Bestandseingabe', 0, '', 0),
(2247, 245, -1, -1, 5000, '2025-12-18 06:00:22', 'Bestandseingabe', 0, '', 0),
(2248, 205, -2, -8, 5000, '2025-12-18 06:07:39', 'order', 3476, 'Versand', 7539),
(2249, 272, -2, -1, 5000, '2025-12-18 06:07:39', 'order', 3493, 'Versand', 7545),
(2250, 127, -2, -1, 5000, '2025-12-18 06:07:39', 'order', 3493, 'Versand', 7542),
(2251, 117, -2, -1, 5000, '2025-12-18 06:07:39', 'order', 3493, 'Versand', 7544),
(2252, 154, -2, -1, 5000, '2025-12-18 06:07:39', 'order', 3517, 'Versand', 7549),
(2253, 50, -2, -1, 5000, '2025-12-18 06:07:39', 'order', 3517, 'Versand', 7548),
(2254, 31, -2, -1, 5000, '2025-12-18 06:07:39', 'order', 3517, 'Versand', 7547),
(2255, 58, -2, -1, 5000, '2025-12-18 06:07:39', 'order', 3521, 'Versand', 7553),
(2256, 92, -2, -1, 5000, '2025-12-18 06:07:39', 'order', 3522, 'Versand', 7555),
(2257, 80, -1, -1, 5000, '2025-12-19 05:26:18', 'Bestandseingabe', 0, '', 0),
(2258, 80, -1, -1, 5000, '2025-12-19 06:40:19', 'Bestandseingabe', 0, '', 0),
(2259, 73, -1, -1, 5000, '2025-12-19 06:40:53', 'Bestandseingabe', 0, '', 0),
(2260, 259, -2, -4, 5000, '2025-12-19 06:42:05', 'order', 3487, 'Versand', 7568),
(2261, 261, -2, -2, 5000, '2025-12-19 06:42:05', 'order', 3487, 'Versand', 7567),
(2262, 251, -2, -4, 5000, '2025-12-19 06:42:05', 'order', 3487, 'Versand', 7569),
(2263, 244, -2, -1, 5000, '2025-12-19 06:42:06', 'order', 3525, 'Versand', 7570),
(2264, 257, -2, -5, 5000, '2025-12-19 06:42:06', 'order', 3527, 'Versand', 7572),
(2265, 86, -2, -1, 5000, '2025-12-19 06:42:06', 'order', 3428, 'Versand', 7563),
(2266, 48, -2, -1, 5000, '2025-12-19 06:42:06', 'order', 3428, 'Versand', 7564),
(2267, 15, -2, -1, 5000, '2025-12-19 06:42:06', 'order', 3428, 'Versand', 7565),
(2268, 143, -2, -4, 5000, '2025-12-19 07:00:25', 'order', 3524, 'Versand', 7577),
(2269, 183, -2, -4, 5000, '2025-12-19 07:00:25', 'order', 3524, 'Versand', 7575),
(2270, 173, -2, -4, 5000, '2025-12-19 07:00:25', 'order', 3524, 'Versand', 7576),
(2271, 0, 80, 1005, 5000, '2025-12-19 09:23:18', '', 0, '', 0),
(2272, 0, 195, 24, 5000, '2025-12-19 09:59:56', '', 0, '', 0),
(2273, 81, -1, 1, 5000, '2025-12-19 10:16:28', 'inventur', 0, '', 0),
(2274, 0, 81, 1005, 5000, '2025-12-19 10:16:56', '', 0, '', 0),
(2275, 183, -1, 1, 5000, '2025-12-19 10:19:04', 'inventur', 0, '', 0),
(2276, 0, 183, 1010, 5000, '2025-12-19 10:19:08', '', 0, '', 0),
(2277, 0, 205, 12, 5000, '2025-12-19 10:19:45', '', 0, '', 0),
(2278, 0, 127, 6, 5000, '2025-12-19 10:24:29', '', 0, '', 0),
(2279, 0, 117, 6, 5000, '2025-12-19 10:24:46', '', 0, '', 0),
(2280, 0, 124, 6, 5000, '2025-12-19 10:26:56', '', 0, '', 0),
(2281, 0, 259, 12, 5000, '2025-12-19 10:27:18', '', 0, '', 0),
(2282, 0, 102, 6, 5000, '2025-12-19 10:27:38', '', 0, '', 0),
(2283, 0, 223, 12, 5000, '2025-12-19 10:28:24', '', 0, '', 0),
(2284, 0, 220, 12, 5000, '2025-12-19 10:29:06', '', 0, '', 0),
(2285, 0, 77, 6, 5000, '2025-12-19 10:29:52', '', 0, '', 0),
(2286, 0, 39, 6, 5000, '2025-12-19 10:30:18', '', 0, '', 0),
(2287, 130, -2, -1, 5000, '2025-12-19 13:04:52', 'order', 3523, 'Versand', 7581),
(2288, 127, -2, -2, 5000, '2025-12-19 13:04:52', 'order', 3523, 'Versand', 7580),
(2289, 128, -2, -1, 5000, '2025-12-19 13:04:52', 'order', 3523, 'Versand', 7579),
(2290, 105, -2, -1, 5000, '2025-12-19 13:04:52', 'order', 3529, 'Versand', 7582),
(2291, 0, 19, 1004, 5000, '2025-12-20 08:07:19', '', 0, '', 0),
(2292, 282, -2, -1, 5000, '2025-12-20 08:10:30', 'order', 3534, 'Versand', 7590),
(2293, 259, -2, -1, 5000, '2025-12-20 08:10:30', 'order', 3535, 'Versand', 7591),
(2294, 19, -2, -1, 5000, '2025-12-20 08:10:30', 'order', 3536, 'Versand', 7593),
(2295, 245, -1, -1, 5000, '2025-12-20 08:15:26', 'Bestandseingabe', 0, '', 0),
(2296, 233, -1, -1, 5000, '2025-12-20 08:16:03', 'Bestandseingabe', 0, '', 0),
(2297, 260, -2, -1, 5000, '2025-12-21 08:09:35', 'order', 3538, 'Versand', 7595),
(2298, 93, -2, -1, 5000, '2025-12-21 08:09:35', 'order', 3543, 'Versand', 7601),
(2299, 58, -2, -1, 5000, '2025-12-21 08:09:35', 'order', 3543, 'Versand', 7602),
(2300, 134, -2, -1, 5000, '2025-12-21 08:09:35', 'order', 3544, 'Versand', 7605),
(2301, 152, -2, -1, 5000, '2025-12-21 08:09:35', 'order', 3544, 'Versand', 7603),
(2302, 188, -2, -1, 5000, '2025-12-21 08:09:35', 'order', 3544, 'Versand', 7604),
(2303, 195, -2, -1, 5000, '2025-12-21 08:09:35', 'order', 3544, 'Versand', 7606),
(2304, 234, -1, -3, 5000, '2025-12-22 06:32:53', 'Bestandseingabe', 0, '', 0),
(2305, 31, -2, -1, 5000, '2025-12-22 06:38:09', 'reclamation', 69, 'Versand', 7608),
(2306, 61, -2, -1, 5000, '2025-12-22 06:38:09', 'order', 3547, 'Versand', 7611),
(2307, 0, 173, 12, 5000, '2025-12-22 06:53:24', '', 0, '', 0),
(2308, 0, 257, 12, 5000, '2025-12-22 06:54:42', '', 0, '', 0),
(2309, 0, 261, 12, 5000, '2025-12-22 06:55:25', '', 0, '', 0),
(2310, 130, -1, -1, 5000, '2025-12-22 06:55:52', 'Bestandseingabe', 0, '', 0),
(2311, 0, 130, 6, 5000, '2025-12-22 06:56:05', '', 0, '', 0),
(2312, 0, 260, 12, 5000, '2025-12-22 06:59:16', '', 0, '', 0);

-- --------------------------------------------------------

--
-- Tabellenstruktur für Tabelle `system_alerts_status`
--

