INSERT INTO `products_tax_rates_allocation` (`products_tax_rates_allocation_id`, `products_id`, `tax_rates_id`, `date_added`) VALUES
(35893, 1429, 67, '2022-10-27 08:12:00'),
(35894, 1429, 29, '2022-10-27 08:12:00'),
(35895, 1429, 72, '2022-10-27 08:12:00'),
(35896, 1429, 13, '2022-10-27 08:12:00'),
(35897, 1429, 15, '2022-10-27 08:12:00'),
(35898, 1429, 18, '2022-10-27 08:12:00'),
(35899, 1429, 24, '2022-10-27 08:12:00'),
(35900, 1429, 26, '2022-10-27 08:12:00'),
(35901, 1429, 39, '2022-10-27 08:12:00'),
(35902, 1429, 42, '2022-10-27 08:12:00'),
(35903, 1429, 45, '2022-10-27 08:12:00'),
(35904, 1429, 54, '2022-10-27 08:12:00'),
(35905, 1429, 61, '2022-10-27 08:12:00'),
(35906, 1429, 64, '2022-10-27 08:12:00'),
(35907, 1429, 76, '2022-10-27 08:12:00'),
(35908, 1429, 79, '2022-10-27 08:12:00'),
(35909, 1429, 82, '2022-10-27 08:12:00'),
(35910, 1429, 84, '2022-10-27 08:12:00'),
(35911, 1430, 35, '2022-10-27 08:12:00'),
(35912, 1430, 5, '2022-10-27 08:12:00'),
(35913, 1430, 69, '2022-10-27 08:12:00'),
(35914, 1430, 9, '2022-10-27 08:12:00'),
(35915, 1430, 23, '2022-10-27 08:12:00'),
(35916, 1430, 32, '2022-10-27 08:12:00'),
(35917, 1430, 21, '2022-10-27 08:12:00'),
(35918, 1430, 50, '2022-10-27 08:12:00'),
(35919, 1430, 57, '2022-10-27 08:12:00'),
(35920, 1430, 67, '2022-10-27 08:12:00'),
(35921, 1430, 29, '2022-10-27 08:12:00'),
(35922, 1430, 72, '2022-10-27 08:12:00'),
(35923, 1430, 13, '2022-10-27 08:12:00'),
(35924, 1430, 15, '2022-10-27 08:12:00'),
(35925, 1430, 18, '2022-10-27 08:12:00'),
(35926, 1430, 24, '2022-10-27 08:12:00'),
(35927, 1430, 26, '2022-10-27 08:12:00'),
(35928, 1430, 39, '2022-10-27 08:12:00'),
(35929, 1430, 42, '2022-10-27 08:12:00'),
(35930, 1430, 45, '2022-10-27 08:12:00'),
(35931, 1430, 54, '2022-10-27 08:12:00'),
(35932, 1430, 61, '2022-10-27 08:12:00'),
(35933, 1430, 64, '2022-10-27 08:12:00'),
(35934, 1430, 76, '2022-10-27 08:12:00'),
(35935, 1430, 79, '2022-10-27 08:12:00'),
(35936, 1430, 82, '2022-10-27 08:12:00'),
(35937, 1430, 84, '2022-10-27 08:12:00'),
(35938, 1431, 35, '2022-10-27 08:12:00'),
(35939, 1431, 5, '2022-10-27 08:12:00'),
(35940, 1431, 69, '2022-10-27 08:12:00'),
(35941, 1431, 9, '2022-10-27 08:12:00'),
(35942, 1431, 23, '2022-10-27 08:12:00'),
(35943, 1431, 32, '2022-10-27 08:12:00'),
(35944, 1431, 21, '2022-10-27 08:12:00'),
(35945, 1431, 50, '2022-10-27 08:12:00'),
(35946, 1431, 57, '2022-10-27 08:12:00'),
(35947, 1431, 67, '2022-10-27 08:12:00'),
(35948, 1431, 29, '2022-10-27 08:12:00'),
(35949, 1431, 72, '2022-10-27 08:12:00'),
(35950, 1431, 13, '2022-10-27 08:12:00'),
(35951, 1431, 15, '2022-10-27 08:12:00'),
(35952, 1431, 18, '2022-10-27 08:12:00'),
(35953, 1431, 24, '2022-10-27 08:12:00'),
(35954, 1431, 26, '2022-10-27 08:12:00'),
(35955, 1431, 39, '2022-10-27 08:12:00'),
(35956, 1431, 42, '2022-10-27 08:12:00'),
(35957, 1431, 45, '2022-10-27 08:12:00'),
(35958, 1431, 54, '2022-10-27 08:12:00'),
(35959, 1431, 61, '2022-10-27 08:12:00'),
(35960, 1431, 64, '2022-10-27 08:12:00'),
(35961, 1431, 76, '2022-10-27 08:12:00'),
(35962, 1431, 79, '2022-10-27 08:12:00'),
(35963, 1431, 82, '2022-10-27 08:12:00'),
(35964, 1431, 84, '2022-10-27 08:12:00'),
(35965, 1432, 35, '2022-10-27 08:12:00'),
(35966, 1432, 5, '2022-10-27 08:12:00'),
(35967, 1432, 69, '2022-10-27 08:12:00'),
(35968, 1432, 9, '2022-10-27 08:12:00'),
(35969, 1432, 23, '2022-10-27 08:12:00'),
(35970, 1432, 32, '2022-10-27 08:12:00'),
(35971, 1432, 21, '2022-10-27 08:12:00'),
(35972, 1432, 50, '2022-10-27 08:12:00'),
(35973, 1432, 57, '2022-10-27 08:12:00'),
(35974, 1432, 67, '2022-10-27 08:12:00'),
(35975, 1432, 29, '2022-10-27 08:12:00'),
(35976, 1432, 72, '2022-10-27 08:12:00'),
(35977, 1432, 13, '2022-10-27 08:12:00'),
(35978, 1432, 15, '2022-10-27 08:12:00'),
(35979, 1432, 18, '2022-10-27 08:12:00'),
(35980, 1432, 24, '2022-10-27 08:12:00'),
(35981, 1432, 26, '2022-10-27 08:12:00'),
(35982, 1432, 39, '2022-10-27 08:12:00'),
(35983, 1432, 42, '2022-10-27 08:12:00'),
(35984, 1432, 45, '2022-10-27 08:12:00'),
(35985, 1432, 54, '2022-10-27 08:12:00'),
(35986, 1432, 61, '2022-10-27 08:12:00'),
(35987, 1432, 64, '2022-10-27 08:12:00'),
(35988, 1432, 76, '2022-10-27 08:12:00'),
(35989, 1432, 79, '2022-10-27 08:12:00'),
(35990, 1432, 82, '2022-10-27 08:12:00'),
(35991, 1432, 84, '2022-10-27 08:12:00'),
(35992, 1433, 35, '2022-10-27 08:12:00'),
(35993, 1433, 5, '2022-10-27 08:12:00'),
(35994, 1433, 69, '2022-10-27 08:12:00'),
(35995, 1433, 9, '2022-10-27 08:12:00'),
(35996, 1433, 23, '2022-10-27 08:12:00'),
(35997, 1433, 32, '2022-10-27 08:12:00'),
(35998, 1433, 21, '2022-10-27 08:12:00'),
(35999, 1433, 50, '2022-10-27 08:12:00'),
(36000, 1433, 57, '2022-10-27 08:12:00'),
(36001, 1433, 67, '2022-10-27 08:12:00'),
(36002, 1433, 29, '2022-10-27 08:12:00'),
(36003, 1433, 72, '2022-10-27 08:12:00'),
(36004, 1433, 13, '2022-10-27 08:12:00'),
(36005, 1433, 15, '2022-10-27 08:12:00'),
(36006, 1433, 18, '2022-10-27 08:12:00'),
(36007, 1433, 24, '2022-10-27 08:12:00'),
(36008, 1433, 26, '2022-10-27 08:12:00'),
(36009, 1433, 39, '2022-10-27 08:12:00'),
(36010, 1433, 42, '2022-10-27 08:12:00'),
(36011, 1433, 45, '2022-10-27 08:12:00'),
(36012, 1433, 54, '2022-10-27 08:12:00'),
(36013, 1433, 61, '2022-10-27 08:12:00'),
(36014, 1433, 64, '2022-10-27 08:12:00'),
(36015, 1433, 76, '2022-10-27 08:12:00'),
(36016, 1433, 79, '2022-10-27 08:12:00'),
(36017, 1433, 82, '2022-10-27 08:12:01'),
(36018, 1433, 84, '2022-10-27 08:12:01'),
(36019, 1434, 35, '2022-10-27 08:12:01'),
(36020, 1434, 5, '2022-10-27 08:12:01'),
(36021, 1434, 69, '2022-10-27 08:12:01'),
(36022, 1434, 9, '2022-10-27 08:12:01'),
(36023, 1434, 23, '2022-10-27 08:12:01'),
(36024, 1434, 32, '2022-10-27 08:12:01'),
(36025, 1434, 21, '2022-10-27 08:12:01'),
(36026, 1434, 50, '2022-10-27 08:12:01'),
(36027, 1434, 57, '2022-10-27 08:12:01'),
(36028, 1434, 67, '2022-10-27 08:12:01'),
(36029, 1434, 29, '2022-10-27 08:12:01'),
(36030, 1434, 72, '2022-10-27 08:12:01'),
(36031, 1434, 13, '2022-10-27 08:12:01'),
(36032, 1434, 15, '2022-10-27 08:12:01'),
(36033, 1434, 18, '2022-10-27 08:12:01'),
(36034, 1434, 24, '2022-10-27 08:12:01'),
(36035, 1434, 26, '2022-10-27 08:12:01'),
(36036, 1434, 39, '2022-10-27 08:12:01'),
(36037, 1434, 42, '2022-10-27 08:12:01'),
(36038, 1434, 45, '2022-10-27 08:12:01'),
(36039, 1434, 54, '2022-10-27 08:12:01'),
(36040, 1434, 61, '2022-10-27 08:12:01'),
(36041, 1434, 64, '2022-10-27 08:12:01'),
(36042, 1434, 76, '2022-10-27 08:12:01'),
(36043, 1434, 79, '2022-10-27 08:12:01'),
(36044, 1434, 82, '2022-10-27 08:12:01'),
(36045, 1434, 84, '2022-10-27 08:12:01'),
(36046, 1435, 35, '2022-10-27 08:12:01'),
(36047, 1435, 5, '2022-10-27 08:12:01'),
(36048, 1435, 69, '2022-10-27 08:12:01'),
(36049, 1435, 9, '2022-10-27 08:12:01'),
(36050, 1435, 23, '2022-10-27 08:12:01'),
(36051, 1435, 32, '2022-10-27 08:12:01'),
(36052, 1435, 21, '2022-10-27 08:12:01'),
(36053, 1435, 50, '2022-10-27 08:12:01'),
(36054, 1435, 57, '2022-10-27 08:12:01'),
(36055, 1435, 67, '2022-10-27 08:12:01'),
(36056, 1435, 29, '2022-10-27 08:12:01'),
(36057, 1435, 72, '2022-10-27 08:12:01'),
(36058, 1435, 13, '2022-10-27 08:12:01'),
(36059, 1435, 15, '2022-10-27 08:12:01'),
(36060, 1435, 18, '2022-10-27 08:12:01'),
(36061, 1435, 24, '2022-10-27 08:12:01'),
(36062, 1435, 26, '2022-10-27 08:12:01'),
(36063, 1435, 39, '2022-10-27 08:12:01'),
(36064, 1435, 42, '2022-10-27 08:12:01'),
(36065, 1435, 45, '2022-10-27 08:12:01'),
(36066, 1435, 54, '2022-10-27 08:12:01'),
(36067, 1435, 61, '2022-10-27 08:12:01'),
(36068, 1435, 64, '2022-10-27 08:12:01'),
(36069, 1435, 76, '2022-10-27 08:12:01'),
(36070, 1435, 79, '2022-10-27 08:12:01'),
(36071, 1435, 82, '2022-10-27 08:12:01'),
(36072, 1435, 84, '2022-10-27 08:12:01'),
(36073, 1436, 35, '2022-10-27 08:12:01'),
(36074, 1436, 5, '2022-10-27 08:12:01'),
(36075, 1436, 69, '2022-10-27 08:12:01'),
(36076, 1436, 9, '2022-10-27 08:12:01'),
(36077, 1436, 23, '2022-10-27 08:12:01'),
(36078, 1436, 32, '2022-10-27 08:12:01'),
(36079, 1436, 21, '2022-10-27 08:12:01'),
(36080, 1436, 50, '2022-10-27 08:12:01'),
(36081, 1436, 57, '2022-10-27 08:12:01'),
(36082, 1436, 67, '2022-10-27 08:12:01'),
(36083, 1436, 29, '2022-10-27 08:12:01'),
(36084, 1436, 72, '2022-10-27 08:12:01'),
(36085, 1436, 13, '2022-10-27 08:12:01'),
(36086, 1436, 15, '2022-10-27 08:12:01'),
(36087, 1436, 18, '2022-10-27 08:12:01'),
(36088, 1436, 24, '2022-10-27 08:12:01'),
(36089, 1436, 26, '2022-10-27 08:12:01'),
(36090, 1436, 39, '2022-10-27 08:12:01'),
(36091, 1436, 42, '2022-10-27 08:12:01'),
(36092, 1436, 45, '2022-10-27 08:12:01'),
(36093, 1436, 54, '2022-10-27 08:12:01'),
(36094, 1436, 61, '2022-10-27 08:12:01'),
(36095, 1436, 64, '2022-10-27 08:12:01'),
(36096, 1436, 76, '2022-10-27 08:12:01'),
(36097, 1436, 79, '2022-10-27 08:12:01'),
(36098, 1436, 82, '2022-10-27 08:12:01'),
(36099, 1436, 84, '2022-10-27 08:12:01'),
(36100, 1437, 35, '2022-10-27 08:12:01'),
(36101, 1437, 5, '2022-10-27 08:12:01'),
(36102, 1437, 69, '2022-10-27 08:12:01'),
(36103, 1437, 9, '2022-10-27 08:12:01'),
(36104, 1437, 23, '2022-10-27 08:12:01'),
(36105, 1437, 32, '2022-10-27 08:12:01'),
(36106, 1437, 21, '2022-10-27 08:12:01'),
(36107, 1437, 50, '2022-10-27 08:12:01'),
(36108, 1437, 57, '2022-10-27 08:12:01'),
(36109, 1437, 67, '2022-10-27 08:12:01'),
(36110, 1437, 29, '2022-10-27 08:12:01'),
(36111, 1437, 72, '2022-10-27 08:12:01'),
(36112, 1437, 13, '2022-10-27 08:12:01'),
(36113, 1437, 15, '2022-10-27 08:12:01'),
(36114, 1437, 18, '2022-10-27 08:12:01'),
(36115, 1437, 24, '2022-10-27 08:12:01'),
(36116, 1437, 26, '2022-10-27 08:12:01'),
(36117, 1437, 39, '2022-10-27 08:12:01'),
(36118, 1437, 42, '2022-10-27 08:12:01'),
(36119, 1437, 45, '2022-10-27 08:12:01'),
(36120, 1437, 54, '2022-10-27 08:12:01'),
(36121, 1437, 61, '2022-10-27 08:12:01'),
(36122, 1437, 64, '2022-10-27 08:12:01'),
(36123, 1437, 76, '2022-10-27 08:12:01'),
(36124, 1437, 79, '2022-10-27 08:12:01'),
(36125, 1437, 82, '2022-10-27 08:12:01'),
(36126, 1437, 84, '2022-10-27 08:12:01'),
(36127, 1438, 35, '2022-10-27 08:12:01'),
(36128, 1438, 5, '2022-10-27 08:12:01'),
(36129, 1438, 69, '2022-10-27 08:12:01'),
(36130, 1438, 9, '2022-10-27 08:12:01'),
(36131, 1438, 23, '2022-10-27 08:12:01'),
(36132, 1438, 32, '2022-10-27 08:12:01'),
(36133, 1438, 21, '2022-10-27 08:12:01'),
(36134, 1438, 50, '2022-10-27 08:12:01'),
(36135, 1438, 57, '2022-10-27 08:12:01'),
(36136, 1438, 67, '2022-10-27 08:12:01'),
(36137, 1438, 29, '2022-10-27 08:12:01'),
(36138, 1438, 72, '2022-10-27 08:12:01'),
(36139, 1438, 13, '2022-10-27 08:12:01'),
(36140, 1438, 15, '2022-10-27 08:12:01'),
(36141, 1438, 18, '2022-10-27 08:12:01'),
(36142, 1438, 24, '2022-10-27 08:12:01'),
(36143, 1438, 26, '2022-10-27 08:12:01'),
(36144, 1438, 39, '2022-10-27 08:12:01'),
(36145, 1438, 42, '2022-10-27 08:12:01'),
(36146, 1438, 45, '2022-10-27 08:12:01'),
(36147, 1438, 54, '2022-10-27 08:12:01'),
(36148, 1438, 61, '2022-10-27 08:12:01'),
(36149, 1438, 64, '2022-10-27 08:12:01'),
(36150, 1438, 76, '2022-10-27 08:12:01'),
(36151, 1438, 79, '2022-10-27 08:12:01'),
(36152, 1438, 82, '2022-10-27 08:12:01'),
(36153, 1438, 84, '2022-10-27 08:12:01'),
(36154, 1439, 35, '2022-10-27 08:12:01'),
(36155, 1439, 5, '2022-10-27 08:12:01'),
(36156, 1439, 69, '2022-10-27 08:12:01'),
(36157, 1439, 9, '2022-10-27 08:12:01'),
(36158, 1439, 23, '2022-10-27 08:12:01'),
(36159, 1439, 32, '2022-10-27 08:12:01'),
(36160, 1439, 21, '2022-10-27 08:12:01'),
(36161, 1439, 50, '2022-10-27 08:12:01'),
(36162, 1439, 57, '2022-10-27 08:12:01'),
(36163, 1439, 67, '2022-10-27 08:12:01'),
(36164, 1439, 29, '2022-10-27 08:12:01'),
(36165, 1439, 72, '2022-10-27 08:12:01'),
(36166, 1439, 13, '2022-10-27 08:12:01'),
(36167, 1439, 15, '2022-10-27 08:12:01'),
(36168, 1439, 18, '2022-10-27 08:12:01'),
(36169, 1439, 24, '2022-10-27 08:12:01'),
(36170, 1439, 26, '2022-10-27 08:12:01'),
(36171, 1439, 39, '2022-10-27 08:12:01'),
(36172, 1439, 42, '2022-10-27 08:12:01'),
(36173, 1439, 45, '2022-10-27 08:12:01'),
(36174, 1439, 54, '2022-10-27 08:12:01'),
(36175, 1439, 61, '2022-10-27 08:12:01'),
(36176, 1439, 64, '2022-10-27 08:12:01'),
(36177, 1439, 76, '2022-10-27 08:12:01'),
(36178, 1439, 79, '2022-10-27 08:12:01'),
(36179, 1439, 82, '2022-10-27 08:12:01'),
(36180, 1439, 84, '2022-10-27 08:12:01'),
(36181, 1440, 35, '2022-10-27 08:12:01'),
(36182, 1440, 5, '2022-10-27 08:12:01'),
(36183, 1440, 69, '2022-10-27 08:12:01'),
(36184, 1440, 9, '2022-10-27 08:12:01'),
(36185, 1440, 23, '2022-10-27 08:12:01'),
(36186, 1440, 32, '2022-10-27 08:12:01'),
(36187, 1440, 21, '2022-10-27 08:12:01'),
(36188, 1440, 50, '2022-10-27 08:12:01'),
(36189, 1440, 57, '2022-10-27 08:12:01'),
(36190, 1440, 67, '2022-10-27 08:12:01'),
(36191, 1440, 29, '2022-10-27 08:12:01'),
(36192, 1440, 72, '2022-10-27 08:12:01'),
(36193, 1440, 13, '2022-10-27 08:12:01'),
(36194, 1440, 15, '2022-10-27 08:12:01'),
(36195, 1440, 18, '2022-10-27 08:12:01'),
(36196, 1440, 24, '2022-10-27 08:12:01'),
(36197, 1440, 26, '2022-10-27 08:12:01'),
(36198, 1440, 39, '2022-10-27 08:12:01'),
(36199, 1440, 42, '2022-10-27 08:12:01'),
(36200, 1440, 45, '2022-10-27 08:12:01'),
(36201, 1440, 54, '2022-10-27 08:12:01'),
(36202, 1440, 61, '2022-10-27 08:12:01'),
(36203, 1440, 64, '2022-10-27 08:12:01'),
(36204, 1440, 76, '2022-10-27 08:12:01'),
(36205, 1440, 79, '2022-10-27 08:12:01'),
(36206, 1440, 82, '2022-10-27 08:12:01'),
(36207, 1440, 84, '2022-10-27 08:12:01'),
(36208, 1441, 35, '2022-10-27 08:12:01'),
(36209, 1441, 5, '2022-10-27 08:12:01'),
(36210, 1441, 69, '2022-10-27 08:12:01'),
(36211, 1441, 9, '2022-10-27 08:12:01'),
(36212, 1441, 23, '2022-10-27 08:12:01'),
(36213, 1441, 32, '2022-10-27 08:12:01'),
(36214, 1441, 21, '2022-10-27 08:12:01'),
(36215, 1441, 50, '2022-10-27 08:12:01'),
(36216, 1441, 57, '2022-10-27 08:12:01'),
(36217, 1441, 67, '2022-10-27 08:12:01'),
(36218, 1441, 29, '2022-10-27 08:12:01'),
(36219, 1441, 72, '2022-10-27 08:12:01'),
(36220, 1441, 13, '2022-10-27 08:12:01'),
(36221, 1441, 15, '2022-10-27 08:12:01'),
(36222, 1441, 18, '2022-10-27 08:12:01'),
(36223, 1441, 24, '2022-10-27 08:12:01'),
(36224, 1441, 26, '2022-10-27 08:12:01'),
(36225, 1441, 39, '2022-10-27 08:12:01'),
(36226, 1441, 42, '2022-10-27 08:12:01'),
(36227, 1441, 45, '2022-10-27 08:12:01'),
(36228, 1441, 54, '2022-10-27 08:12:01'),
(36229, 1441, 61, '2022-10-27 08:12:01'),
(36230, 1441, 64, '2022-10-27 08:12:01'),
(36231, 1441, 76, '2022-10-27 08:12:01'),
(36232, 1441, 79, '2022-10-27 08:12:01'),
(36233, 1441, 82, '2022-10-27 08:12:01'),
(36234, 1441, 84, '2022-10-27 08:12:01'),
(36235, 1442, 35, '2022-10-27 08:12:01'),
(36236, 1442, 5, '2022-10-27 08:12:01'),
(36237, 1442, 69, '2022-10-27 08:12:01'),
(36238, 1442, 9, '2022-10-27 08:12:01'),
(36239, 1442, 23, '2022-10-27 08:12:01'),
(36240, 1442, 32, '2022-10-27 08:12:01'),
(36241, 1442, 21, '2022-10-27 08:12:01'),
(36242, 1442, 50, '2022-10-27 08:12:01'),
(36243, 1442, 57, '2022-10-27 08:12:01'),
(36244, 1442, 67, '2022-10-27 08:12:01'),
(36245, 1442, 29, '2022-10-27 08:12:01'),
(36246, 1442, 72, '2022-10-27 08:12:01'),
(36247, 1442, 13, '2022-10-27 08:12:01'),
(36248, 1442, 15, '2022-10-27 08:12:01'),
(36249, 1442, 18, '2022-10-27 08:12:01'),
(36250, 1442, 24, '2022-10-27 08:12:01'),
(36251, 1442, 26, '2022-10-27 08:12:01'),
(36252, 1442, 39, '2022-10-27 08:12:01'),
(36253, 1442, 42, '2022-10-27 08:12:01'),
(36254, 1442, 45, '2022-10-27 08:12:01'),
(36255, 1442, 54, '2022-10-27 08:12:01'),
(36256, 1442, 61, '2022-10-27 08:12:01'),
(36257, 1442, 64, '2022-10-27 08:12:01'),
(36258, 1442, 76, '2022-10-27 08:12:01'),
(36259, 1442, 79, '2022-10-27 08:12:01'),
(36260, 1442, 82, '2022-10-27 08:12:01'),
(36261, 1442, 84, '2022-10-27 08:12:01'),
(36262, 1443, 35, '2022-10-27 08:12:01'),
(36263, 1443, 5, '2022-10-27 08:12:01'),
(36264, 1443, 69, '2022-10-27 08:12:01'),
(36265, 1443, 9, '2022-10-27 08:12:01'),
(36266, 1443, 23, '2022-10-27 08:12:01'),
(36267, 1443, 32, '2022-10-27 08:12:01'),
(36268, 1443, 21, '2022-10-27 08:12:01'),
(36269, 1443, 50, '2022-10-27 08:12:01'),
(36270, 1443, 57, '2022-10-27 08:12:01'),
(36271, 1443, 67, '2022-10-27 08:12:01'),
(36272, 1443, 29, '2022-10-27 08:12:01'),
(36273, 1443, 72, '2022-10-27 08:12:01'),
(36274, 1443, 13, '2022-10-27 08:12:01'),
(36275, 1443, 15, '2022-10-27 08:12:01'),
(36276, 1443, 18, '2022-10-27 08:12:01'),
(36277, 1443, 24, '2022-10-27 08:12:01'),
(36278, 1443, 26, '2022-10-27 08:12:01'),
(36279, 1443, 39, '2022-10-27 08:12:01'),
(36280, 1443, 42, '2022-10-27 08:12:01'),
(36281, 1443, 45, '2022-10-27 08:12:01'),
(36282, 1443, 54, '2022-10-27 08:12:01'),
(36283, 1443, 61, '2022-10-27 08:12:01'),
(36284, 1443, 64, '2022-10-27 08:12:01'),
(36285, 1443, 76, '2022-10-27 08:12:01'),
(36286, 1443, 79, '2022-10-27 08:12:01'),
(36287, 1443, 82, '2022-10-27 08:12:01'),
(36288, 1443, 84, '2022-10-27 08:12:01'),
(36289, 1444, 35, '2022-10-27 08:12:01'),
(36290, 1444, 5, '2022-10-27 08:12:01'),
(36291, 1444, 69, '2022-10-27 08:12:01'),
(36292, 1444, 9, '2022-10-27 08:12:01'),
(36293, 1444, 23, '2022-10-27 08:12:01'),
(36294, 1444, 32, '2022-10-27 08:12:01'),
(36295, 1444, 21, '2022-10-27 08:12:01'),
(36296, 1444, 50, '2022-10-27 08:12:01'),
(36297, 1444, 57, '2022-10-27 08:12:01'),
(36298, 1444, 67, '2022-10-27 08:12:01'),
(36299, 1444, 29, '2022-10-27 08:12:01'),
(36300, 1444, 72, '2022-10-27 08:12:01'),
(36301, 1444, 13, '2022-10-27 08:12:01'),
(36302, 1444, 15, '2022-10-27 08:12:01'),
(36303, 1444, 18, '2022-10-27 08:12:01'),
(36304, 1444, 24, '2022-10-27 08:12:01'),
(36305, 1444, 26, '2022-10-27 08:12:02'),
(36306, 1444, 39, '2022-10-27 08:12:02'),
(36307, 1444, 42, '2022-10-27 08:12:02'),
(36308, 1444, 45, '2022-10-27 08:12:02'),
(36309, 1444, 54, '2022-10-27 08:12:02'),
(36310, 1444, 61, '2022-10-27 08:12:02'),
(36311, 1444, 64, '2022-10-27 08:12:02'),
(36312, 1444, 76, '2022-10-27 08:12:02'),
(36313, 1444, 79, '2022-10-27 08:12:02'),
(36314, 1444, 82, '2022-10-27 08:12:02'),
(36315, 1444, 84, '2022-10-27 08:12:02'),
(36316, 1445, 35, '2022-10-27 08:12:02'),
(36317, 1445, 5, '2022-10-27 08:12:02'),
(36318, 1445, 69, '2022-10-27 08:12:02'),
(36319, 1445, 9, '2022-10-27 08:12:02'),
(36320, 1445, 23, '2022-10-27 08:12:02'),
(36321, 1445, 32, '2022-10-27 08:12:02'),
(36322, 1445, 21, '2022-10-27 08:12:02'),
(36323, 1445, 50, '2022-10-27 08:12:02'),
(36324, 1445, 57, '2022-10-27 08:12:02'),
(36325, 1445, 67, '2022-10-27 08:12:02'),
(36326, 1445, 29, '2022-10-27 08:12:02'),
(36327, 1445, 72, '2022-10-27 08:12:02'),
(36328, 1445, 13, '2022-10-27 08:12:02'),
(36329, 1445, 15, '2022-10-27 08:12:02'),
(36330, 1445, 18, '2022-10-27 08:12:02'),
(36331, 1445, 24, '2022-10-27 08:12:02'),
(36332, 1445, 26, '2022-10-27 08:12:02'),
(36333, 1445, 39, '2022-10-27 08:12:02'),
(36334, 1445, 42, '2022-10-27 08:12:02'),
(36335, 1445, 45, '2022-10-27 08:12:02'),
(36336, 1445, 54, '2022-10-27 08:12:02'),
(36337, 1445, 61, '2022-10-27 08:12:02'),
(36338, 1445, 64, '2022-10-27 08:12:02'),
(36339, 1445, 76, '2022-10-27 08:12:02'),
(36340, 1445, 79, '2022-10-27 08:12:02'),
(36341, 1445, 82, '2022-10-27 08:12:02'),
(36342, 1445, 84, '2022-10-27 08:12:02'),
(36343, 1446, 35, '2022-10-27 08:12:02'),
(36344, 1446, 5, '2022-10-27 08:12:02'),
(36345, 1446, 69, '2022-10-27 08:12:02'),
(36346, 1446, 9, '2022-10-27 08:12:02'),
(36347, 1446, 23, '2022-10-27 08:12:02'),
(36348, 1446, 32, '2022-10-27 08:12:02'),
(36349, 1446, 21, '2022-10-27 08:12:02'),
(36350, 1446, 50, '2022-10-27 08:12:02'),
(36351, 1446, 57, '2022-10-27 08:12:02'),
(36352, 1446, 67, '2022-10-27 08:12:02'),
(36353, 1446, 29, '2022-10-27 08:12:02'),
(36354, 1446, 72, '2022-10-27 08:12:02'),
(36355, 1446, 13, '2022-10-27 08:12:02'),
(36356, 1446, 15, '2022-10-27 08:12:02'),
(36357, 1446, 18, '2022-10-27 08:12:02'),
(36358, 1446, 24, '2022-10-27 08:12:02'),
(36359, 1446, 26, '2022-10-27 08:12:02'),
(36360, 1446, 39, '2022-10-27 08:12:02'),
(36361, 1446, 42, '2022-10-27 08:12:02'),
(36362, 1446, 45, '2022-10-27 08:12:02'),
(36363, 1446, 54, '2022-10-27 08:12:02'),
(36364, 1446, 61, '2022-10-27 08:12:02'),
(36365, 1446, 64, '2022-10-27 08:12:02'),
(36366, 1446, 76, '2022-10-27 08:12:02'),
(36367, 1446, 79, '2022-10-27 08:12:02'),
(36368, 1446, 82, '2022-10-27 08:12:02'),
(36369, 1446, 84, '2022-10-27 08:12:02'),
(36370, 1447, 35, '2022-10-27 08:12:02'),
(36371, 1447, 5, '2022-10-27 08:12:02'),
(36372, 1447, 69, '2022-10-27 08:12:02'),
(36373, 1447, 9, '2022-10-27 08:12:02'),
(36374, 1447, 23, '2022-10-27 08:12:02'),
(36375, 1447, 32, '2022-10-27 08:12:02'),
(36376, 1447, 21, '2022-10-27 08:12:02'),
(36377, 1447, 50, '2022-10-27 08:12:02'),
(36378, 1447, 57, '2022-10-27 08:12:02'),
(36379, 1447, 67, '2022-10-27 08:12:02'),
(36380, 1447, 29, '2022-10-27 08:12:02'),
(36381, 1447, 72, '2022-10-27 08:12:02'),
(36382, 1447, 13, '2022-10-27 08:12:02'),
(36383, 1447, 15, '2022-10-27 08:12:02'),
(36384, 1447, 18, '2022-10-27 08:12:02'),
(36385, 1447, 24, '2022-10-27 08:12:02'),
(36386, 1447, 26, '2022-10-27 08:12:02'),
(36387, 1447, 39, '2022-10-27 08:12:02'),
(36388, 1447, 42, '2022-10-27 08:12:02'),
(36389, 1447, 45, '2022-10-27 08:12:02'),
(36390, 1447, 54, '2022-10-27 08:12:02'),
(36391, 1447, 61, '2022-10-27 08:12:02'),
(36392, 1447, 64, '2022-10-27 08:12:02'),
(36393, 1447, 76, '2022-10-27 08:12:02'),
(36394, 1447, 79, '2022-10-27 08:12:02'),
(36395, 1447, 82, '2022-10-27 08:12:02'),
(36396, 1447, 84, '2022-10-27 08:12:02'),
(36397, 1448, 35, '2022-10-27 08:12:02'),
(36398, 1448, 5, '2022-10-27 08:12:02'),
(36399, 1448, 69, '2022-10-27 08:12:02'),
(36400, 1448, 9, '2022-10-27 08:12:02'),
(36401, 1448, 23, '2022-10-27 08:12:02'),
(36402, 1448, 32, '2022-10-27 08:12:02'),
(36403, 1448, 21, '2022-10-27 08:12:02'),
(36404, 1448, 50, '2022-10-27 08:12:02'),
(36405, 1448, 57, '2022-10-27 08:12:02'),
(36406, 1448, 67, '2022-10-27 08:12:02'),
(36407, 1448, 29, '2022-10-27 08:12:02'),
(36408, 1448, 72, '2022-10-27 08:12:02'),
(36409, 1448, 13, '2022-10-27 08:12:02'),
(36410, 1448, 15, '2022-10-27 08:12:02'),
(36411, 1448, 18, '2022-10-27 08:12:02'),
(36412, 1448, 24, '2022-10-27 08:12:02'),
(36413, 1448, 26, '2022-10-27 08:12:02'),
(36414, 1448, 39, '2022-10-27 08:12:02'),
(36415, 1448, 42, '2022-10-27 08:12:02'),
(36416, 1448, 45, '2022-10-27 08:12:02'),
(36417, 1448, 54, '2022-10-27 08:12:02'),
(36418, 1448, 61, '2022-10-27 08:12:02'),
(36419, 1448, 64, '2022-10-27 08:12:02'),
(36420, 1448, 76, '2022-10-27 08:12:02'),
(36421, 1448, 79, '2022-10-27 08:12:02'),
(36422, 1448, 82, '2022-10-27 08:12:02'),
(36423, 1448, 84, '2022-10-27 08:12:02'),
(36424, 1449, 35, '2022-10-27 08:12:02'),
(36425, 1449, 5, '2022-10-27 08:12:02'),
(36426, 1449, 69, '2022-10-27 08:12:02'),
(36427, 1449, 9, '2022-10-27 08:12:02'),
(36428, 1449, 23, '2022-10-27 08:12:02'),
(36429, 1449, 32, '2022-10-27 08:12:02'),
(36430, 1449, 21, '2022-10-27 08:12:02'),
(36431, 1449, 50, '2022-10-27 08:12:02'),
(36432, 1449, 57, '2022-10-27 08:12:02'),
(36433, 1449, 67, '2022-10-27 08:12:02'),
(36434, 1449, 29, '2022-10-27 08:12:02'),
(36435, 1449, 72, '2022-10-27 08:12:02'),
(36436, 1449, 13, '2022-10-27 08:12:02'),
(36437, 1449, 15, '2022-10-27 08:12:02'),
(36438, 1449, 18, '2022-10-27 08:12:02'),
(36439, 1449, 24, '2022-10-27 08:12:02'),
(36440, 1449, 26, '2022-10-27 08:12:02'),
(36441, 1449, 39, '2022-10-27 08:12:02'),
(36442, 1449, 42, '2022-10-27 08:12:02'),
(36443, 1449, 45, '2022-10-27 08:12:02'),
(36444, 1449, 54, '2022-10-27 08:12:02'),
(36445, 1449, 61, '2022-10-27 08:12:02'),
(36446, 1449, 64, '2022-10-27 08:12:02'),
(36447, 1449, 76, '2022-10-27 08:12:02'),
(36448, 1449, 79, '2022-10-27 08:12:02'),
(36449, 1449, 82, '2022-10-27 08:12:02'),
(36450, 1449, 84, '2022-10-27 08:12:02'),
(36451, 1450, 35, '2022-10-27 08:12:02'),
(36452, 1450, 5, '2022-10-27 08:12:02'),
(36453, 1450, 69, '2022-10-27 08:12:02'),
(36454, 1450, 9, '2022-10-27 08:12:02'),
(36455, 1450, 23, '2022-10-27 08:12:02'),
(36456, 1450, 32, '2022-10-27 08:12:02'),
(36457, 1450, 21, '2022-10-27 08:12:02'),
(36458, 1450, 50, '2022-10-27 08:12:02'),
(36459, 1450, 57, '2022-10-27 08:12:02'),
(36460, 1450, 67, '2022-10-27 08:12:02'),
(36461, 1450, 29, '2022-10-27 08:12:02'),
(36462, 1450, 72, '2022-10-27 08:12:02'),
(36463, 1450, 13, '2022-10-27 08:12:02'),
(36464, 1450, 15, '2022-10-27 08:12:02'),
(36465, 1450, 18, '2022-10-27 08:12:02'),
(36466, 1450, 24, '2022-10-27 08:12:02'),
(36467, 1450, 26, '2022-10-27 08:12:02'),
(36468, 1450, 39, '2022-10-27 08:12:02'),
(36469, 1450, 42, '2022-10-27 08:12:02'),
(36470, 1450, 45, '2022-10-27 08:12:02'),
(36471, 1450, 54, '2022-10-27 08:12:02'),
(36472, 1450, 61, '2022-10-27 08:12:02'),
(36473, 1450, 64, '2022-10-27 08:12:02'),
(36474, 1450, 76, '2022-10-27 08:12:02'),
(36475, 1450, 79, '2022-10-27 08:12:02'),
(36476, 1450, 82, '2022-10-27 08:12:02'),
(36477, 1450, 84, '2022-10-27 08:12:02'),
(36478, 1451, 35, '2022-10-27 08:12:02'),
(36479, 1451, 5, '2022-10-27 08:12:02'),
(36480, 1451, 69, '2022-10-27 08:12:02'),
(36481, 1451, 9, '2022-10-27 08:12:02'),
(36482, 1451, 23, '2022-10-27 08:12:02'),
(36483, 1451, 32, '2022-10-27 08:12:02'),
(36484, 1451, 21, '2022-10-27 08:12:02'),
(36485, 1451, 50, '2022-10-27 08:12:02'),
(36486, 1451, 57, '2022-10-27 08:12:02'),
(36487, 1451, 67, '2022-10-27 08:12:02'),
(36488, 1451, 29, '2022-10-27 08:12:02'),
(36489, 1451, 72, '2022-10-27 08:12:02'),
(36490, 1451, 13, '2022-10-27 08:12:02'),
(36491, 1451, 15, '2022-10-27 08:12:02'),
(36492, 1451, 18, '2022-10-27 08:12:02'),
(36493, 1451, 24, '2022-10-27 08:12:02'),
(36494, 1451, 26, '2022-10-27 08:12:02'),
(36495, 1451, 39, '2022-10-27 08:12:02'),
(36496, 1451, 42, '2022-10-27 08:12:02'),
(36497, 1451, 45, '2022-10-27 08:12:02'),
(36498, 1451, 54, '2022-10-27 08:12:02'),
(36499, 1451, 61, '2022-10-27 08:12:02'),
(36500, 1451, 64, '2022-10-27 08:12:02'),
(36501, 1451, 76, '2022-10-27 08:12:02'),
(36502, 1451, 79, '2022-10-27 08:12:02'),
(36503, 1451, 82, '2022-10-27 08:12:02'),
(36504, 1451, 84, '2022-10-27 08:12:02'),
(36505, 1452, 35, '2022-10-27 08:12:02'),
(36506, 1452, 5, '2022-10-27 08:12:02'),
(36507, 1452, 69, '2022-10-27 08:12:02'),
(36508, 1452, 9, '2022-10-27 08:12:02'),
(36509, 1452, 23, '2022-10-27 08:12:02'),
(36510, 1452, 32, '2022-10-27 08:12:02'),
(36511, 1452, 21, '2022-10-27 08:12:02'),
(36512, 1452, 50, '2022-10-27 08:12:02'),
(36513, 1452, 57, '2022-10-27 08:12:02'),
(36514, 1452, 67, '2022-10-27 08:12:02'),
(36515, 1452, 29, '2022-10-27 08:12:02'),
(36516, 1452, 72, '2022-10-27 08:12:02'),
(36517, 1452, 13, '2022-10-27 08:12:02'),
(36518, 1452, 15, '2022-10-27 08:12:02'),
(36519, 1452, 18, '2022-10-27 08:12:02'),
(36520, 1452, 24, '2022-10-27 08:12:02'),
(36521, 1452, 26, '2022-10-27 08:12:02'),
(36522, 1452, 39, '2022-10-27 08:12:02'),
(36523, 1452, 42, '2022-10-27 08:12:02'),
(36524, 1452, 45, '2022-10-27 08:12:02'),
(36525, 1452, 54, '2022-10-27 08:12:02'),
(36526, 1452, 61, '2022-10-27 08:12:02'),
(36527, 1452, 64, '2022-10-27 08:12:02'),
(36528, 1452, 76, '2022-10-27 08:12:02'),
(36529, 1452, 79, '2022-10-27 08:12:02'),
(36530, 1452, 82, '2022-10-27 08:12:02'),
(36531, 1452, 84, '2022-10-27 08:12:02'),
(36532, 1453, 35, '2022-10-27 08:12:02'),
(36533, 1453, 5, '2022-10-27 08:12:02'),
(36534, 1453, 69, '2022-10-27 08:12:02'),
(36535, 1453, 9, '2022-10-27 08:12:02'),
(36536, 1453, 23, '2022-10-27 08:12:02'),
(36537, 1453, 32, '2022-10-27 08:12:02'),
(36538, 1453, 21, '2022-10-27 08:12:02'),
(36539, 1453, 50, '2022-10-27 08:12:02'),
(36540, 1453, 57, '2022-10-27 08:12:02'),
(36541, 1453, 67, '2022-10-27 08:12:02'),
(36542, 1453, 29, '2022-10-27 08:12:02'),
(36543, 1453, 72, '2022-10-27 08:12:02'),
(36544, 1453, 13, '2022-10-27 08:12:02'),
(36545, 1453, 15, '2022-10-27 08:12:02'),
(36546, 1453, 18, '2022-10-27 08:12:02'),
(36547, 1453, 24, '2022-10-27 08:12:02'),
(36548, 1453, 26, '2022-10-27 08:12:02'),
(36549, 1453, 39, '2022-10-27 08:12:02'),
(36550, 1453, 42, '2022-10-27 08:12:02'),
(36551, 1453, 45, '2022-10-27 08:12:02'),
(36552, 1453, 54, '2022-10-27 08:12:02'),
(36553, 1453, 61, '2022-10-27 08:12:02'),
(36554, 1453, 64, '2022-10-27 08:12:02'),
(36555, 1453, 76, '2022-10-27 08:12:02'),
(36556, 1453, 79, '2022-10-27 08:12:02'),
(36557, 1453, 82, '2022-10-27 08:12:02'),
(36558, 1453, 84, '2022-10-27 08:12:02'),
(36559, 1454, 35, '2022-10-27 08:12:02'),
(36560, 1454, 5, '2022-10-27 08:12:02'),
(36561, 1454, 69, '2022-10-27 08:12:02'),
(36562, 1454, 9, '2022-10-27 08:12:02'),
(36563, 1454, 23, '2022-10-27 08:12:02'),
(36564, 1454, 32, '2022-10-27 08:12:02'),
(36565, 1454, 21, '2022-10-27 08:12:02'),
(36566, 1454, 50, '2022-10-27 08:12:02'),
(36567, 1454, 57, '2022-10-27 08:12:02'),
(36568, 1454, 67, '2022-10-27 08:12:02'),
(36569, 1454, 29, '2022-10-27 08:12:02'),
(36570, 1454, 72, '2022-10-27 08:12:02'),
(36571, 1454, 13, '2022-10-27 08:12:02'),
(36572, 1454, 15, '2022-10-27 08:12:02'),
(36573, 1454, 18, '2022-10-27 08:12:02'),
(36574, 1454, 24, '2022-10-27 08:12:02'),
(36575, 1454, 26, '2022-10-27 08:12:02'),
(36576, 1454, 39, '2022-10-27 08:12:02'),
(36577, 1454, 42, '2022-10-27 08:12:02'),
(36578, 1454, 45, '2022-10-27 08:12:02'),
(36579, 1454, 54, '2022-10-27 08:12:02'),
(36580, 1454, 61, '2022-10-27 08:12:02'),
(36581, 1454, 64, '2022-10-27 08:12:02'),
(36582, 1454, 76, '2022-10-27 08:12:02'),
(36583, 1454, 79, '2022-10-27 08:12:02'),
(36584, 1454, 82, '2022-10-27 08:12:02'),
(36585, 1454, 84, '2022-10-27 08:12:02'),
(36586, 1455, 35, '2022-10-27 08:12:02'),
(36587, 1455, 5, '2022-10-27 08:12:02'),
(36588, 1455, 69, '2022-10-27 08:12:02'),
(36589, 1455, 9, '2022-10-27 08:12:02'),
(36590, 1455, 23, '2022-10-27 08:12:02'),
(36591, 1455, 32, '2022-10-27 08:12:02'),
(36592, 1455, 21, '2022-10-27 08:12:02'),
(36593, 1455, 50, '2022-10-27 08:12:02'),
(36594, 1455, 57, '2022-10-27 08:12:02'),
(36595, 1455, 67, '2022-10-27 08:12:02'),
(36596, 1455, 29, '2022-10-27 08:12:02'),
(36597, 1455, 72, '2022-10-27 08:12:02'),
(36598, 1455, 13, '2022-10-27 08:12:02'),
(36599, 1455, 15, '2022-10-27 08:12:02'),
(36600, 1455, 18, '2022-10-27 08:12:02'),
(36601, 1455, 24, '2022-10-27 08:12:02'),
(36602, 1455, 26, '2022-10-27 08:12:02'),
(36603, 1455, 39, '2022-10-27 08:12:02'),
(36604, 1455, 42, '2022-10-27 08:12:02'),
(36605, 1455, 45, '2022-10-27 08:12:03'),
(36606, 1455, 54, '2022-10-27 08:12:03'),
(36607, 1455, 61, '2022-10-27 08:12:03'),
(36608, 1455, 64, '2022-10-27 08:12:03'),
(36609, 1455, 76, '2022-10-27 08:12:03'),
(36610, 1455, 79, '2022-10-27 08:12:03'),
(36611, 1455, 82, '2022-10-27 08:12:03'),
(36612, 1455, 84, '2022-10-27 08:12:03'),
(36613, 1456, 35, '2022-10-27 08:12:03'),
(36614, 1456, 5, '2022-10-27 08:12:03'),
(36615, 1456, 69, '2022-10-27 08:12:03'),
(36616, 1456, 9, '2022-10-27 08:12:03'),
(36617, 1456, 23, '2022-10-27 08:12:03'),
(36618, 1456, 32, '2022-10-27 08:12:03'),
(36619, 1456, 21, '2022-10-27 08:12:03'),
(36620, 1456, 50, '2022-10-27 08:12:03'),
(36621, 1456, 57, '2022-10-27 08:12:03'),
(36622, 1456, 67, '2022-10-27 08:12:03'),
(36623, 1456, 29, '2022-10-27 08:12:03'),
(36624, 1456, 72, '2022-10-27 08:12:03'),
(36625, 1456, 13, '2022-10-27 08:12:03'),
(36626, 1456, 15, '2022-10-27 08:12:03'),
(36627, 1456, 18, '2022-10-27 08:12:03'),
(36628, 1456, 24, '2022-10-27 08:12:03'),
(36629, 1456, 26, '2022-10-27 08:12:03'),
(36630, 1456, 39, '2022-10-27 08:12:03'),
(36631, 1456, 42, '2022-10-27 08:12:03'),
(36632, 1456, 45, '2022-10-27 08:12:03'),
(36633, 1456, 54, '2022-10-27 08:12:03'),
(36634, 1456, 61, '2022-10-27 08:12:03'),
(36635, 1456, 64, '2022-10-27 08:12:03'),
(36636, 1456, 76, '2022-10-27 08:12:03'),
(36637, 1456, 79, '2022-10-27 08:12:03'),
(36638, 1456, 82, '2022-10-27 08:12:03'),
(36639, 1456, 84, '2022-10-27 08:12:03'),
(36640, 1457, 35, '2022-10-27 08:12:03'),
(36641, 1457, 5, '2022-10-27 08:12:03'),
(36642, 1457, 69, '2022-10-27 08:12:03'),
(36643, 1457, 9, '2022-10-27 08:12:03'),
(36644, 1457, 23, '2022-10-27 08:12:03'),
(36645, 1457, 32, '2022-10-27 08:12:03'),
(36646, 1457, 21, '2022-10-27 08:12:03'),
(36647, 1457, 50, '2022-10-27 08:12:03'),
(36648, 1457, 57, '2022-10-27 08:12:03'),
(36649, 1457, 67, '2022-10-27 08:12:03'),
(36650, 1457, 29, '2022-10-27 08:12:03'),
(36651, 1457, 72, '2022-10-27 08:12:03'),
(36652, 1457, 13, '2022-10-27 08:12:03'),
(36653, 1457, 15, '2022-10-27 08:12:03'),
(36654, 1457, 18, '2022-10-27 08:12:03'),
(36655, 1457, 24, '2022-10-27 08:12:03'),
(36656, 1457, 26, '2022-10-27 08:12:03'),
(36657, 1457, 39, '2022-10-27 08:12:03'),
(36658, 1457, 42, '2022-10-27 08:12:03'),
(36659, 1457, 45, '2022-10-27 08:12:03'),
(36660, 1457, 54, '2022-10-27 08:12:03'),
(36661, 1457, 61, '2022-10-27 08:12:03'),
(36662, 1457, 64, '2022-10-27 08:12:03'),
(36663, 1457, 76, '2022-10-27 08:12:03'),
(36664, 1457, 79, '2022-10-27 08:12:03'),
(36665, 1457, 82, '2022-10-27 08:12:03'),
(36666, 1457, 84, '2022-10-27 08:12:03'),
(36667, 1458, 35, '2022-10-27 08:12:03'),
(36668, 1458, 5, '2022-10-27 08:12:03'),
(36669, 1458, 69, '2022-10-27 08:12:03'),
(36670, 1458, 9, '2022-10-27 08:12:03'),
(36671, 1458, 23, '2022-10-27 08:12:03'),
(36672, 1458, 32, '2022-10-27 08:12:03'),
(36673, 1458, 21, '2022-10-27 08:12:03'),
(36674, 1458, 50, '2022-10-27 08:12:03'),
(36675, 1458, 57, '2022-10-27 08:12:03'),
(36676, 1458, 67, '2022-10-27 08:12:03'),
(36677, 1458, 29, '2022-10-27 08:12:03'),
(36678, 1458, 72, '2022-10-27 08:12:03'),
(36679, 1458, 13, '2022-10-27 08:12:03'),
(36680, 1458, 15, '2022-10-27 08:12:03'),
(36681, 1458, 18, '2022-10-27 08:12:03'),
(36682, 1458, 24, '2022-10-27 08:12:03'),
(36683, 1458, 26, '2022-10-27 08:12:03'),
(36684, 1458, 39, '2022-10-27 08:12:03'),
(36685, 1458, 42, '2022-10-27 08:12:03'),
(36686, 1458, 45, '2022-10-27 08:12:03'),
(36687, 1458, 54, '2022-10-27 08:12:03'),
(36688, 1458, 61, '2022-10-27 08:12:03'),
(36689, 1458, 64, '2022-10-27 08:12:03'),
(36690, 1458, 76, '2022-10-27 08:12:03'),
(36691, 1458, 79, '2022-10-27 08:12:03'),
(36692, 1458, 82, '2022-10-27 08:12:03'),
(36693, 1458, 84, '2022-10-27 08:12:03'),
(36694, 1459, 35, '2022-10-27 08:12:03'),
(36695, 1459, 5, '2022-10-27 08:12:03'),
(36696, 1459, 69, '2022-10-27 08:12:03'),
(36697, 1459, 9, '2022-10-27 08:12:03'),
(36698, 1459, 23, '2022-10-27 08:12:03'),
(36699, 1459, 32, '2022-10-27 08:12:03'),
(36700, 1459, 21, '2022-10-27 08:12:03'),
(36701, 1459, 50, '2022-10-27 08:12:03'),
(36702, 1459, 57, '2022-10-27 08:12:03'),
(36703, 1459, 67, '2022-10-27 08:12:03'),
(36704, 1459, 29, '2022-10-27 08:12:03'),
(36705, 1459, 72, '2022-10-27 08:12:03'),
(36706, 1459, 13, '2022-10-27 08:12:03'),
(36707, 1459, 15, '2022-10-27 08:12:03'),
(36708, 1459, 18, '2022-10-27 08:12:03'),
(36709, 1459, 24, '2022-10-27 08:12:03'),
(36710, 1459, 26, '2022-10-27 08:12:03'),
(36711, 1459, 39, '2022-10-27 08:12:03'),
(36712, 1459, 42, '2022-10-27 08:12:03'),
(36713, 1459, 45, '2022-10-27 08:12:03'),
(36714, 1459, 54, '2022-10-27 08:12:03'),
(36715, 1459, 61, '2022-10-27 08:12:03'),
(36716, 1459, 64, '2022-10-27 08:12:03'),
(36717, 1459, 76, '2022-10-27 08:12:03'),
(36718, 1459, 79, '2022-10-27 08:12:03'),
(36719, 1459, 82, '2022-10-27 08:12:03'),
(36720, 1459, 84, '2022-10-27 08:12:03'),
(36721, 1460, 35, '2022-10-27 08:12:03'),
(36722, 1460, 5, '2022-10-27 08:12:03'),
(36723, 1460, 69, '2022-10-27 08:12:03'),
(36724, 1460, 9, '2022-10-27 08:12:03'),
(36725, 1460, 23, '2022-10-27 08:12:03'),
(36726, 1460, 32, '2022-10-27 08:12:03'),
(36727, 1460, 21, '2022-10-27 08:12:03'),
(36728, 1460, 50, '2022-10-27 08:12:03'),
(36729, 1460, 57, '2022-10-27 08:12:03'),
(36730, 1460, 67, '2022-10-27 08:12:03'),
(36731, 1460, 29, '2022-10-27 08:12:03'),
(36732, 1460, 72, '2022-10-27 08:12:03'),
(36733, 1460, 13, '2022-10-27 08:12:03'),
(36734, 1460, 15, '2022-10-27 08:12:03'),
(36735, 1460, 18, '2022-10-27 08:12:03'),
(36736, 1460, 24, '2022-10-27 08:12:03'),
(36737, 1460, 26, '2022-10-27 08:12:03'),
(36738, 1460, 39, '2022-10-27 08:12:03'),
(36739, 1460, 42, '2022-10-27 08:12:03'),
(36740, 1460, 45, '2022-10-27 08:12:03'),
(36741, 1460, 54, '2022-10-27 08:12:03'),
(36742, 1460, 61, '2022-10-27 08:12:03'),
(36743, 1460, 64, '2022-10-27 08:12:03'),
(36744, 1460, 76, '2022-10-27 08:12:03'),
(36745, 1460, 79, '2022-10-27 08:12:03'),
(36746, 1460, 82, '2022-10-27 08:12:03'),
(36747, 1460, 84, '2022-10-27 08:12:03'),
(36748, 1461, 35, '2022-10-27 08:12:03'),
(36749, 1461, 5, '2022-10-27 08:12:03'),
(36750, 1461, 69, '2022-10-27 08:12:03'),
(36751, 1461, 9, '2022-10-27 08:12:03'),
(36752, 1461, 23, '2022-10-27 08:12:03'),
(36753, 1461, 32, '2022-10-27 08:12:03'),
(36754, 1461, 21, '2022-10-27 08:12:03'),
(36755, 1461, 50, '2022-10-27 08:12:03'),
(36756, 1461, 57, '2022-10-27 08:12:03'),
(36757, 1461, 67, '2022-10-27 08:12:03'),
(36758, 1461, 29, '2022-10-27 08:12:03'),
(36759, 1461, 72, '2022-10-27 08:12:03'),
(36760, 1461, 13, '2022-10-27 08:12:03'),
(36761, 1461, 15, '2022-10-27 08:12:03'),
(36762, 1461, 18, '2022-10-27 08:12:03'),
(36763, 1461, 24, '2022-10-27 08:12:03'),
(36764, 1461, 26, '2022-10-27 08:12:03'),
(36765, 1461, 39, '2022-10-27 08:12:03'),
(36766, 1461, 42, '2022-10-27 08:12:03'),
(36767, 1461, 45, '2022-10-27 08:12:03'),
(36768, 1461, 54, '2022-10-27 08:12:03'),
(36769, 1461, 61, '2022-10-27 08:12:03'),
(36770, 1461, 64, '2022-10-27 08:12:03'),
(36771, 1461, 76, '2022-10-27 08:12:03'),
(36772, 1461, 79, '2022-10-27 08:12:03'),
(36773, 1461, 82, '2022-10-27 08:12:03'),
(36774, 1461, 84, '2022-10-27 08:12:03'),
(36775, 1462, 35, '2022-10-27 08:12:03'),
(36776, 1462, 5, '2022-10-27 08:12:03'),
(36777, 1462, 69, '2022-10-27 08:12:03'),
(36778, 1462, 9, '2022-10-27 08:12:03'),
(36779, 1462, 23, '2022-10-27 08:12:03'),
(36780, 1462, 32, '2022-10-27 08:12:03'),
(36781, 1462, 21, '2022-10-27 08:12:03'),
(36782, 1462, 50, '2022-10-27 08:12:03'),
(36783, 1462, 57, '2022-10-27 08:12:03'),
(36784, 1462, 67, '2022-10-27 08:12:03'),
(36785, 1462, 29, '2022-10-27 08:12:03'),
(36786, 1462, 72, '2022-10-27 08:12:03'),
(36787, 1462, 13, '2022-10-27 08:12:03'),
(36788, 1462, 15, '2022-10-27 08:12:03'),
(36789, 1462, 18, '2022-10-27 08:12:03'),
(36790, 1462, 24, '2022-10-27 08:12:03'),
(36791, 1462, 26, '2022-10-27 08:12:03'),
(36792, 1462, 39, '2022-10-27 08:12:03'),
(36793, 1462, 42, '2022-10-27 08:12:03'),
(36794, 1462, 45, '2022-10-27 08:12:03'),
(36795, 1462, 54, '2022-10-27 08:12:03'),
(36796, 1462, 61, '2022-10-27 08:12:03'),
(36797, 1462, 64, '2022-10-27 08:12:03'),
(36798, 1462, 76, '2022-10-27 08:12:03'),
(36799, 1462, 79, '2022-10-27 08:12:03'),
(36800, 1462, 82, '2022-10-27 08:12:03'),
(36801, 1462, 84, '2022-10-27 08:12:03'),
(36802, 1463, 35, '2022-10-27 08:12:03'),
(36803, 1463, 5, '2022-10-27 08:12:03'),
(36804, 1463, 69, '2022-10-27 08:12:03'),
(36805, 1463, 9, '2022-10-27 08:12:03'),
(36806, 1463, 23, '2022-10-27 08:12:03'),
(36807, 1463, 32, '2022-10-27 08:12:03'),
(36808, 1463, 21, '2022-10-27 08:12:03'),
(36809, 1463, 50, '2022-10-27 08:12:03'),
(36810, 1463, 57, '2022-10-27 08:12:03'),
(36811, 1463, 67, '2022-10-27 08:12:03'),
(36812, 1463, 29, '2022-10-27 08:12:03'),
(36813, 1463, 72, '2022-10-27 08:12:03'),
(36814, 1463, 13, '2022-10-27 08:12:03'),
(36815, 1463, 15, '2022-10-27 08:12:03'),
(36816, 1463, 18, '2022-10-27 08:12:03'),
(36817, 1463, 24, '2022-10-27 08:12:03'),
(36818, 1463, 26, '2022-10-27 08:12:03'),
(36819, 1463, 39, '2022-10-27 08:12:03'),
(36820, 1463, 42, '2022-10-27 08:12:03'),
(36821, 1463, 45, '2022-10-27 08:12:03'),
(36822, 1463, 54, '2022-10-27 08:12:03'),
(36823, 1463, 61, '2022-10-27 08:12:03'),
(36824, 1463, 64, '2022-10-27 08:12:03'),
(36825, 1463, 76, '2022-10-27 08:12:03'),
(36826, 1463, 79, '2022-10-27 08:12:03'),
(36827, 1463, 82, '2022-10-27 08:12:03'),
(36828, 1463, 84, '2022-10-27 08:12:03'),
(36829, 1464, 35, '2022-10-27 08:12:03'),
(36830, 1464, 5, '2022-10-27 08:12:03'),
(36831, 1464, 69, '2022-10-27 08:12:03'),
(36832, 1464, 9, '2022-10-27 08:12:03'),
(36833, 1464, 23, '2022-10-27 08:12:03'),
(36834, 1464, 32, '2022-10-27 08:12:03'),
(36835, 1464, 21, '2022-10-27 08:12:03'),
(36836, 1464, 50, '2022-10-27 08:12:03'),
(36837, 1464, 57, '2022-10-27 08:12:03'),
(36838, 1464, 67, '2022-10-27 08:12:03'),
(36839, 1464, 29, '2022-10-27 08:12:03'),
(36840, 1464, 72, '2022-10-27 08:12:03'),
(36841, 1464, 13, '2022-10-27 08:12:03'),
(36842, 1464, 15, '2022-10-27 08:12:03'),
(36843, 1464, 18, '2022-10-27 08:12:03'),
(36844, 1464, 24, '2022-10-27 08:12:03'),
(36845, 1464, 26, '2022-10-27 08:12:03'),
(36846, 1464, 39, '2022-10-27 08:12:03'),
(36847, 1464, 42, '2022-10-27 08:12:03'),
(36848, 1464, 45, '2022-10-27 08:12:03'),
(36849, 1464, 54, '2022-10-27 08:12:03'),
(36850, 1464, 61, '2022-10-27 08:12:03'),
(36851, 1464, 64, '2022-10-27 08:12:03'),
(36852, 1464, 76, '2022-10-27 08:12:03'),
(36853, 1464, 79, '2022-10-27 08:12:03'),
(36854, 1464, 82, '2022-10-27 08:12:03'),
(36855, 1464, 84, '2022-10-27 08:12:03'),
(36856, 1465, 35, '2022-10-27 08:12:03'),
(36857, 1465, 5, '2022-10-27 08:12:03'),
(36858, 1465, 69, '2022-10-27 08:12:03'),
(36859, 1465, 9, '2022-10-27 08:12:03'),
(36860, 1465, 23, '2022-10-27 08:12:03'),
(36861, 1465, 32, '2022-10-27 08:12:03'),
(36862, 1465, 21, '2022-10-27 08:12:03'),
(36863, 1465, 50, '2022-10-27 08:12:03'),
(36864, 1465, 57, '2022-10-27 08:12:03'),
(36865, 1465, 67, '2022-10-27 08:12:03'),
(36866, 1465, 29, '2022-10-27 08:12:03'),
(36867, 1465, 72, '2022-10-27 08:12:03'),
(36868, 1465, 13, '2022-10-27 08:12:03'),
(36869, 1465, 15, '2022-10-27 08:12:03'),
(36870, 1465, 18, '2022-10-27 08:12:03'),
(36871, 1465, 24, '2022-10-27 08:12:03'),
(36872, 1465, 26, '2022-10-27 08:12:03'),
(36873, 1465, 39, '2022-10-27 08:12:03'),
(36874, 1465, 42, '2022-10-27 08:12:03'),
(36875, 1465, 45, '2022-10-27 08:12:03'),
(36876, 1465, 54, '2022-10-27 08:12:03'),
(36877, 1465, 61, '2022-10-27 08:12:03'),
(36878, 1465, 64, '2022-10-27 08:12:03'),
(36879, 1465, 76, '2022-10-27 08:12:03'),
(36880, 1465, 79, '2022-10-27 08:12:03'),
(36881, 1465, 82, '2022-10-27 08:12:03'),
(36882, 1465, 84, '2022-10-27 08:12:03'),
(36883, 1466, 35, '2022-10-27 08:12:03'),
(36884, 1466, 5, '2022-10-27 08:12:03'),
(36885, 1466, 69, '2022-10-27 08:12:03'),
(36886, 1466, 9, '2022-10-27 08:12:04'),
(36887, 1466, 23, '2022-10-27 08:12:04'),
(36888, 1466, 32, '2022-10-27 08:12:04'),
(36889, 1466, 21, '2022-10-27 08:12:04'),
(36890, 1466, 50, '2022-10-27 08:12:04'),
(36891, 1466, 57, '2022-10-27 08:12:04'),
(36892, 1466, 67, '2022-10-27 08:12:04'),
(36893, 1466, 29, '2022-10-27 08:12:04'),
(36894, 1466, 72, '2022-10-27 08:12:04'),
(36895, 1466, 13, '2022-10-27 08:12:04'),
(36896, 1466, 15, '2022-10-27 08:12:04'),
(36897, 1466, 18, '2022-10-27 08:12:04'),
(36898, 1466, 24, '2022-10-27 08:12:04'),
(36899, 1466, 26, '2022-10-27 08:12:04'),
(36900, 1466, 39, '2022-10-27 08:12:04'),
(36901, 1466, 42, '2022-10-27 08:12:04'),
(36902, 1466, 45, '2022-10-27 08:12:04'),
(36903, 1466, 54, '2022-10-27 08:12:04'),
(36904, 1466, 61, '2022-10-27 08:12:04'),
(36905, 1466, 64, '2022-10-27 08:12:04'),
(36906, 1466, 76, '2022-10-27 08:12:04'),
(36907, 1466, 79, '2022-10-27 08:12:04'),
(36908, 1466, 82, '2022-10-27 08:12:04'),
(36909, 1466, 84, '2022-10-27 08:12:04'),
(36910, 1467, 35, '2022-10-27 08:12:04'),
(36911, 1467, 5, '2022-10-27 08:12:04'),
(36912, 1467, 69, '2022-10-27 08:12:04'),
(36913, 1467, 9, '2022-10-27 08:12:04'),
(36914, 1467, 23, '2022-10-27 08:12:04'),
(36915, 1467, 32, '2022-10-27 08:12:04'),
(36916, 1467, 21, '2022-10-27 08:12:04'),
(36917, 1467, 50, '2022-10-27 08:12:04'),
(36918, 1467, 57, '2022-10-27 08:12:04'),
(36919, 1467, 67, '2022-10-27 08:12:04'),
(36920, 1467, 29, '2022-10-27 08:12:04'),
(36921, 1467, 72, '2022-10-27 08:12:04'),
(36922, 1467, 13, '2022-10-27 08:12:04'),
(36923, 1467, 15, '2022-10-27 08:12:04'),
(36924, 1467, 18, '2022-10-27 08:12:04'),
(36925, 1467, 24, '2022-10-27 08:12:04'),
(36926, 1467, 26, '2022-10-27 08:12:04'),
(36927, 1467, 39, '2022-10-27 08:12:04'),
(36928, 1467, 42, '2022-10-27 08:12:04'),
(36929, 1467, 45, '2022-10-27 08:12:04'),
(36930, 1467, 54, '2022-10-27 08:12:04'),
(36931, 1467, 61, '2022-10-27 08:12:04'),
(36932, 1467, 64, '2022-10-27 08:12:04'),
(36933, 1467, 76, '2022-10-27 08:12:04'),
(36934, 1467, 79, '2022-10-27 08:12:04'),
(36935, 1467, 82, '2022-10-27 08:12:04'),
(36936, 1467, 84, '2022-10-27 08:12:04'),
(36937, 1468, 35, '2022-10-27 08:12:04'),
(36938, 1468, 5, '2022-10-27 08:12:04'),
(36939, 1468, 69, '2022-10-27 08:12:04'),
(36940, 1468, 9, '2022-10-27 08:12:04'),
(36941, 1468, 23, '2022-10-27 08:12:04'),
(36942, 1468, 32, '2022-10-27 08:12:04'),
(36943, 1468, 21, '2022-10-27 08:12:04'),
(36944, 1468, 50, '2022-10-27 08:12:04'),
(36945, 1468, 57, '2022-10-27 08:12:04'),
(36946, 1468, 67, '2022-10-27 08:12:04'),
(36947, 1468, 29, '2022-10-27 08:12:04'),
(36948, 1468, 72, '2022-10-27 08:12:04'),
(36949, 1468, 13, '2022-10-27 08:12:04'),
(36950, 1468, 15, '2022-10-27 08:12:04'),
(36951, 1468, 18, '2022-10-27 08:12:04'),
(36952, 1468, 24, '2022-10-27 08:12:04'),
(36953, 1468, 26, '2022-10-27 08:12:04'),
(36954, 1468, 39, '2022-10-27 08:12:04'),
(36955, 1468, 42, '2022-10-27 08:12:04'),
(36956, 1468, 45, '2022-10-27 08:12:04'),
(36957, 1468, 54, '2022-10-27 08:12:04'),
(36958, 1468, 61, '2022-10-27 08:12:04'),
(36959, 1468, 64, '2022-10-27 08:12:04'),
(36960, 1468, 76, '2022-10-27 08:12:04'),
(36961, 1468, 79, '2022-10-27 08:12:04'),
(36962, 1468, 82, '2022-10-27 08:12:04'),
(36963, 1468, 84, '2022-10-27 08:12:04'),
(36964, 1469, 35, '2022-10-27 08:12:04'),
(36965, 1469, 5, '2022-10-27 08:12:04'),
(36966, 1469, 69, '2022-10-27 08:12:04'),
(36967, 1469, 9, '2022-10-27 08:12:04'),
(36968, 1469, 23, '2022-10-27 08:12:04'),
(36969, 1469, 32, '2022-10-27 08:12:04'),
(36970, 1469, 21, '2022-10-27 08:12:04'),
(36971, 1469, 50, '2022-10-27 08:12:04'),
(36972, 1469, 57, '2022-10-27 08:12:04'),
(36973, 1469, 67, '2022-10-27 08:12:04'),
(36974, 1469, 29, '2022-10-27 08:12:04'),
(36975, 1469, 72, '2022-10-27 08:12:04'),
(36976, 1469, 13, '2022-10-27 08:12:04'),
(36977, 1469, 15, '2022-10-27 08:12:04'),
(36978, 1469, 18, '2022-10-27 08:12:04'),
(36979, 1469, 24, '2022-10-27 08:12:04'),
(36980, 1469, 26, '2022-10-27 08:12:04'),
(36981, 1469, 39, '2022-10-27 08:12:04'),
(36982, 1469, 42, '2022-10-27 08:12:04'),
(36983, 1469, 45, '2022-10-27 08:12:04'),
(36984, 1469, 54, '2022-10-27 08:12:04'),
(36985, 1469, 61, '2022-10-27 08:12:04'),
(36986, 1469, 64, '2022-10-27 08:12:04'),
(36987, 1469, 76, '2022-10-27 08:12:04'),
(36988, 1469, 79, '2022-10-27 08:12:04'),
(36989, 1469, 82, '2022-10-27 08:12:04'),
(36990, 1469, 84, '2022-10-27 08:12:04'),
(36991, 1470, 35, '2022-10-27 08:12:04'),
(36992, 1470, 5, '2022-10-27 08:12:04'),
(36993, 1470, 69, '2022-10-27 08:12:04'),
(36994, 1470, 9, '2022-10-27 08:12:04'),
(36995, 1470, 23, '2022-10-27 08:12:04'),
(36996, 1470, 32, '2022-10-27 08:12:04'),
(36997, 1470, 21, '2022-10-27 08:12:04'),
(36998, 1470, 50, '2022-10-27 08:12:04'),
(36999, 1470, 57, '2022-10-27 08:12:04'),
(37000, 1470, 67, '2022-10-27 08:12:04'),
(37001, 1470, 29, '2022-10-27 08:12:04'),
(37002, 1470, 72, '2022-10-27 08:12:04'),
(37003, 1470, 13, '2022-10-27 08:12:04'),
(37004, 1470, 15, '2022-10-27 08:12:04'),
(37005, 1470, 18, '2022-10-27 08:12:04'),
(37006, 1470, 24, '2022-10-27 08:12:04'),
(37007, 1470, 26, '2022-10-27 08:12:04'),
(37008, 1470, 39, '2022-10-27 08:12:04'),
(37009, 1470, 42, '2022-10-27 08:12:04'),
(37010, 1470, 45, '2022-10-27 08:12:04'),
(37011, 1470, 54, '2022-10-27 08:12:04'),
(37012, 1470, 61, '2022-10-27 08:12:04'),
(37013, 1470, 64, '2022-10-27 08:12:04'),
(37014, 1470, 76, '2022-10-27 08:12:04'),
(37015, 1470, 79, '2022-10-27 08:12:04'),
(37016, 1470, 82, '2022-10-27 08:12:04'),
(37017, 1470, 84, '2022-10-27 08:12:04'),
(37018, 1471, 35, '2022-10-27 08:12:04'),
(37019, 1471, 5, '2022-10-27 08:12:04'),
(37020, 1471, 69, '2022-10-27 08:12:04'),
(37021, 1471, 9, '2022-10-27 08:12:04'),
(37022, 1471, 23, '2022-10-27 08:12:04'),
(37023, 1471, 32, '2022-10-27 08:12:04'),
(37024, 1471, 21, '2022-10-27 08:12:04'),
(37025, 1471, 50, '2022-10-27 08:12:04'),
(37026, 1471, 57, '2022-10-27 08:12:04'),
(37027, 1471, 67, '2022-10-27 08:12:04'),
(37028, 1471, 29, '2022-10-27 08:12:04'),
(37029, 1471, 72, '2022-10-27 08:12:04'),
(37030, 1471, 13, '2022-10-27 08:12:04'),
(37031, 1471, 15, '2022-10-27 08:12:04'),
(37032, 1471, 18, '2022-10-27 08:12:04'),
(37033, 1471, 24, '2022-10-27 08:12:04'),
(37034, 1471, 26, '2022-10-27 08:12:04'),
(37035, 1471, 39, '2022-10-27 08:12:04'),
(37036, 1471, 42, '2022-10-27 08:12:04'),
(37037, 1471, 45, '2022-10-27 08:12:04'),
(37038, 1471, 54, '2022-10-27 08:12:04'),
(37039, 1471, 61, '2022-10-27 08:12:04'),
(37040, 1471, 64, '2022-10-27 08:12:04'),
(37041, 1471, 76, '2022-10-27 08:12:04'),
(37042, 1471, 79, '2022-10-27 08:12:04'),
(37043, 1471, 82, '2022-10-27 08:12:04'),
(37044, 1471, 84, '2022-10-27 08:12:04'),
(37045, 1472, 35, '2022-10-27 08:12:04'),
(37046, 1472, 5, '2022-10-27 08:12:04'),
(37047, 1472, 69, '2022-10-27 08:12:04'),
(37048, 1472, 9, '2022-10-27 08:12:04'),
(37049, 1472, 23, '2022-10-27 08:12:04'),
(37050, 1472, 32, '2022-10-27 08:12:04'),
(37051, 1472, 21, '2022-10-27 08:12:04'),
(37052, 1472, 50, '2022-10-27 08:12:04'),
(37053, 1472, 57, '2022-10-27 08:12:04'),
(37054, 1472, 67, '2022-10-27 08:12:04'),
(37055, 1472, 29, '2022-10-27 08:12:04'),
(37056, 1472, 72, '2022-10-27 08:12:04'),
(37057, 1472, 13, '2022-10-27 08:12:04'),
(37058, 1472, 15, '2022-10-27 08:12:04'),
(37059, 1472, 18, '2022-10-27 08:12:04'),
(37060, 1472, 24, '2022-10-27 08:12:04'),
(37061, 1472, 26, '2022-10-27 08:12:04'),
(37062, 1472, 39, '2022-10-27 08:12:04'),
(37063, 1472, 42, '2022-10-27 08:12:04'),
(37064, 1472, 45, '2022-10-27 08:12:04'),
(37065, 1472, 54, '2022-10-27 08:12:04'),
(37066, 1472, 61, '2022-10-27 08:12:04'),
(37067, 1472, 64, '2022-10-27 08:12:04'),
(37068, 1472, 76, '2022-10-27 08:12:04'),
(37069, 1472, 79, '2022-10-27 08:12:04'),
(37070, 1472, 82, '2022-10-27 08:12:04'),
(37071, 1472, 84, '2022-10-27 08:12:04'),
(37072, 1473, 35, '2022-10-27 08:12:04'),
(37073, 1473, 5, '2022-10-27 08:12:04'),
(37074, 1473, 69, '2022-10-27 08:12:04'),
(37075, 1473, 9, '2022-10-27 08:12:04'),
(37076, 1473, 23, '2022-10-27 08:12:04'),
(37077, 1473, 32, '2022-10-27 08:12:04'),
(37078, 1473, 21, '2022-10-27 08:12:04'),
(37079, 1473, 50, '2022-10-27 08:12:04'),
(37080, 1473, 57, '2022-10-27 08:12:04'),
(37081, 1473, 67, '2022-10-27 08:12:04'),
(37082, 1473, 29, '2022-10-27 08:12:04'),
(37083, 1473, 72, '2022-10-27 08:12:04'),
(37084, 1473, 13, '2022-10-27 08:12:04'),
(37085, 1473, 15, '2022-10-27 08:12:04'),
(37086, 1473, 18, '2022-10-27 08:12:04'),
(37087, 1473, 24, '2022-10-27 08:12:04'),
(37088, 1473, 26, '2022-10-27 08:12:04'),
(37089, 1473, 39, '2022-10-27 08:12:04'),
(37090, 1473, 42, '2022-10-27 08:12:04'),
(37091, 1473, 45, '2022-10-27 08:12:04'),
(37092, 1473, 54, '2022-10-27 08:12:04'),
(37093, 1473, 61, '2022-10-27 08:12:04'),
(37094, 1473, 64, '2022-10-27 08:12:04'),
(37095, 1473, 76, '2022-10-27 08:12:04'),
(37096, 1473, 79, '2022-10-27 08:12:04'),
(37097, 1473, 82, '2022-10-27 08:12:04'),
(37098, 1473, 84, '2022-10-27 08:12:04'),
(37099, 1474, 3, '2023-02-08 10:39:10'),
(37100, 1474, 1, '2023-02-08 10:39:10'),
(37101, 1474, 5, '2023-02-08 10:39:10'),
(37102, 1474, 9, '2023-02-08 10:39:10'),
(37103, 1474, 13, '2023-02-08 10:39:10'),
(37104, 1474, 15, '2023-02-08 10:39:10'),
(37105, 1474, 18, '2023-02-08 10:39:10'),
(37106, 1474, 21, '2023-02-08 10:39:10'),
(37107, 1474, 23, '2023-02-08 10:39:10'),
(37108, 1474, 24, '2023-02-08 10:39:10'),
(37109, 1474, 29, '2023-02-08 10:39:10'),
(37110, 1474, 32, '2023-02-08 10:39:10'),
(37111, 1474, 35, '2023-02-08 10:39:10'),
(37112, 1474, 26, '2023-02-08 10:39:10'),
(37113, 1474, 39, '2023-02-08 10:39:10'),
(37114, 1474, 42, '2023-02-08 10:39:10'),
(37115, 1474, 45, '2023-02-08 10:39:10'),
(37116, 1474, 50, '2023-02-08 10:39:10'),
(37117, 1474, 54, '2023-02-08 10:39:10'),
(37118, 1474, 57, '2023-02-08 10:39:10'),
(37119, 1474, 61, '2023-02-08 10:39:10'),
(37120, 1474, 64, '2023-02-08 10:39:10'),
(37121, 1474, 67, '2023-02-08 10:39:10'),
(37122, 1474, 69, '2023-02-08 10:39:10'),
(37123, 1474, 72, '2023-02-08 10:39:10'),
(37124, 1474, 76, '2023-02-08 10:39:10'),
(37125, 1474, 79, '2023-02-08 10:39:10'),
(37126, 1474, 82, '2023-02-08 10:39:10'),
(37127, 1474, 84, '2023-02-08 10:39:10'),
(37128, 1179, 3, '2023-02-09 10:11:06'),
(37129, 1179, 1, '2023-02-09 10:11:06'),
(37130, 1179, 5, '2023-02-09 10:11:06'),
(37131, 1179, 9, '2023-02-09 10:11:06'),
(37132, 1179, 13, '2023-02-09 10:11:06'),
(37133, 1179, 15, '2023-02-09 10:11:06'),
(37134, 1179, 18, '2023-02-09 10:11:06'),
(37135, 1179, 21, '2023-02-09 10:11:06'),
(37136, 1179, 23, '2023-02-09 10:11:06'),
(37137, 1179, 24, '2023-02-09 10:11:06'),
(37138, 1179, 29, '2023-02-09 10:11:06'),
(37139, 1179, 32, '2023-02-09 10:11:06'),
(37140, 1179, 35, '2023-02-09 10:11:06'),
(37141, 1179, 26, '2023-02-09 10:11:06');
INSERT INTO `products_tax_rates_allocation` (`products_tax_rates_allocation_id`, `products_id`, `tax_rates_id`, `date_added`) VALUES
(37142, 1179, 39, '2023-02-09 10:11:06'),
(37143, 1179, 42, '2023-02-09 10:11:06'),
(37144, 1179, 45, '2023-02-09 10:11:06'),
(37145, 1179, 50, '2023-02-09 10:11:06'),
(37146, 1179, 54, '2023-02-09 10:11:06'),
(37147, 1179, 57, '2023-02-09 10:11:06'),
(37148, 1179, 61, '2023-02-09 10:11:06'),
(37149, 1179, 64, '2023-02-09 10:11:06'),
(37150, 1179, 67, '2023-02-09 10:11:06'),
(37151, 1179, 69, '2023-02-09 10:11:06'),
(37152, 1179, 72, '2023-02-09 10:11:06'),
(37153, 1179, 76, '2023-02-09 10:11:06'),
(37154, 1179, 79, '2023-02-09 10:11:06'),
(37155, 1179, 82, '2023-02-09 10:11:06'),
(37156, 1179, 84, '2023-02-09 10:11:06'),
(37157, 1475, 3, '2024-05-24 09:40:51'),
(37158, 1475, 1, '2024-05-24 09:40:51'),
(37159, 1475, 5, '2024-05-24 09:40:51'),
(37160, 1475, 9, '2024-05-24 09:40:51'),
(37161, 1475, 13, '2024-05-24 09:40:51'),
(37162, 1475, 15, '2024-05-24 09:40:51'),
(37163, 1475, 18, '2024-05-24 09:40:51'),
(37164, 1475, 21, '2024-05-24 09:40:51'),
(37165, 1475, 23, '2024-05-24 09:40:51'),
(37166, 1475, 24, '2024-05-24 09:40:51'),
(37167, 1475, 29, '2024-05-24 09:40:51'),
(37168, 1475, 32, '2024-05-24 09:40:51'),
(37169, 1475, 35, '2024-05-24 09:40:51'),
(37170, 1475, 26, '2024-05-24 09:40:51'),
(37171, 1475, 39, '2024-05-24 09:40:51'),
(37172, 1475, 42, '2024-05-24 09:40:51'),
(37173, 1475, 45, '2024-05-24 09:40:51'),
(37174, 1475, 50, '2024-05-24 09:40:51'),
(37175, 1475, 54, '2024-05-24 09:40:51'),
(37176, 1475, 57, '2024-05-24 09:40:51'),
(37177, 1475, 61, '2024-05-24 09:40:51'),
(37178, 1475, 64, '2024-05-24 09:40:51'),
(37179, 1475, 67, '2024-05-24 09:40:51'),
(37180, 1475, 69, '2024-05-24 09:40:51'),
(37181, 1475, 72, '2024-05-24 09:40:51'),
(37182, 1475, 76, '2024-05-24 09:40:51'),
(37183, 1475, 79, '2024-05-24 09:40:51'),
(37184, 1475, 82, '2024-05-24 09:40:51'),
(37185, 1475, 84, '2024-05-24 09:40:51'),
(37186, 1476, 3, '2024-08-21 14:50:46'),
(37187, 1476, 1, '2024-08-21 14:50:46'),
(37188, 1476, 5, '2024-08-21 14:50:46'),
(37189, 1476, 9, '2024-08-21 14:50:46'),
(37190, 1476, 13, '2024-08-21 14:50:46'),
(37191, 1476, 15, '2024-08-21 14:50:46'),
(37192, 1476, 18, '2024-08-21 14:50:46'),
(37193, 1476, 21, '2024-08-21 14:50:46'),
(37194, 1476, 23, '2024-08-21 14:50:46'),
(37195, 1476, 24, '2024-08-21 14:50:46'),
(37196, 1476, 29, '2024-08-21 14:50:46'),
(37197, 1476, 32, '2024-08-21 14:50:46'),
(37198, 1476, 35, '2024-08-21 14:50:46'),
(37199, 1476, 26, '2024-08-21 14:50:46'),
(37200, 1476, 39, '2024-08-21 14:50:46'),
(37201, 1476, 42, '2024-08-21 14:50:46'),
(37202, 1476, 45, '2024-08-21 14:50:46'),
(37203, 1476, 50, '2024-08-21 14:50:46'),
(37204, 1476, 54, '2024-08-21 14:50:46'),
(37205, 1476, 57, '2024-08-21 14:50:46'),
(37206, 1476, 61, '2024-08-21 14:50:46'),
(37207, 1476, 64, '2024-08-21 14:50:46'),
(37208, 1476, 67, '2024-08-21 14:50:46'),
(37209, 1476, 69, '2024-08-21 14:50:46'),
(37210, 1476, 72, '2024-08-21 14:50:46'),
(37211, 1476, 76, '2024-08-21 14:50:46'),
(37212, 1476, 79, '2024-08-21 14:50:46'),
(37213, 1476, 82, '2024-08-21 14:50:46'),
(37214, 1476, 84, '2024-08-21 14:50:46'),
(37215, 1477, 3, '2024-09-23 14:03:46'),
(37216, 1477, 1, '2024-09-23 14:03:46'),
(37217, 1477, 5, '2024-09-23 14:03:46'),
(37218, 1477, 9, '2024-09-23 14:03:46'),
(37219, 1477, 13, '2024-09-23 14:03:46'),
(37220, 1477, 15, '2024-09-23 14:03:46'),
(37221, 1477, 18, '2024-09-23 14:03:46'),
(37222, 1477, 21, '2024-09-23 14:03:46'),
(37223, 1477, 23, '2024-09-23 14:03:46'),
(37224, 1477, 24, '2024-09-23 14:03:46'),
(37225, 1477, 29, '2024-09-23 14:03:46'),
(37226, 1477, 32, '2024-09-23 14:03:46'),
(37227, 1477, 35, '2024-09-23 14:03:46'),
(37228, 1477, 26, '2024-09-23 14:03:46'),
(37229, 1477, 39, '2024-09-23 14:03:46'),
(37230, 1477, 42, '2024-09-23 14:03:46'),
(37231, 1477, 45, '2024-09-23 14:03:46'),
(37232, 1477, 50, '2024-09-23 14:03:46'),
(37233, 1477, 54, '2024-09-23 14:03:46'),
(37234, 1477, 57, '2024-09-23 14:03:46'),
(37235, 1477, 61, '2024-09-23 14:03:46'),
(37236, 1477, 64, '2024-09-23 14:03:46'),
(37237, 1477, 67, '2024-09-23 14:03:46'),
(37238, 1477, 69, '2024-09-23 14:03:46'),
(37239, 1477, 72, '2024-09-23 14:03:46'),
(37240, 1477, 76, '2024-09-23 14:03:46'),
(37241, 1477, 79, '2024-09-23 14:03:46'),
(37242, 1477, 82, '2024-09-23 14:03:46'),
(37243, 1477, 84, '2024-09-23 14:03:46'),
(37244, 1478, 3, '2024-10-24 15:40:03'),
(37245, 1478, 1, '2024-10-24 15:40:03'),
(37246, 1478, 5, '2024-10-24 15:40:03'),
(37247, 1478, 9, '2024-10-24 15:40:03'),
(37248, 1478, 13, '2024-10-24 15:40:03'),
(37249, 1478, 15, '2024-10-24 15:40:03'),
(37250, 1478, 18, '2024-10-24 15:40:03'),
(37251, 1478, 21, '2024-10-24 15:40:03'),
(37252, 1478, 23, '2024-10-24 15:40:03'),
(37253, 1478, 24, '2024-10-24 15:40:03'),
(37254, 1478, 29, '2024-10-24 15:40:03'),
(37255, 1478, 32, '2024-10-24 15:40:03'),
(37256, 1478, 35, '2024-10-24 15:40:03'),
(37257, 1478, 26, '2024-10-24 15:40:03'),
(37258, 1478, 39, '2024-10-24 15:40:03'),
(37259, 1478, 42, '2024-10-24 15:40:03'),
(37260, 1478, 45, '2024-10-24 15:40:03'),
(37261, 1478, 50, '2024-10-24 15:40:03'),
(37262, 1478, 54, '2024-10-24 15:40:03'),
(37263, 1478, 57, '2024-10-24 15:40:03'),
(37264, 1478, 61, '2024-10-24 15:40:03'),
(37265, 1478, 64, '2024-10-24 15:40:03'),
(37266, 1478, 67, '2024-10-24 15:40:03'),
(37267, 1478, 69, '2024-10-24 15:40:03'),
(37268, 1478, 72, '2024-10-24 15:40:03'),
(37269, 1478, 76, '2024-10-24 15:40:03'),
(37270, 1478, 79, '2024-10-24 15:40:03'),
(37271, 1478, 82, '2024-10-24 15:40:03'),
(37272, 1478, 84, '2024-10-24 15:40:03'),
(37273, 1479, 3, '2024-10-24 15:40:12'),
(37274, 1479, 1, '2024-10-24 15:40:12'),
(37275, 1479, 5, '2024-10-24 15:40:12'),
(37276, 1479, 9, '2024-10-24 15:40:12'),
(37277, 1479, 13, '2024-10-24 15:40:12'),
(37278, 1479, 15, '2024-10-24 15:40:12'),
(37279, 1479, 18, '2024-10-24 15:40:12'),
(37280, 1479, 21, '2024-10-24 15:40:12'),
(37281, 1479, 23, '2024-10-24 15:40:12'),
(37282, 1479, 24, '2024-10-24 15:40:12'),
(37283, 1479, 29, '2024-10-24 15:40:12'),
(37284, 1479, 32, '2024-10-24 15:40:12'),
(37285, 1479, 35, '2024-10-24 15:40:12'),
(37286, 1479, 26, '2024-10-24 15:40:12'),
(37287, 1479, 39, '2024-10-24 15:40:12'),
(37288, 1479, 42, '2024-10-24 15:40:12'),
(37289, 1479, 45, '2024-10-24 15:40:12'),
(37290, 1479, 50, '2024-10-24 15:40:12'),
(37291, 1479, 54, '2024-10-24 15:40:12'),
(37292, 1479, 57, '2024-10-24 15:40:12'),
(37293, 1479, 61, '2024-10-24 15:40:12'),
(37294, 1479, 64, '2024-10-24 15:40:12'),
(37295, 1479, 67, '2024-10-24 15:40:12'),
(37296, 1479, 69, '2024-10-24 15:40:12'),
(37297, 1479, 72, '2024-10-24 15:40:12'),
(37298, 1479, 76, '2024-10-24 15:40:12'),
(37299, 1479, 79, '2024-10-24 15:40:12'),
(37300, 1479, 82, '2024-10-24 15:40:12'),
(37301, 1479, 84, '2024-10-24 15:40:12'),
(37302, 1480, 3, '2024-10-24 15:40:12'),
(37303, 1480, 1, '2024-10-24 15:40:12'),
(37304, 1480, 5, '2024-10-24 15:40:12'),
(37305, 1480, 9, '2024-10-24 15:40:12'),
(37306, 1480, 13, '2024-10-24 15:40:12'),
(37307, 1480, 15, '2024-10-24 15:40:12'),
(37308, 1480, 18, '2024-10-24 15:40:12'),
(37309, 1480, 21, '2024-10-24 15:40:12'),
(37310, 1480, 23, '2024-10-24 15:40:12'),
(37311, 1480, 24, '2024-10-24 15:40:12'),
(37312, 1480, 29, '2024-10-24 15:40:12'),
(37313, 1480, 32, '2024-10-24 15:40:12'),
(37314, 1480, 35, '2024-10-24 15:40:12'),
(37315, 1480, 26, '2024-10-24 15:40:12'),
(37316, 1480, 39, '2024-10-24 15:40:12'),
(37317, 1480, 42, '2024-10-24 15:40:12'),
(37318, 1480, 45, '2024-10-24 15:40:12'),
(37319, 1480, 50, '2024-10-24 15:40:12'),
(37320, 1480, 54, '2024-10-24 15:40:12'),
(37321, 1480, 57, '2024-10-24 15:40:12'),
(37322, 1480, 61, '2024-10-24 15:40:12'),
(37323, 1480, 64, '2024-10-24 15:40:12'),
(37324, 1480, 67, '2024-10-24 15:40:12'),
(37325, 1480, 69, '2024-10-24 15:40:12'),
(37326, 1480, 72, '2024-10-24 15:40:12'),
(37327, 1480, 76, '2024-10-24 15:40:12'),
(37328, 1480, 79, '2024-10-24 15:40:12'),
(37329, 1480, 82, '2024-10-24 15:40:12'),
(37330, 1480, 84, '2024-10-24 15:40:12'),
(37331, 1481, 3, '2024-10-24 15:40:23'),
(37332, 1481, 1, '2024-10-24 15:40:23'),
(37333, 1481, 5, '2024-10-24 15:40:23'),
(37334, 1481, 9, '2024-10-24 15:40:23'),
(37335, 1481, 13, '2024-10-24 15:40:23'),
(37336, 1481, 15, '2024-10-24 15:40:23'),
(37337, 1481, 18, '2024-10-24 15:40:23'),
(37338, 1481, 21, '2024-10-24 15:40:23'),
(37339, 1481, 23, '2024-10-24 15:40:23'),
(37340, 1481, 24, '2024-10-24 15:40:23'),
(37341, 1481, 29, '2024-10-24 15:40:23'),
(37342, 1481, 32, '2024-10-24 15:40:23'),
(37343, 1481, 35, '2024-10-24 15:40:23'),
(37344, 1481, 26, '2024-10-24 15:40:23'),
(37345, 1481, 39, '2024-10-24 15:40:23'),
(37346, 1481, 42, '2024-10-24 15:40:23'),
(37347, 1481, 45, '2024-10-24 15:40:23'),
(37348, 1481, 50, '2024-10-24 15:40:23'),
(37349, 1481, 54, '2024-10-24 15:40:23'),
(37350, 1481, 57, '2024-10-24 15:40:23'),
(37351, 1481, 61, '2024-10-24 15:40:23'),
(37352, 1481, 64, '2024-10-24 15:40:23'),
(37353, 1481, 67, '2024-10-24 15:40:23'),
(37354, 1481, 69, '2024-10-24 15:40:23'),
(37355, 1481, 72, '2024-10-24 15:40:23'),
(37356, 1481, 76, '2024-10-24 15:40:23'),
(37357, 1481, 79, '2024-10-24 15:40:23'),
(37358, 1481, 82, '2024-10-24 15:40:23'),
(37359, 1481, 84, '2024-10-24 15:40:23'),
(37360, 1482, 3, '2024-10-24 15:40:23'),
(37361, 1482, 1, '2024-10-24 15:40:23'),
(37362, 1482, 5, '2024-10-24 15:40:23'),
(37363, 1482, 9, '2024-10-24 15:40:23'),
(37364, 1482, 13, '2024-10-24 15:40:23'),
(37365, 1482, 15, '2024-10-24 15:40:23'),
(37366, 1482, 18, '2024-10-24 15:40:23'),
(37367, 1482, 21, '2024-10-24 15:40:23'),
(37368, 1482, 23, '2024-10-24 15:40:23'),
(37369, 1482, 24, '2024-10-24 15:40:23'),
(37370, 1482, 29, '2024-10-24 15:40:23'),
(37371, 1482, 32, '2024-10-24 15:40:23'),
(37372, 1482, 35, '2024-10-24 15:40:23'),
(37373, 1482, 26, '2024-10-24 15:40:23'),
(37374, 1482, 39, '2024-10-24 15:40:23'),
(37375, 1482, 42, '2024-10-24 15:40:23'),
(37376, 1482, 45, '2024-10-24 15:40:23'),
(37377, 1482, 50, '2024-10-24 15:40:23'),
(37378, 1482, 54, '2024-10-24 15:40:23'),
(37379, 1482, 57, '2024-10-24 15:40:23'),
(37380, 1482, 61, '2024-10-24 15:40:23'),
(37381, 1482, 64, '2024-10-24 15:40:23'),
(37382, 1482, 67, '2024-10-24 15:40:23'),
(37383, 1482, 69, '2024-10-24 15:40:23'),
(37384, 1482, 72, '2024-10-24 15:40:23'),
(37385, 1482, 76, '2024-10-24 15:40:23'),
(37386, 1482, 79, '2024-10-24 15:40:23'),
(37387, 1482, 82, '2024-10-24 15:40:23'),
(37388, 1482, 84, '2024-10-24 15:40:23'),
(37389, 1483, 3, '2024-10-24 15:40:23'),
(37390, 1483, 1, '2024-10-24 15:40:23'),
(37391, 1483, 5, '2024-10-24 15:40:23'),
(37392, 1483, 9, '2024-10-24 15:40:23'),
(37393, 1483, 13, '2024-10-24 15:40:23'),
(37394, 1483, 15, '2024-10-24 15:40:23'),
(37395, 1483, 18, '2024-10-24 15:40:23'),
(37396, 1483, 21, '2024-10-24 15:40:23'),
(37397, 1483, 23, '2024-10-24 15:40:23'),
(37398, 1483, 24, '2024-10-24 15:40:23'),
(37399, 1483, 29, '2024-10-24 15:40:23'),
(37400, 1483, 32, '2024-10-24 15:40:23'),
(37401, 1483, 35, '2024-10-24 15:40:23'),
(37402, 1483, 26, '2024-10-24 15:40:23'),
(37403, 1483, 39, '2024-10-24 15:40:23'),
(37404, 1483, 42, '2024-10-24 15:40:23'),
(37405, 1483, 45, '2024-10-24 15:40:23'),
(37406, 1483, 50, '2024-10-24 15:40:23'),
(37407, 1483, 54, '2024-10-24 15:40:23'),
(37408, 1483, 57, '2024-10-24 15:40:23'),
(37409, 1483, 61, '2024-10-24 15:40:23'),
(37410, 1483, 64, '2024-10-24 15:40:23'),
(37411, 1483, 67, '2024-10-24 15:40:23'),
(37412, 1483, 69, '2024-10-24 15:40:23'),
(37413, 1483, 72, '2024-10-24 15:40:23'),
(37414, 1483, 76, '2024-10-24 15:40:23'),
(37415, 1483, 79, '2024-10-24 15:40:23'),
(37416, 1483, 82, '2024-10-24 15:40:23'),
(37417, 1483, 84, '2024-10-24 15:40:23'),
(37418, 1484, 3, '2024-10-24 15:40:23'),
(37419, 1484, 1, '2024-10-24 15:40:23'),
(37420, 1484, 5, '2024-10-24 15:40:23'),
(37421, 1484, 9, '2024-10-24 15:40:23'),
(37422, 1484, 13, '2024-10-24 15:40:23'),
(37423, 1484, 15, '2024-10-24 15:40:23'),
(37424, 1484, 18, '2024-10-24 15:40:23'),
(37425, 1484, 21, '2024-10-24 15:40:23'),
(37426, 1484, 23, '2024-10-24 15:40:23'),
(37427, 1484, 24, '2024-10-24 15:40:23'),
(37428, 1484, 29, '2024-10-24 15:40:23'),
(37429, 1484, 32, '2024-10-24 15:40:23'),
(37430, 1484, 35, '2024-10-24 15:40:23'),
(37431, 1484, 26, '2024-10-24 15:40:23'),
(37432, 1484, 39, '2024-10-24 15:40:23'),
(37433, 1484, 42, '2024-10-24 15:40:23'),
(37434, 1484, 45, '2024-10-24 15:40:23'),
(37435, 1484, 50, '2024-10-24 15:40:23'),
(37436, 1484, 54, '2024-10-24 15:40:23'),
(37437, 1484, 57, '2024-10-24 15:40:23'),
(37438, 1484, 61, '2024-10-24 15:40:23'),
(37439, 1484, 64, '2024-10-24 15:40:23'),
(37440, 1484, 67, '2024-10-24 15:40:23'),
(37441, 1484, 69, '2024-10-24 15:40:23'),
(37442, 1484, 72, '2024-10-24 15:40:23'),
(37443, 1484, 76, '2024-10-24 15:40:23'),
(37444, 1484, 79, '2024-10-24 15:40:23'),
(37445, 1484, 82, '2024-10-24 15:40:23'),
(37446, 1484, 84, '2024-10-24 15:40:23'),
(37447, 1485, 3, '2024-10-24 15:40:34'),
(37448, 1485, 1, '2024-10-24 15:40:34'),
(37449, 1485, 5, '2024-10-24 15:40:34'),
(37450, 1485, 9, '2024-10-24 15:40:34'),
(37451, 1485, 13, '2024-10-24 15:40:34'),
(37452, 1485, 15, '2024-10-24 15:40:34'),
(37453, 1485, 18, '2024-10-24 15:40:34'),
(37454, 1485, 21, '2024-10-24 15:40:34'),
(37455, 1485, 23, '2024-10-24 15:40:34'),
(37456, 1485, 24, '2024-10-24 15:40:34'),
(37457, 1485, 29, '2024-10-24 15:40:34'),
(37458, 1485, 32, '2024-10-24 15:40:34'),
(37459, 1485, 35, '2024-10-24 15:40:34'),
(37460, 1485, 26, '2024-10-24 15:40:34'),
(37461, 1485, 39, '2024-10-24 15:40:34'),
(37462, 1485, 42, '2024-10-24 15:40:34'),
(37463, 1485, 45, '2024-10-24 15:40:34'),
(37464, 1485, 50, '2024-10-24 15:40:34'),
(37465, 1485, 54, '2024-10-24 15:40:34'),
(37466, 1485, 57, '2024-10-24 15:40:34'),
(37467, 1485, 61, '2024-10-24 15:40:34'),
(37468, 1485, 64, '2024-10-24 15:40:34'),
(37469, 1485, 67, '2024-10-24 15:40:34'),
(37470, 1485, 69, '2024-10-24 15:40:34'),
(37471, 1485, 72, '2024-10-24 15:40:34'),
(37472, 1485, 76, '2024-10-24 15:40:34'),
(37473, 1485, 79, '2024-10-24 15:40:34'),
(37474, 1485, 82, '2024-10-24 15:40:34'),
(37475, 1485, 84, '2024-10-24 15:40:34'),
(37476, 1486, 3, '2024-10-24 15:40:34'),
(37477, 1486, 1, '2024-10-24 15:40:34'),
(37478, 1486, 5, '2024-10-24 15:40:34'),
(37479, 1486, 9, '2024-10-24 15:40:34'),
(37480, 1486, 13, '2024-10-24 15:40:34'),
(37481, 1486, 15, '2024-10-24 15:40:34'),
(37482, 1486, 18, '2024-10-24 15:40:34'),
(37483, 1486, 21, '2024-10-24 15:40:34'),
(37484, 1486, 23, '2024-10-24 15:40:34'),
(37485, 1486, 24, '2024-10-24 15:40:34'),
(37486, 1486, 29, '2024-10-24 15:40:34'),
(37487, 1486, 32, '2024-10-24 15:40:34'),
(37488, 1486, 35, '2024-10-24 15:40:34'),
(37489, 1486, 26, '2024-10-24 15:40:34'),
(37490, 1486, 39, '2024-10-24 15:40:34'),
(37491, 1486, 42, '2024-10-24 15:40:34'),
(37492, 1486, 45, '2024-10-24 15:40:34'),
(37493, 1486, 50, '2024-10-24 15:40:34'),
(37494, 1486, 54, '2024-10-24 15:40:34'),
(37495, 1486, 57, '2024-10-24 15:40:34'),
(37496, 1486, 61, '2024-10-24 15:40:34'),
(37497, 1486, 64, '2024-10-24 15:40:34'),
(37498, 1486, 67, '2024-10-24 15:40:34'),
(37499, 1486, 69, '2024-10-24 15:40:34'),
(37500, 1486, 72, '2024-10-24 15:40:34'),
(37501, 1486, 76, '2024-10-24 15:40:34'),
(37502, 1486, 79, '2024-10-24 15:40:34'),
(37503, 1486, 82, '2024-10-24 15:40:34'),
(37504, 1486, 84, '2024-10-24 15:40:34'),
(37505, 1487, 3, '2024-10-24 15:40:34'),
(37506, 1487, 1, '2024-10-24 15:40:34'),
(37507, 1487, 5, '2024-10-24 15:40:34'),
(37508, 1487, 9, '2024-10-24 15:40:34'),
(37509, 1487, 13, '2024-10-24 15:40:34'),
(37510, 1487, 15, '2024-10-24 15:40:34'),
(37511, 1487, 18, '2024-10-24 15:40:34'),
(37512, 1487, 21, '2024-10-24 15:40:34'),
(37513, 1487, 23, '2024-10-24 15:40:34'),
(37514, 1487, 24, '2024-10-24 15:40:34'),
(37515, 1487, 29, '2024-10-24 15:40:34'),
(37516, 1487, 32, '2024-10-24 15:40:34'),
(37517, 1487, 35, '2024-10-24 15:40:34'),
(37518, 1487, 26, '2024-10-24 15:40:34'),
(37519, 1487, 39, '2024-10-24 15:40:34'),
(37520, 1487, 42, '2024-10-24 15:40:34'),
(37521, 1487, 45, '2024-10-24 15:40:34'),
(37522, 1487, 50, '2024-10-24 15:40:34'),
(37523, 1487, 54, '2024-10-24 15:40:34'),
(37524, 1487, 57, '2024-10-24 15:40:34'),
(37525, 1487, 61, '2024-10-24 15:40:34'),
(37526, 1487, 64, '2024-10-24 15:40:34'),
(37527, 1487, 67, '2024-10-24 15:40:34'),
(37528, 1487, 69, '2024-10-24 15:40:34'),
(37529, 1487, 72, '2024-10-24 15:40:34'),
(37530, 1487, 76, '2024-10-24 15:40:34'),
(37531, 1487, 79, '2024-10-24 15:40:34'),
(37532, 1487, 82, '2024-10-24 15:40:34'),
(37533, 1487, 84, '2024-10-24 15:40:34'),
(37534, 1488, 3, '2024-10-24 15:40:34'),
(37535, 1488, 1, '2024-10-24 15:40:34'),
(37536, 1488, 5, '2024-10-24 15:40:34'),
(37537, 1488, 9, '2024-10-24 15:40:34'),
(37538, 1488, 13, '2024-10-24 15:40:34'),
(37539, 1488, 15, '2024-10-24 15:40:34'),
(37540, 1488, 18, '2024-10-24 15:40:34'),
(37541, 1488, 21, '2024-10-24 15:40:34'),
(37542, 1488, 23, '2024-10-24 15:40:34'),
(37543, 1488, 24, '2024-10-24 15:40:34'),
(37544, 1488, 29, '2024-10-24 15:40:34'),
(37545, 1488, 32, '2024-10-24 15:40:34'),
(37546, 1488, 35, '2024-10-24 15:40:34'),
(37547, 1488, 26, '2024-10-24 15:40:34'),
(37548, 1488, 39, '2024-10-24 15:40:34'),
(37549, 1488, 42, '2024-10-24 15:40:34'),
(37550, 1488, 45, '2024-10-24 15:40:34'),
(37551, 1488, 50, '2024-10-24 15:40:34'),
(37552, 1488, 54, '2024-10-24 15:40:34'),
(37553, 1488, 57, '2024-10-24 15:40:34'),
(37554, 1488, 61, '2024-10-24 15:40:34'),
(37555, 1488, 64, '2024-10-24 15:40:34'),
(37556, 1488, 67, '2024-10-24 15:40:34'),
(37557, 1488, 69, '2024-10-24 15:40:34'),
(37558, 1488, 72, '2024-10-24 15:40:34'),
(37559, 1488, 76, '2024-10-24 15:40:34'),
(37560, 1488, 79, '2024-10-24 15:40:34'),
(37561, 1488, 82, '2024-10-24 15:40:34'),
(37562, 1488, 84, '2024-10-24 15:40:34'),
(37563, 1489, 3, '2024-10-24 15:40:34'),
(37564, 1489, 1, '2024-10-24 15:40:34'),
(37565, 1489, 5, '2024-10-24 15:40:34'),
(37566, 1489, 9, '2024-10-24 15:40:34'),
(37567, 1489, 13, '2024-10-24 15:40:34'),
(37568, 1489, 15, '2024-10-24 15:40:34'),
(37569, 1489, 18, '2024-10-24 15:40:34'),
(37570, 1489, 21, '2024-10-24 15:40:34'),
(37571, 1489, 23, '2024-10-24 15:40:34'),
(37572, 1489, 24, '2024-10-24 15:40:34'),
(37573, 1489, 29, '2024-10-24 15:40:34'),
(37574, 1489, 32, '2024-10-24 15:40:34'),
(37575, 1489, 35, '2024-10-24 15:40:34'),
(37576, 1489, 26, '2024-10-24 15:40:34'),
(37577, 1489, 39, '2024-10-24 15:40:34'),
(37578, 1489, 42, '2024-10-24 15:40:34'),
(37579, 1489, 45, '2024-10-24 15:40:34'),
(37580, 1489, 50, '2024-10-24 15:40:34'),
(37581, 1489, 54, '2024-10-24 15:40:34'),
(37582, 1489, 57, '2024-10-24 15:40:34'),
(37583, 1489, 61, '2024-10-24 15:40:34'),
(37584, 1489, 64, '2024-10-24 15:40:34'),
(37585, 1489, 67, '2024-10-24 15:40:34'),
(37586, 1489, 69, '2024-10-24 15:40:34'),
(37587, 1489, 72, '2024-10-24 15:40:34'),
(37588, 1489, 76, '2024-10-24 15:40:34'),
(37589, 1489, 79, '2024-10-24 15:40:34'),
(37590, 1489, 82, '2024-10-24 15:40:34'),
(37591, 1489, 84, '2024-10-24 15:40:34'),
(37592, 1490, 3, '2024-10-24 15:40:34'),
(37593, 1490, 1, '2024-10-24 15:40:34'),
(37594, 1490, 5, '2024-10-24 15:40:34'),
(37595, 1490, 9, '2024-10-24 15:40:34'),
(37596, 1490, 13, '2024-10-24 15:40:34'),
(37597, 1490, 15, '2024-10-24 15:40:34'),
(37598, 1490, 18, '2024-10-24 15:40:34'),
(37599, 1490, 21, '2024-10-24 15:40:34'),
(37600, 1490, 23, '2024-10-24 15:40:34'),
(37601, 1490, 24, '2024-10-24 15:40:34'),
(37602, 1490, 29, '2024-10-24 15:40:34'),
(37603, 1490, 32, '2024-10-24 15:40:34'),
(37604, 1490, 35, '2024-10-24 15:40:34'),
(37605, 1490, 26, '2024-10-24 15:40:34'),
(37606, 1490, 39, '2024-10-24 15:40:34'),
(37607, 1490, 42, '2024-10-24 15:40:34'),
(37608, 1490, 45, '2024-10-24 15:40:34'),
(37609, 1490, 50, '2024-10-24 15:40:34'),
(37610, 1490, 54, '2024-10-24 15:40:34'),
(37611, 1490, 57, '2024-10-24 15:40:34'),
(37612, 1490, 61, '2024-10-24 15:40:34'),
(37613, 1490, 64, '2024-10-24 15:40:34'),
(37614, 1490, 67, '2024-10-24 15:40:34'),
(37615, 1490, 69, '2024-10-24 15:40:34'),
(37616, 1490, 72, '2024-10-24 15:40:34'),
(37617, 1490, 76, '2024-10-24 15:40:34'),
(37618, 1490, 79, '2024-10-24 15:40:34'),
(37619, 1490, 82, '2024-10-24 15:40:34'),
(37620, 1490, 84, '2024-10-24 15:40:34'),
(37621, 1491, 3, '2024-10-24 15:40:34'),
(37622, 1491, 1, '2024-10-24 15:40:34'),
(37623, 1491, 5, '2024-10-24 15:40:34'),
(37624, 1491, 9, '2024-10-24 15:40:34'),
(37625, 1491, 13, '2024-10-24 15:40:34'),
(37626, 1491, 15, '2024-10-24 15:40:34'),
(37627, 1491, 18, '2024-10-24 15:40:34'),
(37628, 1491, 21, '2024-10-24 15:40:34'),
(37629, 1491, 23, '2024-10-24 15:40:34'),
(37630, 1491, 24, '2024-10-24 15:40:34'),
(37631, 1491, 29, '2024-10-24 15:40:34'),
(37632, 1491, 32, '2024-10-24 15:40:34'),
(37633, 1491, 35, '2024-10-24 15:40:34'),
(37634, 1491, 26, '2024-10-24 15:40:34'),
(37635, 1491, 39, '2024-10-24 15:40:34'),
(37636, 1491, 42, '2024-10-24 15:40:34'),
(37637, 1491, 45, '2024-10-24 15:40:34'),
(37638, 1491, 50, '2024-10-24 15:40:34'),
(37639, 1491, 54, '2024-10-24 15:40:34'),
(37640, 1491, 57, '2024-10-24 15:40:34'),
(37641, 1491, 61, '2024-10-24 15:40:34'),
(37642, 1491, 64, '2024-10-24 15:40:34'),
(37643, 1491, 67, '2024-10-24 15:40:34'),
(37644, 1491, 69, '2024-10-24 15:40:34'),
(37645, 1491, 72, '2024-10-24 15:40:34'),
(37646, 1491, 76, '2024-10-24 15:40:34'),
(37647, 1491, 79, '2024-10-24 15:40:34'),
(37648, 1491, 82, '2024-10-24 15:40:34'),
(37649, 1491, 84, '2024-10-24 15:40:34'),
(37650, 1492, 3, '2024-10-24 15:40:34'),
(37651, 1492, 1, '2024-10-24 15:40:34'),
(37652, 1492, 5, '2024-10-24 15:40:34'),
(37653, 1492, 9, '2024-10-24 15:40:34'),
(37654, 1492, 13, '2024-10-24 15:40:34'),
(37655, 1492, 15, '2024-10-24 15:40:34'),
(37656, 1492, 18, '2024-10-24 15:40:34'),
(37657, 1492, 21, '2024-10-24 15:40:34'),
(37658, 1492, 23, '2024-10-24 15:40:34'),
(37659, 1492, 24, '2024-10-24 15:40:34'),
(37660, 1492, 29, '2024-10-24 15:40:34'),
(37661, 1492, 32, '2024-10-24 15:40:34'),
(37662, 1492, 35, '2024-10-24 15:40:34'),
(37663, 1492, 26, '2024-10-24 15:40:34'),
(37664, 1492, 39, '2024-10-24 15:40:34'),
(37665, 1492, 42, '2024-10-24 15:40:34'),
(37666, 1492, 45, '2024-10-24 15:40:34'),
(37667, 1492, 50, '2024-10-24 15:40:34'),
(37668, 1492, 54, '2024-10-24 15:40:34'),
(37669, 1492, 57, '2024-10-24 15:40:34'),
(37670, 1492, 61, '2024-10-24 15:40:34'),
(37671, 1492, 64, '2024-10-24 15:40:34'),
(37672, 1492, 67, '2024-10-24 15:40:34'),
(37673, 1492, 69, '2024-10-24 15:40:34'),
(37674, 1492, 72, '2024-10-24 15:40:34'),
(37675, 1492, 76, '2024-10-24 15:40:34'),
(37676, 1492, 79, '2024-10-24 15:40:34'),
(37677, 1492, 82, '2024-10-24 15:40:34'),
(37678, 1492, 84, '2024-10-24 15:40:34'),
(37679, 1493, 3, '2024-10-24 15:56:34'),
(37680, 1493, 1, '2024-10-24 15:56:34'),
(37681, 1493, 5, '2024-10-24 15:56:34'),
(37682, 1493, 9, '2024-10-24 15:56:34'),
(37683, 1493, 13, '2024-10-24 15:56:34'),
(37684, 1493, 15, '2024-10-24 15:56:34'),
(37685, 1493, 18, '2024-10-24 15:56:34'),
(37686, 1493, 21, '2024-10-24 15:56:34'),
(37687, 1493, 23, '2024-10-24 15:56:34'),
(37688, 1493, 24, '2024-10-24 15:56:34'),
(37689, 1493, 29, '2024-10-24 15:56:34'),
(37690, 1493, 32, '2024-10-24 15:56:34'),
(37691, 1493, 35, '2024-10-24 15:56:34'),
(37692, 1493, 26, '2024-10-24 15:56:34'),
(37693, 1493, 39, '2024-10-24 15:56:34'),
(37694, 1493, 42, '2024-10-24 15:56:34'),
(37695, 1493, 45, '2024-10-24 15:56:34'),
(37696, 1493, 50, '2024-10-24 15:56:34'),
(37697, 1493, 54, '2024-10-24 15:56:34'),
(37698, 1493, 57, '2024-10-24 15:56:34'),
(37699, 1493, 61, '2024-10-24 15:56:34'),
(37700, 1493, 64, '2024-10-24 15:56:34'),
(37701, 1493, 67, '2024-10-24 15:56:34'),
(37702, 1493, 69, '2024-10-24 15:56:34'),
(37703, 1493, 72, '2024-10-24 15:56:34'),
(37704, 1493, 76, '2024-10-24 15:56:34'),
(37705, 1493, 79, '2024-10-24 15:56:34'),
(37706, 1493, 82, '2024-10-24 15:56:34'),
(37707, 1493, 84, '2024-10-24 15:56:34'),
(37708, 1494, 3, '2024-10-24 15:56:43'),
(37709, 1494, 1, '2024-10-24 15:56:43'),
(37710, 1494, 5, '2024-10-24 15:56:43'),
(37711, 1494, 9, '2024-10-24 15:56:43'),
(37712, 1494, 13, '2024-10-24 15:56:43'),
(37713, 1494, 15, '2024-10-24 15:56:43'),
(37714, 1494, 18, '2024-10-24 15:56:43'),
(37715, 1494, 21, '2024-10-24 15:56:43'),
(37716, 1494, 23, '2024-10-24 15:56:43'),
(37717, 1494, 24, '2024-10-24 15:56:43'),
(37718, 1494, 29, '2024-10-24 15:56:43'),
(37719, 1494, 32, '2024-10-24 15:56:43'),
(37720, 1494, 35, '2024-10-24 15:56:43'),
(37721, 1494, 26, '2024-10-24 15:56:43'),
(37722, 1494, 39, '2024-10-24 15:56:43'),
(37723, 1494, 42, '2024-10-24 15:56:43'),
(37724, 1494, 45, '2024-10-24 15:56:43'),
(37725, 1494, 50, '2024-10-24 15:56:43'),
(37726, 1494, 54, '2024-10-24 15:56:43'),
(37727, 1494, 57, '2024-10-24 15:56:43'),
(37728, 1494, 61, '2024-10-24 15:56:43'),
(37729, 1494, 64, '2024-10-24 15:56:43'),
(37730, 1494, 67, '2024-10-24 15:56:43'),
(37731, 1494, 69, '2024-10-24 15:56:43'),
(37732, 1494, 72, '2024-10-24 15:56:43'),
(37733, 1494, 76, '2024-10-24 15:56:43'),
(37734, 1494, 79, '2024-10-24 15:56:43'),
(37735, 1494, 82, '2024-10-24 15:56:43'),
(37736, 1494, 84, '2024-10-24 15:56:43'),
(37737, 1495, 3, '2024-10-24 15:56:43'),
(37738, 1495, 1, '2024-10-24 15:56:43'),
(37739, 1495, 5, '2024-10-24 15:56:43'),
(37740, 1495, 9, '2024-10-24 15:56:43'),
(37741, 1495, 13, '2024-10-24 15:56:43'),
(37742, 1495, 15, '2024-10-24 15:56:43'),
(37743, 1495, 18, '2024-10-24 15:56:43'),
(37744, 1495, 21, '2024-10-24 15:56:43'),
(37745, 1495, 23, '2024-10-24 15:56:43'),
(37746, 1495, 24, '2024-10-24 15:56:43'),
(37747, 1495, 29, '2024-10-24 15:56:43'),
(37748, 1495, 32, '2024-10-24 15:56:43'),
(37749, 1495, 35, '2024-10-24 15:56:43'),
(37750, 1495, 26, '2024-10-24 15:56:43'),
(37751, 1495, 39, '2024-10-24 15:56:43'),
(37752, 1495, 42, '2024-10-24 15:56:43'),
(37753, 1495, 45, '2024-10-24 15:56:43'),
(37754, 1495, 50, '2024-10-24 15:56:43'),
(37755, 1495, 54, '2024-10-24 15:56:43'),
(37756, 1495, 57, '2024-10-24 15:56:43'),
(37757, 1495, 61, '2024-10-24 15:56:43'),
(37758, 1495, 64, '2024-10-24 15:56:43'),
(37759, 1495, 67, '2024-10-24 15:56:43'),
(37760, 1495, 69, '2024-10-24 15:56:43'),
(37761, 1495, 72, '2024-10-24 15:56:43'),
(37762, 1495, 76, '2024-10-24 15:56:43'),
(37763, 1495, 79, '2024-10-24 15:56:43'),
(37764, 1495, 82, '2024-10-24 15:56:43'),
(37765, 1495, 84, '2024-10-24 15:56:43'),
(37766, 1496, 3, '2024-10-24 15:56:52'),
(37767, 1496, 1, '2024-10-24 15:56:52'),
(37768, 1496, 5, '2024-10-24 15:56:52'),
(37769, 1496, 9, '2024-10-24 15:56:52'),
(37770, 1496, 13, '2024-10-24 15:56:52'),
(37771, 1496, 15, '2024-10-24 15:56:52'),
(37772, 1496, 18, '2024-10-24 15:56:52'),
(37773, 1496, 21, '2024-10-24 15:56:52'),
(37774, 1496, 23, '2024-10-24 15:56:52'),
(37775, 1496, 24, '2024-10-24 15:56:52'),
(37776, 1496, 29, '2024-10-24 15:56:52'),
(37777, 1496, 32, '2024-10-24 15:56:52'),
(37778, 1496, 35, '2024-10-24 15:56:52'),
(37779, 1496, 26, '2024-10-24 15:56:52'),
(37780, 1496, 39, '2024-10-24 15:56:52'),
(37781, 1496, 42, '2024-10-24 15:56:52'),
(37782, 1496, 45, '2024-10-24 15:56:52'),
(37783, 1496, 50, '2024-10-24 15:56:52'),
(37784, 1496, 54, '2024-10-24 15:56:52'),
(37785, 1496, 57, '2024-10-24 15:56:52'),
(37786, 1496, 61, '2024-10-24 15:56:52'),
(37787, 1496, 64, '2024-10-24 15:56:52'),
(37788, 1496, 67, '2024-10-24 15:56:52'),
(37789, 1496, 69, '2024-10-24 15:56:52'),
(37790, 1496, 72, '2024-10-24 15:56:52'),
(37791, 1496, 76, '2024-10-24 15:56:52'),
(37792, 1496, 79, '2024-10-24 15:56:52'),
(37793, 1496, 82, '2024-10-24 15:56:52'),
(37794, 1496, 84, '2024-10-24 15:56:52'),
(37795, 1497, 3, '2024-10-24 15:56:52'),
(37796, 1497, 1, '2024-10-24 15:56:52'),
(37797, 1497, 5, '2024-10-24 15:56:52'),
(37798, 1497, 9, '2024-10-24 15:56:52'),
(37799, 1497, 13, '2024-10-24 15:56:52'),
(37800, 1497, 15, '2024-10-24 15:56:52'),
(37801, 1497, 18, '2024-10-24 15:56:52'),
(37802, 1497, 21, '2024-10-24 15:56:52'),
(37803, 1497, 23, '2024-10-24 15:56:52'),
(37804, 1497, 24, '2024-10-24 15:56:52'),
(37805, 1497, 29, '2024-10-24 15:56:52'),
(37806, 1497, 32, '2024-10-24 15:56:52'),
(37807, 1497, 35, '2024-10-24 15:56:52'),
(37808, 1497, 26, '2024-10-24 15:56:52'),
(37809, 1497, 39, '2024-10-24 15:56:52'),
(37810, 1497, 42, '2024-10-24 15:56:52'),
(37811, 1497, 45, '2024-10-24 15:56:52'),
(37812, 1497, 50, '2024-10-24 15:56:52'),
(37813, 1497, 54, '2024-10-24 15:56:52'),
(37814, 1497, 57, '2024-10-24 15:56:52'),
(37815, 1497, 61, '2024-10-24 15:56:52'),
(37816, 1497, 64, '2024-10-24 15:56:52'),
(37817, 1497, 67, '2024-10-24 15:56:52'),
(37818, 1497, 69, '2024-10-24 15:56:52'),
(37819, 1497, 72, '2024-10-24 15:56:52'),
(37820, 1497, 76, '2024-10-24 15:56:52'),
(37821, 1497, 79, '2024-10-24 15:56:52'),
(37822, 1497, 82, '2024-10-24 15:56:52'),
(37823, 1497, 84, '2024-10-24 15:56:52'),
(37824, 1498, 3, '2024-10-24 15:56:52'),
(37825, 1498, 1, '2024-10-24 15:56:52'),
(37826, 1498, 5, '2024-10-24 15:56:52'),
(37827, 1498, 9, '2024-10-24 15:56:52'),
(37828, 1498, 13, '2024-10-24 15:56:52'),
(37829, 1498, 15, '2024-10-24 15:56:52'),
(37830, 1498, 18, '2024-10-24 15:56:52'),
(37831, 1498, 21, '2024-10-24 15:56:52'),
(37832, 1498, 23, '2024-10-24 15:56:52'),
(37833, 1498, 24, '2024-10-24 15:56:52'),
(37834, 1498, 29, '2024-10-24 15:56:52'),
(37835, 1498, 32, '2024-10-24 15:56:52'),
(37836, 1498, 35, '2024-10-24 15:56:52'),
(37837, 1498, 26, '2024-10-24 15:56:52'),
(37838, 1498, 39, '2024-10-24 15:56:52'),
(37839, 1498, 42, '2024-10-24 15:56:52'),
(37840, 1498, 45, '2024-10-24 15:56:52'),
(37841, 1498, 50, '2024-10-24 15:56:52'),
(37842, 1498, 54, '2024-10-24 15:56:52'),
(37843, 1498, 57, '2024-10-24 15:56:52'),
(37844, 1498, 61, '2024-10-24 15:56:52'),
(37845, 1498, 64, '2024-10-24 15:56:52'),
(37846, 1498, 67, '2024-10-24 15:56:52'),
(37847, 1498, 69, '2024-10-24 15:56:52'),
(37848, 1498, 72, '2024-10-24 15:56:52'),
(37849, 1498, 76, '2024-10-24 15:56:52'),
(37850, 1498, 79, '2024-10-24 15:56:52'),
(37851, 1498, 82, '2024-10-24 15:56:52'),
(37852, 1498, 84, '2024-10-24 15:56:52'),
(37853, 1499, 3, '2024-10-24 15:56:52'),
(37854, 1499, 1, '2024-10-24 15:56:52'),
(37855, 1499, 5, '2024-10-24 15:56:52'),
(37856, 1499, 9, '2024-10-24 15:56:52'),
(37857, 1499, 13, '2024-10-24 15:56:52'),
(37858, 1499, 15, '2024-10-24 15:56:52'),
(37859, 1499, 18, '2024-10-24 15:56:52'),
(37860, 1499, 21, '2024-10-24 15:56:52'),
(37861, 1499, 23, '2024-10-24 15:56:52'),
(37862, 1499, 24, '2024-10-24 15:56:52'),
(37863, 1499, 29, '2024-10-24 15:56:52'),
(37864, 1499, 32, '2024-10-24 15:56:52'),
(37865, 1499, 35, '2024-10-24 15:56:52'),
(37866, 1499, 26, '2024-10-24 15:56:52'),
(37867, 1499, 39, '2024-10-24 15:56:52'),
(37868, 1499, 42, '2024-10-24 15:56:52'),
(37869, 1499, 45, '2024-10-24 15:56:52'),
(37870, 1499, 50, '2024-10-24 15:56:52'),
(37871, 1499, 54, '2024-10-24 15:56:52'),
(37872, 1499, 57, '2024-10-24 15:56:52'),
(37873, 1499, 61, '2024-10-24 15:56:52'),
(37874, 1499, 64, '2024-10-24 15:56:52'),
(37875, 1499, 67, '2024-10-24 15:56:52'),
(37876, 1499, 69, '2024-10-24 15:56:52'),
(37877, 1499, 72, '2024-10-24 15:56:52'),
(37878, 1499, 76, '2024-10-24 15:56:52'),
(37879, 1499, 79, '2024-10-24 15:56:52'),
(37880, 1499, 82, '2024-10-24 15:56:52'),
(37881, 1499, 84, '2024-10-24 15:56:52'),
(37882, 1500, 3, '2024-10-24 15:57:19'),
(37883, 1500, 1, '2024-10-24 15:57:19'),
(37884, 1500, 5, '2024-10-24 15:57:19'),
(37885, 1500, 9, '2024-10-24 15:57:19'),
(37886, 1500, 13, '2024-10-24 15:57:19'),
(37887, 1500, 15, '2024-10-24 15:57:19'),
(37888, 1500, 18, '2024-10-24 15:57:19'),
(37889, 1500, 21, '2024-10-24 15:57:19'),
(37890, 1500, 23, '2024-10-24 15:57:19'),
(37891, 1500, 24, '2024-10-24 15:57:19'),
(37892, 1500, 29, '2024-10-24 15:57:19'),
(37893, 1500, 32, '2024-10-24 15:57:19'),
(37894, 1500, 35, '2024-10-24 15:57:19'),
(37895, 1500, 26, '2024-10-24 15:57:19'),
(37896, 1500, 39, '2024-10-24 15:57:19'),
(37897, 1500, 42, '2024-10-24 15:57:19'),
(37898, 1500, 45, '2024-10-24 15:57:19'),
(37899, 1500, 50, '2024-10-24 15:57:19'),
(37900, 1500, 54, '2024-10-24 15:57:19'),
(37901, 1500, 57, '2024-10-24 15:57:19'),
(37902, 1500, 61, '2024-10-24 15:57:19'),
(37903, 1500, 64, '2024-10-24 15:57:19'),
(37904, 1500, 67, '2024-10-24 15:57:19'),
(37905, 1500, 69, '2024-10-24 15:57:19'),
(37906, 1500, 72, '2024-10-24 15:57:19'),
(37907, 1500, 76, '2024-10-24 15:57:19'),
(37908, 1500, 79, '2024-10-24 15:57:19'),
(37909, 1500, 82, '2024-10-24 15:57:19'),
(37910, 1500, 84, '2024-10-24 15:57:19'),
(37911, 1501, 3, '2024-10-24 15:57:19'),
(37912, 1501, 1, '2024-10-24 15:57:19'),
(37913, 1501, 5, '2024-10-24 15:57:19'),
(37914, 1501, 9, '2024-10-24 15:57:19'),
(37915, 1501, 13, '2024-10-24 15:57:19'),
(37916, 1501, 15, '2024-10-24 15:57:19'),
(37917, 1501, 18, '2024-10-24 15:57:19'),
(37918, 1501, 21, '2024-10-24 15:57:19'),
(37919, 1501, 23, '2024-10-24 15:57:19'),
(37920, 1501, 24, '2024-10-24 15:57:19'),
(37921, 1501, 29, '2024-10-24 15:57:19'),
(37922, 1501, 32, '2024-10-24 15:57:19'),
(37923, 1501, 35, '2024-10-24 15:57:19'),
(37924, 1501, 26, '2024-10-24 15:57:19'),
(37925, 1501, 39, '2024-10-24 15:57:19'),
(37926, 1501, 42, '2024-10-24 15:57:19'),
(37927, 1501, 45, '2024-10-24 15:57:19'),
(37928, 1501, 50, '2024-10-24 15:57:19'),
(37929, 1501, 54, '2024-10-24 15:57:19'),
(37930, 1501, 57, '2024-10-24 15:57:19'),
(37931, 1501, 61, '2024-10-24 15:57:19'),
(37932, 1501, 64, '2024-10-24 15:57:19'),
(37933, 1501, 67, '2024-10-24 15:57:19'),
(37934, 1501, 69, '2024-10-24 15:57:19'),
(37935, 1501, 72, '2024-10-24 15:57:19'),
(37936, 1501, 76, '2024-10-24 15:57:19'),
(37937, 1501, 79, '2024-10-24 15:57:19'),
(37938, 1501, 82, '2024-10-24 15:57:19'),
(37939, 1501, 84, '2024-10-24 15:57:19'),
(37940, 1502, 3, '2024-10-24 15:57:19'),
(37941, 1502, 1, '2024-10-24 15:57:19'),
(37942, 1502, 5, '2024-10-24 15:57:19'),
(37943, 1502, 9, '2024-10-24 15:57:19'),
(37944, 1502, 13, '2024-10-24 15:57:19'),
(37945, 1502, 15, '2024-10-24 15:57:19'),
(37946, 1502, 18, '2024-10-24 15:57:19'),
(37947, 1502, 21, '2024-10-24 15:57:19'),
(37948, 1502, 23, '2024-10-24 15:57:19'),
(37949, 1502, 24, '2024-10-24 15:57:19'),
(37950, 1502, 29, '2024-10-24 15:57:19'),
(37951, 1502, 32, '2024-10-24 15:57:19'),
(37952, 1502, 35, '2024-10-24 15:57:19'),
(37953, 1502, 26, '2024-10-24 15:57:19'),
(37954, 1502, 39, '2024-10-24 15:57:19'),
(37955, 1502, 42, '2024-10-24 15:57:19'),
(37956, 1502, 45, '2024-10-24 15:57:19'),
(37957, 1502, 50, '2024-10-24 15:57:19'),
(37958, 1502, 54, '2024-10-24 15:57:19'),
(37959, 1502, 57, '2024-10-24 15:57:19'),
(37960, 1502, 61, '2024-10-24 15:57:19'),
(37961, 1502, 64, '2024-10-24 15:57:19'),
(37962, 1502, 67, '2024-10-24 15:57:19'),
(37963, 1502, 69, '2024-10-24 15:57:19'),
(37964, 1502, 72, '2024-10-24 15:57:19'),
(37965, 1502, 76, '2024-10-24 15:57:19'),
(37966, 1502, 79, '2024-10-24 15:57:19'),
(37967, 1502, 82, '2024-10-24 15:57:19'),
(37968, 1502, 84, '2024-10-24 15:57:19'),
(37969, 1503, 3, '2024-10-24 15:57:19'),
(37970, 1503, 1, '2024-10-24 15:57:19'),
(37971, 1503, 5, '2024-10-24 15:57:19'),
(37972, 1503, 9, '2024-10-24 15:57:19'),
(37973, 1503, 13, '2024-10-24 15:57:19'),
(37974, 1503, 15, '2024-10-24 15:57:19'),
(37975, 1503, 18, '2024-10-24 15:57:19'),
(37976, 1503, 21, '2024-10-24 15:57:19'),
(37977, 1503, 23, '2024-10-24 15:57:19'),
(37978, 1503, 24, '2024-10-24 15:57:19'),
(37979, 1503, 29, '2024-10-24 15:57:19'),
(37980, 1503, 32, '2024-10-24 15:57:19'),
(37981, 1503, 35, '2024-10-24 15:57:19'),
(37982, 1503, 26, '2024-10-24 15:57:19'),
(37983, 1503, 39, '2024-10-24 15:57:19'),
(37984, 1503, 42, '2024-10-24 15:57:19'),
(37985, 1503, 45, '2024-10-24 15:57:19'),
(37986, 1503, 50, '2024-10-24 15:57:19'),
(37987, 1503, 54, '2024-10-24 15:57:19'),
(37988, 1503, 57, '2024-10-24 15:57:19'),
(37989, 1503, 61, '2024-10-24 15:57:19'),
(37990, 1503, 64, '2024-10-24 15:57:19'),
(37991, 1503, 67, '2024-10-24 15:57:19'),
(37992, 1503, 69, '2024-10-24 15:57:19'),
(37993, 1503, 72, '2024-10-24 15:57:19'),
(37994, 1503, 76, '2024-10-24 15:57:19'),
(37995, 1503, 79, '2024-10-24 15:57:19'),
(37996, 1503, 82, '2024-10-24 15:57:19'),
(37997, 1503, 84, '2024-10-24 15:57:19'),
(37998, 1504, 3, '2024-10-24 15:57:19'),
(37999, 1504, 1, '2024-10-24 15:57:19'),
(38000, 1504, 5, '2024-10-24 15:57:19'),
(38001, 1504, 9, '2024-10-24 15:57:19'),
(38002, 1504, 13, '2024-10-24 15:57:19'),
(38003, 1504, 15, '2024-10-24 15:57:19'),
(38004, 1504, 18, '2024-10-24 15:57:19'),
(38005, 1504, 21, '2024-10-24 15:57:19'),
(38006, 1504, 23, '2024-10-24 15:57:19'),
(38007, 1504, 24, '2024-10-24 15:57:19'),
(38008, 1504, 29, '2024-10-24 15:57:19'),
(38009, 1504, 32, '2024-10-24 15:57:19'),
(38010, 1504, 35, '2024-10-24 15:57:19'),
(38011, 1504, 26, '2024-10-24 15:57:19'),
(38012, 1504, 39, '2024-10-24 15:57:19'),
(38013, 1504, 42, '2024-10-24 15:57:19'),
(38014, 1504, 45, '2024-10-24 15:57:19'),
(38015, 1504, 50, '2024-10-24 15:57:19'),
(38016, 1504, 54, '2024-10-24 15:57:19'),
(38017, 1504, 57, '2024-10-24 15:57:19'),
(38018, 1504, 61, '2024-10-24 15:57:19'),
(38019, 1504, 64, '2024-10-24 15:57:19'),
(38020, 1504, 67, '2024-10-24 15:57:19'),
(38021, 1504, 69, '2024-10-24 15:57:19'),
(38022, 1504, 72, '2024-10-24 15:57:19'),
(38023, 1504, 76, '2024-10-24 15:57:19'),
(38024, 1504, 79, '2024-10-24 15:57:19'),
(38025, 1504, 82, '2024-10-24 15:57:19'),
(38026, 1504, 84, '2024-10-24 15:57:19'),
(38027, 1505, 3, '2024-10-24 15:57:19'),
(38028, 1505, 1, '2024-10-24 15:57:19'),
(38029, 1505, 5, '2024-10-24 15:57:19'),
(38030, 1505, 9, '2024-10-24 15:57:19'),
(38031, 1505, 13, '2024-10-24 15:57:19'),
(38032, 1505, 15, '2024-10-24 15:57:19'),
(38033, 1505, 18, '2024-10-24 15:57:19'),
(38034, 1505, 21, '2024-10-24 15:57:19'),
(38035, 1505, 23, '2024-10-24 15:57:19'),
(38036, 1505, 24, '2024-10-24 15:57:19'),
(38037, 1505, 29, '2024-10-24 15:57:19'),
(38038, 1505, 32, '2024-10-24 15:57:19'),
(38039, 1505, 35, '2024-10-24 15:57:19'),
(38040, 1505, 26, '2024-10-24 15:57:19'),
(38041, 1505, 39, '2024-10-24 15:57:19'),
(38042, 1505, 42, '2024-10-24 15:57:19'),
(38043, 1505, 45, '2024-10-24 15:57:19'),
(38044, 1505, 50, '2024-10-24 15:57:19'),
(38045, 1505, 54, '2024-10-24 15:57:19'),
(38046, 1505, 57, '2024-10-24 15:57:19'),
(38047, 1505, 61, '2024-10-24 15:57:19'),
(38048, 1505, 64, '2024-10-24 15:57:19'),
(38049, 1505, 67, '2024-10-24 15:57:19'),
(38050, 1505, 69, '2024-10-24 15:57:19'),
(38051, 1505, 72, '2024-10-24 15:57:19'),
(38052, 1505, 76, '2024-10-24 15:57:19'),
(38053, 1505, 79, '2024-10-24 15:57:19'),
(38054, 1505, 82, '2024-10-24 15:57:19'),
(38055, 1505, 84, '2024-10-24 15:57:19'),
(38056, 1506, 3, '2024-10-24 15:57:19'),
(38057, 1506, 1, '2024-10-24 15:57:19'),
(38058, 1506, 5, '2024-10-24 15:57:19'),
(38059, 1506, 9, '2024-10-24 15:57:19'),
(38060, 1506, 13, '2024-10-24 15:57:19'),
(38061, 1506, 15, '2024-10-24 15:57:19'),
(38062, 1506, 18, '2024-10-24 15:57:19'),
(38063, 1506, 21, '2024-10-24 15:57:19'),
(38064, 1506, 23, '2024-10-24 15:57:19'),
(38065, 1506, 24, '2024-10-24 15:57:19'),
(38066, 1506, 29, '2024-10-24 15:57:19'),
(38067, 1506, 32, '2024-10-24 15:57:19'),
(38068, 1506, 35, '2024-10-24 15:57:19'),
(38069, 1506, 26, '2024-10-24 15:57:19'),
(38070, 1506, 39, '2024-10-24 15:57:19'),
(38071, 1506, 42, '2024-10-24 15:57:19'),
(38072, 1506, 45, '2024-10-24 15:57:19'),
(38073, 1506, 50, '2024-10-24 15:57:19'),
(38074, 1506, 54, '2024-10-24 15:57:19'),
(38075, 1506, 57, '2024-10-24 15:57:19'),
(38076, 1506, 61, '2024-10-24 15:57:19'),
(38077, 1506, 64, '2024-10-24 15:57:19'),
(38078, 1506, 67, '2024-10-24 15:57:19'),
(38079, 1506, 69, '2024-10-24 15:57:19'),
(38080, 1506, 72, '2024-10-24 15:57:19'),
(38081, 1506, 76, '2024-10-24 15:57:19'),
(38082, 1506, 79, '2024-10-24 15:57:19'),
(38083, 1506, 82, '2024-10-24 15:57:19'),
(38084, 1506, 84, '2024-10-24 15:57:19'),
(38085, 1507, 3, '2024-10-24 15:57:19'),
(38086, 1507, 1, '2024-10-24 15:57:19'),
(38087, 1507, 5, '2024-10-24 15:57:19'),
(38088, 1507, 9, '2024-10-24 15:57:19'),
(38089, 1507, 13, '2024-10-24 15:57:19'),
(38090, 1507, 15, '2024-10-24 15:57:19'),
(38091, 1507, 18, '2024-10-24 15:57:19'),
(38092, 1507, 21, '2024-10-24 15:57:19'),
(38093, 1507, 23, '2024-10-24 15:57:19'),
(38094, 1507, 24, '2024-10-24 15:57:19'),
(38095, 1507, 29, '2024-10-24 15:57:19'),
(38096, 1507, 32, '2024-10-24 15:57:19'),
(38097, 1507, 35, '2024-10-24 15:57:19'),
(38098, 1507, 26, '2024-10-24 15:57:19'),
(38099, 1507, 39, '2024-10-24 15:57:19'),
(38100, 1507, 42, '2024-10-24 15:57:19'),
(38101, 1507, 45, '2024-10-24 15:57:19'),
(38102, 1507, 50, '2024-10-24 15:57:19'),
(38103, 1507, 54, '2024-10-24 15:57:19'),
(38104, 1507, 57, '2024-10-24 15:57:19'),
(38105, 1507, 61, '2024-10-24 15:57:19'),
(38106, 1507, 64, '2024-10-24 15:57:19'),
(38107, 1507, 67, '2024-10-24 15:57:19'),
(38108, 1507, 69, '2024-10-24 15:57:19'),
(38109, 1507, 72, '2024-10-24 15:57:19'),
(38110, 1507, 76, '2024-10-24 15:57:19'),
(38111, 1507, 79, '2024-10-24 15:57:19'),
(38112, 1507, 82, '2024-10-24 15:57:19'),
(38113, 1507, 84, '2024-10-24 15:57:19'),
(38114, 1509, 35, '2025-11-20 09:48:59'),
(38115, 1509, 5, '2025-11-20 09:48:59'),
(38116, 1509, 69, '2025-11-20 09:48:59'),
(38117, 1509, 9, '2025-11-20 09:48:59'),
(38118, 1509, 23, '2025-11-20 09:48:59'),
(38119, 1509, 32, '2025-11-20 09:48:59'),
(38120, 1509, 21, '2025-11-20 09:48:59'),
(38121, 1509, 50, '2025-11-20 09:48:59'),
(38122, 1509, 57, '2025-11-20 09:48:59'),
(38123, 1509, 67, '2025-11-20 09:48:59'),
(38124, 1509, 29, '2025-11-20 09:48:59'),
(38125, 1509, 72, '2025-11-20 09:48:59'),
(38126, 1509, 13, '2025-11-20 09:48:59'),
(38127, 1509, 15, '2025-11-20 09:48:59'),
(38128, 1509, 18, '2025-11-20 09:48:59'),
(38129, 1509, 24, '2025-11-20 09:48:59'),
(38130, 1509, 26, '2025-11-20 09:48:59'),
(38131, 1509, 39, '2025-11-20 09:48:59'),
(38132, 1509, 42, '2025-11-20 09:48:59'),
(38133, 1509, 45, '2025-11-20 09:48:59'),
(38134, 1509, 54, '2025-11-20 09:48:59'),
(38135, 1509, 61, '2025-11-20 09:48:59'),
(38136, 1509, 64, '2025-11-20 09:48:59'),
(38137, 1509, 76, '2025-11-20 09:48:59'),
(38138, 1509, 79, '2025-11-20 09:48:59'),
(38139, 1509, 82, '2025-11-20 09:48:59'),
(38140, 1509, 84, '2025-11-20 09:48:59'),
(38141, 1510, 35, '2025-11-20 09:49:14'),
(38142, 1510, 5, '2025-11-20 09:49:14'),
(38143, 1510, 69, '2025-11-20 09:49:14'),
(38144, 1510, 9, '2025-11-20 09:49:14'),
(38145, 1510, 23, '2025-11-20 09:49:14'),
(38146, 1510, 32, '2025-11-20 09:49:14'),
(38147, 1510, 21, '2025-11-20 09:49:14'),
(38148, 1510, 50, '2025-11-20 09:49:14'),
(38149, 1510, 57, '2025-11-20 09:49:14'),
(38150, 1510, 67, '2025-11-20 09:49:14'),
(38151, 1510, 29, '2025-11-20 09:49:14'),
(38152, 1510, 72, '2025-11-20 09:49:14'),
(38153, 1510, 13, '2025-11-20 09:49:14'),
(38154, 1510, 15, '2025-11-20 09:49:14'),
(38155, 1510, 18, '2025-11-20 09:49:14'),
(38156, 1510, 24, '2025-11-20 09:49:14'),
(38157, 1510, 26, '2025-11-20 09:49:14'),
(38158, 1510, 39, '2025-11-20 09:49:14'),
(38159, 1510, 42, '2025-11-20 09:49:14'),
(38160, 1510, 45, '2025-11-20 09:49:14'),
(38161, 1510, 54, '2025-11-20 09:49:14'),
(38162, 1510, 61, '2025-11-20 09:49:14'),
(38163, 1510, 64, '2025-11-20 09:49:14'),
(38164, 1510, 76, '2025-11-20 09:49:14'),
(38165, 1510, 79, '2025-11-20 09:49:14'),
(38166, 1510, 82, '2025-11-20 09:49:14'),
(38167, 1510, 84, '2025-11-20 09:49:14'),
(38168, 1511, 35, '2025-11-20 09:49:14'),
(38169, 1511, 5, '2025-11-20 09:49:14'),
(38170, 1511, 69, '2025-11-20 09:49:14'),
(38171, 1511, 9, '2025-11-20 09:49:14'),
(38172, 1511, 23, '2025-11-20 09:49:14'),
(38173, 1511, 32, '2025-11-20 09:49:14'),
(38174, 1511, 21, '2025-11-20 09:49:14'),
(38175, 1511, 50, '2025-11-20 09:49:14'),
(38176, 1511, 57, '2025-11-20 09:49:14'),
(38177, 1511, 67, '2025-11-20 09:49:14'),
(38178, 1511, 29, '2025-11-20 09:49:14'),
(38179, 1511, 72, '2025-11-20 09:49:14'),
(38180, 1511, 13, '2025-11-20 09:49:14'),
(38181, 1511, 15, '2025-11-20 09:49:14'),
(38182, 1511, 18, '2025-11-20 09:49:14'),
(38183, 1511, 24, '2025-11-20 09:49:14'),
(38184, 1511, 26, '2025-11-20 09:49:14'),
(38185, 1511, 39, '2025-11-20 09:49:14'),
(38186, 1511, 42, '2025-11-20 09:49:14'),
(38187, 1511, 45, '2025-11-20 09:49:14'),
(38188, 1511, 54, '2025-11-20 09:49:14'),
(38189, 1511, 61, '2025-11-20 09:49:14'),
(38190, 1511, 64, '2025-11-20 09:49:14'),
(38191, 1511, 76, '2025-11-20 09:49:14'),
(38192, 1511, 79, '2025-11-20 09:49:14'),
(38193, 1511, 82, '2025-11-20 09:49:14'),
(38194, 1511, 84, '2025-11-20 09:49:14'),
(38195, 1512, 35, '2025-11-20 09:49:32'),
(38196, 1512, 5, '2025-11-20 09:49:32'),
(38197, 1512, 69, '2025-11-20 09:49:32'),
(38198, 1512, 9, '2025-11-20 09:49:32'),
(38199, 1512, 23, '2025-11-20 09:49:32'),
(38200, 1512, 32, '2025-11-20 09:49:32'),
(38201, 1512, 21, '2025-11-20 09:49:32'),
(38202, 1512, 50, '2025-11-20 09:49:32'),
(38203, 1512, 57, '2025-11-20 09:49:32'),
(38204, 1512, 67, '2025-11-20 09:49:32'),
(38205, 1512, 29, '2025-11-20 09:49:32'),
(38206, 1512, 72, '2025-11-20 09:49:32'),
(38207, 1512, 13, '2025-11-20 09:49:32'),
(38208, 1512, 15, '2025-11-20 09:49:32'),
(38209, 1512, 18, '2025-11-20 09:49:32'),
(38210, 1512, 24, '2025-11-20 09:49:32'),
(38211, 1512, 26, '2025-11-20 09:49:32'),
(38212, 1512, 39, '2025-11-20 09:49:32'),
(38213, 1512, 42, '2025-11-20 09:49:32'),
(38214, 1512, 45, '2025-11-20 09:49:32'),
(38215, 1512, 54, '2025-11-20 09:49:32'),
(38216, 1512, 61, '2025-11-20 09:49:32'),
(38217, 1512, 64, '2025-11-20 09:49:32'),
(38218, 1512, 76, '2025-11-20 09:49:32'),
(38219, 1512, 79, '2025-11-20 09:49:32'),
(38220, 1512, 82, '2025-11-20 09:49:32'),
(38221, 1512, 84, '2025-11-20 09:49:32'),
(38222, 1513, 35, '2025-11-20 09:49:32'),
(38223, 1513, 5, '2025-11-20 09:49:32'),
(38224, 1513, 69, '2025-11-20 09:49:32'),
(38225, 1513, 9, '2025-11-20 09:49:32'),
(38226, 1513, 23, '2025-11-20 09:49:32'),
(38227, 1513, 32, '2025-11-20 09:49:32'),
(38228, 1513, 21, '2025-11-20 09:49:32'),
(38229, 1513, 50, '2025-11-20 09:49:32'),
(38230, 1513, 57, '2025-11-20 09:49:32'),
(38231, 1513, 67, '2025-11-20 09:49:32'),
(38232, 1513, 29, '2025-11-20 09:49:32'),
(38233, 1513, 72, '2025-11-20 09:49:32'),
(38234, 1513, 13, '2025-11-20 09:49:32'),
(38235, 1513, 15, '2025-11-20 09:49:32'),
(38236, 1513, 18, '2025-11-20 09:49:32'),
(38237, 1513, 24, '2025-11-20 09:49:32'),
(38238, 1513, 26, '2025-11-20 09:49:32'),
(38239, 1513, 39, '2025-11-20 09:49:32'),
(38240, 1513, 42, '2025-11-20 09:49:32'),
(38241, 1513, 45, '2025-11-20 09:49:32'),
(38242, 1513, 54, '2025-11-20 09:49:32'),
(38243, 1513, 61, '2025-11-20 09:49:32'),
(38244, 1513, 64, '2025-11-20 09:49:32'),
(38245, 1513, 76, '2025-11-20 09:49:32'),
(38246, 1513, 79, '2025-11-20 09:49:32'),
(38247, 1513, 82, '2025-11-20 09:49:32'),
(38248, 1513, 84, '2025-11-20 09:49:32'),
(38249, 1514, 35, '2025-11-20 09:49:32'),
(38250, 1514, 5, '2025-11-20 09:49:32'),
(38251, 1514, 69, '2025-11-20 09:49:32'),
(38252, 1514, 9, '2025-11-20 09:49:32'),
(38253, 1514, 23, '2025-11-20 09:49:32'),
(38254, 1514, 32, '2025-11-20 09:49:32'),
(38255, 1514, 21, '2025-11-20 09:49:32'),
(38256, 1514, 50, '2025-11-20 09:49:32'),
(38257, 1514, 57, '2025-11-20 09:49:32'),
(38258, 1514, 67, '2025-11-20 09:49:32'),
(38259, 1514, 29, '2025-11-20 09:49:32'),
(38260, 1514, 72, '2025-11-20 09:49:32'),
(38261, 1514, 13, '2025-11-20 09:49:32'),
(38262, 1514, 15, '2025-11-20 09:49:32'),
(38263, 1514, 18, '2025-11-20 09:49:32'),
(38264, 1514, 24, '2025-11-20 09:49:32'),
(38265, 1514, 26, '2025-11-20 09:49:32'),
(38266, 1514, 39, '2025-11-20 09:49:32'),
(38267, 1514, 42, '2025-11-20 09:49:32'),
(38268, 1514, 45, '2025-11-20 09:49:32'),
(38269, 1514, 54, '2025-11-20 09:49:32'),
(38270, 1514, 61, '2025-11-20 09:49:32'),
(38271, 1514, 64, '2025-11-20 09:49:32'),
(38272, 1514, 76, '2025-11-20 09:49:32'),
(38273, 1514, 79, '2025-11-20 09:49:32'),
(38274, 1514, 82, '2025-11-20 09:49:32'),
(38275, 1514, 84, '2025-11-20 09:49:32'),
(38276, 1515, 35, '2025-11-20 09:49:32'),
(38277, 1515, 5, '2025-11-20 09:49:32'),
(38278, 1515, 69, '2025-11-20 09:49:32'),
(38279, 1515, 9, '2025-11-20 09:49:32'),
(38280, 1515, 23, '2025-11-20 09:49:32'),
(38281, 1515, 32, '2025-11-20 09:49:32'),
(38282, 1515, 21, '2025-11-20 09:49:32'),
(38283, 1515, 50, '2025-11-20 09:49:32'),
(38284, 1515, 57, '2025-11-20 09:49:32'),
(38285, 1515, 67, '2025-11-20 09:49:32'),
(38286, 1515, 29, '2025-11-20 09:49:32'),
(38287, 1515, 72, '2025-11-20 09:49:32'),
(38288, 1515, 13, '2025-11-20 09:49:32'),
(38289, 1515, 15, '2025-11-20 09:49:32'),
(38290, 1515, 18, '2025-11-20 09:49:32'),
(38291, 1515, 24, '2025-11-20 09:49:32'),
(38292, 1515, 26, '2025-11-20 09:49:32'),
(38293, 1515, 39, '2025-11-20 09:49:32'),
(38294, 1515, 42, '2025-11-20 09:49:32'),
(38295, 1515, 45, '2025-11-20 09:49:32'),
(38296, 1515, 54, '2025-11-20 09:49:32'),
(38297, 1515, 61, '2025-11-20 09:49:32'),
(38298, 1515, 64, '2025-11-20 09:49:32'),
(38299, 1515, 76, '2025-11-20 09:49:32'),
(38300, 1515, 79, '2025-11-20 09:49:32'),
(38301, 1515, 82, '2025-11-20 09:49:32'),
(38302, 1515, 84, '2025-11-20 09:49:32'),
(38303, 1516, 35, '2025-12-19 11:46:50'),
(38304, 1516, 5, '2025-12-19 11:46:50'),
(38305, 1516, 69, '2025-12-19 11:46:50'),
(38306, 1516, 9, '2025-12-19 11:46:50'),
(38307, 1516, 23, '2025-12-19 11:46:50'),
(38308, 1516, 32, '2025-12-19 11:46:50'),
(38309, 1516, 21, '2025-12-19 11:46:50'),
(38310, 1516, 50, '2025-12-19 11:46:50'),
(38311, 1516, 57, '2025-12-19 11:46:50'),
(38312, 1516, 67, '2025-12-19 11:46:50'),
(38313, 1516, 29, '2025-12-19 11:46:50'),
(38314, 1516, 72, '2025-12-19 11:46:50'),
(38315, 1516, 13, '2025-12-19 11:46:50'),
(38316, 1516, 15, '2025-12-19 11:46:50'),
(38317, 1516, 18, '2025-12-19 11:46:50'),
(38318, 1516, 24, '2025-12-19 11:46:50'),
(38319, 1516, 26, '2025-12-19 11:46:50'),
(38320, 1516, 39, '2025-12-19 11:46:50'),
(38321, 1516, 42, '2025-12-19 11:46:50'),
(38322, 1516, 45, '2025-12-19 11:46:50'),
(38323, 1516, 54, '2025-12-19 11:46:50'),
(38324, 1516, 61, '2025-12-19 11:46:50'),
(38325, 1516, 64, '2025-12-19 11:46:50'),
(38326, 1516, 76, '2025-12-19 11:46:50'),
(38327, 1516, 79, '2025-12-19 11:46:50'),
(38328, 1516, 82, '2025-12-19 11:46:50'),
(38329, 1516, 84, '2025-12-19 11:46:50'),
(38330, 1517, 35, '2025-12-22 07:18:13'),
(38331, 1517, 5, '2025-12-22 07:18:13'),
(38332, 1517, 69, '2025-12-22 07:18:13'),
(38333, 1517, 9, '2025-12-22 07:18:13'),
(38334, 1517, 23, '2025-12-22 07:18:13'),
(38335, 1517, 32, '2025-12-22 07:18:13'),
(38336, 1517, 21, '2025-12-22 07:18:13'),
(38337, 1517, 50, '2025-12-22 07:18:13'),
(38338, 1517, 57, '2025-12-22 07:18:13'),
(38339, 1517, 67, '2025-12-22 07:18:13'),
(38340, 1517, 29, '2025-12-22 07:18:13'),
(38341, 1517, 72, '2025-12-22 07:18:13'),
(38342, 1517, 13, '2025-12-22 07:18:13'),
(38343, 1517, 15, '2025-12-22 07:18:13'),
(38344, 1517, 18, '2025-12-22 07:18:13'),
(38345, 1517, 24, '2025-12-22 07:18:13'),
(38346, 1517, 26, '2025-12-22 07:18:13'),
(38347, 1517, 39, '2025-12-22 07:18:13'),
(38348, 1517, 42, '2025-12-22 07:18:13'),
(38349, 1517, 45, '2025-12-22 07:18:13'),
(38350, 1517, 54, '2025-12-22 07:18:13'),
(38351, 1517, 61, '2025-12-22 07:18:13'),
(38352, 1517, 64, '2025-12-22 07:18:13'),
(38353, 1517, 76, '2025-12-22 07:18:13'),
(38354, 1517, 79, '2025-12-22 07:18:13'),
(38355, 1517, 82, '2025-12-22 07:18:13'),
(38356, 1517, 84, '2025-12-22 07:18:13');

-- --------------------------------------------------------

--
-- Tabellenstruktur für Tabelle `products_to_categories`
--

CREATE TABLE `products_to_categories` (
  `products_id` int(11) NOT NULL DEFAULT '0',
  `categories_id` int(11) NOT NULL DEFAULT '0'
) ENGINE=MyISAM DEFAULT CHARSET=utf8;

--
-- Daten für Tabelle `products_to_categories`
--

INSERT INTO `products_to_categories` (`products_id`, `categories_id`) VALUES
(1, 2),
(2, 2),
(3, 2),
(4, 2),
(5, 2),
(6, 2),
(7, 2),
(8, 2),
(9, 2),
(10, 2),
(11, 2),
(12, 2),
(13, 2),
(14, 2),
(15, 2),
(92, 29),
(97, 29),
(99, 29),
(100, 29),
(101, 29),
(102, 29),
(103, 29),
(107, 29),
(108, 29),
(109, 29),
(110, 29),
(111, 2),
(112, 2),
(116, 29),
(125, 29),
(126, 29),
(127, 29),
(128, 29),
(129, 29),
(130, 29),
(131, 29),
(132, 29),
(133, 29),
(138, 19),
(139, 19),
(140, 19),
(141, 19),
(142, 19),
(143, 19),
(144, 19),
(145, 19),
(146, 19),
(147, 19),
(148, 19),
(149, 19),
(150, 19),
(151, 19),
(152, 19),
(153, 19),
(154, 19),
(155, 19),
(156, 19),
(157, 19),
(158, 19),
(159, 19),
(160, 19),
(161, 19),
(162, 19),
(163, 19),
(164, 19),
(165, 19),
(166, 19),
(167, 19),
(168, 19),
(169, 19),
(170, 19),
(171, 19),
(172, 19),
(173, 19),
(174, 19),
(175, 19),
(176, 19),
(177, 19),
(178, 19),
(179, 19),
(180, 19),
(181, 19),
(182, 19),
(183, 19),
(184, 19),
(185, 19),
(186, 19),
(187, 19),
(188, 19),
(189, 19),
(190, 19),
(191, 19),
(192, 19),
(193, 19),
(194, 19),
(195, 19),
(196, 19),
(197, 19),
(198, 19),
(199, 19),
(200, 19),
(201, 19),
(202, 19),
(203, 19),
(204, 19),
(205, 19),
(206, 19),
(207, 19),
(208, 19),
(209, 19),
(210, 19),
(211, 19),
(212, 19),
(213, 19),
(214, 19),
(215, 19),
(216, 19),
(217, 19),
(218, 19),
(219, 19),
(220, 19),
(221, 19),
(222, 19),
(223, 19),
(224, 19),
(225, 19),
(226, 19),
(227, 19),
(228, 19),
(229, 19),
(230, 19),
(231, 19),
(232, 19),
(233, 19),
(234, 19),
(235, 19),
(236, 19),
(237, 19),
(238, 19),
(239, 19),
(240, 19),
(241, 19),
(242, 19),
(243, 19),
(244, 19),
(245, 19),
(246, 19),
(247, 19),
(248, 19),
(249, 19),
(250, 19),
(251, 19),
(252, 19),
(253, 19),
(254, 19),
(255, 19),
(256, 19),
(257, 19),
(258, 19),
(259, 19),
(260, 19),
(261, 19),
(262, 19),
(263, 19),
(264, 19),
(265, 19),
(266, 19),
(267, 19),
(268, 19),
(269, 19),
(270, 19),
(271, 19),
(272, 19),
(273, 19),
(274, 19),
(275, 19),
(276, 19),
(277, 19),
(278, 19),
(279, 19),
(280, 19),
(281, 19),
(282, 19),
(283, 19),
(284, 19),
(285, 19),
(286, 19),
(287, 19),
(288, 19),
(289, 19),
(290, 19),
(291, 19),
(292, 19),
(293, 19),
(294, 19),
(295, 19),
(296, 19),
(297, 19),
(298, 19),
(299, 19),
(300, 19),
(301, 19),
(302, 19),
(303, 19),
(304, 19),
(305, 19),
(306, 19),
(307, 21),
(308, 21),
(309, 21),
(310, 21),
(311, 21),
(312, 21),
(313, 21),
(314, 21),
(315, 21),
(316, 21),
(317, 21),
(318, 21),
(319, 21),
(320, 21),
(321, 21),
(322, 21),
(323, 21),
(324, 21),
(325, 21),
(326, 21),
(327, 21),
(328, 21),
(329, 21),
(330, 21),
(331, 21),
(332, 21),
(333, 21),
(334, 21),
(335, 21),
(336, 21),
(337, 21),
(338, 21),
(339, 21),
(340, 21),
(341, 21),
(342, 21),
(343, 21),
(344, 21),
(345, 21),
(346, 21),
(347, 21),
(348, 21),
(349, 21),
(350, 21),
(351, 21),
(352, 21),
(353, 21),
(354, 21),
(355, 21),
(356, 21),
(357, 21),
(358, 21),
(359, 21),
(360, 21),
(361, 21),
(362, 21),
(363, 21),
(364, 21),
(365, 21),
(366, 21),
(367, 21),
(368, 21),
(369, 21),
(370, 21),
(371, 21),
(372, 21),
(373, 21),
(374, 21),
(375, 21),
(376, 21),
(377, 21),
(378, 21),
(379, 21),
(380, 21),
(381, 21),
(382, 21),
(383, 21),
(384, 21),
(385, 21),
(386, 21),
(387, 21),
(388, 21),
(389, 21),
(390, 21),
(391, 21),
(392, 21),
(393, 21),
(394, 21),
(395, 21),
(396, 21),
(397, 21),
(398, 21),
(399, 21),
(400, 21),
(401, 21),
(402, 21),
(403, 21),
(404, 21),
(405, 21),
(406, 21),
(407, 21),
(408, 21),
(409, 21),
(410, 21),
(411, 21),
(412, 21),
(413, 21),
(414, 21),
(415, 21),
(416, 21),
(417, 21),
(418, 21),
(419, 21),
(420, 21),
(421, 21),
(422, 21),
(423, 21),
(424, 21),
(425, 21),
(426, 21),
(427, 21),
(428, 21),
(429, 21),
(430, 21),
(431, 21),
(432, 21),
(433, 21),
(434, 21),
(435, 21),
(436, 21),
(437, 21),
(438, 21),
(439, 21),
(440, 21),
(441, 21),
(442, 21),
(443, 21),
(444, 21),
(445, 21),
(446, 21),
(447, 21),
(448, 21),
(449, 21),
(450, 21),
(451, 21),
(452, 21),
(453, 21),
(454, 21),
(455, 21),
(456, 21),
(457, 21),
(458, 21),
(459, 21),
(460, 21),
(461, 21),
(462, 21),
(463, 21),
(464, 21),
(465, 21),
(466, 21),
(467, 21),
(468, 21),
(469, 21),
(470, 21),
(471, 21),
(472, 21),
(473, 21),
(474, 21),
(475, 21),
(476, 21),
(477, 21),
(478, 21),
(479, 21),
(480, 21),
(481, 21),
(482, 21),
(483, 21),
(484, 21),
(485, 21),
(486, 21),
(487, 21),
(488, 21),
(489, 21),
(490, 21),
(491, 21),
(492, 21),
(493, 21),
(494, 21),
(495, 21),
(496, 21),
(497, 21),
(498, 21),
(499, 21),
(500, 21),
(501, 21),
(502, 21),
(503, 21),
(504, 21),
(505, 21),
(506, 21),
(507, 30),
(508, 33),
(509, 33),
(510, 30),
(511, 30),
(512, 30),
(513, 30),
(514, 30),
(515, 30),
(516, 30),
(517, 30),
(518, 30),
(519, 30),
(520, 30),
(521, 30),
(522, 30),
(523, 30),
(524, 30),
(525, 30),
(526, 30),
(527, 30),
(528, 30),
(529, 30),
(530, 30),
(531, 30),
(532, 30),
(533, 30),
(534, 30),
(535, 30),
(536, 30),
(537, 30),
(538, 30),
(539, 30),
(540, 30),
(541, 30),
(542, 30),
(543, 30),
(544, 30),
(545, 30),
(546, 30),
(547, 30),
(548, 30),
(549, 30),
(550, 30),
(551, 30),
(552, 30),
(553, 30),
(554, 30),
(555, 30),
(556, 30),
(557, 30),
(558, 30),
(559, 30),
(560, 30),
(561, 30),
(562, 30),
(563, 30),
(564, 30),
(565, 30),
(566, 30),
(567, 30),
(568, 30),
(569, 30),
(570, 30),
(571, 30),
(572, 30),
(573, 30),
(574, 30),
(575, 30),
(576, 30),
(577, 30),
(578, 30),
(579, 30),
(580, 30),
(581, 30),
(582, 30),
(583, 30),
(584, 30),
(585, 30),
(586, 30),
(587, 30),
(588, 30),
(589, 30),
(590, 30),
(591, 30),
(592, 30),
(593, 30),
(594, 30),
(595, 30),
(596, 30),
(597, 30),
(598, 30),
(599, 30),
(600, 30),
(601, 30),
(602, 30),
(603, 30),
(604, 30),
(605, 30),
(606, 30),
(607, 30),
(608, 30),
(609, 30),
(610, 30),
(611, 30),
(612, 30),
(613, 30),
(614, 30),
(615, 30),
(616, 30),
(617, 30),
(618, 30),
(619, 30),
(620, 30),
(621, 30),
(622, 30),
(623, 30),
(624, 30),
(625, 30),
(626, 30),
(627, 30),
(628, 30),
(629, 30),
(630, 30),
(631, 30),
(632, 30),
(633, 30),
(634, 30),
(635, 30),
(636, 30),
(637, 30),
(638, 30),
(639, 30),
(640, 30),
(641, 30),
(642, 30),
(643, 30),
(644, 30),
(645, 30),
(646, 30),
(647, 30),
(648, 30),
(649, 30),
(650, 30),
(651, 30),
(652, 30),
(653, 30),
(654, 30),
(655, 30),
(656, 30),
(657, 30),
(658, 30),
(659, 30),
(660, 30),
(661, 30),
(662, 30),
(663, 30),
(664, 30),
(665, 30),
(666, 30),
(667, 30),
(668, 30),
(669, 30),
(670, 30),
(671, 30),
(672, 30),
(673, 30),
(674, 30),
(675, 30),
(676, 30),
(677, 30),
(678, 30),
(679, 30),
(680, 30),
(681, 30),
(682, 30),
(683, 30),
(684, 30),
(685, 30),
(686, 30),
(687, 30),
(688, 30),
(689, 30),
(690, 30),
(691, 30),
(692, 30),
(693, 30),
(694, 30),
(695, 30),
(696, 30),
(697, 30),
(698, 30),
(699, 30),
(700, 30),
(701, 30),
(702, 30),
(703, 30),
(704, 30),
(705, 30),
(706, 30),
(707, 30),
(708, 30),
(709, 30),
(710, 30),
(711, 30),
(712, 30),
(713, 30),
(714, 30),
(715, 30),
(716, 30),
(717, 30),
(718, 30),
(719, 30),
(720, 30),
(721, 30),
(722, 30),
(723, 30),
(724, 30),
(725, 30),
(726, 30),
(727, 30),
(728, 30),
(729, 30),
(730, 30),
(731, 30),
(732, 30),
(733, 30),
(734, 30),
(735, 30),
(736, 30),
(737, 30),
(738, 30),
(739, 30),
(740, 30),
(741, 30),
(742, 30),
(743, 30),
(744, 30),
(745, 30),
(746, 30),
(747, 30),
(748, 30),
(749, 30),
(750, 30),
(751, 30),
(752, 30),
(753, 30),
(754, 30),
(755, 30),
(756, 30),
(757, 30),
(758, 30),
(759, 30),
(760, 30),
(761, 30),
(762, 30),
(763, 30),
(764, 30),
(765, 30),
(766, 30),
(767, 30),
(768, 30),
(769, 30),
(770, 30),
(771, 30),
(772, 30),
(773, 30),
(774, 30),
(775, 30),
(776, 30),
(777, 30),
(778, 30),
(779, 30),
(780, 30),
(781, 30),
(782, 30),
(783, 30),
(784, 30),
(785, 30),
(786, 30),
(787, 30),
(788, 30),
(789, 30),
(790, 30),
(791, 30),
(792, 30),
(793, 30),
(794, 30),
(795, 30),
(796, 30),
(797, 30),
(798, 30),
(799, 30),
(800, 18),
(801, 18),
(802, 18),
(803, 18),
(804, 18),
(805, 18),
(806, 18),
(807, 18),
(808, 18),
(809, 18),
(810, 18),
(811, 18),
(812, 18),
(813, 18),
(814, 18),
(815, 18),
(816, 18),
(817, 18),
(818, 18),
(819, 18),
(820, 18),
(821, 18),
(822, 18),
(823, 18),
(824, 18),
(825, 18),
(826, 18),
(827, 18),
(828, 18),
(829, 18),
(830, 18),
(831, 18),
(832, 18),
(833, 18),
(834, 18),
(835, 18),
(836, 18),
(837, 18),
(838, 18),
(839, 18),
(840, 18),
(841, 18),
(842, 18),
(843, 34),
(844, 35),
(845, 36),
(846, 36),
(847, 36),
(848, 36),
(849, 36),
(850, 36),
(851, 36),
(852, 36),
(853, 36),
(854, 36),
(855, 36),
(856, 36),
(857, 36),
(858, 36),
(859, 36),
(860, 36),
(861, 36),
(862, 36),
(863, 36),
(864, 36),
(865, 36),
(866, 36),
(867, 36),
(868, 36),
(869, 36),
(870, 36),
(871, 36),
(872, 36),
(873, 36),
(874, 36),
(875, 36),
(876, 36),
(877, 36),
(878, 36),
(879, 36),
(880, 36),
(881, 36),
(882, 37),
(883, 37),
(884, 34),
(885, 35),
(886, 35),
(887, 35),
(888, 35),
(889, 35),
(890, 35),
(891, 35),
(892, 35),
(893, 35),
(894, 35),
(895, 35),
(896, 35),
(897, 35),
(898, 35),
(899, 35),
(900, 35),
(901, 35),
(902, 35),
(903, 35),
(904, 35),
(905, 35),
(906, 35),
(907, 35),
(908, 35),
(909, 35),
(910, 35),
(911, 35),
(912, 35),
(913, 35),
(914, 35),
(915, 35),
(916, 35),
(917, 35),
(918, 35),
(919, 35),
(920, 35),
(921, 35),
(922, 35),
(923, 35),
(924, 35),
(925, 35),
(926, 35),
(927, 34),
(928, 34),
(929, 34),
(930, 34),
(931, 34),
(932, 34),
(933, 34),
(934, 34),
(935, 34),
(936, 34),
(937, 34),
(938, 34),
(939, 34),
(940, 34),
(941, 34),
(942, 34),
(943, 34),
(944, 34),
(945, 34),
(946, 34),
(947, 34),
(948, 34),
(949, 34),
(950, 34),
(951, 34),
(952, 34),
(953, 34),
(954, 34),
(955, 34),
(956, 34),
(957, 34),
(958, 34),
(959, 34),
(960, 34),
(961, 34),
(962, 34),
(963, 34),
(964, 34),
(965, 34),
(966, 34),
(967, 34),
(968, 34),
(969, 34),
(970, 34),
(971, 34),
(972, 34),
(973, 34),
(974, 34),
(975, 34),
(976, 34),
(977, 34),
(978, 34),
(979, 34),
(980, 34),
(981, 34),
(982, 34),
(983, 34),
(984, 34),
(985, 34),
(986, 34),
(987, 34),
(988, 34),
(989, 34),
(990, 34),
(991, 34),
(992, 34),
(993, 34),
(994, 34),
(995, 34),
(996, 34),
(997, 34),
(998, 34),
(999, 34),
(1000, 34),
(1001, 34),
(1002, 34),
(1003, 34),
(1004, 34),
(1005, 34),
(1006, 34),
(1007, 34),
(1008, 34),
(1009, 34),
(1010, 34),
(1011, 34),
(1012, 34),
(1013, 34),
(1014, 34),
(1015, 34),
(1016, 34),
(1017, 34),
(1018, 34),
(1019, 34),
(1020, 34),
(1021, 34),
(1022, 34),
(1023, 34),
(1024, 34),
(1025, 34),
(1026, 34),
(1027, 34),
(1028, 34),
(1029, 34),
(1030, 34),
(1031, 34),
(1032, 34),
(1033, 34),
(1034, 34),
(1035, 34),
(1036, 34),
(1037, 34),
(1038, 34),
(1039, 34),
(1040, 34),
(1041, 34),
(1042, 34),
(1043, 34),
(1044, 34),
(1045, 34),
(1046, 34),
(1047, 34),
(1048, 34),
(1049, 34),
(1050, 34),
(1051, 34),
(1052, 34),
(1053, 34),
(1054, 34),
(1055, 34),
(1056, 34),
(1057, 34),
(1058, 34),
(1059, 34),
(1060, 34),
(1061, 34),
(1062, 34),
(1063, 34),
(1064, 34),
(1065, 34),
(1066, 34),
(1067, 34),
(1068, 34),
(1069, 34),
(1070, 34),
(1071, 34),
(1072, 34),
(1073, 34),
(1074, 34),
(1075, 34),
(1076, 34),
(1077, 34),
(1078, 34),
(1079, 34),
(1080, 34),
(1081, 34),
(1082, 34),
(1083, 34),
(1084, 34),
(1085, 34),
(1086, 34),
(1087, 34),
(1088, 34),
(1089, 34),
(1090, 34),
(1091, 34),
(1092, 34),
(1093, 34),
(1094, 34),
(1095, 34),
(1096, 34),
(1097, 34),
(1098, 34),
(1099, 34),
(1100, 34),
(1101, 34),
(1102, 34),
(1103, 34),
(1104, 34),
(1105, 34),
(1106, 34),
(1107, 34),
(1108, 34),
(1109, 34),
(1110, 34),
(1111, 34),
(1112, 34),
(1113, 34),
(1114, 34),
(1115, 34),
(1116, 34),
(1117, 34),
(1118, 34),
(1119, 34),
(1120, 34),
(1121, 34),
(1122, 34),
(1123, 34),
(1124, 34),
(1125, 34),
(1126, 33),
(1127, 31),
(1128, 32),
(1129, 32),
(1130, 32),
(1131, 32),
(1132, 32),
(1133, 32),
(1134, 32),
(1135, 32),
(1136, 32),
(1137, 32),
(1138, 32),
(1139, 32),
(1140, 32),
(1141, 32),
(1142, 32),
(1143, 32),
(1144, 32),
(1145, 32),
(1146, 32),
(1147, 32),
(1148, 32),
(1149, 32),
(1150, 32),
(1151, 32),
(1152, 32),
(1153, 31),
(1154, 31),
(1155, 31),
(1156, 31),
(1157, 31),
(1158, 31),
(1159, 31),
(1160, 31),
(1161, 31),
(1162, 31),
(1163, 31),
(1164, 31),
(1165, 31),
(1166, 31),
(1167, 31),
(1168, 31),
(1169, 31),
(1170, 31),
(1171, 31),
(1172, 31),
(1173, 31),
(1174, 31),
(1175, 31),
(1176, 31),
(1177, 31),
(1178, 31),
(1179, 31),
(1180, 31),
(1181, 31),
(1182, 31),
(1183, 31),
(1184, 31),
(1185, 31),
(1186, 31),
(1187, 31),
(1188, 31),
(1189, 31),
(1190, 31),
(1191, 31),
(1192, 31),
(1193, 31),
(1194, 38),
(1195, 38),
(1196, 38),
(1197, 38),
(1198, 38),
(1199, 38),
(1200, 38),
(1201, 38),
(1202, 38),
(1203, 38),
(1204, 38),
(1205, 38),
(1206, 38),
(1207, 38),
(1208, 38),
(1209, 38),
(1210, 33),
(1211, 33),
(1212, 1),
(1213, 1),
(1214, 36),
(1215, 33),
(1216, 39),
(1217, 39),
(1218, 39),
(1219, 39),
(1220, 39),
(1221, 39),
(1222, 39),
(1223, 39),
(1224, 39),
(1225, 39),
(1226, 39),
(1227, 39),
(1228, 39),
(1229, 39),
(1230, 39),
(1231, 19),
(1232, 41),
(1233, 41),
(1234, 41),
(1235, 41),
(1236, 41),
(1237, 41),
(1238, 41),
(1239, 41),
(1240, 41),
(1241, 41),
(1242, 41),
(1243, 41),
(1244, 41),
(1245, 41),
(1246, 41),
(1247, 41),
(1248, 33),
(1249, 33),
(1250, 37),
(1251, 42),
(1252, 42),
(1253, 42),
(1254, 42),
(1255, 42),
(1256, 42),
(1257, 42),
(1258, 42),
(1259, 42),
(1260, 42),
(1261, 42),
(1262, 42),
(1263, 42),
(1264, 42),
(1265, 42),
(1266, 42),
(1267, 42),
(1268, 42),
(1269, 42),
(1270, 42),
(1271, 42),
(1272, 42),
(1273, 43),
(1274, 43),
(1275, 43),
(1276, 43),
(1277, 43),
(1278, 43),
(1279, 43),
(1280, 43),
(1281, 43),
(1282, 43),
(1283, 43),
(1284, 43),
(1285, 43),
(1286, 43),
(1287, 43),
(1288, 43),
(1289, 43),
(1290, 43),
(1291, 43),
(1292, 43),
(1293, 43),
(1294, 43),
(1295, 43),
(1296, 43),
(1297, 43),
(1298, 43),
(1299, 43),
(1300, 43),
(1301, 43),
(1302, 43),
(1303, 43),
(1304, 43),
(1305, 43),
(1306, 43),
(1307, 43),
(1308, 43),
(1309, 43),
(1310, 43),
(1311, 43),
(1312, 43),
(1313, 43),
(1314, 43),
(1315, 43),
(1316, 43),
(1317, 43),
(1318, 43),
(1319, 43),
(1320, 43),
(1321, 43),
(1322, 43),
(1323, 43),
(1324, 43),
(1325, 43),
(1326, 43),
(1327, 43),
(1328, 43),
(1329, 43),
(1330, 43),
(1331, 43),
(1332, 43),
(1333, 43),
(1334, 43),
(1335, 43),
(1336, 43),
(1337, 43),
(1338, 43),
(1339, 43),
(1340, 43),
(1341, 43),
(1342, 43),
(1343, 43),
(1344, 43),
(1345, 43),
(1346, 43),
(1347, 43),
(1348, 43),
(1349, 43),
(1350, 43),
(1351, 43),
(1352, 43),
(1353, 43),
(1354, 43),
(1355, 43),
(1356, 43),
(1357, 43),
(1358, 43),
(1359, 43),
(1360, 43),
(1361, 43),
(1362, 43),
(1363, 43),
(1364, 43),
(1365, 43),
(1366, 43),
(1367, 43),
(1368, 43),
(1369, 43),
(1370, 43),
(1371, 43),
(1372, 43),
(1373, 43),
(1374, 43),
(1375, 43),
(1376, 43),
(1377, 43),
(1378, 43),
(1379, 43),
(1380, 43),
(1381, 43),
(1382, 43),
(1383, 43),
(1384, 43),
(1385, 43),
(1386, 43),
(1387, 43),
(1388, 43),
(1389, 43),
(1390, 43),
(1391, 43),
(1392, 43),
(1393, 43),
(1394, 43),
(1395, 43),
(1396, 43),
(1397, 43),
(1398, 43),
(1399, 43),
(1400, 43),
(1401, 43),
(1402, 43),
(1403, 43),
(1404, 43),
(1405, 43),
(1406, 43),
(1407, 43),
(1408, 43),
(1409, 43),
(1410, 43),
(1411, 43),
(1412, 43),
(1413, 43),
(1414, 43),
(1415, 43),
(1416, 43),
(1417, 43),
(1418, 43),
(1419, 43),
(1420, 43),
(1421, 43),
(1422, 43),
(1423, 43),
(1424, 43),
(1425, 43),
(1426, 43),
(1427, 43),
(1428, 43),
(1429, 43),
(1430, 43),
(1431, 43),
(1432, 43),
(1433, 43),
(1434, 43),
(1435, 43),
(1436, 43),
(1437, 43),
(1438, 43),
(1439, 43),
(1440, 43),
(1441, 43),
(1442, 43),
(1443, 43),
(1444, 43),
(1445, 43),
(1446, 43),
(1447, 43),
(1448, 43),
(1449, 43),
(1450, 43),
(1451, 43),
(1452, 43),
(1453, 43),
(1454, 43),
(1455, 43),
(1456, 43),
(1457, 43),
(1458, 43),
(1459, 43),
(1460, 43),
(1461, 43),
(1462, 43),
(1463, 43),
(1464, 43),
(1465, 43),
(1466, 43),
(1467, 43),
(1468, 43),
(1469, 43),
(1470, 43),
(1471, 43),
(1472, 43),
(1473, 33),
(1474, 33),
(1475, 33),
(1476, 46),
(1477, 45),
(1478, 45),
(1479, 45),
(1480, 45),
(1481, 45),
(1482, 45),
(1483, 45),
(1484, 45),
(1485, 45),
(1486, 45),
(1487, 45),
(1488, 45),
(1489, 45),
(1490, 45),
(1491, 45),
(1492, 45),
(1493, 46),
(1494, 46),
(1495, 46),
(1496, 46),
(1497, 46),
(1498, 46),
(1499, 46),
(1500, 46),
(1501, 46),
(1502, 46),
(1503, 46),
(1504, 46),
(1505, 46),
(1506, 46),
(1507, 46),
(1508, 47),
(1509, 30),
(1510, 30),
(1511, 30),
(1512, 30),
(1513, 30),
(1514, 30),
(1515, 30),
(1516, 1),
(1517, 1);

-- --------------------------------------------------------

--
-- Tabellenstruktur für Tabelle `products_to_characteristics`
--

CREATE TABLE `products_to_characteristics` (
  `products_to_characteristics_id` int(11) NOT NULL,
  `products_id` int(11) NOT NULL DEFAULT '0',
  `products_characteristic_set_id` int(11) NOT NULL DEFAULT '0'
) ENGINE=MyISAM DEFAULT CHARSET=utf8;

--
-- Daten für Tabelle `products_to_characteristics`
--

INSERT INTO `products_to_characteristics` (`products_to_characteristics_id`, `products_id`, `products_characteristic_set_id`) VALUES
(1371, 1127, 109),
(1370, 1153, 105),
(1369, 1153, 109),
(1368, 1156, 105),
(160, 97, 41),
(1367, 1156, 109),
(1366, 1157, 105),
(1365, 1157, 109),
(1364, 1161, 105),
(191, 103, 86),
(192, 103, 77),
(1338, 1178, 105),
(1362, 1162, 105),
(1361, 1162, 109),
(1360, 1163, 105),
(1359, 1163, 109),
(1355, 1165, 109),
(1358, 1164, 105),
(1339, 1177, 109),
(1363, 1161, 109),
(1340, 1177, 105),
(1356, 1165, 105),
(1341, 1174, 109),
(1357, 1164, 109),
(1354, 1166, 105),
(1372, 1127, 105),
(1353, 1166, 109),
(1352, 1167, 105),
(1351, 1167, 109),
(1350, 1169, 105),
(1349, 1169, 109),
(1348, 1170, 105),
(1347, 1170, 109),
(1346, 1172, 105),
(1345, 1172, 109),
(1344, 1173, 105),
(1343, 1173, 109),
(1342, 1174, 105),
(1337, 1178, 109),
(1335, 1192, 109),
(1336, 1192, 105),
(3086, 138, 111),
(3080, 139, 106),
(3076, 140, 106),
(3072, 141, 106),
(1393, 142, 106),
(3068, 143, 106),
(3064, 144, 106),
(3060, 145, 106),
(3056, 146, 106),
(334, 147, 102),
(3052, 148, 106),
(3048, 149, 106),
(3044, 150, 106),
(3040, 151, 106),
(3036, 152, 106),
(340, 153, 102),
(3032, 154, 106),
(3028, 155, 106),
(3024, 156, 106),
(3020, 157, 106),
(3016, 158, 106),
(3012, 159, 106),
(3008, 160, 106),
(3004, 161, 106),
(3000, 162, 106),
(2996, 163, 106),
(2992, 164, 106),
(1473, 165, 106),
(2988, 166, 106),
(2984, 167, 106),
(2980, 168, 106),
(2976, 169, 106),
(2972, 170, 106),
(2968, 171, 106),
(1509, 172, 106),
(2964, 173, 106),
(2960, 174, 106),
(2956, 175, 106),
(2952, 176, 106),
(2948, 177, 106),
(2944, 178, 106),
(2940, 179, 106),
(2936, 180, 106),
(2932, 181, 106),
(2928, 182, 106),
(2924, 183, 106),
(2920, 184, 106),
(2916, 185, 106),
(2901, 187, 106),
(375, 188, 102),
(376, 189, 102),
(2897, 190, 106),
(2893, 191, 106),
(379, 192, 102),
(1573, 193, 106),
(2889, 194, 106),
(2885, 195, 106),
(383, 196, 102),
(1585, 197, 106),
(2881, 198, 106),
(2877, 199, 106),
(2873, 200, 106),
(388, 201, 102),
(2869, 202, 106),
(2865, 203, 106),
(391, 204, 102),
(2861, 205, 106),
(393, 206, 102),
(394, 207, 102),
(2857, 208, 106),
(1620, 209, 106),
(1624, 210, 106),
(398, 211, 102),
(399, 212, 102),
(400, 213, 102),
(2853, 214, 106),
(2849, 215, 106),
(2845, 216, 106),
(404, 217, 102),
(2841, 218, 106),
(2837, 219, 106),
(2833, 220, 106),
(1652, 221, 106),
(2829, 222, 106),
(2825, 223, 106),
(1664, 224, 106),
(2821, 225, 106),
(2817, 226, 106),
(2813, 227, 106),
(415, 228, 102),
(2809, 229, 106),
(2805, 230, 106),
(2801, 231, 106),
(2797, 232, 106),
(2793, 233, 106),
(2789, 234, 106),
(2785, 235, 106),
(423, 236, 102),
(424, 237, 102),
(2781, 238, 106),
(1712, 239, 106),
(2777, 240, 106),
(428, 241, 102),
(1720, 242, 106),
(2773, 243, 106),
(2769, 244, 106),
(1731, 245, 106),
(2765, 246, 106),
(2761, 247, 106),
(2757, 248, 106),
(2753, 249, 106),
(2749, 250, 106),
(438, 251, 102),
(439, 252, 102),
(440, 253, 102),
(2745, 254, 106),
(2741, 255, 106),
(443, 256, 102),
(444, 257, 102),
(1763, 258, 106),
(2737, 259, 106),
(447, 260, 102),
(2733, 261, 106),
(449, 262, 102),
(2729, 263, 106),
(451, 264, 102),
(452, 265, 102),
(453, 266, 102),
(454, 267, 102),
(455, 268, 102),
(456, 269, 102),
(457, 270, 102),
(458, 271, 102),
(459, 272, 102),
(460, 273, 102),
(461, 274, 102),
(462, 275, 102),
(463, 276, 102),
(464, 277, 102),
(465, 278, 102),
(466, 279, 102),
(467, 280, 102),
(2725, 281, 106),
(469, 282, 102),
(470, 283, 102),
(471, 284, 102),
(472, 285, 102),
(473, 286, 102),
(474, 287, 102),
(2721, 288, 106),
(476, 289, 102),
(2717, 290, 106),
(2713, 291, 106),
(2709, 292, 106),
(480, 293, 102),
(481, 294, 102),
(482, 295, 102),
(2705, 296, 106),
(2701, 297, 106),
(485, 298, 102),
(486, 299, 102),
(487, 300, 102),
(488, 301, 102),
(489, 302, 102),
(490, 303, 102),
(491, 304, 102),
(2697, 305, 106),
(493, 306, 102),
(495, 307, 104),
(496, 308, 104),
(497, 309, 104),
(498, 310, 104),
(499, 311, 104),
(500, 312, 104),
(501, 313, 104),
(502, 314, 104),
(503, 315, 104),
(504, 316, 104),
(505, 317, 104),
(506, 318, 104),
(507, 319, 104),
(508, 320, 104),
(509, 321, 104),
(510, 322, 104),
(511, 323, 104),
(512, 324, 104),
(513, 325, 104),
(514, 326, 104),
(515, 327, 104),
(516, 328, 104),
(517, 329, 104),
(518, 330, 104),
(519, 331, 104),
(520, 332, 104),
(521, 333, 104),
(522, 334, 104),
(523, 335, 104),
(524, 336, 104),
(525, 337, 104),
(526, 338, 104),
(527, 339, 104),
(528, 340, 104),
(529, 341, 104),
(530, 342, 104),
(531, 343, 104),
(532, 344, 104),
(533, 345, 104),
(534, 346, 104),
(535, 347, 104),
(536, 348, 104),
(537, 349, 104),
(538, 350, 104),
(539, 351, 104),
(540, 352, 104),
(541, 353, 104),
(542, 354, 104),
(543, 355, 104),
(544, 356, 104),
(545, 357, 104),
(546, 358, 104),
(547, 359, 104),
(548, 360, 104),
(549, 361, 104),
(550, 362, 104),
(551, 363, 104),
(552, 364, 104),
(553, 365, 104),
(554, 366, 104),
(555, 367, 104),
(556, 368, 104),
(557, 369, 104),
(558, 370, 104),
(559, 371, 104),
(560, 372, 104),
(561, 373, 104),
(562, 374, 104),
(563, 375, 104),
(564, 376, 104),
(565, 377, 104),
(566, 378, 104),
(567, 379, 104),
(568, 380, 104),
(569, 381, 104),
(570, 382, 104),
(571, 383, 104),
(572, 384, 104),
(573, 385, 104),
(574, 386, 104),
(575, 387, 104),
(576, 388, 104),
(577, 389, 104),
(578, 390, 104),
(579, 391, 104),
(580, 392, 104),
(581, 393, 104),
(582, 394, 104),
(583, 395, 104),
(584, 396, 104),
(585, 397, 104),
(586, 398, 104),
(587, 399, 104),
(588, 400, 104),
(589, 401, 104),
(590, 402, 104),
(591, 403, 104),
(592, 404, 104),
(593, 405, 104),
(594, 406, 104),
(595, 407, 104),
(596, 408, 104),
(597, 409, 104),
(598, 410, 104),
(599, 411, 104),
(600, 412, 104),
(601, 413, 104),
(602, 414, 104),
(603, 415, 104),
(604, 416, 104),
(605, 417, 104),
(606, 418, 104),
(607, 419, 104),
(608, 420, 104),
(609, 421, 104),
(610, 422, 104),
(611, 423, 104),
(612, 424, 104),
(613, 425, 104),
(614, 426, 104),
(615, 427, 104),
(616, 428, 104),
(617, 429, 104),
(618, 430, 104),
(619, 431, 104),
(620, 432, 104),
(621, 433, 104),
(622, 434, 104),
(623, 435, 104),
(624, 436, 104),
(625, 437, 104),
(626, 438, 104),
(627, 439, 104),
(628, 440, 104),
(629, 441, 104),
(630, 442, 104),
(631, 443, 104),
(632, 444, 104),
(633, 445, 104),
(634, 446, 104),
(635, 447, 104),
(636, 448, 104),
(637, 449, 104),
(638, 450, 104),
(639, 451, 104),
(640, 452, 104),
(641, 453, 104),
(642, 454, 104),
(643, 455, 104),
(644, 456, 104),
(645, 457, 104),
(646, 458, 104),
(647, 459, 104),
(648, 460, 104),
(649, 461, 104),
(650, 462, 104),
(651, 463, 104),
(652, 464, 104),
(653, 465, 104),
(654, 466, 104),
(655, 467, 104),
(656, 468, 104),
(657, 469, 104),
(658, 470, 104),
(659, 471, 104),
(660, 472, 104),
(661, 473, 104),
(662, 474, 104),
(663, 475, 104),
(664, 476, 104),
(665, 477, 104),
(666, 478, 104),
(667, 479, 104),
(668, 480, 104),
(669, 481, 104),
(670, 482, 104),
(671, 483, 104),
(672, 484, 104),
(673, 485, 104),
(674, 486, 104),
(675, 487, 104),
(676, 488, 104),
(677, 489, 104),
(678, 490, 104),
(679, 491, 104),
(680, 492, 104),
(681, 493, 104),
(682, 494, 104),
(683, 495, 104),
(684, 496, 104),
(685, 497, 104),
(686, 498, 104),
(687, 499, 104),
(688, 500, 104),
(689, 501, 104),
(690, 502, 104),
(691, 503, 104),
(692, 504, 104),
(693, 505, 104),
(694, 506, 104),
(1921, 507, 105),
(1925, 510, 105),
(697, 511, 104),
(698, 512, 104),
(1929, 513, 105),
(700, 514, 104),
(1933, 515, 105),
(1937, 516, 105),
(703, 517, 104),
(1941, 518, 105),
(1945, 519, 105),
(1949, 520, 105),
(1953, 521, 105),
(1957, 522, 105),
(1961, 523, 105),
(1965, 524, 105),
(1969, 525, 105),
(1973, 526, 105),
(1977, 527, 105),
(1982, 529, 109),
(1981, 529, 105),
(1985, 530, 105),
(1989, 531, 105),
(718, 532, 104),
(1993, 533, 105),
(720, 534, 104),
(1997, 535, 105),
(722, 536, 104),
(2001, 537, 105),
(2005, 538, 105),
(725, 539, 104),
(2009, 540, 105),
(727, 541, 104),
(2013, 542, 105),
(729, 543, 104),
(730, 544, 104),
(2017, 545, 105),
(2021, 546, 105),
(2025, 547, 105),
(2029, 548, 105),
(2033, 549, 105),
(2037, 550, 105),
(2041, 551, 105),
(738, 552, 104),
(2045, 553, 105),
(2049, 554, 105),
(2053, 555, 105),
(2057, 556, 105),
(743, 557, 104),
(2061, 558, 105),
(2065, 559, 105),
(2069, 560, 105),
(747, 561, 104),
(748, 562, 104),
(749, 563, 104),
(2073, 564, 105),
(2077, 565, 105),
(2081, 566, 105),
(2085, 567, 105),
(2089, 568, 105),
(2093, 569, 105),
(2097, 570, 105),
(2101, 571, 105),
(758, 572, 104),
(759, 573, 104),
(760, 574, 104),
(2105, 575, 105),
(2109, 576, 105),
(763, 577, 104),
(764, 578, 104),
(765, 579, 104),
(2113, 580, 105),
(2117, 581, 105),
(2121, 582, 105),
(2125, 583, 105),
(770, 584, 104),
(2129, 585, 105),
(2133, 586, 105),
(773, 587, 104),
(2137, 588, 105),
(775, 589, 104),
(776, 590, 104),
(2141, 591, 105),
(2145, 592, 105),
(2149, 593, 105),
(2153, 594, 105),
(2157, 595, 105),
(2161, 596, 105),
(2165, 597, 105),
(784, 598, 104),
(2169, 599, 105),
(2173, 600, 105),
(787, 601, 104),
(2177, 602, 105),
(789, 603, 104),
(790, 604, 104),
(2181, 605, 105),
(792, 606, 104),
(2185, 607, 105),
(794, 608, 104),
(2189, 609, 105),
(796, 610, 104),
(2193, 611, 105),
(2197, 612, 105),
(2201, 613, 105),
(800, 614, 104),
(801, 615, 104),
(802, 616, 104),
(803, 617, 104),
(804, 618, 104),
(2205, 619, 105),
(2209, 620, 105),
(807, 621, 104),
(2213, 622, 105),
(809, 623, 104),
(810, 624, 104),
(2217, 625, 105),
(812, 626, 104),
(813, 627, 104),
(2221, 628, 105),
(2225, 629, 105),
(816, 630, 104),
(817, 631, 104),
(2229, 632, 105),
(819, 633, 104),
(2233, 634, 105),
(821, 635, 104),
(2237, 636, 105),
(2241, 637, 105),
(2245, 638, 105),
(825, 639, 104),
(826, 640, 104),
(2249, 641, 105),
(828, 642, 104),
(829, 643, 104),
(2253, 644, 105),
(2257, 645, 105),
(2261, 646, 105),
(2265, 647, 105),
(2269, 648, 105),
(835, 649, 104),
(836, 650, 104),
(837, 651, 104),
(838, 652, 104),
(839, 653, 104),
(2273, 654, 105),
(841, 655, 104),
(842, 656, 104),
(843, 657, 104),
(2277, 658, 105),
(845, 659, 104),
(846, 660, 104),
(847, 661, 104),
(848, 662, 104),
(849, 663, 104),
(2281, 664, 105),
(851, 665, 104),
(852, 666, 104),
(853, 667, 104),
(2285, 668, 105),
(2289, 669, 105),
(2293, 670, 105),
(2297, 671, 105),
(2301, 672, 105),
(2305, 673, 105),
(860, 674, 104),
(2309, 675, 105),
(862, 676, 104),
(863, 677, 104),
(2313, 678, 105),
(865, 679, 104),
(866, 680, 104),
(867, 681, 104),
(868, 682, 104),
(869, 683, 104),
(870, 684, 104),
(871, 685, 104),
(872, 686, 104),
(873, 687, 104),
(874, 688, 104),
(875, 689, 104),
(876, 690, 104),
(877, 691, 104),
(878, 692, 104),
(879, 693, 104),
(2317, 694, 105),
(881, 695, 104),
(882, 696, 104),
(883, 697, 104),
(884, 698, 104),
(885, 699, 104),
(886, 700, 104),
(887, 701, 104),
(888, 702, 104),
(889, 703, 104),
(890, 704, 104),
(891, 705, 104),
(892, 706, 104),
(893, 707, 104),
(894, 708, 104),
(895, 709, 104),
(896, 710, 104),
(897, 711, 104),
(898, 712, 104),
(899, 713, 104),
(900, 714, 104),
(901, 715, 104),
(902, 716, 104),
(903, 717, 104),
(904, 718, 104),
(905, 719, 104),
(906, 720, 104),
(907, 721, 104),
(908, 722, 104),
(909, 723, 104),
(910, 724, 104),
(911, 725, 104),
(912, 726, 104),
(913, 727, 104),
(914, 728, 104),
(915, 729, 104),
(916, 730, 104),
(917, 731, 104),
(918, 732, 104),
(919, 733, 104),
(920, 734, 104),
(921, 735, 104),
(922, 736, 104),
(923, 737, 104),
(924, 738, 104),
(925, 739, 104),
(926, 740, 104),
(927, 741, 104),
(928, 742, 104),
(929, 743, 104),
(930, 744, 104),
(931, 745, 104),
(932, 746, 104),
(933, 747, 104),
(934, 748, 104),
(935, 749, 104),
(936, 750, 104),
(937, 751, 104),
(938, 752, 104),
(939, 753, 104),
(940, 754, 104),
(941, 755, 104),
(942, 756, 104),
(943, 757, 104),
(944, 758, 104),
(945, 759, 104),
(946, 760, 104),
(947, 761, 104),
(948, 762, 104),
(949, 763, 104),
(950, 764, 104),
(951, 765, 104),
(952, 766, 104),
(953, 767, 104),
(954, 768, 104),
(955, 769, 104),
(956, 770, 104),
(957, 771, 104),
(958, 772, 104),
(959, 773, 104),
(960, 774, 104),
(961, 775, 104),
(962, 776, 104),
(963, 777, 104),
(964, 778, 104),
(965, 779, 104),
(966, 780, 104),
(967, 781, 104),
(968, 782, 104),
(969, 783, 104),
(970, 784, 104),
(971, 785, 104),
(972, 786, 104),
(973, 787, 104),
(974, 788, 104),
(975, 789, 104),
(976, 790, 104),
(977, 791, 104),
(978, 792, 104),
(979, 793, 104),
(980, 794, 104),
(981, 795, 104),
(982, 796, 104),
(983, 797, 104),
(984, 798, 104),
(985, 799, 104),
(986, 800, 103),
(987, 801, 103),
(988, 802, 103),
(989, 803, 103),
(990, 804, 103),
(991, 805, 103),
(992, 806, 103),
(993, 807, 103),
(994, 808, 103),
(995, 809, 103),
(996, 810, 103),
(997, 811, 103),
(998, 812, 103),
(999, 813, 103),
(1000, 814, 103),
(1001, 815, 103),
(1002, 816, 103),
(1003, 817, 103),
(1004, 818, 103),
(1005, 819, 103),
(1006, 820, 103),
(1007, 821, 103),
(1008, 822, 103),
(1009, 823, 103),
(1010, 824, 103),
(1011, 825, 103),
(1012, 826, 103),
(1013, 827, 103),
(1014, 828, 103),
(1015, 829, 103),
(1016, 830, 103),
(1017, 831, 103),
(1018, 832, 103),
(1019, 833, 103),
(1020, 834, 103),
(1021, 835, 103),
(1022, 836, 103),
(1023, 837, 103),
(1024, 838, 103),
(1025, 839, 103),
(1026, 840, 103),
(1027, 841, 103),
(1028, 842, 103),
(2326, 843, 99),
(2415, 844, 99),
(3212, 845, 102),
(3213, 846, 102),
(1037, 847, 102),
(1038, 848, 102),
(1039, 849, 102),
(1040, 850, 102),
(3214, 851, 102),
(1042, 852, 102),
(1043, 853, 102),
(1044, 854, 102),
(3215, 855, 102),
(1046, 856, 102),
(1047, 857, 102),
(3216, 858, 102),
(1049, 859, 102),
(1050, 860, 102),
(3217, 861, 102),
(3218, 862, 102),
(1053, 863, 102),
(1054, 864, 102),
(1055, 865, 102),
(1056, 866, 102),
(1057, 867, 102),
(1058, 868, 102),
(3219, 869, 102),
(3220, 870, 102),
(1061, 871, 102),
(3221, 872, 102),
(1063, 873, 102),
(1064, 874, 102),
(3222, 875, 102),
(3223, 876, 102),
(1067, 877, 102),
(1068, 878, 102),
(1069, 879, 102),
(3224, 880, 102),
(1071, 881, 102),
(2328, 884, 99),
(1074, 885, 99),
(2416, 886, 99),
(2417, 887, 99),
(1077, 888, 99),
(1078, 889, 99),
(2418, 890, 99),
(1080, 891, 99),
(2419, 892, 99),
(1082, 893, 99),
(2420, 894, 99),
(2421, 895, 99),
(2422, 896, 99),
(2423, 897, 99),
(2424, 898, 99),
(1088, 899, 99),
(1089, 900, 99),
(2425, 901, 99),
(1091, 902, 99),
(1092, 903, 99),
(2426, 904, 99),
(1094, 905, 99),
(1095, 906, 99),
(1096, 907, 99),
(2427, 908, 99),
(1098, 909, 99),
(1099, 910, 99),
(1100, 911, 99),
(2428, 912, 99),
(1102, 913, 99),
(1103, 914, 99),
(1104, 915, 99),
(1105, 916, 99),
(2429, 917, 99),
(1107, 918, 99),
(1108, 919, 99),
(2430, 920, 99),
(2431, 921, 99),
(1111, 922, 99),
(1112, 923, 99),
(2432, 924, 99),
(1114, 925, 99),
(1115, 926, 99),
(2329, 927, 99),
(2330, 928, 99),
(2331, 929, 99),
(2332, 930, 99),
(2333, 931, 99),
(2334, 932, 99),
(2335, 933, 99),
(2336, 934, 99),
(2337, 935, 99),
(2338, 936, 99),
(2339, 937, 99),
(1129, 938, 99),
(2340, 939, 99),
(1131, 940, 99),
(2341, 941, 99),
(1133, 942, 99),
(2342, 943, 99),
(1135, 944, 99),
(2343, 945, 99),
(1137, 946, 99),
(1138, 947, 99),
(2344, 948, 99),
(1140, 949, 99),
(2345, 950, 99),
(2346, 951, 99),
(2347, 952, 99),
(2348, 953, 99),
(1145, 954, 99),
(1146, 955, 99),
(2349, 956, 99),
(1148, 957, 99),
(2350, 958, 99),
(1150, 959, 99),
(1151, 960, 99),
(1152, 961, 99),
(1153, 962, 99),
(2351, 963, 99),
(2352, 964, 99),
(1156, 965, 99),
(1157, 966, 99),
(2353, 967, 99),
(2354, 968, 99),
(1160, 969, 99),
(1161, 970, 99),
(1162, 971, 99),
(1163, 972, 99),
(1164, 973, 99),
(2355, 974, 99),
(2356, 975, 99),
(2357, 976, 99),
(2358, 977, 99),
(1169, 978, 99),
(2359, 979, 99),
(2360, 980, 99),
(2361, 981, 99),
(2362, 982, 99),
(1174, 983, 99),
(2365, 984, 99),
(1176, 985, 99),
(2366, 986, 99),
(2367, 987, 99),
(2368, 988, 99),
(1180, 989, 99),
(2369, 990, 99),
(2370, 991, 99),
(1183, 992, 99),
(1184, 993, 99),
(1185, 994, 99),
(1186, 995, 99),
(1187, 996, 99),
(1188, 997, 99),
(1189, 998, 99),
(1190, 999, 99),
(2371, 1000, 99),
(2372, 1001, 99),
(2373, 1002, 99),
(2374, 1003, 99),
(2375, 1004, 99),
(1196, 1005, 99),
(2376, 1006, 99),
(2377, 1007, 99),
(2378, 1008, 99),
(2379, 1009, 99),
(1201, 1010, 99),
(2380, 1011, 99),
(1203, 1012, 99),
(1204, 1013, 99),
(2381, 1014, 99),
(2382, 1015, 99),
(1207, 1016, 99),
(1208, 1017, 99),
(1209, 1018, 99),
(1210, 1019, 99),
(1211, 1020, 99),
(2383, 1021, 99),
(1213, 1022, 99),
(2384, 1023, 99),
(2385, 1024, 99),
(1216, 1025, 99),
(1217, 1026, 99),
(1218, 1027, 99),
(2386, 1028, 99),
(1220, 1029, 99),
(1221, 1030, 99),
(2387, 1031, 99),
(1223, 1032, 99),
(1224, 1033, 99),
(2388, 1034, 99),
(2389, 1035, 99),
(2390, 1036, 99),
(1228, 1037, 99),
(1229, 1038, 99),
(1230, 1039, 99),
(1231, 1040, 99),
(1232, 1041, 99),
(1233, 1042, 99),
(1234, 1043, 99),
(1235, 1044, 99),
(2391, 1045, 99),
(2392, 1046, 99),
(2393, 1047, 99),
(2394, 1048, 99),
(1240, 1049, 99),
(1241, 1050, 99),
(1242, 1051, 99),
(2395, 1052, 99),
(1244, 1053, 99),
(1245, 1054, 99),
(1246, 1055, 99),
(1247, 1056, 99),
(1248, 1057, 99),
(1249, 1058, 99),
(1250, 1059, 99),
(1251, 1060, 99),
(1252, 1061, 99),
(2396, 1062, 99),
(2397, 1063, 99),
(1255, 1064, 99),
(2398, 1065, 99),
(2399, 1066, 99),
(1258, 1067, 99),
(2400, 1068, 99),
(2401, 1069, 99),
(1261, 1070, 99),
(1262, 1071, 99),
(1263, 1072, 99),
(1264, 1073, 99),
(1265, 1074, 99),
(1266, 1075, 99),
(1267, 1076, 99),
(2402, 1077, 99),
(1269, 1078, 99),
(2403, 1079, 99),
(2404, 1080, 99),
(1272, 1081, 99),
(1273, 1082, 99),
(2405, 1083, 99),
(1275, 1084, 99),
(2406, 1085, 99),
(1277, 1086, 99),
(2407, 1087, 99),
(2408, 1088, 99),
(1280, 1089, 99),
(1281, 1090, 99),
(1282, 1091, 99),
(1283, 1092, 99),
(2409, 1093, 99),
(2410, 1094, 99),
(2411, 1095, 99),
(1287, 1096, 99),
(1288, 1097, 99),
(1289, 1098, 99),
(1290, 1099, 99),
(1291, 1100, 99),
(1292, 1101, 99),
(1293, 1102, 99),
(1294, 1103, 99),
(2412, 1104, 99),
(1296, 1105, 99),
(1297, 1106, 99),
(1298, 1107, 99),
(2413, 1108, 99),
(1300, 1109, 99),
(1301, 1110, 99),
(2414, 1111, 99),
(1303, 1112, 99),
(1304, 1113, 99),
(1305, 1114, 99),
(1306, 1115, 99),
(1307, 1116, 99),
(1308, 1117, 99),
(1309, 1118, 99),
(1310, 1119, 99),
(1311, 1120, 99),
(1312, 1121, 99),
(1313, 1122, 99),
(1314, 1123, 99),
(1315, 1124, 99),
(1316, 1125, 99),
(1318, 1194, 104),
(1319, 1195, 104),
(1320, 1196, 104),
(1321, 1197, 104),
(1322, 1198, 104),
(1323, 1199, 104),
(1324, 1200, 104),
(1325, 1201, 104),
(1326, 1202, 104),
(1327, 1203, 104),
(1328, 1204, 104),
(1329, 1205, 104),
(1330, 1206, 104),
(1331, 1207, 104),
(1332, 1208, 104),
(1333, 1209, 104),
(1334, 1214, 102),
(2693, 1231, 106),
(3085, 138, 108),
(3084, 138, 106),
(3087, 138, 110),
(3081, 139, 108),
(3082, 139, 111),
(3083, 139, 110),
(3077, 140, 108),
(3078, 140, 111),
(3079, 140, 110),
(3073, 141, 108),
(3074, 141, 111),
(3075, 141, 110),
(1394, 142, 108),
(1395, 142, 111),
(1396, 142, 110),
(3069, 143, 108),
(3070, 143, 111),
(3071, 143, 110),
(3065, 144, 108),
(3066, 144, 111),
(3067, 144, 110),
(3061, 145, 108),
(3062, 145, 111),
(3063, 145, 110),
(3057, 146, 108),
(3058, 146, 111),
(3059, 146, 110),
(3049, 149, 108),
(3050, 149, 111),
(3051, 149, 110),
(3053, 148, 108),
(3054, 148, 111),
(3055, 148, 110),
(3045, 150, 108),
(3046, 150, 111),
(3047, 150, 110),
(3041, 151, 108),
(3042, 151, 111),
(3043, 151, 110),
(3037, 152, 108),
(3038, 152, 111),
(3039, 152, 110),
(3033, 154, 108),
(3034, 154, 111),
(3035, 154, 110),
(3029, 155, 108),
(3030, 155, 111),
(3031, 155, 110),
(3025, 156, 108),
(3026, 156, 111),
(3027, 156, 110),
(3021, 157, 108),
(3022, 157, 111),
(3023, 157, 110),
(3017, 158, 108),
(3018, 158, 111),
(3019, 158, 110),
(3009, 160, 108),
(3010, 160, 111),
(3011, 160, 110),
(3005, 161, 108),
(3006, 161, 111),
(3007, 161, 110),
(3001, 162, 108),
(3002, 162, 111),
(3003, 162, 110),
(2997, 163, 108),
(2998, 163, 111),
(2999, 163, 110),
(2993, 164, 108),
(2994, 164, 111),
(2995, 164, 110),
(1474, 165, 108),
(1475, 165, 111),
(1476, 165, 110),
(2694, 1231, 108),
(2695, 1231, 111),
(2696, 1231, 110),
(3013, 159, 108),
(3014, 159, 111),
(3015, 159, 110),
(2989, 166, 108),
(2990, 166, 111),
(2991, 166, 110),
(2985, 167, 108),
(2986, 167, 111),
(2987, 167, 110),
(2981, 168, 108),
(2982, 168, 111),
(2983, 168, 110),
(2977, 169, 108),
(2978, 169, 111),
(2979, 169, 110),
(2973, 170, 108),
(2974, 170, 111),
(2975, 170, 110),
(2969, 171, 108),
(2970, 171, 111),
(2971, 171, 110),
(1510, 172, 108),
(1511, 172, 111),
(1512, 172, 110),
(2965, 173, 108),
(2966, 173, 111),
(2967, 173, 110),
(2961, 174, 108),
(2962, 174, 111),
(2963, 174, 110),
(2945, 178, 108),
(2946, 178, 111),
(2947, 178, 110),
(2957, 175, 108),
(2958, 175, 111),
(2959, 175, 110),
(2953, 176, 108),
(2954, 176, 111),
(2955, 176, 110),
(2949, 177, 108),
(2950, 177, 111),
(2951, 177, 110),
(2937, 180, 108),
(2938, 180, 111),
(2939, 180, 110),
(2933, 181, 108),
(2934, 181, 111),
(2935, 181, 110),
(2941, 179, 108),
(2942, 179, 111),
(2943, 179, 110),
(2929, 182, 108),
(2930, 182, 111),
(2931, 182, 110),
(2925, 183, 108),
(2926, 183, 111),
(2927, 183, 110),
(2921, 184, 108),
(2922, 184, 111),
(2923, 184, 110),
(2917, 185, 108),
(2918, 185, 111),
(2919, 185, 110),
(2898, 190, 108),
(2899, 190, 111),
(2900, 190, 110),
(2890, 194, 108),
(2891, 194, 111),
(2892, 194, 110),
(1574, 193, 108),
(1575, 193, 111),
(1576, 193, 110),
(2894, 191, 108),
(2895, 191, 111),
(2896, 191, 110),
(2886, 195, 108),
(2887, 195, 111),
(2888, 195, 110),
(1586, 197, 108),
(1587, 197, 111),
(1588, 197, 110),
(2882, 198, 108),
(2883, 198, 111),
(2884, 198, 110),
(2878, 199, 108),
(2879, 199, 111),
(2880, 199, 110),
(2874, 200, 108),
(2875, 200, 111),
(2876, 200, 110),
(2870, 202, 108),
(2871, 202, 111),
(2872, 202, 110),
(2866, 203, 108),
(2867, 203, 111),
(2868, 203, 110),
(2862, 205, 108),
(2863, 205, 111),
(2864, 205, 110),
(2902, 187, 111),
(2903, 187, 110),
(2858, 208, 108),
(2859, 208, 111),
(2860, 208, 110),
(1621, 209, 108),
(1622, 209, 111),
(1623, 209, 110),
(1625, 210, 108),
(1626, 210, 111),
(1627, 210, 110),
(2854, 214, 108),
(2855, 214, 111),
(2856, 214, 110),
(2850, 215, 108),
(2851, 215, 111),
(2852, 215, 110),
(2846, 216, 108),
(2847, 216, 111),
(2848, 216, 110),
(2842, 218, 108),
(2843, 218, 111),
(2844, 218, 110),
(2838, 219, 108),
(2839, 219, 111),
(2840, 219, 110),
(2834, 220, 108),
(2835, 220, 111),
(2836, 220, 110),
(1653, 221, 108),
(1654, 221, 111),
(1655, 221, 110),
(2830, 222, 108),
(2831, 222, 111),
(2832, 222, 110),
(2826, 223, 108),
(2827, 223, 111),
(2828, 223, 110),
(1665, 224, 108),
(1666, 224, 111),
(1667, 224, 110),
(2822, 225, 108),
(2823, 225, 111),
(2824, 225, 110),
(2818, 226, 108),
(2819, 226, 111),
(2820, 226, 110),
(2814, 227, 108),
(2815, 227, 111),
(2816, 227, 110),
(2810, 229, 108),
(2811, 229, 111),
(2812, 229, 110),
(2806, 230, 108),
(2807, 230, 111),
(2808, 230, 110),
(2802, 231, 108),
(2803, 231, 111),
(2804, 231, 110),
(2798, 232, 108),
(2799, 232, 111),
(2800, 232, 110),
(2794, 233, 108),
(2795, 233, 111),
(2796, 233, 110),
(2790, 234, 108),
(2791, 234, 111),
(2792, 234, 110),
(2786, 235, 108),
(2787, 235, 111),
(2788, 235, 110),
(2782, 238, 108),
(2783, 238, 111),
(2784, 238, 110),
(1713, 239, 108),
(1714, 239, 111),
(1715, 239, 110),
(2778, 240, 108),
(2779, 240, 111),
(2780, 240, 110),
(1721, 242, 111),
(1722, 242, 110),
(2774, 243, 108),
(2775, 243, 111),
(2776, 243, 110),
(2770, 244, 108),
(2771, 244, 111),
(2772, 244, 110),
(1732, 245, 108),
(1733, 245, 111),
(1734, 245, 110),
(2766, 246, 108),
(2767, 246, 111),
(2768, 246, 110),
(2762, 247, 108),
(2763, 247, 111),
(2764, 247, 110),
(2758, 248, 108),
(2759, 248, 111),
(2760, 248, 110),
(2754, 249, 108),
(2755, 249, 111),
(2756, 249, 110),
(2750, 250, 108),
(2751, 250, 111),
(2752, 250, 110),
(2746, 254, 108),
(2747, 254, 111),
(2748, 254, 110),
(2742, 255, 108),
(2743, 255, 111),
(2744, 255, 110),
(1764, 258, 108),
(1765, 258, 111),
(1766, 258, 110),
(2738, 259, 108),
(2739, 259, 111),
(2740, 259, 110),
(2734, 261, 108),
(2735, 261, 111),
(2736, 261, 110),
(2730, 263, 108),
(2731, 263, 111),
(2732, 263, 110),
(2726, 281, 108),
(2727, 281, 111),
(2728, 281, 110),
(2722, 288, 108),
(2723, 288, 111),
(2724, 288, 110),
(2718, 290, 108),
(2719, 290, 111),
(2720, 290, 110),
(2714, 291, 108),
(2715, 291, 111),
(2716, 291, 110),
(2710, 292, 108),
(2711, 292, 111),
(2712, 292, 110),
(2706, 296, 108),
(2707, 296, 111),
(2708, 296, 110),
(2702, 297, 108),
(2703, 297, 111),
(2704, 297, 110),
(2698, 305, 108),
(2699, 305, 111),
(2700, 305, 110),
(1862, 1232, 108),
(1863, 1232, 111),
(1864, 1232, 112),
(1866, 1233, 108),
(1867, 1233, 111),
(1868, 1233, 112),
(1870, 1234, 108),
(1871, 1234, 111),
(1872, 1234, 112),
(1874, 1235, 108),
(1875, 1235, 111),
(1876, 1235, 112),
(1878, 1236, 108),
(1879, 1236, 111),
(1880, 1236, 112),
(1882, 1237, 108),
(1883, 1237, 111),
(1884, 1237, 112),
(1886, 1238, 108),
(1887, 1238, 111),
(1888, 1238, 112),
(1890, 1239, 108),
(1891, 1239, 111),
(1892, 1239, 112),
(1894, 1240, 108),
(1895, 1240, 111),
(1896, 1240, 112),
(1898, 1241, 108),
(1899, 1241, 111),
(1900, 1241, 112),
(1902, 1242, 108),
(1903, 1242, 111),
(1904, 1242, 112),
(1906, 1243, 108),
(1907, 1243, 111),
(1908, 1243, 112),
(1910, 1244, 108),
(1911, 1244, 111),
(1912, 1244, 112),
(1914, 1245, 108),
(1915, 1245, 111),
(1916, 1245, 112),
(1855, 1246, 108),
(1856, 1246, 111),
(1857, 1246, 112),
(1858, 1247, 108),
(1859, 1247, 111),
(1860, 1247, 112),
(1861, 1232, 113),
(1865, 1233, 113),
(1869, 1234, 113),
(1873, 1235, 113),
(1877, 1236, 113),
(1881, 1237, 113),
(1885, 1238, 113),
(1889, 1239, 113),
(1893, 1240, 113),
(1897, 1241, 113),
(1901, 1242, 113),
(1905, 1243, 113),
(1909, 1244, 113),
(1913, 1245, 113),
(1922, 507, 109),
(1923, 507, 111),
(1924, 507, 110),
(1926, 510, 109),
(1927, 510, 111),
(1928, 510, 110),
(1930, 513, 109),
(1931, 513, 111),
(1932, 513, 110),
(1934, 515, 109),
(1935, 515, 111),
(1936, 515, 110),
(1938, 516, 109),
(1939, 516, 111),
(1940, 516, 110),
(1942, 518, 109),
(1943, 518, 111),
(1944, 518, 110),
(1946, 519, 109),
(1947, 519, 111),
(1948, 519, 110),
(1950, 520, 109),
(1951, 520, 111),
(1952, 520, 110),
(1954, 521, 109),
(1955, 521, 111),
(1956, 521, 110),
(1958, 522, 109),
(1959, 522, 111),
(1960, 522, 110),
(1962, 523, 109),
(1963, 523, 111),
(1964, 523, 110),
(1966, 524, 109),
(1967, 524, 111),
(1968, 524, 110),
(1970, 525, 109),
(1971, 525, 111),
(1972, 525, 110),
(1974, 526, 109),
(1975, 526, 111),
(1976, 526, 110),
(1978, 527, 109),
(1979, 527, 111),
(1980, 527, 110),
(1983, 529, 111),
(1984, 529, 110),
(1986, 530, 109),
(1987, 530, 111),
(1988, 530, 110),
(1990, 531, 109),
(1991, 531, 111),
(1992, 531, 110),
(1994, 533, 109),
(1995, 533, 111),
(1996, 533, 110),
(1998, 535, 109),
(1999, 535, 111),
(2000, 535, 110),
(2002, 537, 109),
(2003, 537, 111),
(2004, 537, 110),
(2006, 538, 109),
(2007, 538, 111),
(2008, 538, 110),
(2010, 540, 109),
(2011, 540, 111),
(2012, 540, 110),
(2014, 542, 109),
(2015, 542, 111),
(2016, 542, 110),
(2018, 545, 109),
(2019, 545, 111),
(2020, 545, 110),
(2022, 546, 109),
(2023, 546, 111),
(2024, 546, 110),
(2026, 547, 109),
(2027, 547, 111),
(2028, 547, 110),
(2030, 548, 109),
(2031, 548, 111),
(2032, 548, 110),
(2034, 549, 109),
(2035, 549, 111),
(2036, 549, 110),
(2038, 550, 109),
(2039, 550, 111),
(2040, 550, 110),
(2042, 551, 109),
(2043, 551, 111),
(2044, 551, 110),
(2046, 553, 109),
(2047, 553, 111),
(2048, 553, 110),
(2050, 554, 109),
(2051, 554, 111),
(2052, 554, 110),
(2054, 555, 109),
(2055, 555, 111),
(2056, 555, 110),
(2058, 556, 109),
(2059, 556, 111),
(2060, 556, 110),
(2062, 558, 109),
(2063, 558, 111),
(2064, 558, 110),
(2066, 559, 109),
(2067, 559, 111),
(2068, 559, 110),
(2070, 560, 109),
(2071, 560, 111),
(2072, 560, 110),
(2074, 564, 109),
(2075, 564, 111),
(2076, 564, 110),
(2078, 565, 109),
(2079, 565, 111),
(2080, 565, 110),
(2082, 566, 109),
(2083, 566, 111),
(2084, 566, 110),
(2086, 567, 109),
(2087, 567, 111),
(2088, 567, 110),
(2090, 568, 109),
(2091, 568, 111),
(2092, 568, 110),
(2094, 569, 109),
(2095, 569, 111),
(2096, 569, 110),
(2098, 570, 109),
(2099, 570, 111),
(2100, 570, 110),
(2102, 571, 109),
(2103, 571, 111),
(2104, 571, 110),
(2106, 575, 109),
(2107, 575, 111),
(2108, 575, 110),
(2110, 576, 109),
(2111, 576, 111),
(2112, 576, 110),
(2114, 580, 109),
(2115, 580, 111),
(2116, 580, 110),
(2118, 581, 109),
(2119, 581, 111),
(2120, 581, 110),
(2122, 582, 109),
(2123, 582, 111),
(2124, 582, 110),
(2126, 583, 109),
(2127, 583, 111),
(2128, 583, 110),
(2130, 585, 109),
(2131, 585, 111),
(2132, 585, 110),
(2134, 586, 109),
(2135, 586, 111),
(2136, 586, 110),
(2138, 588, 109),
(2139, 588, 111),
(2140, 588, 110),
(2142, 591, 109),
(2143, 591, 111),
(2144, 591, 110),
(2146, 592, 109),
(2147, 592, 111),
(2148, 592, 110),
(2150, 593, 109),
(2151, 593, 111),
(2152, 593, 110),
(2154, 594, 109),
(2155, 594, 111),
(2156, 594, 110),
(2158, 595, 109),
(2159, 595, 111),
(2160, 595, 110),
(2162, 596, 109),
(2163, 596, 111),
(2164, 596, 110),
(2166, 597, 109),
(2167, 597, 111),
(2168, 597, 110),
(2170, 599, 109),
(2171, 599, 111),
(2172, 599, 110),
(2174, 600, 109),
(2175, 600, 111),
(2176, 600, 110),
(2178, 602, 109),
(2179, 602, 111),
(2180, 602, 110),
(2182, 605, 109),
(2183, 605, 111),
(2184, 605, 110),
(2186, 607, 109),
(2187, 607, 111),
(2188, 607, 110),
(2190, 609, 109),
(2191, 609, 111),
(2192, 609, 110),
(2194, 611, 109),
(2195, 611, 111),
(2196, 611, 110),
(2198, 612, 109),
(2199, 612, 111),
(2200, 612, 110),
(2202, 613, 109),
(2203, 613, 111),
(2204, 613, 110),
(2206, 619, 109),
(2207, 619, 111),
(2208, 619, 110),
(2210, 620, 109),
(2211, 620, 111),
(2212, 620, 110),
(2214, 622, 109),
(2215, 622, 111),
(2216, 622, 110),
(2218, 625, 109),
(2219, 625, 111),
(2220, 625, 110),
(2222, 628, 109),
(2223, 628, 111),
(2224, 628, 110),
(2226, 629, 109),
(2227, 629, 111),
(2228, 629, 110),
(2230, 632, 109),
(2231, 632, 111),
(2232, 632, 110),
(2234, 634, 109),
(2235, 634, 111),
(2236, 634, 110),
(2238, 636, 109),
(2239, 636, 111),
(2240, 636, 110),
(2242, 637, 109),
(2243, 637, 111),
(2244, 637, 110),
(2246, 638, 109),
(2247, 638, 111),
(2248, 638, 110),
(2250, 641, 109),
(2251, 641, 111),
(2252, 641, 110),
(2254, 644, 109),
(2255, 644, 111),
(2256, 644, 110),
(2258, 645, 109),
(2259, 645, 111),
(2260, 645, 110),
(2262, 646, 109),
(2263, 646, 111),
(2264, 646, 110),
(2266, 647, 109),
(2267, 647, 111),
(2268, 647, 110),
(2270, 648, 109),
(2271, 648, 111),
(2272, 648, 110),
(2274, 654, 109),
(2275, 654, 111),
(2276, 654, 110),
(2278, 658, 109),
(2279, 658, 111),
(2280, 658, 110),
(2282, 664, 109),
(2283, 664, 111),
(2284, 664, 110),
(2286, 668, 109),
(2287, 668, 111),
(2288, 668, 110),
(2290, 669, 109),
(2291, 669, 111),
(2292, 669, 110),
(2294, 670, 109),
(2295, 670, 111),
(2296, 670, 110),
(2298, 671, 109),
(2299, 671, 111),
(2300, 671, 110),
(2302, 672, 109),
(2303, 672, 111),
(2304, 672, 110),
(2306, 673, 109),
(2307, 673, 111),
(2308, 673, 110),
(2310, 675, 109),
(2311, 675, 111),
(2312, 675, 110),
(2314, 678, 109),
(2315, 678, 111),
(2316, 678, 110),
(2318, 694, 109),
(2319, 694, 111),
(2320, 694, 110),
(2679, 1248, 102),
(2323, 1249, 102),
(2680, 883, 102),
(2364, 882, 102),
(2434, 1250, 102),
(2435, 1251, 104),
(2436, 1252, 104),
(2437, 1253, 104),
(2438, 1254, 104),
(2439, 1255, 104),
(2440, 1256, 104),
(2441, 1257, 104),
(2442, 1258, 104),
(2443, 1259, 104),
(2444, 1260, 104),
(2445, 1261, 104),
(2446, 1262, 104),
(2447, 1263, 104),
(2448, 1264, 104),
(2449, 1265, 104),
(2450, 1266, 104),
(2451, 1267, 104),
(2452, 1268, 104),
(2453, 1269, 104),
(2454, 1270, 104),
(2455, 1271, 104),
(2456, 1272, 104),
(2457, 1273, 104),
(2458, 1274, 104),
(2459, 1275, 104),
(2460, 1276, 104),
(2461, 1277, 104),
(2462, 1278, 104),
(2463, 1279, 104),
(2464, 1280, 104),
(2465, 1281, 104),
(2466, 1282, 104),
(2467, 1283, 104),
(2468, 1284, 104),
(2469, 1285, 104),
(2470, 1286, 104),
(2471, 1287, 104),
(2472, 1288, 104),
(2473, 1289, 104),
(2474, 1290, 104),
(2475, 1291, 104),
(2476, 1292, 104),
(2477, 1293, 104),
(2478, 1294, 104),
(2479, 1295, 104),
(2480, 1296, 104),
(2481, 1297, 104),
(2482, 1298, 104),
(2483, 1299, 104),
(2484, 1300, 104),
(2485, 1301, 104),
(2486, 1302, 104),
(2487, 1303, 104),
(2488, 1304, 104),
(2489, 1305, 104),
(2490, 1306, 104),
(2491, 1307, 104),
(2492, 1308, 104),
(2493, 1309, 104),
(2494, 1310, 104),
(2495, 1311, 104),
(2496, 1312, 104),
(2497, 1313, 104),
(2498, 1314, 104),
(2499, 1315, 104),
(2500, 1316, 104),
(2501, 1317, 104),
(2502, 1318, 104),
(2503, 1319, 104),
(2504, 1320, 104),
(2505, 1321, 104),
(2506, 1322, 104),
(2507, 1323, 104),
(2508, 1324, 104),
(2509, 1325, 104),
(2510, 1326, 104),
(2511, 1327, 104),
(2512, 1328, 104),
(2513, 1329, 104),
(2514, 1330, 104),
(2515, 1331, 104),
(2516, 1332, 104),
(2517, 1333, 104),
(2518, 1334, 104),
(2519, 1335, 104),
(2520, 1336, 104),
(2521, 1337, 104),
(2522, 1338, 104),
(2523, 1339, 104),
(2524, 1340, 104),
(2525, 1341, 104),
(2526, 1342, 104),
(2527, 1343, 104),
(2528, 1344, 104),
(2529, 1345, 104),
(2530, 1346, 104),
(2531, 1347, 104),
(2532, 1348, 104),
(2533, 1349, 104),
(2534, 1350, 104),
(2535, 1351, 104),
(2536, 1352, 104),
(2537, 1353, 104),
(2538, 1354, 104),
(2539, 1355, 104),
(2540, 1356, 104),
(2541, 1357, 104),
(2542, 1358, 104),
(2543, 1359, 104),
(2544, 1360, 104),
(2545, 1361, 104),
(2546, 1362, 104),
(2547, 1363, 104),
(2548, 1364, 104),
(2549, 1365, 104),
(2550, 1366, 104),
(2551, 1367, 104),
(2552, 1368, 104),
(2553, 1369, 104),
(2554, 1370, 104),
(2555, 1371, 104),
(2556, 1372, 104),
(2557, 1373, 104),
(2558, 1374, 104),
(2559, 1375, 104),
(2560, 1376, 104),
(2561, 1377, 104),
(2562, 1378, 104),
(2563, 1379, 104),
(2564, 1380, 104),
(2565, 1381, 104),
(2566, 1382, 104),
(2567, 1383, 104),
(2568, 1384, 104),
(2569, 1385, 104),
(2570, 1386, 104),
(2571, 1387, 104),
(2572, 1388, 104),
(2573, 1389, 104),
(2574, 1390, 104),
(2575, 1391, 104),
(2576, 1392, 104),
(2577, 1393, 104),
(2578, 1394, 104),
(2579, 1395, 104),
(2580, 1396, 104),
(2581, 1397, 104),
(2582, 1398, 104),
(2583, 1399, 104),
(2584, 1400, 104),
(2585, 1401, 104),
(2586, 1402, 104),
(2587, 1403, 104),
(2588, 1404, 104),
(2589, 1405, 104),
(2590, 1406, 104),
(2591, 1407, 104),
(2592, 1408, 104),
(2593, 1409, 104),
(2594, 1410, 104),
(2595, 1411, 104),
(2596, 1412, 104),
(2597, 1413, 104),
(2598, 1414, 104),
(2599, 1415, 104),
(2600, 1416, 104),
(2601, 1417, 104),
(2602, 1418, 104),
(2603, 1419, 104),
(2604, 1420, 104),
(2605, 1421, 104),
(2606, 1422, 104),
(2607, 1423, 104),
(2608, 1424, 104),
(2609, 1425, 104),
(2610, 1426, 104),
(2611, 1427, 104),
(2612, 1428, 104),
(2613, 1429, 104),
(2614, 1430, 104),
(2615, 1431, 104),
(2616, 1432, 104),
(2617, 1433, 104),
(2618, 1434, 104),
(2619, 1435, 104),
(2620, 1436, 104),
(2621, 1437, 104),
(2622, 1438, 104),
(2623, 1439, 104),
(2624, 1440, 104),
(2625, 1441, 104),
(2626, 1442, 104),
(2627, 1443, 104),
(2628, 1444, 104),
(2629, 1445, 104),
(2630, 1446, 104),
(2631, 1447, 104),
(2632, 1448, 104),
(2633, 1449, 104),
(2634, 1450, 104),
(2635, 1451, 104),
(2636, 1452, 104),
(2637, 1453, 104),
(2638, 1454, 104),
(2639, 1455, 104),
(2640, 1456, 104),
(2641, 1457, 104),
(2642, 1458, 104),
(2643, 1459, 104),
(2644, 1460, 104),
(2645, 1461, 104),
(2646, 1462, 104),
(2647, 1463, 104),
(2648, 1464, 104),
(2678, 1465, 104),
(2676, 1466, 104),
(2674, 1467, 104),
(2672, 1468, 104),
(2670, 1469, 104),
(2664, 1470, 104),
(2666, 1471, 104),
(2668, 1472, 104),
(2667, 1472, 114),
(2665, 1471, 114),
(2663, 1470, 114),
(2669, 1469, 114),
(2671, 1468, 114),
(2673, 1467, 114),
(2675, 1466, 114),
(2677, 1465, 114),
(2681, 1477, 113),
(2682, 1477, 109),
(2683, 1477, 111),
(2684, 1477, 110),
(2689, 1476, 113),
(2690, 1476, 109),
(2691, 1476, 111),
(2692, 1476, 110),
(2915, 186, 110),
(2914, 186, 111),
(2913, 186, 108),
(2912, 186, 113),
(3088, 1478, 113),
(3089, 1478, 109),
(3090, 1478, 111),
(3091, 1478, 110),
(3148, 1479, 113),
(3149, 1479, 109),
(3150, 1479, 111),
(3151, 1479, 110),
(3096, 1480, 113),
(3097, 1480, 109),
(3098, 1480, 111),
(3099, 1480, 110),
(3100, 1481, 113),
(3101, 1481, 109),
(3102, 1481, 111),
(3103, 1481, 110),
(3104, 1482, 113),
(3105, 1482, 109),
(3106, 1482, 111),
(3107, 1482, 110),
(3108, 1483, 113),
(3109, 1483, 109),
(3110, 1483, 111),
(3111, 1483, 110),
(3112, 1484, 113),
(3113, 1484, 109),
(3114, 1484, 111),
(3115, 1484, 110),
(3116, 1485, 113),
(3117, 1485, 109),
(3118, 1485, 111),
(3119, 1485, 110),
(3120, 1486, 113),
(3121, 1486, 109),
(3122, 1486, 111),
(3123, 1486, 110),
(3124, 1487, 113),
(3125, 1487, 109),
(3126, 1487, 111),
(3127, 1487, 110),
(3128, 1488, 113),
(3129, 1488, 109),
(3130, 1488, 111),
(3131, 1488, 110),
(3132, 1489, 113),
(3133, 1489, 109),
(3134, 1489, 111),
(3135, 1489, 110),
(3136, 1490, 113),
(3137, 1490, 109),
(3138, 1490, 111),
(3139, 1490, 110),
(3140, 1491, 113),
(3141, 1491, 109),
(3142, 1491, 111),
(3143, 1491, 110),
(3144, 1492, 113),
(3145, 1492, 109),
(3146, 1492, 111),
(3147, 1492, 110),
(3152, 1493, 113),
(3153, 1493, 109),
(3154, 1493, 111),
(3155, 1493, 110),
(3156, 1494, 113),
(3157, 1494, 109),
(3158, 1494, 111),
(3159, 1494, 110),
(3160, 1495, 113),
(3161, 1495, 109),
(3162, 1495, 111),
(3163, 1495, 110),
(3164, 1496, 113),
(3165, 1496, 109),
(3166, 1496, 111),
(3167, 1496, 110),
(3168, 1497, 113),
(3169, 1497, 109),
(3170, 1497, 111),
(3171, 1497, 110),
(3172, 1498, 113),
(3173, 1498, 109),
(3174, 1498, 111),
(3175, 1498, 110),
(3176, 1499, 113),
(3177, 1499, 109),
(3178, 1499, 111),
(3179, 1499, 110),
(3180, 1500, 113),
(3181, 1500, 109),
(3182, 1500, 111),
(3183, 1500, 110),
(3184, 1501, 113),
(3185, 1501, 109),
(3186, 1501, 111),
(3187, 1501, 110),
(3188, 1502, 113),
(3189, 1502, 109),
(3190, 1502, 111),
(3191, 1502, 110),
(3192, 1503, 113),
(3193, 1503, 109),
(3194, 1503, 111),
(3195, 1503, 110),
(3196, 1504, 113),
(3197, 1504, 109),
(3198, 1504, 111),
(3199, 1504, 110),
(3200, 1505, 113),
(3201, 1505, 109),
(3202, 1505, 111),
(3203, 1505, 110),
(3204, 1506, 113),
(3205, 1506, 109),
(3206, 1506, 111),
(3207, 1506, 110),
(3208, 1507, 113),
(3209, 1507, 109),
(3210, 1507, 111),
(3211, 1507, 110),
(3225, 1509, 104),
(3226, 1510, 104),
(3227, 1511, 104),
(3228, 1512, 104),
(3229, 1513, 104),
(3230, 1514, 104),
(3231, 1515, 104);

-- --------------------------------------------------------

--
-- Tabellenstruktur für Tabelle `products_to_groups`
--

CREATE TABLE `products_to_groups` (
  `products_id` int(11) NOT NULL DEFAULT '0',
  `groups_id` int(11) NOT NULL DEFAULT '0'
) ENGINE=MyISAM DEFAULT CHARSET=utf8;

-- --------------------------------------------------------

--
-- Tabellenstruktur für Tabelle `products_vpe`
--

CREATE TABLE `products_vpe` (
  `products_vpe_id` int(11) NOT NULL DEFAULT '0',
  `language_id` int(11) NOT NULL DEFAULT '0',
  `products_vpe_name` varchar(32) NOT NULL
) ENGINE=MyISAM DEFAULT CHARSET=utf8;

-- --------------------------------------------------------

--
-- Tabellenstruktur für Tabelle `products_xsell`
--

CREATE TABLE `products_xsell` (
  `ID` int(10) NOT NULL,
  `products_id` int(10) UNSIGNED NOT NULL DEFAULT '1',
  `xsell_id` int(10) UNSIGNED NOT NULL DEFAULT '1',
  `sort_order` int(10) UNSIGNED NOT NULL DEFAULT '1',
  `reverse_cross_selling` int(1) NOT NULL
) ENGINE=MyISAM DEFAULT CHARSET=utf8;

--
-- Daten für Tabelle `products_xsell`
--

INSERT INTO `products_xsell` (`ID`, `products_id`, `xsell_id`, `sort_order`, `reverse_cross_selling`) VALUES
(1, 92, 100, 1, 0);

-- --------------------------------------------------------

--
-- Tabellenstruktur für Tabelle `product_properties_xy_prices`
--

CREATE TABLE `product_properties_xy_prices` (
  `product_properties_xy_prices_id` int(11) NOT NULL,
  `products_id` int(11) NOT NULL,
  `products_properties_id_X` int(11) NOT NULL,
  `products_properties_id_Y` int(11) NOT NULL
) ENGINE=MyISAM DEFAULT CHARSET=utf8;

-- --------------------------------------------------------

--
-- Tabellenstruktur für Tabelle `product_properties_xy_prices_values`
--

CREATE TABLE `product_properties_xy_prices_values` (
  `product_properties_xy_prices_values_id` int(11) NOT NULL,
  `product_properties_xy_prices_id` int(11) NOT NULL,
  `val_X` int(11) NOT NULL,
  `val_Y` int(11) NOT NULL,
  `xy_price` float NOT NULL
) ENGINE=MyISAM DEFAULT CHARSET=utf8;

-- --------------------------------------------------------

--
-- Tabellenstruktur für Tabelle `product_properties_xy_prices_values_for_properties`
--

CREATE TABLE `product_properties_xy_prices_values_for_properties` (
  `product_properties_xy_prices_values_for_properties_id` int(11) NOT NULL,
  `product_properties_xy_prices_values_id` int(11) NOT NULL,
  `products_properties_id` int(11) NOT NULL,
  `price_netto` float NOT NULL
) ENGINE=MyISAM DEFAULT CHARSET=utf8;

-- --------------------------------------------------------

--
-- Tabellenstruktur für Tabelle `product_un_classification`
--

CREATE TABLE `product_un_classification` (
  `product_un_classification_id` int(11) NOT NULL,
  `products_id` int(11) NOT NULL,
  `un_classifications_id` int(11) NOT NULL,
  `ADR_Class` varchar(16) NOT NULL,
  `Packaging_Group` varchar(32) NOT NULL,
  `Bk` varchar(8) NOT NULL,
  `TUNNEL_CATEGORY` varchar(24) NOT NULL
) ENGINE=InnoDB DEFAULT CHARSET=utf8;

-- --------------------------------------------------------

--
-- Tabellenstruktur für Tabelle `push_customer_allocations`
--

CREATE TABLE `push_customer_allocations` (
  `push_customer_allocations_id` int(11) NOT NULL,
  `customers_id` int(11) NOT NULL,
  `allocation` varchar(16) NOT NULL
) ENGINE=MyISAM DEFAULT CHARSET=utf8;

-- --------------------------------------------------------

--
-- Tabellenstruktur für Tabelle `quick_login`
--

CREATE TABLE `quick_login` (
  `quick_login_id` int(11) NOT NULL,
  `customers_id` int(11) NOT NULL DEFAULT '0',
  `date_created` datetime NOT NULL DEFAULT '0000-00-00 00:00:00',
  `date_login` datetime NOT NULL DEFAULT '0000-00-00 00:00:00',
  `quick_login_sessionid` varchar(255) NOT NULL DEFAULT '',
  `number_of_logins` int(11) NOT NULL DEFAULT '0'
) ENGINE=MyISAM DEFAULT CHARSET=utf8;

-- --------------------------------------------------------

--
-- Tabellenstruktur für Tabelle `reclamations`
--

CREATE TABLE `reclamations` (
  `reclamations_id` int(11) NOT NULL,
  `orders_id` int(11) NOT NULL DEFAULT '0',
  `customers_id` int(11) NOT NULL DEFAULT '0',
  `ebay_id` varchar(32) NOT NULL DEFAULT '',
  `customers_cid` varchar(32) DEFAULT NULL,
  `customers_vat_id` varchar(20) DEFAULT NULL,
  `customers_status` int(11) DEFAULT NULL,
  `customers_status_name` varchar(32) NOT NULL DEFAULT '',
  `customers_status_image` varchar(64) DEFAULT NULL,
  `customers_status_discount` decimal(4,2) DEFAULT NULL,
  `customers_name` varchar(64) NOT NULL DEFAULT '',
  `customers_company` varchar(128) DEFAULT NULL,
  `customers_street_address` varchar(64) NOT NULL DEFAULT '',
  `customers_suburb` varchar(64) DEFAULT NULL,
  `customers_city` varchar(64) NOT NULL,
  `customers_postcode` varchar(10) NOT NULL DEFAULT '',
  `customers_state` varchar(32) DEFAULT NULL,
  `customers_country` varchar(32) NOT NULL DEFAULT '',
  `customers_telephone` varchar(32) NOT NULL DEFAULT '',
  `customers_email_address` varchar(96) NOT NULL DEFAULT '',
  `customers_address_format_id` int(5) NOT NULL DEFAULT '0',
  `delivery_name` varchar(64) NOT NULL DEFAULT '',
  `delivery_company` varchar(128) DEFAULT NULL,
  `delivery_street_address` varchar(64) NOT NULL DEFAULT '',
  `delivery_suburb` varchar(64) DEFAULT NULL,
  `delivery_city` varchar(64) NOT NULL,
  `delivery_postcode` varchar(10) NOT NULL DEFAULT '',
  `delivery_state` varchar(32) DEFAULT NULL,
  `delivery_country` varchar(32) NOT NULL DEFAULT '',
  `delivery_address_format_id` int(5) NOT NULL DEFAULT '0',
  `billing_name` varchar(64) NOT NULL DEFAULT '',
  `billing_company` varchar(128) DEFAULT NULL,
  `billing_street_address` varchar(64) NOT NULL DEFAULT '',
  `billing_suburb` varchar(64) DEFAULT NULL,
  `billing_city` varchar(64) NOT NULL,
  `billing_postcode` varchar(10) NOT NULL DEFAULT '',
  `billing_state` varchar(32) DEFAULT NULL,
  `billing_country` varchar(32) NOT NULL DEFAULT '',
  `billing_address_format_id` int(5) NOT NULL DEFAULT '0',
  `payment_method` varchar(32) NOT NULL DEFAULT '',
  `comments` varchar(255) DEFAULT NULL,
  `last_modified` datetime DEFAULT NULL,
  `date_created` datetime DEFAULT NULL,
  `date_payment` datetime NOT NULL DEFAULT '0000-00-00 00:00:00',
  `reclamations_status` int(5) NOT NULL DEFAULT '0',
  `reclamations_type` int(11) NOT NULL DEFAULT '0',
  `reclamations_date_finished` datetime DEFAULT NULL,
  `currency` char(3) DEFAULT NULL,
  `currency_value` decimal(14,6) DEFAULT NULL,
  `account_type` int(1) NOT NULL DEFAULT '0',
  `language` varchar(32) NOT NULL DEFAULT '',
  `versender` varchar(32) NOT NULL DEFAULT '',
  `rueckerstattung` int(11) NOT NULL DEFAULT '0',
  `send` int(1) NOT NULL DEFAULT '0',
  `send_status` int(1) NOT NULL DEFAULT '0',
  `repair` int(1) NOT NULL DEFAULT '0',
  `kto_nummer` varchar(32) NOT NULL DEFAULT '',
  `kto_inhaber` varchar(128) NOT NULL DEFAULT '',
  `kto_blz` varchar(32) NOT NULL DEFAULT '',
  `kto_bank` varchar(128) NOT NULL DEFAULT '',
  `rueckerstattungsbetrag` float NOT NULL DEFAULT '0',
  `rueckerstattungsgrund` text NOT NULL,
  `block_shipping` int(1) NOT NULL DEFAULT '0',
  `versender_proposal` varchar(32) NOT NULL DEFAULT '',
  `shipping_comments` text NOT NULL,
  `block_shipping_comment` varchar(255) NOT NULL,
  `block_shipping_end_date` datetime NOT NULL
) ENGINE=MyISAM DEFAULT CHARSET=utf8;

--
-- Daten für Tabelle `reclamations`
--

INSERT INTO `reclamations` (`reclamations_id`, `orders_id`, `customers_id`, `ebay_id`, `customers_cid`, `customers_vat_id`, `customers_status`, `customers_status_name`, `customers_status_image`, `customers_status_discount`, `customers_name`, `customers_company`, `customers_street_address`, `customers_suburb`, `customers_city`, `customers_postcode`, `customers_state`, `customers_country`, `customers_telephone`, `customers_email_address`, `customers_address_format_id`, `delivery_name`, `delivery_company`, `delivery_street_address`, `delivery_suburb`, `delivery_city`, `delivery_postcode`, `delivery_state`, `delivery_country`, `delivery_address_format_id`, `billing_name`, `billing_company`, `billing_street_address`, `billing_suburb`, `billing_city`, `billing_postcode`, `billing_state`, `billing_country`, `billing_address_format_id`, `payment_method`, `comments`, `last_modified`, `date_created`, `date_payment`, `reclamations_status`, `reclamations_type`, `reclamations_date_finished`, `currency`, `currency_value`, `account_type`, `language`, `versender`, `rueckerstattung`, `send`, `send_status`, `repair`, `kto_nummer`, `kto_inhaber`, `kto_blz`, `kto_bank`, `rueckerstattungsbetrag`, `rueckerstattungsgrund`, `block_shipping`, `versender_proposal`, `shipping_comments`, `block_shipping_comment`, `block_shipping_end_date`) VALUES
(1, 13, 4997, '', '', '', 2, 'PRIVATER KUNDE', 'customer_status.gif', 0.00, 'Testkunde2 Testkunde2nachname', '', 'teststr. 4', '', 'Hamburg', '12345', NULL, 'Germany', '', 'Testkunde2@yes4trade.de', 5, 'Testkunde2 Testkunde2nachname', '', 'teststr. 4', '', 'Hamburg', '12345', NULL, 'Germany', 5, 'Testkunde2 Testkunde2nachname', '', 'teststr. 4', '', 'Hamburg', '12345', NULL, 'Germany', 5, 'moneyorder', NULL, '2010-03-25 22:21:47', '2010-03-25 22:13:04', '0000-00-00 00:00:00', 3, 4, NULL, 'EUR', 0.000000, 0, 'german', 'DPD', 0, 1, 2, 0, '', '', '', '', 0, '', 0, '', '', '', '0000-00-00 00:00:00'),
(2, 19, 1, '', '', '', 0, 'Admin', 'admin_status.gif', 0.00, 'YES System', '', 'Gasstrasse 18', '', 'Hamburg', '22761', NULL, 'Germany', '', 'system@yes-websolutions.de', 5, 'YES System', '', 'Gasstrasse 18', '', 'Hamburg', '22761', NULL, 'Germany', 5, 'YES System', '', 'Gasstrasse 18', '', 'Hamburg', '22761', NULL, 'Germany', 5, 'bar_kasse', NULL, '2013-11-06 17:27:01', '2013-11-06 17:27:01', '0000-00-00 00:00:00', 3, 2, NULL, 'EUR', 0.000000, 0, 'german', 'Post', 0, 0, 0, 0, '', '', '', '', 0, '', 0, '', '', '', '0000-00-00 00:00:00'),
(3, 59, 5049, '', '', '', 2, 'PRIVATER KUNDE', 'customer_status.gif', 0.00, 'Thomas Failer', '', 'Brunnfeld 42', '', 'Neuburg a. Inn', '94127', NULL, 'Germany', '', 'thomas.failer@web.de', 5, 'Thomas Failer', '', 'Brunnfeld 42', '', 'Neuburg a. Inn', '94127', NULL, 'Germany', 5, 'Thomas Failer', '', 'Brunnfeld 42', '', 'Neuburg a. Inn', '94127', NULL, 'Germany', 5, 'paypal', NULL, '2018-03-07 14:29:25', '2018-03-07 14:28:35', '0000-00-00 00:00:00', 3, 4, NULL, 'EUR', 0.000000, 0, 'german', 'GLS', 0, 1, 2, 0, '', '', '', '', 0, '', 0, 'DPD', '', '', '0000-00-00 00:00:00'),
(4, 64, 5056, '', '', '', 2, 'PRIVATER KUNDE', 'customer_status.gif', 0.00, 'Elona Derks', '', 'Luisenstr.  5', '', 'Neuenhaus', '49828', NULL, 'Germany', '', 'elona.derks@gmx.de', 5, 'Elona Derks', '', 'Luisenstr.  5', '', 'Neuenhaus', '49828', NULL, 'Germany', 5, 'Elona Derks', '', 'Luisenstr.  5', '', 'Neuenhaus', '49828', NULL, 'Germany', 5, 'paypal', NULL, '2018-04-05 10:39:16', '2018-04-05 10:38:52', '0000-00-00 00:00:00', 3, 4, NULL, 'EUR', 0.000000, 0, 'german', 'GLS', 0, 1, 2, 0, '', '', '', '', 0, '', 0, 'DPD', '', '', '0000-00-00 00:00:00'),
(5, 88, 5083, '', '', '', 1, 'Gast', 'guest_status.gif', 0.00, 'Simone Franz', '', 'Zäunstr.1', '', 'Haiger', '35708', NULL, 'Germany', '', 'simone-fra@web.de', 5, 'Simone Franz', '', 'Zäunstr.1', '', 'Haiger', '35708', NULL, 'Germany', 5, 'Simone Franz', '', 'Zäunstr.1', '', 'Haiger', '35708', NULL, 'Germany', 5, 'moneyorder', NULL, '2018-09-25 10:04:43', '2018-09-25 10:04:13', '0000-00-00 00:00:00', 3, 4, NULL, 'EUR', 0.000000, 0, 'german', 'GLS', 0, 1, 2, 0, '', '', '', '', 0, '', 0, 'DPD', '', '', '0000-00-00 00:00:00'),
(6, 106, 5105, '', '', '', 2, 'PRIVATER KUNDE', 'customer_status.gif', 0.00, 'Luise  Riedl', '', 'Kiem-Pauli-Str.1', '', 'Holzkirchen', '83607', NULL, 'Germany', '', 'riedl.luise@freenet.de', 5, 'Luise  Riedl', '', 'Kiem-Pauli-Str.1', '', 'Holzkirchen', '83607', NULL, 'Germany', 5, 'Luise  Riedl', '', 'Kiem-Pauli-Str.1', '', 'Holzkirchen', '83607', NULL, 'Germany', 5, 'moneyorder', NULL, '2018-11-13 14:59:16', '2018-11-13 14:58:44', '0000-00-00 00:00:00', 3, 3, NULL, 'EUR', 0.000000, 0, 'german', 'GLS', 0, 1, 2, 0, '', '', '', '', 0, '', 0, 'DPD', '', '', '0000-00-00 00:00:00'),
(7, 138, 5142, '', '', '', 2, 'PRIVATER KUNDE', 'customer_status.gif', 0.00, 'Konny Luckas', 'Frau', 'Brakeler  Weg 21', '', 'Recklinghausen', '45659 Reck', NULL, 'Germany', '', 'konny.luckas@googlemail.com', 5, 'Konny Luckas', 'Frau', 'Brakeler  Weg 21', 'Recklinghausen', 'Recklinghausen', '45659', NULL, 'Germany', 5, 'Konny Luckas', 'Frau', 'Brakeler  Weg 21', 'Recklinghausen', 'Recklinghausen', '45659', NULL, 'Germany', 5, 'paypal', NULL, '2018-12-14 11:09:50', '2018-12-13 16:06:23', '0000-00-00 00:00:00', 3, 3, NULL, 'EUR', 0.000000, 0, 'german', 'GLS', 0, 1, 2, 0, '', '', '', '', 0, '', 0, 'DPD', '', '', '0000-00-00 00:00:00'),
(8, 191, 5219, '', '', '', 1, 'Gast', 'guest_status.gif', 0.00, 'Carolin Beckmann', '', 'Jahnstr. 46', '', 'Chemnitz', '09126', NULL, 'Germany', '', 'karsten30121980@arcor.de', 5, 'Carolin Beckmann', '', 'Jahnstr. 46', '', 'Chemnitz', '09126', NULL, 'Germany', 5, 'Carolin Beckmann', '', 'Jahnstr. 46', '', 'Chemnitz', '09126', NULL, 'Germany', 5, 'paypal', NULL, '2019-01-25 08:58:23', '2019-01-25 08:57:53', '0000-00-00 00:00:00', 3, 3, NULL, 'EUR', 0.000000, 0, 'german', 'GLS', 0, 1, 2, 0, '', '', '', '', 0, '', 0, 'DPD', '', '', '0000-00-00 00:00:00'),
(9, 191, 5219, '', '', '', 1, 'Gast', 'guest_status.gif', 0.00, 'Carolin Beckmann', '', 'Jahnstr. 46', '', 'Chemnitz', '09126', NULL, 'Germany', '', 'karsten30121980@arcor.de', 5, 'Carolin Beckmann', '', 'Jahnstr. 46', '', 'Chemnitz', '09126', NULL, 'Germany', 5, 'Carolin Beckmann', '', 'Jahnstr. 46', '', 'Chemnitz', '09126', NULL, 'Germany', 5, 'paypal', NULL, '2019-02-11 09:20:45', '2019-02-11 09:20:11', '0000-00-00 00:00:00', 3, 3, NULL, 'EUR', 0.000000, 0, 'german', 'GLS', 0, 1, 2, 0, '', '', '', '', 0, '', 0, 'DPD', '', '', '0000-00-00 00:00:00'),
(10, 219, 5265, '', '', '', 1, 'Gast', 'guest_status.gif', 0.00, 'Gordon Stevens', '', 'Sternweg 6', '', 'Blaubeuren', '89143', NULL, 'Germany', '', 'grs53@web.de', 5, 'Gordon Stevens', '', 'Sternweg 6', '', 'Blaubeuren', '89143', NULL, 'Germany', 5, 'Gordon Stevens', '', 'Sternweg 6', '', 'Blaubeuren', '89143', NULL, 'Germany', 5, 'paypal', NULL, '2019-06-13 09:50:07', '2019-06-13 09:49:24', '0000-00-00 00:00:00', 3, 3, NULL, 'EUR', 0.000000, 0, 'german', 'GLS', 0, 1, 2, 0, '', '', '', '', 0, '', 0, 'DPD', '', '', '0000-00-00 00:00:00'),
(11, 238, 5288, '', '', '', 2, 'PRIVATER KUNDE', 'customer_status.gif', 0.00, 'Barbara Wiedemann', '', 'Gottfried-Keller-Straße 47', '', 'Ditzingen', '71254', NULL, 'Germany', '', 'gratisguru@gmx.de', 5, 'Barbara Wiedemann', '', 'Gottfried-Keller-Straße 47', '', 'Ditzingen', '71254', NULL, 'Germany', 5, 'Barbara Wiedemann', '', 'Gottfried-Keller-Straße 47', '', 'Ditzingen', '71254', NULL, 'Germany', 5, 'paypal', NULL, '2019-08-27 10:23:09', '2019-08-26 10:26:54', '0000-00-00 00:00:00', 3, 4, NULL, 'EUR', 0.000000, 0, 'german', 'GLS', 0, 1, 2, 0, '', '', '', '', 0, '', 0, 'DPD', '', '', '0000-00-00 00:00:00'),
(12, 238, 5288, '', '', '', 2, 'PRIVATER KUNDE', 'customer_status.gif', 0.00, 'Barbara Wiedemann', '', 'Gottfried-Keller-Straße 47', '', 'Ditzingen', '71254', NULL, 'Germany', '', 'gratisguru@gmx.de', 5, 'Barbara Wiedemann', '', 'Gottfried-Keller-Straße 47', '', 'Ditzingen', '71254', NULL, 'Germany', 5, 'Barbara Wiedemann', '', 'Gottfried-Keller-Straße 47', '', 'Ditzingen', '71254', NULL, 'Germany', 5, 'paypal', NULL, '2019-08-27 10:23:09', '2019-08-26 13:58:14', '0000-00-00 00:00:00', 3, 3, NULL, 'EUR', 0.000000, 0, 'german', 'GLS', 0, 1, 2, 0, '', '', '', '', 0, '', 0, 'Post', '', '', '0000-00-00 00:00:00'),
(13, 308, 5372, '', '', '', 1, 'Gast', 'guest_status.gif', 0.00, 'Sabrina Bohn', 'Frau', 'Neuhauser Straße 46 A', '', 'Stuttgart', '70599', NULL, 'Germany', '', 'siggibohn@gmx.de', 5, 'Sabrina Bohn', 'Frau', 'Neuhauser Straße 46 A', '', 'Stuttgart', '70599', NULL, 'Germany', 5, 'Sabrina Bohn', 'Frau', 'Neuhauser Straße 46 A', '', 'Stuttgart', '70599', NULL, 'Germany', 5, 'paypal', NULL, '2019-12-03 08:32:03', '2019-12-02 16:32:31', '0000-00-00 00:00:00', 3, 4, NULL, 'EUR', 0.000000, 0, 'german', 'GLS', 0, 1, 2, 0, '', '', '', '', 0, '', 0, 'DPD', '', '', '0000-00-00 00:00:00'),
(14, 441, 5551, '', '', '', 1, 'Gast', 'guest_status.gif', 0.00, 'Marina Kinshofer', 'Villa Seestern', 'Hafnerstrasse 5', '', 'Meitingen', '86405', NULL, 'Germany', '', 'villa.seestern@yahoo.de', 5, 'Marina Kinshofer', 'Villa Seestern', 'Hafnerstrasse 5', '', 'Meitingen', '86405', NULL, 'Germany', 5, 'Marina Kinshofer', 'Villa Seestern', 'Hafnerstrasse 5', '', 'Meitingen', '86405', NULL, 'Germany', 5, 'moneyorder', NULL, '2020-01-28 10:42:31', '2020-01-27 14:21:33', '0000-00-00 00:00:00', 3, 4, NULL, 'EUR', 0.000000, 0, 'german', 'GLS', 0, 1, 2, 0, '', '', '', '', 0, '', 0, 'DPD', '', '', '0000-00-00 00:00:00'),
(15, 439, 5549, '', '', '', 1, 'Gast', 'guest_status.gif', 0.00, 'Ralf Surhove', '', 'Auweg 6', '', 'Großweil', '82439', NULL, 'Germany', '', 'r.surhove@surhove.de', 5, 'Ralf Surhove', '', 'Auweg 6', '', 'Großweil', '82439', NULL, 'Germany', 5, 'Ralf Surhove', '', 'Auweg 6', '', 'Großweil', '82439', NULL, 'Germany', 5, 'paypal', NULL, '2020-01-31 10:40:53', '2020-01-31 10:40:35', '0000-00-00 00:00:00', 3, 3, NULL, 'EUR', 0.000000, 0, 'german', 'GLS', 0, 1, 2, 0, '', '', '', '', 0, '', 0, 'DPD', '', '', '0000-00-00 00:00:00'),
(16, 574, 5733, '', '', '', 1, 'Gast', 'guest_status.gif', 0.00, 'Magdalena  Hainzinger-Reiter', '', 'Fürstenfeldbrucker Str. 4 a', '', 'Jesenwang', '82287', NULL, 'Germany', '', 'magdalena_reiter@web.de', 5, 'Magdalena  Hainzinger-Reiter', '', 'Fürstenfeldbrucker Str. 4 a', '', 'Jesenwang', '82287', NULL, 'Germany', 5, 'Magdalena  Hainzinger-Reiter', '', 'Fürstenfeldbrucker Str. 4 a', '', 'Jesenwang', '82287', NULL, 'Germany', 5, 'paypal', NULL, '2020-09-29 09:42:36', '2020-09-28 13:58:37', '0000-00-00 00:00:00', 3, 3, NULL, 'EUR', 0.000000, 0, 'german', 'GLS', 0, 1, 2, 0, '', '', '', '', 0, '', 0, 'GLS', '', '', '0000-00-00 00:00:00'),
(17, 685, 5869, '', '', '', 1, 'Gast', 'guest_status.gif', 0.00, 'Doris Sedlaczek', '', 'Kassiepenstr. 7', '', 'Essen', '45136', NULL, 'Germany', '', 'norbert.sedlaczek@arcor.de', 5, 'Doris Sedlaczek', '', 'Kassiepenstr. 7', '', 'Essen', '45136', NULL, 'Germany', 5, 'Doris Sedlaczek', '', 'Kassiepenstr. 7', '', 'Essen', '45136', NULL, 'Germany', 5, 'moneyorder', NULL, '2020-11-26 11:37:31', '2020-11-24 13:13:46', '0000-00-00 00:00:00', 3, 4, NULL, 'EUR', 0.000000, 0, 'german', 'GLS', 0, 1, 2, 0, '', '', '', '', 0, '', 0, 'GLS', '', '', '0000-00-00 00:00:00'),
(18, 817, 6026, '', '', '', 2, 'PRIVATER KUNDE', 'customer_status.gif', 0.00, 'Jutta Skalla', '', 'Schulstrasse 9', '', 'Möhrendorf', '91096', NULL, 'Germany', '', 'jutta.skalla@hotmail.de', 5, 'Jutta Skalla', '', 'Schulstrasse 9', '', 'Möhrendorf', '91096', NULL, 'Germany', 5, 'Jutta Skalla', '', 'Schulstrasse 9', '', 'Möhrendorf', '91096', NULL, 'Germany', 5, 'moneyorder', NULL, '2020-12-11 17:04:18', '2020-12-11 15:36:43', '0000-00-00 00:00:00', 3, 4, NULL, 'EUR', 0.000000, 0, 'german', 'GLS', 0, 1, 2, 0, '', '', '', '', 0, '', 0, 'GLS', '', '', '0000-00-00 00:00:00'),
(19, 890, 6111, '', '', '', 1, 'Gast', 'guest_status.gif', 0.00, 'Sabine Mohr', '', 'Bahnhof Str 116b', '', 'Neu Anspach', '61267', NULL, 'Germany', '', 'bine-thomas-mohr@web.de', 5, 'Sabine Mohr', '', 'Bahnhof Str 116b', '', 'Neu Anspach', '61267', NULL, 'Germany', 5, 'Sabine Mohr', '', 'Bahnhof Str 116b', '', 'Neu Anspach', '61267', NULL, 'Germany', 5, 'yes_ppp', NULL, '2020-12-18 08:17:07', '2020-12-17 15:55:46', '0000-00-00 00:00:00', 3, 4, NULL, 'EUR', 0.000000, 0, 'german', 'GLS', 0, 1, 2, 0, '', '', '', '', 0, '', 0, 'GLS', '', '', '0000-00-00 00:00:00'),
(20, 846, 6060, '', '', '', 1, 'Gast', 'guest_status.gif', 0.00, 'Alexandra Götz', '', 'Burgstraße 13', '', 'Bad Dürrheim', '78073', NULL, 'Germany', '', 'ale.goetz@online.de', 5, 'Alexandra Götz', '', 'Burgstraße 13', '', 'Bad Dürrheim', '78073', NULL, 'Germany', 5, 'Alexandra Götz', '', 'Burgstraße 13', '', 'Bad Dürrheim', '78073', NULL, 'Germany', 5, 'yes_ppp', NULL, '2020-12-18 13:35:38', '2020-12-18 13:35:01', '0000-00-00 00:00:00', 3, 3, NULL, 'EUR', 0.000000, 0, 'german', 'GLS', 0, 1, 2, 0, '', '', '', '', 0, '', 0, 'GLS', '', '', '0000-00-00 00:00:00'),
(21, 954, 6185, '', '', '', 1, 'Gast', 'guest_status.gif', 0.00, 'Eberhard  Thon', '', 'Elchdamm 50', '', 'Berlin', '13503', NULL, 'Germany', '', 'eberhard.thon@gmx.de', 5, 'Eberhard  Thon', '', 'Elchdamm 50', '', 'Berlin', '13503', NULL, 'Germany', 5, 'Eberhard  Thon', '', 'Elchdamm 50', '', 'Berlin', '13503', NULL, 'Germany', 5, 'yes_ppp', NULL, '2021-01-07 11:16:17', '2021-01-07 11:15:55', '0000-00-00 00:00:00', 3, 3, NULL, 'EUR', 0.000000, 0, 'german', 'GLS', 0, 1, 2, 0, '', '', '', '', 0, '', 0, 'GLS', '', '', '0000-00-00 00:00:00'),
(22, 940, 6170, '', '', '', 1, 'Gast', 'guest_status.gif', 0.00, 'Heike Dupont', '', 'Hopfenbruch 11', '', 'Seelze', '30926', NULL, 'Germany', '', 'jacqueline.dupont@htp-tel.de', 5, 'Heike Dupont', '', 'Hopfenbruch 11', '', 'Seelze', '30926', NULL, 'Germany', 5, 'Heike Dupont', '', 'Hopfenbruch 11', '', 'Seelze', '30926', NULL, 'Germany', 5, 'yes_ppp', NULL, '2021-01-08 09:23:08', '2021-01-08 09:19:41', '0000-00-00 00:00:00', 3, 2, NULL, 'EUR', 0.000000, 0, 'german', 'GLS', 0, 0, 0, 0, '', '', '', '', 0, '', 0, '', '', '', '0000-00-00 00:00:00'),
(23, 1071, 6319, '', '', '', 2, 'PRIVATER KUNDE', 'customer_status.gif', 0.00, 'Anke Eichler', 'Massagepraxis Anke Eichler', 'Attilastr.180', '', 'Berlin', '12105', NULL, 'Germany', '', 'massage.eichler@web.de', 5, 'Anke Eichler', 'Massagepraxis Anke Eichler', 'Attilastr.180', '', 'Berlin', '12105', NULL, 'Germany', 5, 'Anke Eichler', 'Massagepraxis Anke Eichler', 'Attilastr.180', '', 'Berlin', '12105', NULL, 'Germany', 5, 'yes_ppp', 'Wie gewünscht liefern wir als Ersatzglas das Motiv Nr. 182', '2021-03-17 09:14:46', '2021-03-16 16:57:38', '0000-00-00 00:00:00', 3, 3, NULL, 'EUR', 0.000000, 0, 'german', 'GLS', 0, 1, 2, 0, '', '', '', '', 0, '', 0, 'GLS', '', '', '0000-00-00 00:00:00'),
(24, 1083, 6330, '', '', '', 1, 'Gast', 'guest_status.gif', 0.00, 'Julia Wessel', '', 'Göschenstraße 11', '', 'Grimma', '04668', NULL, 'Germany', '', 'julia.b9@freenet.de', 5, 'Julia Wessel', '', 'Göschenstraße 11', '', 'Grimma', '04668', NULL, 'Germany', 5, 'Julia Wessel', '', 'Göschenstraße 11', '', 'Grimma', '04668', NULL, 'Germany', 5, 'moneyorder', NULL, '2021-04-06 09:13:26', '2021-04-05 09:45:04', '0000-00-00 00:00:00', 3, 4, NULL, 'EUR', 0.000000, 0, 'german', 'GLS', 0, 1, 2, 0, '', '', '', '', 0, '', 0, 'GLS', '', '', '0000-00-00 00:00:00'),
(25, 1099, 6351, '', '', '', 2, 'PRIVATER KUNDE', 'customer_status.gif', 0.00, 'Edda Hoppe', '', 'Mühlenstr. 8', '', 'Wienhausen', '29342', NULL, 'Germany', '', 'hoppedda@gmx.de', 5, 'Edda Hoppe', '', 'Mühlenstr. 8', '', 'Wienhausen', '29342', NULL, 'Germany', 5, 'Edda Hoppe', '', 'Mühlenstr. 8', '', 'Wienhausen', '29342', NULL, 'Germany', 5, 'moneyorder', NULL, '2021-04-28 08:12:42', '2021-04-28 07:48:09', '0000-00-00 00:00:00', 3, 3, NULL, 'EUR', 0.000000, 0, 'german', 'GLS', 0, 1, 2, 0, '', '', '', '', 0, '', 0, 'GLS', '', '', '0000-00-00 00:00:00'),
(26, 1227, 6517, '', '', '', 1, 'Gast', 'guest_status.gif', 0.00, 'Dorothea Heucher', '', 'Heerstraße 28', '', 'Partenheim', '55288', NULL, 'Germany', '', 'gabe.gottes@googlemail.com', 5, 'Dorothea Heucher', '', 'Heerstraße 28', '', 'Partenheim', '55288', NULL, 'Germany', 5, 'Dorothea Heucher', '', 'Heerstraße 28', '', 'Partenheim', '55288', NULL, 'Germany', 5, 'moneyorder', NULL, '2021-11-16 10:16:54', '2021-11-08 11:36:18', '0000-00-00 00:00:00', 3, 3, NULL, 'EUR', 0.000000, 0, 'german', 'GLS', 0, 1, 2, 0, '', '', '', '', 0, '', 0, 'GLS', '', '', '0000-00-00 00:00:00'),
(27, 1237, 6528, '', '', '', 1, 'Gast', 'guest_status.gif', 0.00, 'Diana Steinbrück', '', 'Glockenhütte 18', '', 'Neuss', '41472', NULL, 'Germany', '', 'dscom@vodafone.de', 5, 'Diana Steinbrück', '', 'Glockenhütte 18', '', 'Neuss', '41472', NULL, 'Germany', 5, 'Diana Steinbrück', '', 'Glockenhütte 18', '', 'Neuss', '41472', NULL, 'Germany', 5, 'yes_ppp', NULL, '2021-11-18 12:21:50', '2021-11-18 12:21:27', '0000-00-00 00:00:00', 3, 4, NULL, 'EUR', 0.000000, 0, 'german', 'GLS', 0, 1, 2, 0, '', '', '', '', 0, '', 0, '', '', '', '0000-00-00 00:00:00'),
(28, 1260, 6557, '', '', '', 1, 'Gast', 'guest_status.gif', 0.00, 'Coralie Weber', '', 'Fichtestraße 22', '', 'Berlin', '10967', NULL, 'Germany', '', 'coralieweber@gmx.net', 5, 'Coralie Weber', '', 'Fichtestraße 22', '', 'Berlin', '10967', NULL, 'Germany', 5, 'Coralie Weber', '', 'Fichtestraße 22', '', 'Berlin', '10967', NULL, 'Germany', 5, 'yes_ppp', NULL, '2021-11-19 13:57:34', '2021-11-19 13:57:16', '0000-00-00 00:00:00', 3, 2, NULL, 'EUR', 0.000000, 0, 'german', 'GLS', 0, 0, 0, 0, '', '', '', '', 0, '', 0, '', '', '', '0000-00-00 00:00:00'),
(29, 1335, 6649, '', '', '', 1, 'Gast', 'guest_status.gif', 0.00, 'Manuela  Kunert', '', 'Neuhofstraße 6', '', 'Ottenbach', '73113', NULL, 'Germany', '', 'manuela-p.ger@web.de', 5, 'Manuela  Kunert', '', 'Neuhofstraße 6', '', 'Ottenbach', '73113', NULL, 'Germany', 5, 'Manuela  Kunert', '', 'Neuhofstraße 6', '', 'Ottenbach', '73113', NULL, 'Germany', 5, 'yes_ppp', NULL, '2021-12-10 08:33:44', '2021-12-09 14:56:45', '0000-00-00 00:00:00', 3, 3, NULL, 'EUR', 0.000000, 0, 'german', 'GLS', 0, 1, 2, 0, '', '', '', '', 0, '', 0, 'GLS', '', '', '0000-00-00 00:00:00'),
(30, 1455, 6793, '', '', '', 1, 'Gast', 'guest_status.gif', 0.00, 'Anke Wehner', 'Salon Anke', 'Straße des Friedens 30', '', 'Raschau - Markersbach', '08352', NULL, 'Germany', '', 'sebastiam-fussel@freenet.de', 5, 'Anke Wehner', 'Salon Anke', 'Straße des Friedens 30', '', 'Raschau - Markersbach', '08352', NULL, 'Germany', 5, 'Anke Wehner', 'Salon Anke', 'Straße des Friedens 30', '', 'Raschau - Markersbach', '08352', NULL, 'Germany', 5, 'yes_ppp', NULL, '2021-12-22 11:15:13', '2021-12-22 11:14:39', '0000-00-00 00:00:00', 3, 4, NULL, 'EUR', 0.000000, 0, 'german', 'GLS', 0, 1, 2, 0, '', '', '', '', 0, '', 0, 'GLS', '', '', '0000-00-00 00:00:00'),
(31, 1437, 6773, '', '', '', 1, 'Gast', 'guest_status.gif', 0.00, 'Robin Scharnagel', '', 'Am Anger 22', '', 'Weidenberg', '95466', NULL, 'Germany', '', 'robinsch999@gmail.com', 5, 'Robin Scharnagel', '', 'Am Anger 22', '', 'Weidenberg', '95466', NULL, 'Germany', 5, 'Robin Scharnagel', '', 'Am Anger 22', '', 'Weidenberg', '95466', NULL, 'Germany', 5, 'yes_ppp', NULL, '2022-02-07 08:27:30', '2022-02-07 08:27:08', '0000-00-00 00:00:00', 3, 3, NULL, 'EUR', 0.000000, 0, 'german', 'GLS', 0, 1, 2, 0, '', '', '', '', 0, '', 0, 'GLS', '', '', '0000-00-00 00:00:00'),
(32, 1519, 6887, '', '', '', 1, 'Gast', 'guest_status.gif', 0.00, 'M. Hansen', '', 'Lange Hecke 12', '', 'Staufenberg', '34355', NULL, 'Germany', '', 'tanuy@web.de', 5, 'M. Hansen', '', 'Lange Hecke 12', '', 'Staufenberg', '34355', NULL, 'Germany', 5, 'M. Hansen', '', 'Lange Hecke 12', '', 'Staufenberg', '34355', NULL, 'Germany', 5, 'yes_ppp', NULL, '2022-02-09 10:52:08', '2022-02-09 09:32:57', '0000-00-00 00:00:00', 3, 3, NULL, 'EUR', 0.000000, 0, 'german', 'GLS', 0, 1, 2, 0, '', '', '', '', 0, '', 0, 'GLS', '', '', '0000-00-00 00:00:00'),
(33, 1542, 6917, '', '', '', 1, 'Gast', 'guest_status.gif', 0.00, 'Doris Schmitz', '', 'Huggenlaubach 4/1', '', 'Schwendi', '88477', NULL, 'Germany', '', '11111-doris951@gmx.de', 5, 'Doris Schmitz', '', 'Huggenlaubach 4/1', '', 'Schwendi', '88477', NULL, 'Germany', 5, 'Doris Schmitz', '', 'Huggenlaubach 4/1', '', 'Schwendi', '88477', NULL, 'Germany', 5, 'moneyorder', NULL, '2022-03-15 15:14:55', '2022-03-15 15:11:28', '0000-00-00 00:00:00', 3, 2, NULL, 'EUR', 0.000000, 0, 'german', 'GLS', 0, 0, 0, 0, '', '', '', '', 0, '', 0, '', '', '', '0000-00-00 00:00:00'),
(34, 1601, 6877, '', '', '', 2, 'PRIVATER KUNDE', 'customer_status.gif', 0.00, 'Evelyn  Oeri', '', 'Klingelbergstrasse 57', '', 'Basel', '4056', NULL, 'Switzerland', '', 'evelyn.oeri@outlook.com', 1, 'Evelyn Oeri', 'Swiss Paket K85347', 'Im Kränzliacker 9', '', 'Weil am Rhein', '79576', NULL, 'Germany', 5, 'Evelyn  Oeri', '', 'Klingelbergstrasse 57', '', 'Basel', '4056', NULL, 'Switzerland', 1, 'yes_ppp', NULL, '2022-05-18 06:03:50', '2022-05-18 06:03:36', '0000-00-00 00:00:00', 3, 3, NULL, 'EUR', 0.000000, 0, 'german', 'GLS', 0, 1, 2, 0, '', '', '', '', 0, '', 0, 'GLS', '', '', '0000-00-00 00:00:00'),
(35, 1616, 7009, '', '', '', 1, 'Gast', 'guest_status.gif', 0.00, 'Ivonne Reiche', '', 'Birkenstraße 5', 'Berganger', 'Baiern, Kreis Ebersberg,', '85625', NULL, 'Germany', '', 'ive27@gmx.de', 5, 'Ivonne Reiche', 'Berganger', 'Birkenstraße 5', '', 'Baiern, Kreis Ebersberg,', '85625', NULL, 'Germany', 5, 'Ivonne Reiche', '', 'Birkenstraße 5', 'Berganger', 'Baiern, Kreis Ebersberg,', '85625', NULL, 'Germany', 5, 'yes_ppp', NULL, '2022-08-19 12:59:57', '2022-08-19 12:59:41', '0000-00-00 00:00:00', 3, 2, NULL, 'EUR', 0.000000, 0, 'german', 'GLS', 0, 0, 0, 0, '', '', '', '', 0, '', 0, '', '', '', '0000-00-00 00:00:00'),
(36, 1729, 7116, '', '', '', 2, 'PRIVATER KUNDE', 'customer_status.gif', 0.00, 'Sabine Iverssen', '', 'Ramshorn 7', '', 'Dötlingen', '27801', NULL, 'Germany', '', 'uweiverssen@web.de', 5, 'Sabine Iverssen', '', 'Ramshorn 7', '', 'Dötlingen', '27801', NULL, 'Germany', 5, 'Sabine Iverssen', '', 'Ramshorn 7', '', 'Dötlingen', '27801', NULL, 'Germany', 5, 'yes_ppp', NULL, '2022-11-24 10:55:57', '2022-11-23 17:35:01', '0000-00-00 00:00:00', 3, 3, NULL, 'EUR', 0.000000, 0, 'german', 'GLS', 0, 1, 2, 0, '', '', '', '', 0, '', 0, 'GLS', '', '', '0000-00-00 00:00:00'),
(37, 1748, 7192, '', '', '', 2, 'PRIVATER KUNDE', 'customer_status.gif', 0.00, 'Maibritt  Stibitz', '', 'Venövej 60', '', 'Höjslev', '7840', NULL, 'Denmark', '', 'mstibitz2@gmail.com', 1, 'Maibritt  Stibitz', '', 'Venövej 60', '', 'Höjslev', '7840', NULL, 'Denmark', 1, 'Maibritt  Stibitz', '', 'Venövej 60', '', 'Höjslev', '7840', NULL, 'Denmark', 1, 'yes_ppp', NULL, '2022-11-29 11:19:54', '2022-11-29 11:19:22', '0000-00-00 00:00:00', 3, 4, NULL, 'EUR', 0.000000, 0, 'german', 'GLS', 0, 1, 2, 0, '', '', '', '', 0, '', 0, 'GLS', '', '', '0000-00-00 00:00:00'),
(38, 1799, 7253, '', '', '', 1, 'Gast', 'guest_status.gif', 0.00, 'Marcella Portain', '', 'Appianistrasse 47', '', 'Freystadt', '92342', NULL, 'Germany', '', 'marcella@portain.de', 5, 'Marcella Portain', 'Germany', 'Appianistrasse 47', '', 'Freystadt', '92342', NULL, 'Germany', 5, 'Marcella Portain', '', 'Appianistrasse 47', '', 'Freystadt', '92342', NULL, 'Germany', 5, 'yes_ppp', NULL, '2022-12-14 07:51:24', '2022-12-14 07:48:41', '0000-00-00 00:00:00', 3, 4, NULL, 'EUR', 0.000000, 0, 'german', 'GLS', 0, 1, 2, 0, '', '', '', '', 0, '', 0, 'GLS', '', '', '0000-00-00 00:00:00'),
(39, 1866, 7330, '', '', '', 2, 'PRIVATER KUNDE', 'customer_status.gif', 0.00, 'Benjamin  Kulling', 'Pflegedienst MorgenSonne', 'Marktplatz 18', '', 'Cadolzburg', '90556', NULL, 'Germany', '', 'inge.kulling@gmx.de', 5, 'Benjamin  Kulling', 'Pflegedienst MorgenSonne', 'Maiweg 2', '', 'Cadolzburg', '90556', NULL, 'Germany', 5, 'Benjamin  Kulling', 'Pflegedienst MorgenSonne', 'Marktplatz 18', '', 'Cadolzburg', '90556', NULL, 'Germany', 5, 'moneyorder', NULL, '2022-12-22 10:56:07', '2022-12-22 10:55:42', '0000-00-00 00:00:00', 3, 3, NULL, 'EUR', 0.000000, 0, 'german', 'GLS', 0, 1, 2, 0, '', '', '', '', 0, '', 0, 'GLS', '', '', '0000-00-00 00:00:00'),
(40, 2090, 7632, '', '', '', 1, 'Gast', 'guest_status.gif', 0.00, 'Simone Kießig', '', 'Alte Poststraße 6', '', 'Brieskow-Finkenheerd', '15295', NULL, 'Germany', '', 'Kiesi1@gmx.de', 5, 'Simone Kießig', 'Germany', 'Alte Poststraße 6', '', 'Brieskow-Finkenheerd', '15295', NULL, 'Germany', 5, 'Simone Kießig', '', 'Alte Poststraße 6', '', 'Brieskow-Finkenheerd', '15295', NULL, 'Germany', 5, 'yes_ppp', NULL, '2023-08-02 11:02:52', '2023-08-02 11:02:30', '0000-00-00 00:00:00', 3, 4, NULL, 'EUR', 0.000000, 0, 'german', 'GLS', 0, 1, 2, 0, '', '', '', '', 0, '', 0, 'GLS', '', '', '0000-00-00 00:00:00'),
(41, 2108, 7657, '', '', '', 1, 'Gast', 'guest_status.gif', 0.00, 'Annika Heinatsch', '', 'Von-Wrede-Straße 5', '', 'Hemer', '58675', NULL, 'Germany', '', 'fheinatsch@t-online.de', 5, 'Annika Heinatsch', 'Germany', 'Von-Wrede-Straße 5', '', 'Hemer', '58675', NULL, 'Germany', 5, 'Annika Heinatsch', '', 'Von-Wrede-Straße 5', '', 'Hemer', '58675', NULL, 'Germany', 5, 'yes_ppp', NULL, '2023-09-08 05:59:27', '2023-09-06 17:51:36', '0000-00-00 00:00:00', 3, 3, NULL, 'EUR', 0.000000, 0, 'german', 'GLS', 0, 1, 2, 0, '', '', '', '', 0, '', 0, 'GLS', '', '', '0000-00-00 00:00:00'),
(42, 2138, 7699, '', '', '', 1, 'Gast', 'guest_status.gif', 0.00, 'Norbert Singpiel', '', 'Amselweg', '30', 'Grünstadt', '67269', NULL, 'Germany', '', 'norbert.singpiel@gmx.de', 5, 'Norbert Singpiel', 'N.Singpiel', 'Amselweg 30', '', 'Grünstadt', '67269', NULL, 'Germany', 5, 'Norbert Singpiel', '', 'Amselweg', '30', 'Grünstadt', '67269', NULL, 'Germany', 5, 'yes_ppp', NULL, '2023-10-12 11:49:25', '2023-10-12 11:49:03', '0000-00-00 00:00:00', 3, 4, NULL, 'EUR', 0.000000, 0, 'german', 'GLS', 0, 1, 2, 0, '', '', '', '', 0, '', 0, 'GLS', '', '', '0000-00-00 00:00:00'),
(43, 2126, 7685, '', '', '', 1, 'Gast', 'guest_status.gif', 0.00, 'Angelika  Falkenberg', '', 'Belfaster Straße 52', '', 'Berlin', '13349', NULL, 'Germany', '', 'flowerbeet@web.de', 5, 'Angelika  Falkenberg', 'Germany', 'Belfaster Straße 52', '', 'Berlin', '13349', NULL, 'Germany', 5, 'Angelika  Falkenberg', '', 'Belfaster Straße 52', '', 'Berlin', '13349', NULL, 'Germany', 5, 'yes_ppp', NULL, '2023-10-17 08:59:34', '2023-10-16 17:38:07', '0000-00-00 00:00:00', 3, 3, NULL, 'EUR', 0.000000, 0, 'german', 'GLS', 0, 1, 2, 0, '', '', '', '', 0, '', 0, 'GLS', '', '', '0000-00-00 00:00:00'),
(44, 2183, 7767, '', '', '', 2, 'PRIVATER KUNDE', 'customer_status.gif', 0.00, 'Kathrin Winzer', '', 'Spohla', '36', 'Wittichenau', '02997', NULL, 'Germany', '', 'kathrinwinzer@gmx.net', 5, 'Kathrin Winzer', 'Germany', 'Spohla 36', '', 'Wittichenau', '02997', NULL, 'Germany', 5, 'Kathrin Winzer', '', 'Spohla', '36', 'Wittichenau', '02997', NULL, 'Germany', 5, 'yes_ppp', NULL, '2023-11-08 16:02:01', '2023-11-08 13:56:21', '0000-00-00 00:00:00', 3, 3, NULL, 'EUR', 0.000000, 0, 'german', 'GLS', 0, 1, 2, 0, '', '', '', '', 0, '', 0, 'GLS', '', '', '0000-00-00 00:00:00'),
(45, 2189, 7778, '', '', '', 1, 'Gast', 'guest_status.gif', 0.00, 'Victoria Fabian', 'Balance Studio Ginkgo', 'Am Rückersgraben 23a', '', 'Rodgau', '63110', NULL, 'Germany', '', 'vic.win@gmx.de', 5, 'Victoria Fabian', 'Balance Studio Ginkgo', 'Am Rückersgraben 23a', '', 'Rodgau', '63110', NULL, 'Germany', 5, 'Victoria Fabian', 'Balance Studio Ginkgo', 'Am Rückersgraben 23a', '', 'Rodgau', '63110', NULL, 'Germany', 5, 'yes_ppp', NULL, '2023-11-19 14:21:23', '2023-11-19 14:18:47', '0000-00-00 00:00:00', 3, 3, NULL, 'EUR', 0.000000, 0, 'german', 'GLS', 0, 1, 2, 0, '', '', '', '', 0, '', 0, 'GLS', '', '', '0000-00-00 00:00:00'),
(46, 2374, 8038, '', '', '', 1, 'Gast', 'guest_status.gif', 0.00, 'Hildegard Förtsch', '', 'Buchhagenweg 4', '', 'Schmallenberg', '57392', NULL, 'Germany', '', 'foertsch.h@gmx.de', 5, 'Hildegard Förtsch', 'Germany', 'Buchhagenweg 4', '', 'Schmallenberg', '57392', NULL, 'Germany', 5, 'Hildegard Förtsch', '', 'Buchhagenweg 4', '', 'Schmallenberg', '57392', NULL, 'Germany', 5, 'moneyorder', NULL, '2024-01-10 08:54:53', '2024-01-10 08:54:32', '0000-00-00 00:00:00', 3, 3, NULL, 'EUR', 0.000000, 0, 'german', 'GLS', 0, 1, 2, 0, '', '', '', '', 0, '', 0, 'GLS', '', '', '0000-00-00 00:00:00'),
(47, 2449, 8155, '', '', '', 2, 'PRIVATER KUNDE', 'customer_status.gif', 0.00, 'Ann Illner', '', 'Eichenstraße 27', '', 'Hamburg', '20259', NULL, 'Germany', '', 'Ann.Illner@gmx.de', 5, 'Ann Illner', 'Germany', 'Eichenstraße 27', '', 'Hamburg', '20259', NULL, 'Germany', 5, 'Ann Illner', '', 'Eichenstraße 27', '', 'Hamburg', '20259', NULL, 'Germany', 5, 'moneyorder', NULL, '2024-02-08 09:21:14', '2024-02-08 05:56:09', '0000-00-00 00:00:00', 3, 4, NULL, 'EUR', 0.000000, 0, 'german', '', 0, 1, 2, 0, '', '', '', '', 0, '', 0, 'GLS', '', '', '0000-00-00 00:00:00'),
(48, 2446, 8153, '', '', '', 1, 'Gast', 'guest_status.gif', 0.00, 'rodolphe matas', '', '505 impasse des chenes', '', 'gailleres', '40090', NULL, 'France, Metropolitan', '', 'rodolphe.matas@laposte.net', 1, 'rodolphe matas', '', '505 impasse des chenes', '', 'gailleres', '40090', NULL, 'France, Metropolitan', 1, 'rodolphe matas', '', '505 impasse des chenes', '', 'gailleres', '40090', NULL, 'France, Metropolitan', 1, 'moneyorder', NULL, '2024-02-13 09:33:15', '2024-02-12 14:49:02', '0000-00-00 00:00:00', 3, 3, NULL, 'EUR', 0.000000, 0, 'german', '', 0, 1, 2, 0, '', '', '', '', 0, '', 0, '', '', '', '0000-00-00 00:00:00'),
(49, 2478, 8444, '', '', '', 1, 'Gast', 'guest_status.gif', 0.00, 'Isabel Stadie', '', 'Fasanenweg 3a', '', 'Tellingstedt', '25782', NULL, 'Germany', '', 'isabel-stadie@gmx.de', 5, 'Wiltrud Djalalian', 'Germany', 'Im Haspelfelde 6', '', 'Hannover', '30173', NULL, 'Germany', 5, 'Isabel Stadie', '', 'Fasanenweg 3a', '', 'Tellingstedt', '25782', NULL, 'Germany', 5, 'yes_ppp', NULL, '2024-02-26 12:22:08', '2024-02-26 12:21:30', '0000-00-00 00:00:00', 3, 3, NULL, 'EUR', 0.000000, 0, 'german', '', 0, 1, 2, 0, '', '', '', '', 0, '', 0, 'GLS', '', '', '0000-00-00 00:00:00'),
(50, 2533, 9205, '', '', '', 1, 'Gast', 'guest_status.gif', 0.00, 'Roland Kosel', '', 'Angerfeldweg 9', '', 'Benediktbeuern', '83671', NULL, 'Germany', '', 'roland.kosel@onlinehome.de', 5, 'Roland Kosel', '', 'Angerfeldweg 9', '', 'Benediktbeuern', '83671', NULL, 'Germany', 5, 'Roland Kosel', '', 'Angerfeldweg 9', '', 'Benediktbeuern', '83671', NULL, 'Germany', 5, 'yes_ppp', NULL, '2024-04-23 08:10:11', '2024-04-22 15:12:37', '0000-00-00 00:00:00', 3, 4, NULL, 'EUR', 0.000000, 0, 'german', '', 0, 1, 2, 0, '', '', '', '', 0, '', 0, 'GLS', '', '', '0000-00-00 00:00:00'),
(51, 2539, 9233, '', '', '', 1, 'Gast', 'guest_status.gif', 0.00, 'Andrea Himstedt', '', 'Burgdorfer Str. 15', '', 'Peine', '31228', NULL, 'Germany', '', 'andrea.himstedt@web.de', 5, 'Andrea Himstedt', '', 'Burgdorfer Str. 15', '', 'Peine', '31228', NULL, 'Germany', 5, 'Andrea Himstedt', '', 'Burgdorfer Str. 15', '', 'Peine', '31228', NULL, 'Germany', 5, 'yes_ppp', NULL, '2024-04-26 11:34:04', '2024-04-26 11:33:44', '0000-00-00 00:00:00', 3, 4, NULL, 'EUR', 0.000000, 0, 'german', '', 0, 1, 2, 0, '', '', '', '', 0, '', 0, 'GLS', '', '', '0000-00-00 00:00:00'),
(52, 2560, 9599, '', '', '', 1, 'Gast', 'guest_status.gif', 0.00, 'Susanne Harnisch', '', 'Anton-Günther-Str. 32a', '', 'Freiberg', '09599', NULL, 'Germany', '', 's.harnisch@posteo.de', 5, 'Susanne Harnisch', '', 'Anton-Günther-Str. 32a', '', 'Freiberg', '09599', NULL, 'Germany', 5, 'Susanne Harnisch', '', 'Anton-Günther-Str. 32a', '', 'Freiberg', '09599', NULL, 'Germany', 5, 'moneyorder', NULL, '2024-06-12 05:45:27', '2024-06-11 09:36:09', '0000-00-00 00:00:00', 3, 3, NULL, 'EUR', 0.000000, 0, 'german', '', 0, 1, 2, 0, '', '', '', '', 0, '', 0, 'GLS', '', '', '0000-00-00 00:00:00'),
(53, 2614, 6366, '', '', '', 2, 'PRIVATER KUNDE', 'customer_status.gif', 0.00, 'Margo van Tiel', '', 'Beetserweg 1', '', 'NOORDBEEMSTER', '1463PK', NULL, 'Netherlands', '', 'margovtiel@gmail.com', 1, 'Margo van Tiel - Gotzen', '', 'Borner Str. 35', '', 'Niederkrüchten-Laar', '41372', NULL, 'Germany', 5, 'Margo vanTiel', '', 'Beetserweg 1', '', 'NOORDBEEMSTER', '1463PK', NULL, 'Netherlands', 1, 'moneyorder', NULL, '2024-08-30 07:28:41', '2024-08-30 07:24:39', '0000-00-00 00:00:00', 3, 2, NULL, 'EUR', 0.000000, 0, 'german', '', 0, 0, 0, 0, '', '', '', '', 0, '', 0, '', '', '', '0000-00-00 00:00:00'),
(54, 2690, 10386, '', '', '', 2, 'PRIVATER KUNDE', 'customer_status.gif', 0.00, 'Krystyna Wickl', '', 'An der Sandkull 108', 'An der Sankull 108', 'Moers', '47445', NULL, 'Germany', '', 'krystyna.wickl@t-online.de', 5, 'Krystyna Wickl', '', 'An der Sandkull 108', 'An der Sankull 108', 'Moers', '47445', NULL, 'Germany', 5, 'Krystyna Wickl', '', 'An der Sandkull 108', 'An der Sankull 108', 'Moers', '47445', NULL, 'Germany', 5, 'invoice', NULL, '2024-11-06 14:05:18', '2024-11-04 14:24:40', '0000-00-00 00:00:00', 3, 3, NULL, 'EUR', 0.000000, 0, 'german', '', 0, 1, 2, 0, '', '', '', '', 0, '', 0, 'DHL-Paket-National', '', '', '0000-00-00 00:00:00'),
(55, 2708, 10511, '', '', '', 2, 'PRIVATER KUNDE', 'customer_status.gif', 0.00, 'PIERRE CHOMAT', '', '4 rue STRAUSS', '', 'QUIMPER', '29000', NULL, 'France', '', 'chomat@free.fr', 1, 'PIERRE CHOMAT', '', '4 rue STRAUSS', '', 'QUIMPER', '29000', NULL, 'France', 1, 'PIERRE CHOMAT', '', '4 rue STRAUSS', '', 'QUIMPER', '29000', NULL, 'France', 1, 'moneyorder', NULL, '2024-11-18 11:47:57', '2024-11-18 09:49:50', '0000-00-00 00:00:00', 3, 3, NULL, 'EUR', 0.000000, 0, 'german', '', 0, 1, 2, 0, '', '', '', '', 0, '', 0, 'DHL-Paket-National', '', '', '0000-00-00 00:00:00'),
(56, 2807, 10840, '', '', '', 1, 'Gast', 'guest_status.gif', 0.00, 'Marianne  Schuh', '', 'Im Hasenloch 17', '', 'Schwalbach', '66773', NULL, 'Germany', '', 'MarianneSchuh@web.de', 5, 'Marianne  Schuh', '', 'Im Hasenloch 17', '', 'Schwalbach', '66773', NULL, 'Germany', 5, 'Marianne  Schuh', '', 'Im Hasenloch 17', '', 'Schwalbach', '66773', NULL, 'Germany', 5, 'yes_ppp', NULL, '2024-12-10 06:23:45', '2024-12-09 09:53:51', '0000-00-00 00:00:00', 3, 3, NULL, 'EUR', 0.000000, 0, 'german', '', 0, 1, 2, 0, '', '', '', '', 0, '', 0, 'DHL-Paket-National', '', '', '0000-00-00 00:00:00'),
(57, 2899, 11264, '', '', '', 2, 'PRIVATER KUNDE', 'customer_status.gif', 0.00, 'Thea Willerms', '', 'Burgemeester van Laarstraat 46', '', 'Cadier en Keer', '6267EV', NULL, 'Netherlands', '', 'info@villa-wouw.com', 1, 'Thea Willerms', '', 'Burgemeester van Laarstraat 45', '', 'Cadier en Keer', '6267EV', '', 'Netherlands', 1, 'Thea Willerms', '', 'Burgemeester van Laarstraat 46', '', 'Cadier en Keer', '6267EV', NULL, 'Netherlands', 1, 'moneyorder', NULL, '2024-12-20 13:54:27', '2024-12-20 10:56:09', '0000-00-00 00:00:00', 3, 4, NULL, 'EUR', 0.000000, 0, 'german', '', 0, 1, 2, 0, '', '', '', '', 0, '', 0, 'DHL-Paket-National', '', '', '0000-00-00 00:00:00'),
(58, 2958, 11395, '', '', '', 1, 'Gast', 'guest_status.gif', 0.00, 'Wiebke  Sturhan', '', 'Etzhorner Weg 31a', '', 'Oldenburg', '26125', NULL, 'Germany', '', 'wiebkesturhan@web.de', 5, 'Wiebke  Sturhan', '', 'Etzhorner Weg 31a', '', 'Oldenburg', '26125', NULL, 'Germany', 5, 'Wiebke  Sturhan', '', 'Etzhorner Weg 31a', '', 'Oldenburg', '26125', NULL, 'Germany', 5, 'moneyorder', NULL, '2025-01-08 05:58:20', '2025-01-07 20:20:38', '0000-00-00 00:00:00', 3, 4, NULL, 'EUR', 0.000000, 0, 'german', '', 0, 1, 2, 0, '', '', '', '', 0, '', 0, 'DHL-Paket-National', '', '', '0000-00-00 00:00:00'),
(59, 2975, 11477, '', '', '', 1, 'Gast', 'guest_status.gif', 0.00, 'Ditmar Karrenberg', '', 'Bauvereinstraße 18', '', 'Essen', '45136', NULL, 'Germany', '', 'karrenbergditmar@hotmail.com', 5, 'Ditmar Karrenberg', '', 'Bauvereinstraße 18', '', 'Essen', '45136', NULL, 'Germany', 5, 'Ditmar Karrenberg', '', 'Bauvereinstraße 18', '', 'Essen', '45136', NULL, 'Germany', 5, 'yes_ppp', NULL, '2025-01-19 07:46:26', '2025-01-17 10:16:01', '0000-00-00 00:00:00', 3, 3, NULL, 'EUR', 0.000000, 0, 'german', '', 0, 1, 2, 0, '', '', '', '', 0, '', 0, 'DHL-Paket-National', '', '', '0000-00-00 00:00:00'),
(60, 2965, 11436, '', '', '', 1, 'Gast', 'guest_status.gif', 0.00, 'Thomas Hornig', '', 'Steinstraße 4a', '', 'Groß Elbe', '38274', NULL, 'Germany', '', 'hornigthomas@t-online.de', 5, 'Thomas Hornig', '', 'Steinstraße 4a', '', 'Groß Elbe', '38274', NULL, 'Germany', 5, 'Thomas Hornig', '', 'Steinstraße 4a', '', 'Groß Elbe', '38274', NULL, 'Germany', 5, 'moneyorder', NULL, '2025-01-19 10:09:46', '2025-01-19 10:06:11', '0000-00-00 00:00:00', 3, 2, NULL, 'EUR', 0.000000, 0, 'german', '', 0, 0, 0, 0, '', '', '', '', 0, '', 0, '', '', '', '0000-00-00 00:00:00'),
(61, 2933, 11305, '', '', '', 1, 'Gast', 'guest_status.gif', 0.00, 'Svenja Peters', '', 'Langendonker Weg 132', '', 'Issum', '47661', NULL, 'Germany', '', 'svpeters25@gmail.com', 5, 'Svenja Peters', '', 'Langendonker Weg 132', '', 'Issum', '47661', NULL, 'Germany', 5, 'Svenja Peters', '', 'Langendonker Weg 132', '', 'Issum', '47661', NULL, 'Germany', 5, 'yes_ppp', NULL, '2025-01-27 05:54:37', '2025-01-24 09:37:29', '0000-00-00 00:00:00', 3, 3, NULL, 'EUR', 0.000000, 0, 'german', '', 0, 1, 2, 0, '', '', '', '', 0, '', 0, 'DHL-Paket-National', '', '', '0000-00-00 00:00:00'),
(62, 2800, 10828, '', '', '', 1, 'Gast', 'guest_status.gif', 0.00, 'Wiebke  Sturhan', '', 'Etzhorner Weg 31a', '', 'Oldenburg', '26125', NULL, 'Germany', '', 'wiebkesturhan@web.de', 5, 'Wiebke  Sturhan', '', 'Etzhorner Weg 31a', '', 'Oldenburg', '26125', NULL, 'Germany', 5, 'Wiebke  Sturhan', '', 'Etzhorner Weg 31a', '', 'Oldenburg', '26125', NULL, 'Germany', 5, 'moneyorder', NULL, '2025-02-12 05:52:00', '2025-02-11 08:55:13', '0000-00-00 00:00:00', 3, 3, NULL, 'EUR', 0.000000, 0, 'german', '', 0, 1, 2, 0, '', '', '', '', 0, '', 0, 'DHL-Paket-National', '', '', '0000-00-00 00:00:00'),
(63, 3295, 14467, '', '', '', 1, 'Gast', 'guest_status.gif', 0.00, 'Herma Gielians', '', 'Bahnhofstraße 7', '', 'Bramsche', '49565', '', 'Germany', '01717966925', 'egielians@gmail.com', 5, 'Herma Gielians', '', 'Bahnhofstraße 7', '', 'Bramsche', '49565', '', 'Germany', 5, 'Elen Gielians', '', 'Backhausfeld 32A', '', 'Hildesheim', '31135', '', 'Germany', 5, '', 'Reklamation Typ \"Widerruf | Ruecktritt\" aus Auftrag 3295', NULL, '2025-11-18 10:06:37', '0000-00-00 00:00:00', 3, 2, NULL, 'EUR', 0.000000, 0, 'german', '', 0, 0, 0, 0, '', '', '', '', 0, '', 0, '', '', '', '0000-00-00 00:00:00'),
(64, 3310, 14484, '', '', '', 2, 'PRIVATER KUNDE', 'customer_status.gif', 0.00, 'Henning Grund', '', 'In der Fleute 6', '', 'Wuppertal', '42389', '', 'Germany', '01788822245', 'henninggrund@t-online.de', 5, 'Henning Grund', '', 'In der Fleute 6', '', 'Wuppertal', '42389', '', 'Germany', 5, 'Henning Grund', '', 'In der Fleute 6', '', 'Wuppertal', '42389', '', 'Germany', 5, '', 'Reklamation Typ \"Defekt | Ersatzversand\" aus Auftrag 3310', '2025-11-21 10:51:53', '2025-11-21 10:47:50', '0000-00-00 00:00:00', 3, 3, NULL, 'EUR', 0.000000, 0, 'german', '', 0, 1, 2, 0, '', '', '', '', 0, '', 0, '', '', '', '0000-00-00 00:00:00'),
(65, 3322, 14490, '', '', '', 2, 'PRIVATER KUNDE', 'customer_status.gif', 0.00, 'Norbert  Michalke ', '', 'Im Selch 22', '', 'Bergheim', '50129', '', 'Germany', '04917666378544', 'norbertmichalke@gmx.de', 5, 'Norbert  Michalke ', '', 'Im Selch 22', '', 'Bergheim', '50129', '', 'Germany', 5, 'Norbert  Michalke ', '', 'Im Selch 22', '', 'Bergheim', '50129', '', 'Germany', 5, '', 'Reklamation Typ \"Falschlieferung | Neuversand\" aus Auftrag 3322', '2025-11-21 10:51:53', '2025-11-21 10:51:08', '0000-00-00 00:00:00', 3, 4, NULL, 'EUR', 0.000000, 0, 'german', '', 0, 1, 2, 0, '', '', '', '', 0, '', 0, '', '', '', '0000-00-00 00:00:00'),
(66, 3473, 14669, '', '', '', 1, 'Gast', 'guest_status.gif', 0.00, 'Jessika Murawski', '', 'William-Shakespeare-Straße 30', '', 'Weimar', '99425', '', 'Germany', '01790000000', 'jezzman1008@gmail.com', 5, 'Jessika Murawski', '', 'William-Shakespeare-Straße 30', '', 'Weimar', '99425', '', 'Germany', 5, 'Jessika Murawski', '', 'William-Shakespeare-Straße 30', '', 'Weimar', '99425', '', 'Germany', 5, '', 'Reklamation Typ \"Falschlieferung | Neuversand\" aus Auftrag 3473', '2025-12-18 07:07:39', '2025-12-17 08:49:18', '0000-00-00 00:00:00', 3, 4, NULL, 'EUR', 0.000000, 0, 'german', '', 0, 1, 2, 0, '', '', '', '', 0, '', 0, '', '', '', '0000-00-00 00:00:00'),
(67, 3514, 14716, '', '', '', 2, 'PRIVATER KUNDE', 'customer_status.gif', 0.00, 'Günter Klockhaus', '', 'Mühlenweg 2', '', 'Montabaur / Elgendorf', '56410', '', 'Germany', '0170 / 290 5779', 'hs@maxmedia-gmbh.de', 5, 'Günter Klockhaus', '', 'Mühlenweg 2', '', 'Montabaur / Elgendorf', '56410', '', 'Germany', 5, 'Günter Klockhaus', '', 'Mühlenweg 2', '', 'Montabaur / Elgendorf', '56410', '', 'Germany', 5, '', 'Reklamation Typ \"Defekt | Ersatzversand\" aus Auftrag 3514', '2025-12-19 14:04:52', '2025-12-19 11:46:50', '0000-00-00 00:00:00', 3, 3, NULL, 'EUR', 1.000000, 0, 'german', '', 0, 1, 2, 0, '', '', '', '', 0, '', 0, '', '', '', '0000-00-00 00:00:00'),
(68, 3502, 14691, '', '', '', 2, 'PRIVATER KUNDE', 'customer_status.gif', 0.00, 'Angelo Roncoroni', 'Ingenieurbüro für Haustechnik Angelo Roncoroni', 'Bisikonerstrasse 4', '', 'Illnau', 'CH-8308', '', 'Switzerland', '+41 792287580', 'A.RONCORONI@SWISSONLINE.CH', 1, 'Angelo Roncoroni, 120895', 'Lieferadresse Deutschland GmbH', 'Reisstrasse 2', '', 'Konstanz', '78467', '', 'Germany', 5, 'Angelo Roncoroni', 'Ingenieurbüro für Haustechnik Angelo Roncoroni', 'Bisikonerstrasse 4', '', 'Illnau', 'CH-8308', '', 'Switzerland', 1, '', 'Reklamation Typ \"Falschlieferung | Neuversand\" aus Auftrag 3502', '2025-12-20 09:10:30', '2025-12-19 15:26:25', '0000-00-00 00:00:00', 3, 4, NULL, 'EUR', 0.000000, 0, 'german', '', 0, 1, 2, 0, '', '', '', '', 0, '', 0, '', '', '', '0000-00-00 00:00:00'),
(69, 3517, 14720, '', '', '', 2, 'PRIVATER KUNDE', 'customer_status.gif', 0.00, 'Heidi Plate', '', 'Unterm Ewer 4', '', 'Wilnsdorf', '57234', '', 'Germany', '02739477409', 'heidi.plate@gmx.de', 5, 'Heidi Plate', '', 'Unterm Ewer 4', '', 'Wilnsdorf', '57234', '', 'Germany', 5, 'Heidi Plate', '', 'Unterm Ewer 4', '', 'Wilnsdorf', '57234', '', 'Germany', 5, '', 'Reklamation Typ \"Defekt | Ersatzversand\" aus Auftrag 3517', '2025-12-22 07:38:09', '2025-12-22 07:18:13', '0000-00-00 00:00:00', 3, 3, NULL, 'EUR', 0.000000, 0, 'german', '', 0, 1, 2, 0, '', '', '', '', 0, '', 0, '', '', '', '0000-00-00 00:00:00');

-- --------------------------------------------------------

--
-- Tabellenstruktur für Tabelle `reclamations_bestandssperre`
--

CREATE TABLE `reclamations_bestandssperre` (
  `reclamations_bestandssperre_id` int(11) NOT NULL,
  `reclamations_id` int(11) NOT NULL DEFAULT '0',
  `products_id` int(11) NOT NULL DEFAULT '0',
  `storage_id` int(11) NOT NULL DEFAULT '0',
  `quantity` int(11) NOT NULL DEFAULT '0'
) ENGINE=MyISAM DEFAULT CHARSET=utf8;

-- --------------------------------------------------------

--
-- Tabellenstruktur für Tabelle `reclamations_products`
--

CREATE TABLE `reclamations_products` (
  `reclamations_products_id` int(11) NOT NULL,
  `reclamations_id` int(11) NOT NULL DEFAULT '0',
  `products_id` int(11) NOT NULL DEFAULT '0',
  `products_model` varchar(64) DEFAULT NULL,
  `products_name` varchar(128) NOT NULL DEFAULT '',
  `products_price` decimal(15,4) NOT NULL DEFAULT '0.0000',
  `products_discount_made` decimal(4,2) DEFAULT NULL,
  `final_price` decimal(15,4) NOT NULL DEFAULT '0.0000',
  `products_tax` decimal(7,4) NOT NULL DEFAULT '0.0000',
  `products_quantity` int(2) NOT NULL DEFAULT '0',
  `allow_tax` int(1) NOT NULL DEFAULT '0',
  `false_products_id` int(11) NOT NULL,
  `quantity_shipped` int(11) NOT NULL
) ENGINE=MyISAM DEFAULT CHARSET=utf8;

--
-- Daten für Tabelle `reclamations_products`
--

INSERT INTO `reclamations_products` (`reclamations_products_id`, `reclamations_id`, `products_id`, `products_model`, `products_name`, `products_price`, `products_discount_made`, `final_price`, `products_tax`, `products_quantity`, `allow_tax`, `false_products_id`, `quantity_shipped`) VALUES
(1, 1, 93, '1111', 'Testhandy 1', 0.0000, 0.00, 0.0000, 0.0000, 1, 1, 0, 0),
(2, 2, 113, '', 'Teststuhl mit Artikeleigenschaftenn', 0.0000, 0.00, 0.0000, 0.0000, 1, 1, 0, 0),
(3, 3, 346, 'HE-110L', 'Leuchtglas 11cm Nr.110 Katzenpaar am Tag', 0.0000, 0.00, 0.0000, 0.0000, 1, 1, 0, 0),
(4, 3, 409, 'HE-354L', 'Leuchtglas 11cm Nr.354 Vögel im Sonnenuntergang', 0.0000, 0.00, 0.0000, 0.0000, 1, 1, 0, 0),
(5, 4, 389, 'HE-292L', 'Leuchtglas 11cm Nr.292 stilisierte Stadt mit Wald im Hintergrund', 0.0000, 0.00, 0.0000, 0.0000, 1, 1, 0, 0),
(6, 5, 509, 'LEDBase/ HE1684', 'Starlight LED Base, batteriebetrieben', 0.0000, 0.00, 0.0000, 0.0000, 3, 1, 0, 0),
(7, 6, 877, 'HE-489XXL', 'Gigant Nr.489, Leuchtglas elektrisch betrieben, Durchmesser 30cm', 0.0000, 0.00, 0.0000, 0.0000, 1, 1, 0, 0),
(8, 7, 850, 'HE-53XXL', 'Gigant Nr.53 abstraktes Meer, Leuchtglas elektrisch betrieben, Durchmesser 30cm', 0.0000, 0.00, 0.0000, 0.0000, 1, 1, 0, 0),
(9, 8, 820, 'HE-182XL', 'Leuchtglas 15cm Nr.182 Stadt im Sommer', 0.0000, 0.00, 0.0000, 0.0000, 1, 1, 0, 0),
(10, 9, 820, 'HE-182XL', 'Leuchtglas 15cm Nr.182 Stadt im Sommer', 0.0000, 0.00, 0.0000, 0.0000, 1, 1, 0, 0),
(11, 10, 565, 'HE-114-SL', 'Starlight Nr.114 Schmetterlinge auf Blumenwiese, Durchbrüche', 0.0000, 0.00, 0.0000, 0.0000, 1, 1, 0, 0),
(12, 11, 327, 'HE-59L', 'Leuchtglas 11cm Nr.59 Stadt bei Nacht, modern', 0.0000, 0.00, 0.0000, 0.0000, 1, 1, 0, 0),
(13, 12, 338, 'HE-90L', 'Leuchtglas 11cm Nr.90 Kerzenmotiv im Bohochic', 0.0000, 0.00, 0.0000, 0.0000, 1, 1, 0, 0),
(14, 13, 933, 'HE-38lamp', 'Leuchtglas Lampe 11cm Nr.38 verschneite Stadt bei Nacht, elektrisch betrieben', 0.0000, 0.00, 0.0000, 0.0000, 1, 1, 0, 0),
(15, 13, 948, 'HE-66lamp', 'Leuchtglas Lampe 11cm Nr.66 Sternschnuppe über Winterdorf, elektrisch betrieben', 0.0000, 0.00, 0.0000, 0.0000, 1, 1, 0, 0),
(16, 13, 931, 'HE-35lamp', 'Leuchtglas Lampe 11cm Nr.35 Nürnberg, elektrisch betrieben', 0.0000, 0.00, 0.0000, 0.0000, 1, 1, 0, 0),
(17, 14, 632, 'HE-200-SL', 'Starlight Nr.200 rauhe See mit Booten und Leuchtturm', 0.0000, 0.00, 0.0000, 0.0000, 2, 1, 0, 0),
(18, 15, 876, 'HE-455XXL', 'Gigant Nr.182 Stadt im Sommer, Leuchtglas elektrisch betrieben, Durchmesser 30cm (Ersatzteilversand aus Orig: Gigant Nr.455 surr', 0.0000, 0.00, 0.0000, 0.0000, 1, 1, 0, 0),
(19, 16, 1229, 'HE-184-SLG', 'Holzsockel zu Starlight Glocke (Ersatzteilversand aus Orig: Starlight Glocke Nr.184 wachender Schutzengel)', 0.0000, 0.00, 0.0000, 0.0000, 1, 1, 0, 0),
(20, 17, 1192, 'HE-32SLvs', 'Starlight Votiv small Nr.32 Firmament mit Mond und Sterne', 0.0000, 0.00, 0.0000, 0.0000, 24, 1, 0, 0),
(21, 18, 810, 'HE-75XL', 'Leuchtglas 15cm Nr.75 Sterne, rot, orange', 0.0000, 0.00, 0.0000, 0.0000, 2, 1, 0, 0),
(22, 19, 1004, 'HE-287lamp', 'Leuchtglas Lampe 11cm Nr.287 Giraffen in einer Herde, elektrisch betrieben', 0.0000, 0.00, 0.0000, 0.0000, 1, 1, 0, 0),
(23, 20, 924, 'HE-829XLlamp', 'Leuchtglas Lampe 15cm Nr.829 kanadische Winterlandschaft', 0.0000, 0.00, 0.0000, 0.0000, 1, 1, 0, 0),
(24, 21, 1245, 'HE-5973', 'Glas-Karussell-Windlicht silber Turtle Schildkröte', 0.0000, 0.00, 0.0000, 0.0000, 1, 1, 0, 0),
(25, 22, 669, 'HE-266-SL', 'Starlight Nr.266 Delphine im Meer', 0.0000, 0.00, 0.0000, 0.0000, 1, 1, 0, 0),
(26, 23, 844, 'HE-12XLlamp', 'Leuchtglas Lampe 15cm Nr.12 Patchwork, elektrisch betrieben', 0.0000, 0.00, 0.0000, 0.0000, 1, 1, 0, 0),
(27, 24, 628, 'HE-196-SL', 'Starlight Nr.196 verschneite Berghütte', 0.0000, 0.00, 0.0000, 0.0000, 1, 1, 0, 0),
(28, 25, 1163, 'HE-84SLvs (piD190)', 'Starlight Votiv small Nr.84 Libelle', 0.0000, 0.00, 0.0000, 0.0000, 1, 1, 0, 0),
(29, 26, 395, 'HE-307L // HE 8278', 'Leuchtglas 11cm Nr.307 Weihnachtsmarkt in Michelstadt', 0.0000, 0.00, 0.0000, 0.0000, 1, 1, 0, 0),
(30, 27, 402, 'HE-341L', 'Leuchtglas 11cm Nr.341 - 6 fröhliche Weihnachtsmänner', 0.0000, 0.00, 0.0000, 0.0000, 1, 1, 0, 0),
(31, 28, 443, 'HE-506L // HE 8898', 'Leuchtglas 11cm Nr.506 Phantasiemotiv', 0.0000, 0.00, 0.0000, 0.0000, 1, 1, 0, 0),
(32, 28, 429, 'HE-456L // HE 8799', 'Leuchtglas 11cm Nr.456 Stadt am Fluss Hundertwasserähnlich', 0.0000, 0.00, 0.0000, 0.0000, 1, 1, 0, 0),
(33, 28, 444, 'HE-507L', 'Leuchtglas 11cm Nr.507 Stadt am Wasser', 0.0000, 0.00, 0.0000, 0.0000, 1, 1, 0, 0),
(34, 29, 358, 'HE-152L // HE 7994', 'Leuchtglas 11cm Nr.152 Herz bunt', 0.0000, 0.00, 0.0000, 0.0000, 1, 1, 0, 0),
(35, 30, 1227, 'HE-124-SLG // HE 1498', 'Starlight Glocke Nr.124 Weihnachtsmarkt am Abend unter Mond und Sternen', 0.0000, 0.00, 0.0000, 0.0000, 1, 1, 0, 0),
(36, 31, 844, 'HE-12XLlamp', 'Leuchtglas Lampe 15cm Nr.12 Patchwork, elektrisch betrieben', 0.0000, 0.00, 0.0000, 0.0000, 1, 1, 0, 0),
(37, 32, 566, 'HE-115-SL', 'Starlight Nr.115 Bienen auf Sommerwiese, Durchbrüche', 0.0000, 0.00, 0.0000, 0.0000, 1, 1, 0, 0),
(38, 33, 896, 'HE-93XLlamp', 'Leuchtglas Lampe 15cm Nr.93 Flowerpower in grün', 0.0000, 0.00, 0.0000, 0.0000, 1, 1, 0, 0),
(39, 34, 846, 'HE-32Gigant', 'Gigant Nr.32 blaues Schloss, Leuchtglas elektrisch betrieben, Durchmesser 30cm', 0.0000, 0.00, 0.0000, 0.0000, 1, 1, 0, 0),
(40, 35, 1413, 'HE-182LmB', 'Leuchtglas 11cm Nr.182 Stadt im Sommer MIT 30mm Bohrung Tauschglas Ersatzglas', 0.0000, 0.00, 0.0000, 0.0000, 1, 1, 0, 0),
(41, 36, 417, 'HE-386L', 'Leuchtglas 11cm Nr.177 (Ersatzteilversand aus Orig: Leuchtglas 11cm Nr.177', 0.0000, 0.00, 0.0000, 0.0000, 1, 1, 0, 1),
(42, 37, 182, 'HE-127-S', 'Votiv-Glas 127 Sonnenuntergang', 0.0000, 0.00, 0.0000, 0.0000, 4, 1, 0, 4),
(43, 38, 1392, 'HE-290LmB // HE 8261', 'Leuchtglas 11cm Nr.290 bunte Stadt MIT 30mm Bohrung Tauschglas Ersatzglas', 0.0000, 0.00, 0.0000, 0.0000, 1, 1, 0, 1),
(44, 39, 817, 'HE-175XL // HE 9219', 'Leuchtglas 15cm Nr.175 Winter in den Bergen', 0.0000, 0.00, 0.0000, 0.0000, 1, 1, 0, 1),
(45, 40, 1052, 'HE-468lamp', 'Leuchtglas Lampe 11cm Nr.468 Blumenmeer, elektrisch betrieben', 0.0000, 0.00, 0.0000, 0.0000, 1, 1, 0, 1),
(46, 40, 987, 'HE-210lamp', 'Leuchtglas Lampe 11cm Nr.210 Katzenpaar, bunt, elektrisch betrieben', 0.0000, 0.00, 0.0000, 0.0000, 1, 1, 0, 1),
(47, 41, 382, 'HE-272L // HE 8243', 'Leuchtglas 11cm Nr.272 Schildkrötenpaar, Schildkröte', 0.0000, 0.00, 0.0000, 0.0000, 1, 1, 0, 1),
(48, 42, 632, 'HE-200-SL // HE 9411', 'Starlight Nr.200 rauhe See mit Booten und Leuchtturm', 0.0000, 0.00, 0.0000, 0.0000, 1, 1, 0, 1),
(49, 43, 869, 'HE-290Gigant // HE 9139', 'Gigant Nr.290 bunte Stadt, Leuchtglas elektrisch betrieben, Durchmesser 30cm', 0.0000, 0.00, 0.0000, 0.0000, 1, 1, 0, 1),
(50, 44, 582, 'HE-132-SL', 'Starlight Nr.132 Mozart', 0.0000, 0.00, 0.0000, 0.0000, 1, 1, 0, 1),
(51, 45, 1195, 'HE-LL02', 'Lotosblüte Lotoslicht Nr.2 rose, Herzensenergie', 0.0000, 0.00, 0.0000, 0.0000, 1, 1, 0, 1),
(52, 45, 1202, 'HE-LL09', 'Lotosblüte Lotoslicht Nr.9 grün, Hoffnung', 0.0000, 0.00, 0.0000, 0.0000, 1, 1, 0, 1),
(53, 46, 509, 'LEDBase/ HE1684', 'Starlight LED Base, batteriebetrieben', 0.0000, 0.00, 0.0000, 0.0000, 1, 1, 0, 1),
(54, 47, 428, 'HE-455L // HE 8798', 'Leuchtglas 11cm Nr.455 Städtchen bunt', 0.0000, 0.00, 0.0000, 0.0000, 1, 1, 0, 1),
(55, 48, 549, 'HE-84-SL', 'Starlight Nr.84 Libelle', 0.0000, 0.00, 0.0000, 0.0000, 1, 1, 0, 1),
(56, 49, 887, 'HE-37XLlamp', 'Leuchtglas Lampe 15cm Nr.37 Kirchenbesuch am Sonntag', 0.0000, 0.00, 0.0000, 0.0000, 1, 1, 0, 1),
(57, 50, 508, 'LEDBase/ HE1685', 'Starlight LED Base mit Dekorrand, batteriebetrieben', 0.0000, 0.00, 0.0000, 0.0000, 2, 1, 0, 2),
(58, 51, 156, 'HE-59-S', 'Votiv-Glas 59 - Stadt bei Nacht, modern', 0.0000, 0.00, 0.0000, 0.0000, 1, 1, 0, 1),
(59, 52, 508, 'LEDBase/ HE1685', 'Starlight LED Base mit Dekorrand, batteriebetrieben', 0.0000, 0.00, 0.0000, 0.0000, 1, 1, 0, 1),
(60, 53, 590, 'HE-140-SL', 'Starlight Nr.140 erotische Gemälde - eine liegende Frau', 0.0000, 0.00, 0.0000, 0.0000, 1, 1, 0, 0),
(61, 53, 559, 'HE-102-SL', 'Starlight Nr.102 liegende Frau', 0.0000, 0.00, 0.0000, 0.0000, 1, 1, 0, 0),
(62, 54, 6, '', 'Bohrung für Leuchtglas 11cm / 15cm für Tausch-Ersatzglas 30mm', 0.0000, 0.00, 0.0000, 0.0000, 2, 1, 0, 2),
(63, 55, 945, 'HE-59lamp', 'Leuchtglas Lampe 11cm Nr.59 Stadt bei Nacht, abstrakt, elektrisch betrieben', 0.0000, 0.00, 0.0000, 0.0000, 1, 1, 0, 1),
(64, 56, 366, 'HE-182L // HE 8108', 'Leuchtglas 11cm Nr.182 Stadt im Sommer', 0.0000, 0.00, 0.0000, 0.0000, 1, 1, 0, 1),
(65, 57, 429, 'HE-456L // HE 8799', 'Leuchtglas 11cm Nr.456 Stadt am Fluss Hundertwasserähnlich', 0.0000, 0.00, 0.0000, 0.0000, 1, 1, 0, 1),
(66, 58, 920, 'HE-386XLlamp', 'Leuchtglas Lampe 15cm Nr.386 Idylle und Ruhe im Winter', 0.0000, 0.00, 0.0000, 0.0000, 1, 1, 0, 1),
(67, 59, 215, 'HE-265-S // HE 8997', 'Votiv-Glas 265 - bunte Blumenwiese', 0.0000, 0.00, 0.0000, 0.0000, 1, 1, 0, 1),
(68, 60, 1420, 'HE-167LmB', 'Leuchtglas 11cm Nr.167 Vögel, bunt MIT 30mm Bohrung Tauschglas Ersatzglas', 0.0000, 0.00, 0.0000, 0.0000, 1, 1, 0, 0),
(69, 60, 1410, 'HE-210LmB // HE 8165', 'Leuchtglas 11cm Nr.210 Katzenpaar, bunt MIT 30mm Bohrung Tauschglas Ersatzglas', 0.0000, 0.00, 0.0000, 0.0000, 1, 1, 0, 0),
(70, 61, 1198, 'HE-LL05 // HE 685', 'Lotosblüte Lotoslicht Nr.5 pink, Erfolg', 0.0000, 0.00, 0.0000, 0.0000, 1, 1, 0, 1),
(71, 62, 892, 'HE-68XLlamp', 'Leuchtglas Lampe 15cm Nr.68 verschneiter Marktplatz, elektrisch betrieben', 0.0000, 0.00, 0.0000, 0.0000, 1, 1, 0, 1),
(72, 62, 901, 'HE-175XLlamp', 'Leuchtglas Lampe 15cm Nr.175 Winter in den Bergen, elektrisch betrieben', 0.0000, 0.00, 0.0000, 0.0000, 1, 1, 0, 1),
(73, 63, 509, 'LEDBase/ HE1684', 'Starlight LED Base, batteriebetrieben', 0.0000, NULL, 0.0000, 0.0000, 2, 0, 0, 0),
(74, 64, 334, 'HE-75L // HE 826', 'Leuchtglas 11cm Nr.75 Sterne, rot, orange', 0.0000, NULL, 0.0000, 0.0000, 1, 0, 0, 1),
(75, 65, 1153, 'HE-3SLvs (piD177)', 'Starlight Votiv small Nr.3 Weihnachtsmarkt Köln', 0.0000, NULL, 0.0000, 0.0000, 2, 0, 0, 2),
(76, 66, 567, 'HE-116-SL // HE 2292', 'Starlight Nr.116 Löwenrudel, Löwe', 0.0000, NULL, 0.0000, 0.0000, 1, 0, 0, 1),
(77, 67, 528, 'HE-51-SL // HE 2247', 'Starlight Nr.51 Herzmotiv mit Durchbrüchen', 0.0000, NULL, 0.0000, 0.0000, 1, 0, 0, 1),
(78, 68, 1475, 'HE 3317', 'LED Teelicht batteriebetrieben', 0.0000, NULL, 0.0000, 0.0000, 6, 0, 0, 6),
(79, 69, 461, 'HE-546L // HE 9340', 'Leuchtglas 11cm Nr.546 London Tower Bridge', 0.0000, NULL, 0.0000, 0.0000, 1, 0, 0, 1);

-- --------------------------------------------------------

--
-- Tabellenstruktur für Tabelle `reclamations_products_properties`
--

CREATE TABLE `reclamations_products_properties` (
  `reclamations_products_properties_id` int(11) NOT NULL,
  `reclamations_products_id` int(11) NOT NULL,
  `property_title` varchar(64) NOT NULL,
  `property_value` varchar(64) NOT NULL,
  `input_span` int(11) NOT NULL
) ENGINE=MyISAM DEFAULT CHARSET=utf8;

--
-- Daten für Tabelle `reclamations_products_properties`
--

INSERT INTO `reclamations_products_properties` (`reclamations_products_properties_id`, `reclamations_products_id`, `property_title`, `property_value`, `input_span`) VALUES
(1, 2, 'Farbe', 'Gold', 0),
(2, 2, 'Material', 'Edelstahl', 0);

-- --------------------------------------------------------

--
-- Tabellenstruktur für Tabelle `reclamations_products_serials`
--

CREATE TABLE `reclamations_products_serials` (
  `reclamations_products_serials_id` int(11) NOT NULL,
  `reclamations_products_id` int(11) NOT NULL DEFAULT '0',
  `products_id` int(11) NOT NULL DEFAULT '0',
  `serial_number` varchar(128) NOT NULL DEFAULT ''
) ENGINE=MyISAM DEFAULT CHARSET=utf8;

-- --------------------------------------------------------

--
-- Tabellenstruktur für Tabelle `reclamations_reasons`
--

CREATE TABLE `reclamations_reasons` (
  `reclamations_reasons_id` int(11) NOT NULL,
  `reason` varchar(64) NOT NULL,
  `date_added` datetime NOT NULL
) ENGINE=MyISAM DEFAULT CHARSET=utf8;

--
-- Daten für Tabelle `reclamations_reasons`
--

INSERT INTO `reclamations_reasons` (`reclamations_reasons_id`, `reason`, `date_added`) VALUES
(1, 'Transportschaden', '2010-11-24 22:45:15'),
(2, 'Ware hat nicht gefallen', '2010-11-24 22:45:24'),
(3, 'Qualitätsproblem', '2010-11-24 22:45:46'),
(4, 'Durch Kunden beim aufbau beschädigt', '2010-11-24 22:46:01'),
(5, 'falsch geliefert', '2017-10-18 18:54:53');

-- --------------------------------------------------------

--
-- Tabellenstruktur für Tabelle `reclamations_recalculate`
--

CREATE TABLE `reclamations_recalculate` (
  `reclamations_recalculate_id` int(11) NOT NULL,
  `reclamations_id` int(11) NOT NULL DEFAULT '0',
  `n_price` decimal(15,4) NOT NULL DEFAULT '0.0000',
  `b_price` decimal(15,4) NOT NULL DEFAULT '0.0000',
  `tax` decimal(15,4) NOT NULL DEFAULT '0.0000',
  `tax_rate` decimal(7,4) NOT NULL DEFAULT '0.0000',
  `class` varchar(32) NOT NULL DEFAULT ''
) ENGINE=MyISAM DEFAULT CHARSET=utf8;

-- --------------------------------------------------------

--
-- Tabellenstruktur für Tabelle `reclamations_status`
--

CREATE TABLE `reclamations_status` (
  `reclamations_status_id` int(11) NOT NULL DEFAULT '0',
  `language_id` int(11) NOT NULL DEFAULT '1',
  `reclamations_status_name` varchar(32) NOT NULL DEFAULT ''
) ENGINE=MyISAM DEFAULT CHARSET=utf8;

--
-- Daten für Tabelle `reclamations_status`
--

INSERT INTO `reclamations_status` (`reclamations_status_id`, `language_id`, `reclamations_status_name`) VALUES
(3, 2, 'Abgeschlossen'),
(1, 2, 'Eingeleitet'),
(2, 2, 'In Bearbeitung');

-- --------------------------------------------------------

--
-- Tabellenstruktur für Tabelle `reclamations_status_history`
--

CREATE TABLE `reclamations_status_history` (
  `reclamations_status_history_id` int(11) NOT NULL,
  `reclamations_id` int(11) NOT NULL DEFAULT '0',
  `reclamations_status_id` int(5) NOT NULL DEFAULT '0',
  `date_added` datetime NOT NULL DEFAULT '0000-00-00 00:00:00',
  `customer_notified` int(1) DEFAULT '0',
  `comments` text,
  `editor_id` int(11) NOT NULL DEFAULT '0'
) ENGINE=MyISAM DEFAULT CHARSET=utf8;

--
-- Daten für Tabelle `reclamations_status_history`
--

INSERT INTO `reclamations_status_history` (`reclamations_status_history_id`, `reclamations_id`, `reclamations_status_id`, `date_added`, `customer_notified`, `comments`, `editor_id`) VALUES
(1, 1, 1, '2006-03-03 12:31:30', 0, 'Colli 8 aus Produkt 14 mit 1 gespeichert; --', 4457),
(2, 1, 1, '2006-03-03 12:32:07', 0, 'Vom Versand ausgeschlossen: Muss nochmal versand zahlen', 4457),
(3, 1, 1, '2010-03-25 22:13:04', 0, 'Die Retoure 1 wurde angelegt.', 1),
(4, 1, 1, '2010-03-25 22:13:04', 0, 'Angelegt: ', 1),
(5, 1, 1, '2010-03-25 22:13:28', 0, 'Im Versandmodul verfuegbar gemacht.', 1),
(6, 1, 1, '2010-03-25 22:15:30', 0, 'Ware ging über Post in den Versand.', 1),
(7, 1, 2, '2010-03-25 22:21:32', 0, 'Statusaenderung zu In Bearbeitung: Prüfung', 1),
(8, 1, 3, '2010-03-25 22:21:47', 0, 'Statusaenderung zu Abgeschlossen: In Ordnung', 1),
(9, 1, 3, '2010-03-25 22:25:27', 0, 'Die Retoure 1 hat neuen Status Abholung angewiesen', 1),
(10, 1, 3, '2010-03-25 22:25:41', 0, 'Der Wareneingang der Retoure 1 wurde gebucht.', 1),
(11, 1, 3, '2010-03-25 22:25:41', 0, 'Die Retoure 1 hat neuen Status Beendet', 1),
(12, 2, 3, '2013-11-06 17:27:01', 0, 'Die Retoure 2 wurde angelegt.', 1),
(13, 2, 3, '2013-11-06 17:27:01', 0, 'Die Rueckerstattung (Bar) 2 wurde angelegt.', 1),
(14, 2, 3, '2013-11-06 17:27:01', 0, 'Angelegt: ', 1),
(15, 2, 3, '2013-11-06 17:27:49', 0, 'Die Retoure 2 hat neuen Status Abholung angewiesen', 1),
(16, 3, 1, '2018-03-07 14:28:35', 0, 'Angelegt: Bohrung hat gefehlt - neu anfertigen', 4999),
(17, 3, 1, '2018-03-07 14:28:35', 0, 'Angelegt: Bohrung hat gefehlt - neu anfertigen', 4999),
(18, 3, 1, '2018-03-07 14:28:45', 0, 'Im Versandmodul verf&uuml;gbar gemacht.', 4999),
(19, 3, 3, '2018-03-07 14:29:25', 0, 'Ware ging über DPD in den Versand.', 4999),
(20, 4, 1, '2018-04-05 10:38:52', 0, 'Angelegt: Votivglas geliefert', 5000),
(21, 4, 1, '2018-04-05 10:39:00', 0, 'Im Versandmodul verf&uuml;gbar gemacht.', 5000),
(22, 4, 3, '2018-04-05 10:39:16', 0, 'Ware ging über DPD in den Versand.', 5000),
(23, 5, 1, '2018-09-25 10:04:13', 0, 'Angelegt: falsches Base (mit Dekor) zugesendet', 5000),
(24, 5, 1, '2018-09-25 10:04:20', 0, 'Im Versandmodul verf&uuml;gbar gemacht.', 5000),
(25, 5, 3, '2018-09-25 10:04:43', 0, 'Ware ging über DPD in den Versand.', 5000),
(26, 6, 1, '2018-11-13 14:58:44', 0, 'Angelegt: Lieferschaden', 5000),
(27, 6, 1, '2018-11-13 14:58:52', 0, 'Im Versandmodul verf&uuml;gbar gemacht.', 5000),
(28, 6, 3, '2018-11-13 14:59:16', 0, 'Ware ging über DPD in den Versand.', 5000),
(29, 7, 1, '2018-12-13 16:06:23', 0, 'Angelegt: Liefderschaden', 4999),
(30, 7, 1, '2018-12-13 16:06:47', 0, 'Im Versandmodul verf&uuml;gbar gemacht.', 4999),
(31, 7, 3, '2018-12-14 11:09:50', 0, 'Ware ging über DPD in den Versand.', 4999),
(32, 8, 1, '2019-01-25 08:57:53', 0, 'Angelegt: hat anderer KD bekommen, Ersatzlieferung', 5000),
(33, 8, 1, '2019-01-25 08:58:04', 0, 'Im Versandmodul verf&uuml;gbar gemacht.', 5000),
(34, 8, 3, '2019-01-25 08:58:23', 0, 'Ware ging über DPD in den Versand.', 5000),
(35, 9, 1, '2019-02-11 09:20:11', 0, 'Angelegt: Lieferschaden', 5000),
(36, 9, 1, '2019-02-11 09:20:18', 0, 'Im Versandmodul verf&uuml;gbar gemacht.', 5000),
(37, 9, 3, '2019-02-11 09:20:45', 0, 'Ware ging über DPD in den Versand.', 5000),
(38, 10, 1, '2019-06-13 09:49:24', 0, 'Angelegt: Teller gebrochen', 5000),
(39, 10, 1, '2019-06-13 09:49:31', 0, 'Im Versandmodul verf&uuml;gbar gemacht.', 5000),
(40, 10, 3, '2019-06-13 09:50:07', 0, 'Ware ging über DPD in den Versand.', 5000),
(41, 11, 1, '2019-08-26 10:26:54', 0, 'Angelegt: ', 4999),
(42, 11, 1, '2019-08-26 10:27:17', 0, 'Im Versandmodul verf&uuml;gbar gemacht.', 4999),
(43, 12, 1, '2019-08-26 13:58:14', 0, 'Angelegt: ', 4999),
(44, 12, 1, '2019-08-26 13:58:26', 0, 'Im Versandmodul verf&uuml;gbar gemacht.', 4999),
(45, 11, 3, '2019-08-27 10:23:09', 0, 'Ware ging über DPD in den Versand.', 4999),
(46, 12, 3, '2019-08-27 10:23:09', 0, 'Ware ging über Post in den Versand.', 4999),
(47, 13, 1, '2019-12-02 16:32:31', 0, 'Angelegt: nur Leuchtglas versendet anstatt Lampe', 5000),
(48, 13, 1, '2019-12-02 16:32:31', 0, 'Angelegt: nur Leuchtglas versendet anstatt Lampe', 5000),
(49, 13, 1, '2019-12-02 16:32:31', 0, 'Angelegt: nur Leuchtglas versendet anstatt Lampe', 5000),
(50, 13, 1, '2019-12-02 16:32:43', 0, 'Im Versandmodul verf&uuml;gbar gemacht.', 5000),
(51, 13, 3, '2019-12-03 08:32:03', 0, 'Ware ging über DPD in den Versand.', 5000),
(52, 14, 1, '2020-01-27 14:21:33', 0, 'Angelegt: Art 220 anstelle 200 erhalten', 5000),
(53, 14, 1, '2020-01-27 14:21:44', 0, 'Im Versandmodul verf&uuml;gbar gemacht.', 5000),
(54, 14, 3, '2020-01-28 10:42:31', 0, 'Ware ging über DPD in den Versand.', 5000),
(55, 15, 1, '2020-01-31 10:40:35', 0, 'Angelegt: ERsatzlieferung 182, da 455 nicht lieferbar', 5000),
(56, 15, 1, '2020-01-31 10:40:52', 0, 'Reklamation wurde per Quick Versand ins Versandmodul übergeben.', 5000),
(57, 15, 3, '2020-01-31 10:40:53', 0, 'Ware ging über DPD in den Versand.', 5000),
(58, 16, 1, '2020-09-28 13:58:37', 0, 'Angelegt: ohne Holzsockel geliefert', 4999),
(59, 16, 1, '2020-09-28 13:58:53', 0, 'Im Versandmodul verf&uuml;gbar gemacht.', 4999),
(60, 16, 3, '2020-09-29 09:42:36', 0, 'Ware ging über GLS in den Versand.', 5000),
(61, 17, 1, '2020-11-24 13:13:46', 0, 'Angelegt: Nr.3 versendet anstelle 32', 5000),
(62, 17, 1, '2020-11-24 13:13:56', 0, 'Im Versandmodul verf&uuml;gbar gemacht.', 5000),
(63, 17, 3, '2020-11-26 11:37:31', 0, 'Ware ging über GLS in den Versand.', 5000),
(64, 18, 1, '2020-12-11 15:36:43', 0, 'Angelegt: ', 4999),
(65, 18, 1, '2020-12-11 16:43:46', 0, 'Im Versandmodul verf&uuml;gbar gemacht.', 4999),
(66, 18, 3, '2020-12-11 17:04:18', 0, 'Ware ging über GLS in den Versand.', 4999),
(67, 19, 1, '2020-12-17 15:55:46', 0, 'Angelegt: nur Leuchtglas versendet', 5000),
(68, 19, 1, '2020-12-17 15:55:54', 0, 'Im Versandmodul verf&uuml;gbar gemacht.', 5000),
(69, 19, 3, '2020-12-18 08:17:07', 0, 'Ware ging über GLS in den Versand.', 5000),
(70, 20, 1, '2020-12-18 13:35:01', 0, 'Angelegt: Delle im Overlay, nur Glas versendet', 5000),
(71, 20, 1, '2020-12-18 13:35:13', 0, 'Im Versandmodul verf&uuml;gbar gemacht.', 5000),
(72, 20, 3, '2020-12-18 13:35:38', 0, 'Ware ging über GLS in den Versand.', 5000),
(73, 21, 1, '2021-01-07 11:15:55', 0, 'Angelegt: Motiv am Glas falsch', 5000),
(74, 21, 1, '2021-01-07 11:16:02', 0, 'Im Versandmodul verf&uuml;gbar gemacht.', 5000),
(75, 21, 3, '2021-01-07 11:16:17', 0, 'Ware ging über GLS in den Versand.', 5000),
(76, 22, 1, '2021-01-08 09:19:41', 0, 'Die Rückerstattung 12 wurde angelegt.', 5000),
(77, 22, 1, '2021-01-08 09:19:41', 0, 'Angelegt: Starlight 266 nicht lieferbar', 5000),
(78, 22, 1, '2021-01-08 09:23:08', 0, 'Die R&uuml;erstattung #12 wurde gezahlt. Kommentar: pp 080121\r\n', 5000),
(79, 22, 3, '2021-01-08 09:23:08', 0, 'Die Reklamation wurde mit Bezahltmeldung der R&uuml;erstattung 12 auf den Status \"Abgeschlossen\" gesetzt.', 5000),
(80, 23, 1, '2021-03-16 16:57:38', 0, 'Angelegt: Lieferschaden', 5000),
(81, 23, 1, '2021-03-16 16:58:04', 0, 'Wie gewünscht liefern wir das Motiv 182', 5000),
(82, 23, 1, '2021-03-16 16:58:36', 1, 'Wie gewünscht liefern wir als Ersatzglas das Motiv Nr. 182', 5000),
(83, 23, 1, '2021-03-16 16:58:48', 0, 'Im Versandmodul verf&uuml;gbar gemacht.', 5000),
(84, 23, 3, '2021-03-17 09:14:46', 0, 'Ware ging über GLS in den Versand.', 5000),
(85, 24, 1, '2021-04-05 09:45:04', 0, 'Angelegt: Starlight 188  versendet', 5000),
(86, 24, 1, '2021-04-05 09:45:13', 0, 'Im Versandmodul verf&uuml;gbar gemacht.', 5000),
(87, 24, 3, '2021-04-06 09:13:26', 0, 'Ware ging über GLS in den Versand.', 5000),
(88, 25, 1, '2021-04-28 07:48:09', 0, 'Angelegt: Kundennummer: 6351\r\nRechnungsnummer: 1099\r\n\r\nSehr geehrte Herr Arnold,\r\n \r\nwie telfonisch mit Ihnen besprochen, sende ich Ihnen ein Bild des beschädigten Windlichtes\r\nStarlight Votiv small Nr. 84 Libelle.\r\n\r\nMit freundlichen Grüßen\r\nEdda Hoppe\r\n \r\nMühlenstr. 8\r\n29342 Wienhausen\r\nTel. 05149 366', 4999),
(89, 25, 1, '2021-04-28 07:48:14', 0, 'Im Versandmodul verf&uuml;gbar gemacht.', 4999),
(90, 25, 3, '2021-04-28 08:12:42', 0, 'Ware ging über GLS in den Versand.', 5000),
(91, 26, 1, '2021-11-08 11:36:18', 0, 'Angelegt: ', 4999),
(92, 26, 1, '2021-11-08 11:36:28', 0, 'Im Versandmodul verf&uuml;gbar gemacht.', 4999),
(93, 26, 3, '2021-11-16 10:16:54', 0, 'Ware ging über GLS in den Versand.', 5000),
(94, 27, 1, '2021-11-18 12:21:27', 0, 'Angelegt: falsch geliefert 346 anstatt 341', 5000),
(95, 27, 1, '2021-11-18 12:21:34', 0, 'Im Versandmodul verf&uuml;gbar gemacht.', 5000),
(96, 27, 3, '2021-11-18 12:21:50', 0, 'Ware ging über GLS in den Versand.', 5000),
(97, 28, 1, '2021-11-19 13:57:16', 0, 'Die Rückerstattung 18 wurde angelegt.', 5000),
(98, 28, 1, '2021-11-19 13:57:16', 0, 'Angelegt: falsche Bestellung - neuer Auftrag RG 1274, GS nur für Artikel, ohne Versandkosten', 5000),
(99, 28, 1, '2021-11-19 13:57:16', 0, 'Angelegt: falsche Bestellung - neuer Auftrag RG 1274, GS nur für Artikel, ohne Versandkosten', 5000),
(100, 28, 1, '2021-11-19 13:57:16', 0, 'Angelegt: falsche Bestellung - neuer Auftrag RG 1274, GS nur für Artikel, ohne Versandkosten', 5000),
(101, 28, 3, '2021-11-19 13:57:34', 0, 'Statusänderung zu Abgeschlossen: RG1274', 5000),
(102, 28, 3, '2021-11-19 13:57:55', 0, 'Die R&uuml;erstattung #18 wurde gezahlt. Kommentar: RG1274', 5000),
(103, 29, 1, '2021-12-09 14:56:45', 0, 'Angelegt: Lieferschaden lt Bild', 5000),
(104, 29, 1, '2021-12-09 14:56:54', 0, 'Im Versandmodul verf&uuml;gbar gemacht.', 5000),
(105, 29, 3, '2021-12-10 08:33:44', 0, 'Ware ging über GLS in den Versand.', 5000),
(106, 30, 1, '2021-12-22 11:14:39', 0, 'Angelegt: KD hat angerufen, dass er SLvs anstelle der Glocke erhalten hat', 5000),
(107, 30, 1, '2021-12-22 11:14:51', 0, 'Im Versandmodul verf&uuml;gbar gemacht.', 5000),
(108, 30, 3, '2021-12-22 11:15:13', 0, 'Ware ging über GLS in den Versand.', 5000),
(109, 31, 1, '2022-02-07 08:27:08', 0, 'Angelegt: nur Sockel neu versendet - Problem in der Elektrik', 5000),
(110, 31, 1, '2022-02-07 08:27:14', 0, 'Im Versandmodul verf&uuml;gbar gemacht.', 5000),
(111, 31, 3, '2022-02-07 08:27:30', 0, 'Ware ging über GLS in den Versand.', 5000),
(112, 32, 1, '2022-02-09 09:32:57', 0, 'Angelegt: ', 4999),
(113, 32, 1, '2022-02-09 09:33:42', 0, 'Im Versandmodul verf&uuml;gbar gemacht.', 4999),
(114, 32, 3, '2022-02-09 10:52:08', 0, 'Ware ging über GLS in den Versand.', 5000),
(115, 33, 1, '2022-03-15 15:11:28', 0, 'Die Rückerstattung 24 wurde angelegt.', 5000),
(116, 33, 1, '2022-03-15 15:11:28', 0, 'Angelegt: wg Absplitterungen an Bohrung reklamiert', 5000),
(117, 33, 3, '2022-03-15 15:14:55', 0, 'Statusänderung zu Abgeschlossen: überwiesen 150322', 5000),
(118, 33, 3, '2022-03-15 15:15:12', 0, 'Die R&uuml;erstattung #24 wurde gezahlt. Kommentar:  kein Kommentar hinterlegt', 5000),
(119, 34, 1, '2022-05-18 06:03:36', 0, 'Angelegt: nur Sockel erneut versendet', 5000),
(120, 34, 1, '2022-05-18 06:03:50', 0, 'Reklamation wurde per Quick Versand ins Versandmodul übergeben.', 5000),
(121, 34, 3, '2022-05-18 06:03:50', 0, 'Ware ging über GLS in den Versand.', 5000),
(122, 35, 1, '2022-08-19 12:59:41', 0, 'Die Rückerstattung 26 wurde angelegt.', 5000),
(123, 35, 1, '2022-08-19 12:59:41', 0, 'Angelegt: Widerruf/ Warenrücksendung LG182mB', 5000),
(124, 35, 3, '2022-08-19 12:59:57', 0, 'Statusänderung zu Abgeschlossen: PP 190822', 5000),
(125, 35, 3, '2022-08-19 13:00:26', 1, 'Die R&uuml;erstattung #26 wurde gezahlt. Kommentar:  kein Kommentar hinterlegt', 5000),
(126, 36, 1, '2022-11-23 17:35:01', 0, 'Angelegt: ', 4999),
(127, 36, 1, '2022-11-23 17:35:31', 0, 'Artikelname wurde geändert in: \"Leuchtglas 11cm Nr.177 (Ersatzteilversand aus Orig: Leuchtglas 11cm Nr.177\"', 4999),
(128, 36, 1, '2022-11-23 17:35:47', 0, 'Im Versandmodul verf&uuml;gbar gemacht.', 4999),
(129, 36, 1, '2022-11-24 10:55:57', 0, 'Rekl.: 36, Physikalische Bestandsänderung durch Versand (-1 Stk.) [pID 417] Leuchtglas 11cm Nr.177 (Ersatzteilversand aus Orig: Leuchtglas 11cm Nr.177', 5000),
(130, 36, 3, '2022-11-24 10:55:57', 0, 'Ware ging über GLS in den Versand.', 5000),
(131, 36, 3, '2022-11-24 16:49:12', 0, 'shipping mail sent', 4999),
(132, 37, 1, '2022-11-29 11:19:22', 0, 'Angelegt: nicht mit versendet', 5000),
(133, 37, 1, '2022-11-29 11:19:30', 0, 'Im Versandmodul verf&uuml;gbar gemacht.', 5000),
(134, 37, 1, '2022-11-29 11:19:54', 0, 'Rekl.: 37, Physikalische Bestandsänderung durch Versand (-4 Stk.) [pID 182] Votiv-Glas 127 Sonnenuntergang', 5000),
(135, 37, 3, '2022-11-29 11:19:54', 0, 'Ware ging über GLS in den Versand.', 5000),
(136, 37, 3, '2022-11-29 16:33:14', 0, 'shipping mail sent', 4999),
(137, 38, 1, '2022-12-14 07:48:41', 0, 'Angelegt: siehe Kommentar', 5000),
(138, 38, 1, '2022-12-14 07:48:47', 0, 'Im Versandmodul verf&uuml;gbar gemacht.', 5000),
(139, 38, 1, '2022-12-14 07:51:24', 0, 'Rekl.: 38, Physikalische Bestandsänderung durch Versand (-1 Stk.) [pID 1392] Leuchtglas 11cm Nr.290 bunte Stadt MIT 30mm Bohrung Tauschglas Ersatzglas', 5000),
(140, 38, 3, '2022-12-14 07:51:24', 0, 'Ware ging über GLS in den Versand.', 5000),
(141, 38, 3, '2022-12-14 16:44:38', 0, 'shipping mail sent', 4999),
(142, 39, 1, '2022-12-22 10:55:42', 0, 'Angelegt: Lieferschaden', 5000),
(143, 39, 1, '2022-12-22 10:55:51', 0, 'Im Versandmodul verf&uuml;gbar gemacht.', 5000),
(144, 39, 1, '2022-12-22 10:56:07', 0, 'Rekl.: 39, Physikalische Bestandsänderung durch Versand (-1 Stk.) [pID 817] Leuchtglas 15cm Nr.175 Winter in den Bergen', 5000),
(145, 39, 3, '2022-12-22 10:56:07', 0, 'Ware ging über GLS in den Versand.', 5000),
(146, 39, 3, '2022-12-22 17:02:21', 0, 'shipping mail sent', 4999),
(147, 40, 1, '2023-08-02 11:02:30', 0, 'Angelegt: Sockel fehlen', 5000),
(148, 40, 1, '2023-08-02 11:02:30', 0, 'Angelegt: Sockel fehlen', 5000),
(149, 40, 1, '2023-08-02 11:02:37', 0, 'Im Versandmodul verf&uuml;gbar gemacht.', 5000),
(150, 40, 1, '2023-08-02 11:02:52', 0, 'Rekl.: 40, Physikalische Bestandsänderung durch Versand (-1 Stk.) [pID 987] Leuchtglas Lampe 11cm Nr.210 Katzenpaar, bunt, elektrisch betrieben', 5000),
(151, 40, 1, '2023-08-02 11:02:52', 0, 'Rekl.: 40, Physikalische Bestandsänderung durch Versand (-1 Stk.) [pID 1052] Leuchtglas Lampe 11cm Nr.468 Blumenmeer, elektrisch betrieben', 5000),
(152, 40, 3, '2023-08-02 11:02:52', 0, 'Ware ging über GLS in den Versand.', 5000),
(153, 0, 0, '2023-08-02 13:54:09', 0, 'GLS Tracking ID: 414966717350', 4999),
(154, 0, 0, '2023-08-02 13:54:09', 0, 'GLS Tracking ID: 414966717367', 4999),
(155, 40, 3, '2023-08-02 13:54:16', 0, 'shipping mail sent', 4999),
(156, 0, 0, '2023-08-11 14:11:09', 0, 'GLS Tracking ID: 414966718982', 4999),
(157, 41, 1, '2023-09-06 17:51:36', 0, 'Angelegt: Glasrand gebrochen', 5000),
(158, 41, 1, '2023-09-06 17:51:43', 0, 'Im Versandmodul verf&uuml;gbar gemacht.', 5000),
(159, 41, 1, '2023-09-08 05:59:27', 0, 'Rekl.: 41, Physikalische Bestandsänderung durch Versand (-1 Stk.) [pID 382] Leuchtglas 11cm Nr.272 Schildkrötenpaar, Schildkröte', 5000),
(160, 41, 3, '2023-09-08 05:59:27', 0, 'Ware ging über GLS in den Versand.', 5000),
(161, 0, 0, '2023-09-08 12:19:31', 0, 'GLS Tracking ID: 414967752794', 4999),
(162, 41, 3, '2023-09-08 12:19:37', 0, 'shipping mail sent', 4999),
(163, 42, 1, '2023-10-12 11:49:03', 0, 'Angelegt: 197 bekommen', 5000),
(164, 42, 1, '2023-10-12 11:49:10', 0, 'Im Versandmodul verf&uuml;gbar gemacht.', 5000),
(165, 42, 1, '2023-10-12 11:49:25', 0, 'Rekl.: 42, Physikalische Bestandsänderung durch Versand (-1 Stk.) [pID 632] Starlight Nr.200 rauhe See mit Booten und Leuchtturm', 5000),
(166, 42, 3, '2023-10-12 11:49:25', 0, 'Ware ging über GLS in den Versand.', 5000),
(167, 0, 0, '2023-10-12 16:27:21', 0, 'GLS Tracking ID: 414970152079', 4999),
(168, 42, 3, '2023-10-12 16:28:45', 0, 'shipping mail sent', 4999),
(169, 43, 1, '2023-10-16 17:38:07', 0, 'Angelegt: 1x Leuchtmittel zusenden', 5000),
(170, 43, 1, '2023-10-16 17:38:18', 0, 'Im Versandmodul verf&uuml;gbar gemacht.', 5000),
(171, 43, 1, '2023-10-17 08:59:34', 0, 'Rekl.: 43, Physikalische Bestandsänderung durch Versand (-1 Stk.) [pID 869] Gigant Nr.290 bunte Stadt, Leuchtglas elektrisch betrieben, Durchmesser 30cm', 5000),
(172, 43, 3, '2023-10-17 08:59:34', 0, 'Ware ging über GLS in den Versand.', 5000),
(173, 0, 0, '2023-10-17 13:36:32', 0, 'GLS Tracking ID: 414970152918', 4999),
(174, 0, 0, '2023-10-17 13:36:32', 0, 'GLS Tracking ID: 414970153090', 4999),
(175, 43, 3, '2023-10-17 17:53:42', 0, 'shipping mail sent', 5000),
(176, 0, 0, '2023-10-18 16:11:10', 0, 'GLS Tracking ID: 414970153151', 4999),
(177, 0, 0, '2023-10-19 15:19:41', 0, 'GLS Tracking ID: 414970153441', 4999),
(178, 44, 1, '2023-11-08 13:56:21', 0, 'Angelegt: Lieferschaden', 5000),
(179, 44, 1, '2023-11-08 13:56:26', 0, 'Im Versandmodul verf&uuml;gbar gemacht.', 5000),
(180, 44, 1, '2023-11-08 16:02:01', 0, 'Rekl.: 44, Physikalische Bestandsänderung durch Versand (-1 Stk.) [pID 582] Starlight Nr.132 Mozart', 5000),
(181, 44, 3, '2023-11-08 16:02:01', 0, 'Ware ging über GLS in den Versand.', 5000),
(182, 0, 0, '2023-11-09 16:56:38', 0, 'GLS Tracking ID: 414971121999', 4999),
(183, 44, 3, '2023-11-09 16:56:50', 0, 'shipping mail sent', 4999),
(184, 45, 1, '2023-11-19 14:18:47', 0, 'Angelegt: siehe Kommentar', 5000),
(185, 45, 1, '2023-11-19 14:18:47', 0, 'Angelegt: siehe Kommentar', 5000),
(186, 45, 1, '2023-11-19 14:18:55', 0, 'Im Versandmodul verf&uuml;gbar gemacht.', 5000),
(187, 45, 1, '2023-11-19 14:21:23', 0, 'Rekl.: 45, Physikalische Bestandsänderung durch Versand (-1 Stk.) [pID 1195] Lotosblüte Lotoslicht Nr.2 rose, Herzensenergie', 5000),
(188, 45, 1, '2023-11-19 14:21:23', 0, 'Rekl.: 45, Physikalische Bestandsänderung durch Versand (-1 Stk.) [pID 1202] Lotosblüte Lotoslicht Nr.9 grün, Hoffnung', 5000),
(189, 45, 3, '2023-11-19 14:21:23', 0, 'Ware ging über GLS in den Versand.', 5000),
(190, 0, 0, '2023-11-20 13:06:55', 0, 'GLS Tracking ID: 414972041777', 4999),
(191, 45, 3, '2023-11-20 15:52:29', 0, 'shipping mail sent', 5000),
(192, 0, 0, '2023-11-24 10:27:59', 0, 'GLS Tracking ID: 414972042996', 4999),
(193, 0, 0, '2023-11-29 13:31:16', 0, 'GLS Tracking ID: 414972044129', 4999),
(194, 0, 0, '2023-12-05 12:12:01', 0, 'GLS Tracking ID: 414973177666', 4999),
(195, 0, 0, '2023-12-18 15:17:08', 0, ' Tracking ID: 414973181533', 4999),
(196, 0, 0, '2023-12-21 14:51:22', 0, ' Tracking ID: 414974546027', 4999),
(197, 0, 0, '2023-12-27 16:40:21', 0, ' Tracking ID: 414974546690', 4999),
(198, 46, 1, '2024-01-10 08:54:32', 0, 'Angelegt: defekt', 5000),
(199, 46, 1, '2024-01-10 08:54:37', 0, 'Im Versandmodul verf&uuml;gbar gemacht.', 5000),
(200, 46, 1, '2024-01-10 08:54:53', 0, 'Rekl.: 46, Physikalische Bestandsänderung durch Versand (-1 Stk.) [pID 509] Starlight LED Base, batteriebetrieben', 5000),
(201, 46, 3, '2024-01-10 08:54:53', 0, 'Ware ging über GLS in den Versand.', 5000),
(202, 46, 3, '2024-01-10 15:19:41', 0, 'GLS Tracking ID: 414974550291', 4999),
(203, 46, 3, '2024-01-10 16:52:18', 0, 'shipping mail sent', 5000),
(204, 0, 0, '2024-01-15 12:52:08', 0, ' Tracking ID: 414974550574', 4999),
(205, 0, 0, '2024-01-29 16:07:39', 0, ' Tracking ID: 414975151978', 4999),
(206, 0, 0, '2024-01-31 13:25:40', 0, ' Tracking ID: 414975152647', 4999),
(207, 47, 1, '2024-02-08 05:56:09', 0, 'Angelegt: 456 bekommen', 5000),
(208, 47, 1, '2024-02-08 05:56:16', 0, 'Im Versandmodul verf&uuml;gbar gemacht.', 5000),
(209, 47, 1, '2024-02-08 09:21:14', 0, 'Rekl.: 47, Physikalische Bestandsänderung durch Versand (-1 Stk.) [pID 428] Leuchtglas 11cm Nr.455 Städtchen bunt', 5000),
(210, 47, 3, '2024-02-08 09:21:14', 0, 'Ware ging über GLS in den Versand.', 5000),
(211, 47, 3, '2024-02-08 16:55:05', 0, 'GLS Tracking ID: 414975153835', 4999),
(212, 0, 0, '2024-02-08 16:55:05', 0, ' Tracking ID: 414975153842', 4999),
(213, 47, 3, '2024-02-08 16:55:13', 0, 'shipping mail sent', 4999),
(214, 48, 1, '2024-02-12 14:49:02', 0, 'Angelegt: siehe Kommentar', 5000),
(215, 48, 1, '2024-02-12 14:49:08', 0, 'Im Versandmodul verf&uuml;gbar gemacht.', 5000),
(216, 48, 1, '2024-02-13 09:33:15', 0, 'Rekl.: 48, Physikalische Bestandsänderung durch Versand (-1 Stk.) [pID 549] Starlight Nr.84 Libelle', 5000),
(217, 48, 3, '2024-02-13 09:33:15', 0, 'Ware ging über DHL in den Versand.', 5000),
(218, 48, 3, '2024-02-15 19:30:03', 0, 'shipping mail sent', 5000),
(219, 0, 0, '2024-02-20 17:21:28', 0, ' Tracking ID: 414976640204', 4999),
(220, 49, 1, '2024-02-26 12:21:30', 0, 'Angelegt: Motiv 32 versendet', 4999),
(221, 49, 1, '2024-02-26 12:21:45', 0, 'Im Versandmodul verf&uuml;gbar gemacht.', 4999),
(222, 49, 1, '2024-02-26 12:22:08', 0, 'Rekl.: 49, Physikalische Bestandsänderung durch Versand (-1 Stk.) [pID 887] Leuchtglas Lampe 15cm Nr.37 Kirchenbesuch am Sonntag', 4999),
(223, 49, 3, '2024-02-26 12:22:08', 0, 'Ware ging über GLS in den Versand.', 4999),
(224, 49, 3, '2024-02-26 12:22:51', 0, 'GLS Tracking ID: 414976641065', 4999),
(225, 49, 3, '2024-02-26 15:59:00', 0, 'shipping mail sent', 5000),
(226, 0, 0, '2024-02-27 12:24:30', 0, ' Tracking ID: 414976641072', 4999),
(227, 0, 0, '2024-02-27 12:24:30', 0, ' Tracking ID: 414976641225', 4999),
(228, 0, 0, '2024-02-28 12:16:51', 0, ' Tracking ID: 414976641256', 4999),
(229, 0, 0, '2024-02-28 12:16:51', 0, ' Tracking ID: 414976641263', 4999),
(230, 0, 0, '2024-03-18 12:06:13', 0, ' Tracking ID: 414976642659', 4999),
(231, 0, 0, '2024-04-03 06:09:36', 0, ' Tracking ID: 414978367796', 4999),
(232, 0, 0, '2024-04-08 11:21:31', 0, ' Tracking ID: 414978368564', 4999),
(233, 0, 0, '2024-04-15 06:16:28', 0, ' Tracking ID: 414980533134', 4999),
(234, 0, 0, '2024-04-15 06:16:28', 0, ' Tracking ID: 414980533141', 4999),
(235, 0, 0, '2024-04-16 06:00:34', 0, ' Tracking ID: 414980533134', 4999),
(236, 0, 0, '2024-04-16 06:00:34', 0, ' Tracking ID: 414980533141', 4999),
(237, 0, 0, '2024-04-16 06:00:34', 0, ' Tracking ID: 414980533400', 4999),
(238, 50, 1, '2024-04-22 15:12:37', 0, 'Angelegt: 1684 versendet', 5000),
(239, 50, 1, '2024-04-22 15:12:43', 0, 'Im Versandmodul verf&uuml;gbar gemacht.', 5000),
(240, 50, 1, '2024-04-23 08:10:11', 0, 'Rekl.: 50, Physikalische Bestandsänderung durch Versand (-2 Stk.) [pID 508] Starlight LED Base mit Dekorrand, batteriebetrieben', 5000),
(241, 50, 3, '2024-04-23 08:10:11', 0, 'Ware ging über GLS in den Versand.', 5000),
(242, 50, 3, '2024-04-23 08:19:42', 0, 'GLS Tracking ID: 414981527286', 4999),
(243, 50, 3, '2024-04-23 19:42:35', 0, 'shipping mail sent', 5000),
(244, 51, 1, '2024-04-26 11:33:44', 0, 'Angelegt: siehe kommentar', 4999),
(245, 51, 1, '2024-04-26 11:33:50', 0, 'Im Versandmodul verf&uuml;gbar gemacht.', 4999),
(246, 51, 1, '2024-04-26 11:34:04', 0, 'Rekl.: 51, Physikalische Bestandsänderung durch Versand (-1 Stk.) [pID 156] Votiv-Glas 59 - Stadt bei Nacht, modern', 4999),
(247, 51, 3, '2024-04-26 11:34:04', 0, 'Ware ging über GLS in den Versand.', 4999),
(248, 51, 3, '2024-04-26 14:41:09', 0, 'GLS Tracking ID: 414981527750', 4999),
(249, 0, 0, '2024-04-29 10:39:30', 0, ' Tracking ID: 414981528269', 4999),
(250, 51, 3, '2024-04-29 18:52:41', 0, 'shipping mail sent', 5000),
(251, 0, 0, '2024-05-02 11:26:55', 0, ' Tracking ID: 414981528627', 4999),
(252, 0, 0, '2024-05-03 11:42:54', 0, ' Tracking ID: 414981528627', 4999),
(253, 0, 0, '2024-06-05 15:48:12', 0, ' Tracking ID: 414982964509', 4999),
(254, 52, 1, '2024-06-11 09:36:09', 0, 'Angelegt: siehe kommentar', 5000),
(255, 52, 1, '2024-06-11 09:36:19', 0, 'Im Versandmodul verf&uuml;gbar gemacht.', 5000),
(256, 52, 1, '2024-06-12 05:45:27', 0, 'Rekl.: 52, Physikalische Bestandsänderung durch Versand (-1 Stk.) [pID 508] Starlight LED Base mit Dekorrand, batteriebetrieben', 5000),
(257, 52, 3, '2024-06-12 05:45:27', 0, 'Ware ging über GLS in den Versand.', 5000),
(258, 52, 3, '2024-06-12 14:59:54', 0, 'GLS Tracking ID: 414984237786', 4999),
(259, 52, 3, '2024-06-12 15:00:01', 0, 'shipping mail sent', 4999),
(260, 0, 0, '2024-06-24 11:31:56', 0, ' Tracking ID: 414984239377', 4999),
(261, 0, 0, '2024-07-02 14:13:15', 0, ' Tracking ID: 414985162650', 4999),
(262, 53, 1, '2024-08-30 07:24:39', 0, 'Die Rückerstattung 46 wurde angelegt.', 5000),
(263, 53, 1, '2024-08-30 07:24:39', 0, 'Angelegt: siehe kommentar', 5000),
(264, 53, 1, '2024-08-30 07:24:39', 0, 'Angelegt: siehe kommentar', 5000),
(265, 53, 1, '2024-08-30 07:28:39', 1, 'Die R&uuml;erstattung #46 wurde gezahlt. Kommentar:  kein Kommentar hinterlegt', 5000),
(266, 53, 3, '2024-08-30 07:28:41', 0, 'Die Reklamation wurde mit Bezahltmeldung der R&uuml;erstattung 46 auf den Status \"Abgeschlossen\" gesetzt.', 5000),
(267, 54, 1, '2024-11-04 14:24:40', 0, 'Angelegt: siehe kommentar', 5000),
(268, 54, 1, '2024-11-04 14:24:47', 0, 'Im Versandmodul verf&uuml;gbar gemacht.', 5000),
(269, 54, 1, '2024-11-04 16:51:10', 0, 'Aus Versandmodul entfernt', 5000),
(270, 54, 1, '2024-11-06 14:05:18', 0, 'Rekl.: 54, Physikalische Bestandsänderung durch Versand (-2 Stk.) [pID 6] Bohrung für Leuchtglas 11cm / 15cm für Tausch-Ersatzglas 30mm', 5000),
(271, 54, 3, '2024-11-06 14:05:18', 0, 'Ware ging über DHL in den Versand.', 5000),
(272, 54, 3, '2024-11-06 17:21:31', 0, 'shipping mail sent', 5000),
(273, 55, 1, '2024-11-18 09:49:50', 0, 'Angelegt: siehe Kommentar', 5000),
(274, 55, 1, '2024-11-18 09:49:57', 0, 'Im Versandmodul verf&uuml;gbar gemacht.', 5000),
(275, 55, 1, '2024-11-18 11:47:57', 0, 'Rekl.: 55, Physikalische Bestandsänderung durch Versand (-1 Stk.) [pID 945] Leuchtglas Lampe 11cm Nr.59 Stadt bei Nacht, abstrakt, elektrisch betrieben', 5000),
(276, 55, 3, '2024-11-18 11:47:57', 0, 'Ware ging über D.H.L. in den Versand.', 5000),
(277, 55, 3, '2024-11-18 12:55:54', 0, 'shipping mail sent', 5000),
(278, 56, 1, '2024-12-09 09:53:51', 0, 'Angelegt: siehe Kommentar', 5000),
(279, 56, 1, '2024-12-09 09:53:57', 0, 'Im Versandmodul verf&uuml;gbar gemacht.', 5000),
(280, 56, 1, '2024-12-10 06:23:45', 0, 'Rekl.: 56, Physikalische Bestandsänderung durch Versand (-1 Stk.) [pID 366] Leuchtglas 11cm Nr.182 Stadt im Sommer', 5000),
(281, 56, 3, '2024-12-10 06:23:45', 0, 'Ware ging über DHL in den Versand.', 5000),
(282, 56, 3, '2024-12-10 19:29:48', 0, 'shipping mail sent', 5000),
(283, 57, 1, '2024-12-20 10:56:09', 0, 'Angelegt: siehe Kommentar', 5000),
(284, 57, 1, '2024-12-20 10:56:25', 0, 'Adresse (shipping) wurde geändert: delivery_company:,delivery_name: Thea Willerms,delivery_street_address: Burgemeester van Laarstraat 45,delivery_suburb:,delivery_postcode: 6267EV,delivery_city: Cadier en Keer,delivery_state:,delivery_country: 150', 5000),
(285, 57, 1, '2024-12-20 10:56:31', 0, 'Im Versandmodul verf&uuml;gbar gemacht.', 5000),
(286, 57, 1, '2024-12-20 13:54:27', 0, 'Rekl.: 57, Physikalische Bestandsänderung durch Versand (-1 Stk.) [pID 429] Leuchtglas 11cm Nr.456 Stadt am Fluss Hundertwasserähnlich', 5000),
(287, 57, 3, '2024-12-20 13:54:27', 0, 'Ware ging über D.H.L. in den Versand.', 5000),
(288, 57, 3, '2024-12-20 17:33:55', 0, 'shipping mail sent', 5000),
(289, 58, 1, '2025-01-07 20:20:38', 0, 'Angelegt: siehe kommentar', 5000),
(290, 58, 1, '2025-01-07 20:20:44', 0, 'Im Versandmodul verf&uuml;gbar gemacht.', 5000),
(291, 58, 1, '2025-01-08 05:58:20', 0, 'Rekl.: 58, Physikalische Bestandsänderung durch Versand (-1 Stk.) [pID 920] Leuchtglas Lampe 15cm Nr.386 Idylle und Ruhe im Winter', 4999),
(292, 58, 3, '2025-01-08 05:58:20', 0, 'Ware ging über D.H.L. in den Versand.', 4999),
(293, 58, 3, '2025-01-08 19:02:57', 0, 'shipping mail sent', 5000),
(294, 59, 1, '2025-01-17 10:16:01', 0, 'Angelegt: siehe kommentar', 5000),
(295, 59, 1, '2025-01-17 10:16:08', 0, 'Im Versandmodul verf&uuml;gbar gemacht.', 5000),
(296, 59, 1, '2025-01-19 07:46:26', 0, 'Rekl.: 59, Physikalische Bestandsänderung durch Versand (-1 Stk.) [pID 215] Votiv-Glas 265 - bunte Blumenwiese', 5000),
(297, 59, 3, '2025-01-19 07:46:26', 0, 'Ware ging über DHL in den Versand.', 5000),
(298, 60, 1, '2025-01-19 10:06:11', 0, 'Die Rückerstattung 51 wurde angelegt.', 5000),
(299, 60, 1, '2025-01-19 10:06:11', 0, 'Angelegt: siehe kommentar', 5000),
(300, 60, 1, '2025-01-19 10:06:11', 0, 'Angelegt: siehe kommentar', 5000),
(301, 60, 2, '2025-01-19 10:09:32', 0, 'Statusänderung zu In Bearbeitung: 190125', 5000),
(302, 60, 3, '2025-01-19 10:09:46', 0, 'Statusänderung zu Abgeschlossen: erstattet', 5000),
(303, 60, 3, '2025-01-19 10:10:17', 1, 'Die R&uuml;erstattung #51 wurde gezahlt. Kommentar:  kein Kommentar hinterlegt', 5000),
(304, 59, 3, '2025-01-22 18:21:02', 0, 'shipping mail sent', 5000),
(305, 61, 1, '2025-01-24 09:37:29', 0, 'Angelegt: siehe kommentar', 5000),
(306, 61, 1, '2025-01-24 09:37:36', 0, 'Im Versandmodul verf&uuml;gbar gemacht.', 5000),
(307, 61, 1, '2025-01-27 05:54:37', 0, 'Rekl.: 61, Physikalische Bestandsänderung durch Versand (-1 Stk.) [pID 1198] Lotosblüte Lotoslicht Nr.5 pink, Erfolg', 5000),
(308, 61, 3, '2025-01-27 05:54:37', 0, 'Ware ging über DHL in den Versand.', 5000),
(309, 61, 3, '2025-01-27 18:32:11', 0, 'shipping mail sent', 5000),
(310, 62, 1, '2025-02-11 08:55:13', 0, 'Angelegt: siehe kommentar', 5000),
(311, 62, 1, '2025-02-11 08:55:13', 0, 'Angelegt: siehe kommentar', 5000),
(312, 62, 1, '2025-02-11 08:55:19', 0, 'Im Versandmodul verf&uuml;gbar gemacht.', 5000),
(313, 62, 1, '2025-02-12 05:52:00', 0, 'Rekl.: 62, Physikalische Bestandsänderung durch Versand (-1 Stk.) [pID 892] Leuchtglas Lampe 15cm Nr.68 verschneiter Marktplatz, elektrisch betrieben', 5000),
(314, 62, 1, '2025-02-12 05:52:00', 0, 'Rekl.: 62, Physikalische Bestandsänderung durch Versand (-1 Stk.) [pID 901] Leuchtglas Lampe 15cm Nr.175 Winter in den Bergen, elektrisch betrieben', 5000),
(315, 62, 3, '2025-02-12 05:52:00', 0, 'Ware ging über DHL in den Versand.', 5000),
(316, 62, 3, '2025-02-12 17:47:07', 0, 'shipping mail sent', 5000),
(317, 63, 3, '2025-11-18 10:06:37', 0, 'AngelegtReklamation Typ \"Widerruf | Ruecktritt\" aus Auftrag 3295', 5000),
(318, 63, 3, '2025-11-18 10:06:37', 0, 'Die Rückerstattung 56 wurde angelegt.', 5000),
(319, 63, 3, '2025-11-18 10:10:47', 1, 'Die R&uuml;erstattung #56 wurde gezahlt. Kommentar:  kein Kommentar hinterlegt', 5000),
(320, 64, 1, '2025-11-21 10:47:50', 0, 'AngelegtReklamation Typ \"Defekt | Ersatzversand\" aus Auftrag 3310', 5000),
(321, 64, 1, '2025-11-21 10:47:56', 0, 'Im Versandmodul verf&uuml;gbar gemacht.', 5000),
(322, 65, 1, '2025-11-21 10:51:08', 0, 'AngelegtReklamation Typ \"Falschlieferung | Neuversand\" aus Auftrag 3322', 5000),
(323, 65, 1, '2025-11-21 10:51:15', 0, 'Im Versandmodul verf&uuml;gbar gemacht.', 5000),
(324, 64, 1, '2025-11-21 10:51:53', 0, 'Rekl.: 64, Physikalische Bestandsänderung durch Versand (-1 Stk.) [pID 334] Leuchtglas 11cm Nr.75 Sterne, rot, orange', 5000),
(325, 64, 3, '2025-11-21 10:51:53', 0, 'Ware ging über DHL in den Versand.', 5000),
(326, 65, 1, '2025-11-21 10:51:53', 0, 'Artikel wurde versendet (2 Stk), Reklamation 65 (keine Bestandsbuchungen) [pID 1153] Starlight Votiv small Nr.3 Weihnachtsmarkt Köln', 5000),
(327, 65, 3, '2025-11-21 10:51:53', 0, 'Ware ging über DHL in den Versand.', 5000),
(328, 64, 3, '2025-11-21 14:15:37', 0, 'shipping mail sent', 5000),
(329, 65, 3, '2025-11-21 14:15:37', 0, 'shipping mail sent', 5000),
(330, 66, 1, '2025-12-17 08:49:18', 0, 'AngelegtReklamation Typ \"Falschlieferung | Neuversand\" aus Auftrag 3473', 5000),
(331, 66, 1, '2025-12-17 08:49:23', 0, 'Im Versandmodul verf&uuml;gbar gemacht.', 5000),
(332, 66, 1, '2025-12-18 07:07:39', 0, 'Artikel wurde versendet (1 Stk), Reklamation 66 (keine Bestandsbuchungen) [pID 567] Starlight Nr.116 Löwenrudel, Löwe', 5000),
(333, 66, 3, '2025-12-18 07:07:39', 0, 'Ware ging über DHL in den Versand.', 5000),
(334, 66, 3, '2025-12-18 18:46:07', 0, 'shipping mail sent', 5000),
(335, 67, 1, '2025-12-19 11:46:50', 0, 'AngelegtReklamation Typ \"Defekt | Ersatzversand\" aus Auftrag 3514', 5000),
(336, 67, 1, '2025-12-19 11:46:50', 0, 'Reklamation #67: 1 Stk - Defekt ...', 5000),
(337, 67, 1, '2025-12-19 11:46:55', 0, 'Im Versandmodul verf&uuml;gbar gemacht.', 5000),
(338, 67, 1, '2025-12-19 14:04:52', 0, 'Rekl.: 67, Physikalische Bestandsänderung durch Versand (-1 Stk.) [pID 528] Starlight Nr.51 Herzmotiv mit Durchbrüchen', 5000),
(339, 67, 3, '2025-12-19 14:04:52', 0, 'Ware ging über DHL in den Versand.', 5000),
(340, 68, 1, '2025-12-19 15:26:25', 0, 'AngelegtReklamation Typ \"Falschlieferung | Neuversand\" aus Auftrag 3502', 5000),
(341, 68, 1, '2025-12-19 15:26:30', 0, 'Im Versandmodul verf&uuml;gbar gemacht.', 5000),
(342, 67, 3, '2025-12-19 16:44:03', 0, 'shipping mail sent', 5000),
(343, 68, 1, '2025-12-20 09:10:30', 0, 'Artikel wurde versendet (6 Stk), Reklamation 68 (keine Bestandsbuchungen) [pID 1475] LED Teelicht batteriebetrieben', 5000),
(344, 68, 3, '2025-12-20 09:10:30', 0, 'Ware ging über DHL in den Versand.', 5000),
(345, 69, 1, '2025-12-22 07:18:13', 0, 'AngelegtReklamation Typ \"Defekt | Ersatzversand\" aus Auftrag 3517', 5000),
(346, 69, 1, '2025-12-22 07:18:13', 0, 'Reklamation #69: 1 Stk - Defekt ...', 5000),
(347, 69, 1, '2025-12-22 07:18:17', 0, 'Im Versandmodul verf&uuml;gbar gemacht.', 5000),
(348, 69, 1, '2025-12-22 07:38:09', 0, 'Rekl.: 69, Physikalische Bestandsänderung durch Versand (-1 Stk.) [pID 461] Leuchtglas 11cm Nr.546 London Tower Bridge', 5000),
(349, 69, 3, '2025-12-22 07:38:09', 0, 'Ware ging über DHL in den Versand.', 5000);

-- --------------------------------------------------------

--
-- Tabellenstruktur für Tabelle `reclamations_total`
--

CREATE TABLE `reclamations_total` (
  `reclamations_total_id` int(10) UNSIGNED NOT NULL,
  `reclamations_id` int(11) NOT NULL DEFAULT '0',
  `title` varchar(255) NOT NULL DEFAULT '',
  `text` varchar(255) NOT NULL DEFAULT '',
  `value` decimal(15,4) NOT NULL DEFAULT '0.0000',
  `class` varchar(32) NOT NULL DEFAULT '',
  `sort_order` int(11) NOT NULL DEFAULT '0'
) ENGINE=MyISAM DEFAULT CHARSET=utf8;

--
-- Daten für Tabelle `reclamations_total`
--

INSERT INTO `reclamations_total` (`reclamations_total_id`, `reclamations_id`, `title`, `text`, `value`, `class`, `sort_order`) VALUES
(1, 1, 'Zwischensumme', '0,00 EUR', 0.0000, 'ot_subtotal', 0),
(2, 1, 'Enth. MwSt. 19,00%', '1.76 EUR', 1.7563, 'ot_tax', 10),
(3, 1, 'Versandkosten', '1.00 EUR', 1.0000, 'ot_shippings', 20),
(4, 1, 'Transportkosten', '10.00 EUR', 10.0000, 'ot_transport', 23),
(5, 1, '<b>Gesamtbetrag</b>', '11.00 EUR', 1.0000, 'ot_total', 50),
(6, 2, 'Zwischensumme', '0,00 EUR', 0.0000, 'ot_subtotal', 0),
(7, 2, '<b>Gesamtbetrag</b>', '0.00 EUR', 0.0000, 'ot_total', 50),
(8, 3, 'Zwischensumme', '0,00 EUR', 0.0000, 'ot_subtotal', 0),
(9, 3, '<b>Summe</b>', '0.00 EUR', 0.0000, 'ot_total', 50),
(10, 4, 'Zwischensumme', '0,00 EUR', 0.0000, 'ot_subtotal', 0),
(11, 4, '<b>Summe</b>', '0.00 EUR', 0.0000, 'ot_total', 50),
(12, 5, 'Zwischensumme', '0,00 EUR', 0.0000, 'ot_subtotal', 0),
(13, 5, '<b>Summe</b>', '0.00 EUR', 0.0000, 'ot_total', 50),
(14, 6, 'Zwischensumme', '0,00 EUR', 0.0000, 'ot_subtotal', 0),
(15, 6, '<b>Summe</b>', '0.00 EUR', 0.0000, 'ot_total', 50),
(16, 7, 'Zwischensumme', '0,00 EUR', 0.0000, 'ot_subtotal', 0),
(17, 7, '<b>Summe</b>', '0.00 EUR', 0.0000, 'ot_total', 50),
(18, 8, 'Zwischensumme', '0,00 EUR', 0.0000, 'ot_subtotal', 0),
(19, 8, '<b>Summe</b>', '0.00 EUR', 0.0000, 'ot_total', 50),
(20, 9, 'Zwischensumme', '0,00 EUR', 0.0000, 'ot_subtotal', 0),
(21, 9, '<b>Summe</b>', '0.00 EUR', 0.0000, 'ot_total', 50),
(22, 10, 'Zwischensumme', '0,00 EUR', 0.0000, 'ot_subtotal', 0),
(23, 10, '<b>Summe</b>', '0.00 EUR', 0.0000, 'ot_total', 50),
(24, 11, 'Zwischensumme', '0,00 EUR', 0.0000, 'ot_subtotal', 0),
(25, 11, '<b>Summe</b>', '0.00 EUR', 0.0000, 'ot_total', 50),
(26, 12, 'Zwischensumme', '0,00 EUR', 0.0000, 'ot_subtotal', 0),
(27, 12, '<b>Summe</b>', '0.00 EUR', 0.0000, 'ot_total', 50),
(28, 13, 'Zwischensumme', '0,00 EUR', 0.0000, 'ot_subtotal', 0),
(29, 13, '<b>Summe</b>', '0.00 EUR', 0.0000, 'ot_total', 50),
(30, 14, 'Zwischensumme', '0,00 EUR', 0.0000, 'ot_subtotal', 0),
(31, 14, '<b>Summe</b>', '0.00 EUR', 0.0000, 'ot_total', 50),
(32, 15, 'Zwischensumme', '0,00 EUR', 0.0000, 'ot_subtotal', 0),
(33, 15, '<b>Summe</b>', '0.00 EUR', 0.0000, 'ot_total', 50),
(34, 16, 'Zwischensumme', '0,00 EUR', 0.0000, 'ot_subtotal', 0),
(35, 16, '<b>Summe</b>', '0.00 EUR', 0.0000, 'ot_total', 50),
(36, 17, 'Zwischensumme', '0,00 EUR', 0.0000, 'ot_subtotal', 0),
(37, 17, '<b>Summe</b>', '0.00 EUR', 0.0000, 'ot_total', 50),
(38, 18, 'Zwischensumme', '0,00 EUR', 0.0000, 'ot_subtotal', 0),
(39, 18, '<b>Summe</b>', '0.00 EUR', 0.0000, 'ot_total', 50),
(40, 19, 'Zwischensumme', '0,00 EUR', 0.0000, 'ot_subtotal', 0),
(41, 19, '<b>Summe</b>', '0.00 EUR', 0.0000, 'ot_total', 50),
(42, 20, 'Zwischensumme', '0,00 EUR', 0.0000, 'ot_subtotal', 0),
(43, 20, '<b>Summe</b>', '0.00 EUR', 0.0000, 'ot_total', 50),
(44, 21, 'Zwischensumme', '0,00 EUR', 0.0000, 'ot_subtotal', 0),
(45, 21, '<b>Summe</b>', '0.00 EUR', 0.0000, 'ot_total', 50),
(46, 22, 'Zwischensumme', '0,00 EUR', 0.0000, 'ot_subtotal', 0),
(47, 22, '<b>Summe</b>', '0.00 EUR', 0.0000, 'ot_total', 50),
(48, 23, 'Zwischensumme', '0,00 EUR', 0.0000, 'ot_subtotal', 0),
(49, 23, '<b>Summe</b>', '0.00 EUR', 0.0000, 'ot_total', 50),
(50, 24, 'Zwischensumme', '0,00 EUR', 0.0000, 'ot_subtotal', 0),
(51, 24, '<b>Summe</b>', '0.00 EUR', 0.0000, 'ot_total', 50),
(52, 25, 'Zwischensumme', '0,00 EUR', 0.0000, 'ot_subtotal', 0),
(53, 25, '<b>Summe</b>', '0.00 EUR', 0.0000, 'ot_total', 50),
(54, 26, 'Zwischensumme', '0,00 EUR', 0.0000, 'ot_subtotal', 0),
(55, 26, '<b>Summe</b>', '0.00 EUR', 0.0000, 'ot_total', 50),
(56, 27, 'Zwischensumme', '0,00 EUR', 0.0000, 'ot_subtotal', 0),
(57, 27, '<b>Summe</b>', '0.00 EUR', 0.0000, 'ot_total', 50),
(58, 28, 'Zwischensumme', '0,00 EUR', 0.0000, 'ot_subtotal', 0),
(59, 28, '<b>Summe</b>', '0.00 EUR', 0.0000, 'ot_total', 50),
(60, 29, 'Zwischensumme', '0,00 EUR', 0.0000, 'ot_subtotal', 0),
(61, 29, '<b>Summe</b>', '0.00 EUR', 0.0000, 'ot_total', 50),
(62, 30, 'Zwischensumme', '0,00 EUR', 0.0000, 'ot_subtotal', 0),
(63, 30, '<b>Summe</b>', '0.00 EUR', 0.0000, 'ot_total', 50),
(64, 31, 'Zwischensumme', '0,00 EUR', 0.0000, 'ot_subtotal', 0),
(65, 31, '<b>Summe</b>', '0.00 EUR', 0.0000, 'ot_total', 50),
(66, 32, 'Zwischensumme', '0,00 EUR', 0.0000, 'ot_subtotal', 0),
(67, 32, '<b>Summe</b>', '0.00 EUR', 0.0000, 'ot_total', 50),
(68, 33, 'Zwischensumme', '0,00 EUR', 0.0000, 'ot_subtotal', 0),
(69, 33, '<b>Summe</b>', '0.00 EUR', 0.0000, 'ot_total', 50),
(70, 34, 'Zwischensumme', '0,00 EUR', 0.0000, 'ot_subtotal', 0),
(71, 34, '<b>Summe</b>', '0.00 EUR', 0.0000, 'ot_total', 50),
(72, 35, 'Zwischensumme', '0,00 EUR', 0.0000, 'ot_subtotal', 0),
(73, 35, '<b>Summe</b>', '0.00 EUR', 0.0000, 'ot_total', 50),
(74, 36, 'Zwischensumme', '0,00 EUR', 0.0000, 'ot_subtotal', 0),
(75, 36, '<b>Summe</b>', '0.00 EUR', 0.0000, 'ot_total', 50),
(76, 37, 'Zwischensumme', '0,00 EUR', 0.0000, 'ot_subtotal', 0),
(77, 37, '<b>Summe</b>', '0.00 EUR', 0.0000, 'ot_total', 50),
(78, 38, 'Zwischensumme', '0,00 EUR', 0.0000, 'ot_subtotal', 0),
(79, 38, '<b>Summe</b>', '0.00 EUR', 0.0000, 'ot_total', 50),
(80, 39, 'Zwischensumme', '0,00 EUR', 0.0000, 'ot_subtotal', 0),
(81, 39, '<b>Summe</b>', '0.00 EUR', 0.0000, 'ot_total', 50),
(82, 40, 'Zwischensumme', '0,00 EUR', 0.0000, 'ot_subtotal', 0),
(83, 40, '<b>Summe</b>', '0.00 EUR', 0.0000, 'ot_total', 50),
(84, 41, 'Zwischensumme', '0,00 EUR', 0.0000, 'ot_subtotal', 0),
(85, 41, '<b>Summe</b>', '0.00 EUR', 0.0000, 'ot_total', 50),
(86, 42, 'Zwischensumme', '0,00 EUR', 0.0000, 'ot_subtotal', 0),
(87, 42, '<b>Summe</b>', '0.00 EUR', 0.0000, 'ot_total', 50),
(88, 43, 'Zwischensumme', '0,00 EUR', 0.0000, 'ot_subtotal', 0),
(89, 43, '<b>Summe</b>', '0.00 EUR', 0.0000, 'ot_total', 50),
(90, 44, 'Zwischensumme', '0,00 EUR', 0.0000, 'ot_subtotal', 0),
(91, 44, '<b>Summe</b>', '0.00 EUR', 0.0000, 'ot_total', 50),
(92, 45, 'Zwischensumme', '0,00 EUR', 0.0000, 'ot_subtotal', 0),
(93, 45, '<b>Summe</b>', '0.00 EUR', 0.0000, 'ot_total', 50),
(94, 46, 'Zwischensumme', '0,00 EUR', 0.0000, 'ot_subtotal', 0),
(95, 46, '<b>Summe</b>', '0.00 EUR', 0.0000, 'ot_total', 50),
(96, 47, 'Zwischensumme', '0,00 EUR', 0.0000, 'ot_subtotal', 0),
(97, 47, '<b>Summe</b>', '0.00 EUR', 0.0000, 'ot_total', 50),
(98, 48, 'Zwischensumme', '0,00 EUR', 0.0000, 'ot_subtotal', 0),
(99, 48, '<b>Summe</b>', '0.00 EUR', 0.0000, 'ot_total', 50),
(100, 49, 'Zwischensumme', '0,00 EUR', 0.0000, 'ot_subtotal', 0),
(101, 49, '<b>Summe</b>', '0.00 EUR', 0.0000, 'ot_total', 50),
(102, 50, 'Zwischensumme', '0,00 EUR', 0.0000, 'ot_subtotal', 0),
(103, 50, '<b>Summe</b>', '0.00 EUR', 0.0000, 'ot_total', 50),
(104, 51, 'Zwischensumme', '0,00 EUR', 0.0000, 'ot_subtotal', 0),
(105, 51, '<b>Summe</b>', '0.00 EUR', 0.0000, 'ot_total', 50),
(106, 52, 'Zwischensumme', '0,00 EUR', 0.0000, 'ot_subtotal', 0),
(107, 52, '<b>Summe</b>', '0.00 EUR', 0.0000, 'ot_total', 50),
(108, 53, 'Zwischensumme', '0,00 EUR', 0.0000, 'ot_subtotal', 0),
(109, 53, '<b>Summe</b>', '0.00 EUR', 0.0000, 'ot_total', 50),
(110, 54, 'Zwischensumme', '0,00 EUR', 0.0000, 'ot_subtotal', 0),
(111, 54, '<b>Summe</b>', '0.00 EUR', 0.0000, 'ot_total', 50),
(112, 55, 'Zwischensumme', '0,00 EUR', 0.0000, 'ot_subtotal', 0),
(113, 55, '<b>Summe</b>', '0.00 EUR', 0.0000, 'ot_total', 50),
(114, 56, 'Zwischensumme', '0,00 EUR', 0.0000, 'ot_subtotal', 0),
(115, 56, '<b>Summe</b>', '0.00 EUR', 0.0000, 'ot_total', 50),
(116, 57, 'Zwischensumme', '0,00 EUR', 0.0000, 'ot_subtotal', 0),
(117, 57, '<b>Summe</b>', '0.00 EUR', 0.0000, 'ot_total', 50),
(118, 58, 'Zwischensumme', '0,00 EUR', 0.0000, 'ot_subtotal', 0),
(119, 58, '<b>Summe</b>', '0.00 EUR', 0.0000, 'ot_total', 50),
(120, 59, 'Zwischensumme', '0,00 EUR', 0.0000, 'ot_subtotal', 0),
(121, 59, '<b>Summe</b>', '0.00 EUR', 0.0000, 'ot_total', 50),
(122, 60, 'Zwischensumme', '0,00 EUR', 0.0000, 'ot_subtotal', 0),
(123, 60, '<b>Summe</b>', '0.00 EUR', 0.0000, 'ot_total', 50),
(124, 61, 'Zwischensumme', '0,00 EUR', 0.0000, 'ot_subtotal', 0),
(125, 61, '<b>Summe</b>', '0.00 EUR', 0.0000, 'ot_total', 50),
(126, 62, 'Zwischensumme', '0,00 EUR', 0.0000, 'ot_subtotal', 0),
(127, 62, '<b>Summe</b>', '0.00 EUR', 0.0000, 'ot_total', 50),
(128, 63, 'Zwischensumme', '0,00 EUR', 0.0000, 'ot_subtotal', 10),
(129, 63, '<b>Summe</b>', '0,00 EUR', 0.0000, 'ot_total', 50),
(130, 64, 'Zwischensumme', '0,00 EUR', 0.0000, 'ot_subtotal', 10),
(131, 64, '<b>Summe</b>', '0,00 EUR', 0.0000, 'ot_total', 50),
(132, 65, 'Zwischensumme', '0,00 EUR', 0.0000, 'ot_subtotal', 10),
(133, 65, '<b>Summe</b>', '0,00 EUR', 0.0000, 'ot_total', 50),
(134, 66, 'Zwischensumme', '0,00 EUR', 0.0000, 'ot_subtotal', 10),
(135, 66, '<b>Summe</b>', '0,00 EUR', 0.0000, 'ot_total', 50),
(136, 67, 'Zwischensumme', '0,00 EUR', 0.0000, 'ot_subtotal', 10),
(137, 67, '<b>Summe</b>', '0,00 EUR', 0.0000, 'ot_total', 50),
(138, 68, 'Zwischensumme', '0,00 EUR', 0.0000, 'ot_subtotal', 10),
(139, 68, '<b>Summe</b>', '0,00 EUR', 0.0000, 'ot_total', 50),
(140, 69, 'Zwischensumme', '0,00 EUR', 0.0000, 'ot_subtotal', 10),
(141, 69, '<b>Summe</b>', '0,00 EUR', 0.0000, 'ot_total', 50);

-- --------------------------------------------------------

--
-- Tabellenstruktur für Tabelle `reclamations_to_reclamations_reasons`
--

