INSERT INTO `ebay_email_bodys` (`email_id`, `email_body`) VALUES
(11108, '<table width=\"100%\" border=\"0\">\n  <tr>\n    <td><table width=\"100%\" border=\"0\" cellpadding=\"0\" cellspacing=\"0\">\n        <tr>\n          <td><font size=\"2\" face=\"Verdana, Arial, Helvetica, sans-serif\">BENACHRICHTIGUNG ÜBER IHREN EINKAUF <hr noshade size=\"1\"><br>Michiel Straat <br>Daimlerstraße 10<br>33613 Bielefeld<br>Germany<br><br>\n            <strong>Zahlungsmethode:</strong> yes_ppp Paypal<br>            <strong>Rechnung Nr:</strong> 3545<br>\n            <strong>Bestelldatum:</strong> Samstag, 20.12.2025<br>\n			</font>\n          </td>\n          <!--<td width=\"1\"><img src=\"https://hellmannversand-shop.de/templates/YES4trade2018/img/logo.gif\">-->\n          </td>\n        </tr>\n</table>\n<br>\n<table style=\"border-top:1px solid; border-bottom:1px solid;\" width=\"100%\" border=\"0\">\n       <tr bgcolor=\"#f1f1f1\">\n          <td width=\"50%\"> <p><font size=\"2\"><strong><font face=\"Verdana, Arial, Helvetica, sans-serif\">Lieferadresse <br>\n          </font></strong></font></p></td>          <td> <p><font size=\"2\"><strong><font face=\"Verdana, Arial, Helvetica, sans-serif\">Rechnungsadresse <br>\n          </font> </strong></font></p></td>        </tr>\n        <tr>\n          <td><font size=\"2\" face=\"Verdana, Arial, Helvetica, sans-serif\">Michiel Straat <br>Daimlerstraße 10<br>33613 Bielefeld<br>Germany</font></td>\n          <td><font size=\"2\" face=\"Verdana, Arial, Helvetica, sans-serif\">Michiel Straat <br>Daimlerstraße 10<br>33613 Bielefeld<br>Germany</font></td>        </tr>\n      </table>\n      <p><font size=\"2\" face=\"Verdana, Arial, Helvetica, sans-serif\"><b>Sehr geehrte/r, Michiel Straat,</b><br><br>\nVielen Dank f&uuml;r Ihre Bestellung.</font><br>\n<p><font size=\"2\" face=\"Verdana, Arial, Helvetica, sans-serif\">Sollten Sie weitere Fragen zu Ihrer Bestellung haben, z&ouml;gern Sie nicht uns zu kontaktieren.</p>\n<br><font face=\"Verdana, Arial, Helvetica, sans-serif\" size=\"2\">\n                :<br><b>HP. Arnold |Sparkasse Bayreuth, IBAN:   DE51 7735 0110 0000 3346 80 - BIC: BYLADEM1SBT</b></font>\n<br><br><br><br><br>\n <br>        <br>\n      </p></td>\n  </tr>\n</table>\n<table style=\"border-bottom:1px solid;\" width=\"100%\" border=\"0\" cellpadding=\"0\" cellspacing=\"0\">\n  <tr>\n      <br><br>\n      <td><font size=\"-1\" face=\"Verdana, Arial, Helvetica, sans-serif\"> <strong>Ihre bestellten Produkte nochmals zur Kontrolle: </strong></font></td>\n  </tr>\n  <tr>\n  <td><table width=\"100%\" border=\"0\" cellpadding=\"3\" cellspacing=\"0\" bgcolor=\"f1f1f1\">\n        <tr>\n          <td colspan=\"2\" style=\"border-right: 2px solid; border-bottom: 2px solid; border-color: #ffffff;\"><div align=\"center\"><font size=\"1\" face=\"Verdana, Arial, Helvetica, sans-serif\"><strong> Stk. </strong></font></div></td>\n          <td style=\"border-right: 2px solid; border-bottom: 2px solid; border-color: #ffffff;\"><font size=\"1\" face=\"Verdana, Arial, Helvetica, sans-serif\"><strong> Produkt </strong></font></td>\n          <td style=\"border-right: 2px solid; border-bottom: 2px solid; border-color: #ffffff;\"><font size=\"1\" face=\"Verdana, Arial, Helvetica, sans-serif\"><strong> Artikel Nr. </strong></font></td>\n          <td style=\"border-right: 2px solid; border-bottom: 2px solid; border-color: #ffffff;\" width=\"150\"><div align=\"right\"><font size=\"1\" face=\"Verdana, Arial, Helvetica, sans-serif\"><strong> Preis</strong></font><font size=\"1\"> </font></div></td>\n        </tr>\n                <tr>\n          <td width=\"20\" style=\"border-right: 2px solid; border-bottom: 2px solid; border-color: #ffffff;\"><div align=\"center\"><font size=\"1\" face=\"Verdana, Arial, Helvetica, sans-serif\">1</font></div></td>\n          <td width=\"20\" style=\"border-right: 2px solid; border-bottom: 2px solid; border-color: #ffffff;\"><div align=\"center\"><font size=\"1\" face=\"Verdana, Arial, Helvetica, sans-serif\">x</font></div></td>\n          <td style=\"border-right: 2px solid; border-bottom: 2px solid; border-color: #ffffff;\"><font size=\"1\" face=\"Verdana, Arial, Helvetica, sans-serif\"><strong>Porzellan Windlicht Elegance Kugel Nr. 18 Blätter Teelichthalter leaves</strong><em><br>\n            </em></font></td>\n          <td style=\"border-right: 2px solid; border-bottom: 2px solid; border-color: #ffffff;\"><font size=\"1\" face=\"Verdana, Arial, Helvetica, sans-serif\">EleKu18 // HE 4052<br>\n            <em></em></font>Lieferzeit*: 1 - 2 Tage</td>\n          <td style=\"border-right: 2px solid; border-bottom: 2px solid; border-color: #ffffff;\" width=\"150\"><div align=\"right\"><font size=\"1\" face=\"Verdana, Arial, Helvetica, sans-serif\"> 15,90 EUR</font></div></td>\n        </tr>\n        </table>\n  </td>\n </tr>\n</table>\n<div align=\"right\"><font size=\"1\" face=\"Arial, Helvetica, sans-serif\">Zwischensumme: 15,90 EUR</font></div>\n<br>\n<div align=\"right\"><font size=\"1\" face=\"Arial, Helvetica, sans-serif\">Versand (nach DE): 6,50 EUR</font></div>\n<br>\n<div align=\"right\"><font size=\"1\" face=\"Arial, Helvetica, sans-serif\">inkl. USt. (DE) 19,00%: 3,58 EUR</font></div>\n<br>\n<div align=\"right\"><font size=\"1\" face=\"Arial, Helvetica, sans-serif\"><b>Summe</b>:<b> 22,40 EUR</b></font></div>\n<br>\n<br><br><br>\n<font size=\"2\" face=\"Verdana, Arial, Helvetica, sans-serif\"><b>Mit freundlichen Gr&uuml;&szlig;en</b>\n<br><br>\"Hellmann Versand Shop\"<br>Inh. HP. Arnold<br>am Siegenberg 5<br>91278 Pottenstein<br>Tel: +49 (0) 9243-70 18 330<br>Fax: +49 (0) 9243-70 18 331<br>Email: info@hellmannversand-shop.de<br>USt.-ID: DE132290407</font>\n<p>\n<br>\n<br>*bei der Zahlungsart Vorkasse ab dem Tag nach der Zahlungsanweisung\ndes Kunden; bei anderen Zahlungsarten ab dem Tag nach Vertragsschluss\n<br>\n<hr>\nRECHTLICHES\n<br>\n<p><strong>Widerrufbelehrung</strong></p>\r\n<p>&#160;</p>\r\n<p><strong>Widerrufsrecht</strong></p>\r\n<p>Sie haben das Recht, binnen vierzehn Tagen ohne Angabe von Gr&#252;nden diesen Vertrag zu widerrufen. Die Widerrufsfrist betr&#228;gt vierzehn Tage ab dem Tag, an dem Sie oder ein von Ihnen benannter Dritter, der nicht der Bef&#246;rderer ist, die Ware in Besitz genommen haben bzw. hat. Um Ihr Widerrufsrecht auszu&#252;ben, m&#252;ssen Sie uns</p>\r\n<p>&#160;</p>\r\n<p><em>Hellmann&#160;Versand Shop &#8211; Inh. H.-P. Arnold</em></p>\r\n<p><em>Am Siegenberg 5 </em></p>\r\n<p><em>91278 Pottenstein</em></p>\r\n<p><em>Telefax-Nr.&#160;&#160;&#160;&#160;&#160;&#160;&#160;&#160;&#160;&#160;&#160;&#160;&#160;&#160;&#160;&#160;&#160;&#160;&#160;&#160;&#160;&#160;&#160;&#160;&#160;&#160;&#160; 09243-7018331</em></p>\r\n<p><em>E-Mail Adresse&#160;&#160;&#160;&#160;&#160;&#160;&#160;&#160;&#160;&#160;&#160;&#160;&#160;&#160;&#160;&#160;&#160;&#160;&#160;&#160;&#160; arnold@hellmannversand-shop.de</em></p>\r\n<p>&#160;</p>\r\n<p>mittels einer eindeutigen Erkl&#228;rung (z.B. einen mit der Post versandter Brief, Telefax oder E-Mail) &#252;ber Ihren Entschluss, diesen Vertrag zu widerrufen, informieren. Sie k&#246;nnen daf&#252;r das beigef&#252;gte Muster-Widerrufsformular verwenden, das jedoch nicht vorgeschrieben ist. Zur Wahrung der Widerrufsfrist reicht es aus, dass Sie die Mitteilung &#252;ber die Aus&#252;bung des Widerrufsrechts vor Ablauf der Widerrufsfrist absenden.</p>\r\n<p>&#160;</p>\r\n<p><strong>Folgen des Widerrufs</strong></p>\r\n<p>Wenn Sie diesen Vertrag widerrufen, haben wir Ihnen alle Zahlungen, die wir von Ihnen erhalten haben, einschlie&#223;lich der Lieferkosten (mit Ausnahme der zus&#228;tzlichen Kosten, die sich daraus ergeben, dass Sie eine andere Art der Lieferung als die von uns angebotene, g&#252;nstigste Standardlieferung gew&#228;hlt zu haben), unverz&#252;glich und sp&#228;testens binnen vierzehn Tagen ab dem Tag zur&#252;ckzuzahlen, an dem die Mittelung &#252;ber Ihren Widerruf dieses Vertrags bei uns eingegangen ist. F&#252;r diese R&#252;ckzahlung verwenden wir das dasselbe Zahlungsmittel, das Sie bei der urspr&#252;nglichen Transaktion eingesetzt haben, es sei denn , mit Ihnen wurde ausdr&#252;cklich etwas anderes vereinbart; in keinem Fall werden Ihnen wegen dieser R&#252;ckzahlung Entgelte berechnet. Wir k&#246;nnen die R&#252;ckzahlung verweigern, bis wir die Waren wieder zur&#252;ckerhalten haben oder bis Sie den Nachweis erbracht haben, dass Sie die Waren zur&#252;ckgesandt haben, je nachdem, welches der fr&#252;here Zeitpunkt ist. Sie haben die Waren unverz&#252;glich und in jedem Fall sp&#228;testens binnen 14 Tagen ab dem Tag, an dem Sie uns &#252;ber den Widerruf dieses Vertrages unterrichten, an uns zur&#252;ckzusenden oder zu &#252;bergeben. Die Frist ist gewahrt, wenn Sie die Waren vor Ablauf der Frist von 14 Tagen absenden. Sie tragen die unmittelbaren Kosten der R&#252;cksendung der Waren. Sie m&#252;ssen f&#252;r einen etwaigen Wertverlust der Waren nur aufkommen, wenn dieser Wertverlust auf einen zur Pr&#252;fung der Beschaffenheit, Eigenschaften und Funktionsweise der Waren nicht notwendigen Umgang mit ihnen zur&#252;ckzuf&#252;hren ist.</p>\r\n<p>&#160;</p>\r\n<p><strong>Ende der Widerrufsbelehrung</strong></p>\n<hr>\n<!-- @page { size: 21cm 29.7cm; margin: 2cm } P { margin-bottom: 0.21cm } -->\r\n<p><span style=\"font-family: Futura Com Light,sans-serif; font-size: small;\"><strong>Allgemeine Gesch&#228;ftsbedingungen</strong></span></p>\r\n<p>&#160;</p>\r\n<p><span style=\"font-family: Futura Com Light,sans-serif; font-size: small;\"><strong>&#167; 1 Geltungsbereich</strong></span></p>\r\n<p><span style=\"font-family: Futura Com Light,sans-serif; font-size: small;\">F&#252;r alle Gesch&#228;ftsbeziehungen zwischen \"<span style=\"font-size: small;\"><span style=\"font-family: Futura Com Light,sans-serif;\">Leuchtglas Versand\" Inhaber H.-P. Arnold</span></span> und dem Besteller gelten ausschlie&#223;lich unsere Allgemeinen Gesch&#228;ftsbedingungen in der jeweiligen zum Zeitpunkt der Bestellung g&#252;ltigen Fassung. <br /> </span></p>\r\n<p><span style=\"font-family: Futura Com Light,sans-serif; font-size: small;\"><br /> </span></p>\r\n<p><span style=\"font-family: Futura Com Light,sans-serif; font-size: small;\"><strong>&#167; 2 Vertragsabschluss</strong></span></p>\r\n<p><span style=\"font-family: Futura Com Light,sans-serif; font-size: small;\">Bei unseren Internetangeboten handelt es sich nicht um bindende Angebote zum Abschluss eines Kaufvertrages, sondern lediglich um eine Einladung an Sie zur Abgabe eines Angebots. Aufgrund Ihrer Bestellung geben Sie uns daher ein Angebot zum Abschluss eines Kaufvertrages ab. Nach Abschluss Ihres Bestellvorganges erhalten Sie von uns eine Email, die lediglich den Eingang Ihrer Bestellung best&#228;tigt, die jedoch noch keine Annahme Ihres Kaufangebotes darstellt. Ein Kaufvertrag durch unsere Annahme Ihres Angebots kommt danach erst dann zustande, wenn wir die bestellte Ware an Sie verschickt haben und wir Ihnen den Versand der Ware mit einer weiteren Email best&#228;tigt haben, was ggfls. jedoch sp&#228;testens eine Woche nach Eingang Ihrer Bestellung durch uns erfolgt. </span></p>\r\n<p>&#160;</p>\r\n<p><span style=\"font-family: Futura Com Light,sans-serif; font-size: small;\">Sollten Sie nicht &#252;ber unseren Internetshop, sondern &#252;ber die Internetplattform der ebay international AG \"www.ebay.de\" Ware bestellen, so kommt hiervon abweichend der Kaufvertrag gem&#228;&#223; den Allgemeinen Gesch&#228;ftsbedingungen bei ebay bereits durch Abgabe des H&#246;chstgebots bei Auktionsende bzw. durch Ausl&#246;sung der ebay-Funktion \"Sofort-Kaufen\" zustande. <br /> </span></p>\r\n<p><span style=\"font-family: Futura Com Light,sans-serif; font-size: small;\"><br /> </span></p>\r\n<p><span style=\"font-family: Futura Com Light,sans-serif; font-size: small;\"><strong>&#167; 3 Lieferung</strong></span></p>\r\n<p><span style=\"font-family: Futura Com Light,sans-serif; font-size: small;\">Ist es uns nicht m&#246;glich, die bestellte Ware in einer einzigen Sendung an Sie zu liefern, etwa da die bestellte Ware getrennt verpackt werden muss oder teilweise erst zu einem sp&#228;teren Zeitpunkt lieferbar ist, so entstehen Ihnen hierdurch keine zus&#228;tzlichen Kosten. Solche Teillieferungen bleiben uns m&#246;glich. </span></p>\r\n<p><span style=\"font-family: Futura Com Light,sans-serif; font-size: small;\">Das Transportieren der Ware erfolgt grunds&#228;tzlich nur bis zur 1. T&#252;r der Lieferadresse des Bestellers. Das Transportieren innerhalb des Geb&#228;udes hat durch den Kunden zu erfolgen. Sollte es vor Ort notwendig sein, dass die bestellte Ware innerhalb des Geb&#228;udes zu transportieren ist, so wird diese Sonderleistung nach vorheriger Vereinbarung nach tats&#228;chlichem Aufwand f&#252;r Sie kosteng&#252;nstig berechnet. Bitte geben Sie gegebenenfalls diese zus&#228;tzlichen Transportw&#252;nsche bereits bei der Bestellung an.</span></p>\r\n<p>&#160;</p>\r\n<p><span style=\"font-family: Futura Com Light,sans-serif; font-size: small;\"><span style=\"font-family: Futura Com Light,sans-serif; font-size: small;\"><strong>&#167; 3</strong></span><strong>.1</strong> <strong>Weitergabe von Emailadresse und/oder Telefonnummer an Versanddienstleister</strong></span></p>\r\n<p>&#160;</p>\r\n<p><span style=\"font-family: Futura Com Light,sans-serif; font-size: small;\">Nachfolgend informieren wir Sie dar&#252;ber, welche Daten an welche Versanddienstleister weitergegeben werden und aufgrund welcher Rechtslage dies geschieht. Sollten Sie eine solche Weitergabe Ihrer Emailadresse und/oder Telefonnummer nicht zustimmen, so sollten Sie uns dies bitte umgehend mitteilen bzw. bei Kauf &#252;ber unsere eigene Internetseite dieser Weitergabe ausdr&#252;cklich zu zustimmen, um somit dem gew&#228;hlten Versanddienstleister die M&#246;glichkeit zu er&#246;ffnen, Ihnen gegen&#252;ber die Lieferung anzuk&#252;ndigen oder aber mit Ihnen abzusprechen. </span></p>\r\n<p>&#160;</p>\r\n<p><strong><span style=\"font-family: Futura Com Light,sans-serif; font-size: small;\">DPD</span></strong></p>\r\n<p>&#160;</p>\r\n<p><span style=\"font-family: Futura Com Light,sans-serif; font-size: small;\"> Wenn die Bestellung Ihrer Ware durch den Versanddienstleister DPD erfolgt und Sie der Weitergabe Ihrer Emailadresse und/oder Ihrer Telefonnummer zugestimmt haben, bei Kauf &#252;ber eBay bzw. Amazon dieser Weitergabe nicht widersprochen haben, so wird diese an DPD (DPD Deutschland GmbH, Wailandstra&#223;e 1, 63741 Aschaffenburg) zur Ank&#252;ndigung der Lieferung oder Abstimmung des Liefertermins weitergegeben. Die rechtliche Grundlage f&#252;r diese Datenverarbeitung findet sich in Art. 6 Abs. 1 litt DSGVO, wonach uns die Verarbeitung dieser Daten erm&#246;glicht wird, wenn Sie in die Verarbeitung eingewilligt haben. Wenn Sie der Weitergabe der Emailadresse nicht zustimmen, erfolgt die Zustellung auch ohne Weitergabe dieser Daten, wodurch DPD allerdings auch nicht die M&#246;glichkeit er&#246;ffnet wird, mit Ihnen einen Liefertermin abzustimmen oder aber die Lieferung Ihnen gegen&#252;ber anzuk&#252;ndigen. </span></p>\r\n<p>&#160;</p>\r\n<p><span style=\"font-family: Futura Com Light,sans-serif; font-size: small;\">Eine Erteilte Einwilligung in die Datennutzung kann jederzeit f&#252;r die Zukunft widerrufen werden. Wenden Sie sich hierf&#252;r bitte direkt an uns oder aber an DPD. </span></p>\r\n<p>&#160;</p>\r\n<p><strong><span style=\"font-family: Futura Com Light,sans-serif; font-size: small;\">Hermes Versand </span></strong></p>\r\n<p>&#160;</p>\r\n<p><span style=\"font-family: Futura Com Light,sans-serif; font-size: small;\">Wenn die Bestellung Ihrer Ware durch den Versanddienstleister Hermes erfolgt und Sie der Weitergabe Ihrer Emailadresse und/oder Ihrer Telefonnummer zugestimmt haben, bei Kauf &#252;ber eBay bzw. Amazon dieser Weitergabe nicht widersprochen haben, so wird diese an Hermes (Hermes Logistik Gruppe Deutschland GmbH, Essener Stra&#223;e 89, 22419 Hamburg) zur Ank&#252;ndigung der Lieferung oder Abstimmung des Liefertermins weitergegeben. Die rechtliche Grundlage f&#252;r diese Datenverarbeitung findet sich in Art. 6 Abs. 1 litt DSGVO, wonach uns die Verarbeitung dieser Daten erm&#246;glicht wird, wenn Sie in die Verarbeitung eingewilligt haben. Wenn Sie der Weitergabe der Emailadresse nicht zustimmen, erfolgt die Zustellung auch ohne Weitergabe dieser Daten, wodurch Hermes allerdings auch nicht die M&#246;glichkeit er&#246;ffnet wird, mit Ihnen einen Liefertermin abzustimmen oder aber die Lieferung Ihnen gegen&#252;ber anzuk&#252;ndigen. </span></p>\r\n<p>&#160;</p>\r\n<p><span style=\"font-family: Futura Com Light,sans-serif; font-size: small;\">Eine Erteilte Einwilligung in die Datennutzung kann jederzeit f&#252;r die Zukunft widerrufen werden. Wenden Sie sich hierf&#252;r bitte direkt an uns oder aber an Hermes. </span></p>\r\n<p>&#160;</p>\r\n<p><span style=\"font-family: Futura Com Light,sans-serif; font-size: small;\"><strong>&#167; 4 Preise &amp; Zahlungsm&#246;glichkeiten</strong></span></p>\r\n<p><span style=\"font-family: Futura Com Light,sans-serif; font-size: small;\">Es gelten bei Ihrer Bestellung die zu diesem Zeitpunkt von uns ver&#246;ffentlichen Preise. Die Preise werden von uns in Euro angegeben und enthalten die jeweils g&#252;ltige gesetzliche Mehrwertsteuer zzgl. individueller Versandkosten. Kommt der Besteller in Zahlungsverzug, so gilt die gesetzliche Verzugsregelung des &#167;&#160;288&#160;BGB. </span></p>\r\n<p>&#160;</p>\r\n<table style=\"text-align: left; width: 100%;\" cellspacing=\"0\" cellpadding=\"0\" border=\"1\">\r\n<tbody>\r\n<tr>\r\n<td valign=\"middle\" align=\"center\">&#160;</td>\r\n<td style=\"vertical-align: middle; text-align: center; font-family: Arial;\">\r\n<p><span style=\"font-size: small;\">Zahlart/Methode</span></p>\r\n</td>\r\n<td style=\"vertical-align: middle; text-align: center; font-family: Arial;\">\r\n<p><span style=\"font-size: small;\">Vor bzw. Nachteile f&#252;r die Kunden</span></p>\r\n</td>\r\n</tr>\r\n<tr>\r\n<td valign=\"middle\" align=\"center\"><!-- PayPal Logo --><!-- PayPal Logo -->\r\n<table style=\"width: 248px; height: 107px;\" cellspacing=\"0\" cellpadding=\"10\" border=\"0\" align=\"center\">\r\n<tbody>\r\n<tr>\r\n<td align=\"center\"><span style=\"font-size: small;\"><a href=\"#\"><img src=\"https://www.paypal.com/de_DE/DE/i/logo/lockbox_150x47.gif\" alt=\"PayPal-Bezahlmethoden-Logo\" border=\"0\" /></a></span></td>\r\n</tr>\r\n</tbody>\r\n</table>\r\n<!-- PayPal Logo --><!-- PayPal Logo --></td>\r\n<td style=\"font-family: Arial;\" valign=\"middle\" align=\"center\">\r\n<p><span style=\"font-size: small;\">Paypal</span></p>\r\n</td>\r\n<td style=\"text-align: left; vertical-align: top; font-family: Arial;\">\r\n<ul>\r\n<li>\r\n<p><span style=\"font-size: small;\">sichere Zahlart, sofortiger Versand nach Geldeingang - sp&#228;testens am n&#228;chsten Werktag</span></p>\r\n</li>\r\n<li>\r\n<p><span style=\"font-size: small;\">Regellaufzeit 1-2 Werktage</span></p>\r\n</li>\r\n<li>\r\n<p><span style=\"font-size: small;\">K&#228;uferschutz durch Paypal</span></p>\r\n</li>\r\n<li>\r\n<p><span style=\"font-size: small;\">Sie m&#252;ssen bei Paypal angemeldet sein um diesen Service zu nutzen</span></p>\r\n</li>\r\n</ul>\r\n</td>\r\n</tr>\r\n<tr>\r\n<td valign=\"middle\" align=\"center\"><span style=\"font-size: small;\"><img style=\"width: 147px; height: 68px;\" src=\"https://hellmannversand-shop.de/files/logos/sparkasse_bth.jpg\" alt=\"Leuchtstofflampen-Logo_spk\" /></span></td>\r\n<td style=\"font-family: Arial;\" valign=\"middle\" align=\"center\">\r\n<p><span style=\"font-size: small;\">Vorkasse/&#220;berweisung</span></p>\r\n</td>\r\n<td style=\"text-align: left; vertical-align: top; font-family: Arial;\">\r\n<ul>\r\n<li>\r\n<p><span style=\"font-size: small;\">sichere Zahlart</span></p>\r\n</li>\r\n<li>\r\n<p><span style=\"font-size: small;\">allerdings kann die &#220;berweisung je nach Bank bis zu 4 Arbeitstage dauern</span></p>\r\n</li>\r\n<li>\r\n<p><span style=\"font-size: small;\">Versand schnellstens nach Zahlungsbuchung</span></p>\r\n</li>\r\n</ul>\r\n</td>\r\n</tr>\r\n<!-- <tr>\r\n<td align=\"center\" valign=\"middle\"><span style=\"font-size: small;\"><img style=\"width: 147px; height: 68px;\" src=\"../ebaymich/sofortueberweisung.jpg\" alt=\"Leuchtstofflampen-Logo_spk\" /></span></td>\r\n<td style=\"font-family: Arial;\" align=\"center\" valign=\"middle\">\r\n<p><span style=\"font-size: small;\">Überweisen per SOFORTÜBERWEISUNG</span></p>\r\n</td>\r\n<td style=\"text-align: left; vertical-align: top; font-family: Arial;\">\r\n<ul>\r\n<li>\r\n<p><span style=\"font-size: small;\">Sofortüberweisung ist der kostenlose, TÜV-zertifizierte Zahlungsdienst der Payment Network AG.</span></p>\r\n</li>\r\n<li>\r\n<p><span style=\"font-size: small;\">keine zusätzliche Registrierung, automatische Abbuchung von Ihrem Online-Bankkonto</span></p>\r\n</li>\r\n<li>\r\n<p><span style=\"font-size: small;\">höchste Sicherheitsstandards und sofortiger Versand von Lagerware</span></p>\r\n</li>\r\n</ul>\r\n</td>\r\n</tr>\r\n<tr>\r\n<td align=\"center\" valign=\"middle\"><span style=\"font-size: small;\"><img style=\"width: 147px; height: 68px;\" src=\"../ebaymich/billsafe.png\" alt=\"Leuchtstofflampen-Logo_spk\" /></span></td>\r\n<td style=\"font-family: Arial;\" align=\"center\" valign=\"middle\">\r\n<p><span style=\"font-size: small;\">Bezahlen auf Rechnung</span></p>\r\n</td>\r\n<td style=\"text-align: left; vertical-align: top; font-family: Arial;\">\r\n<ul>\r\n<li>\r\n<p><span style=\"font-size: small;\">sichere Zahlart, sofortiger Versand bei Auftragseingang - spätestens am nächsten Werktag</span></p>\r\n</li>\r\n<li>\r\n<p><span style=\"font-size: small;\">ein Zahlungsziel von 14 Tagen nach Versand der Ware</span></p>\r\n</li>\r\n<li>\r\n<p><span style=\"font-size: small;\">zusätzliche Sicherheit durch unseren Partner \"BILLSAFE\"</span></p>\r\n</li>\r\n</ul>\r\n</td>\r\n</tr> -->\r\n<tr>\r\n<td valign=\"middle\" align=\"center\"><span style=\"font-size: small;\"><img style=\"width: 194px; height: 89px;\" src=\"https://hellmannversand-shop.de/files/logos/barzahlung.jpg\" alt=\"logo_barzahlung\" /></span></td>\r\n<td style=\"font-family: Arial;\" valign=\"middle\" align=\"center\">\r\n<p><span style=\"font-size: small;\">Barzahlung bei Abholung</span></p>\r\n</td>\r\n<td style=\"text-align: left; vertical-align: top; font-family: Arial;\">\r\n<ul>\r\n<li>\r\n<p><span style=\"font-size: small;\">F&#252;r Kunden eine der besten Zahlungsarten, denn es kann vor Ort gepr&#252;ft werden was gekauft wird.</span></p>\r\n</li>\r\n<li>\r\n<p><span style=\"font-size: small;\">Allerdings nur zu empfehlen wenn Sie in der Umgebung Pegnitz/Pottenstein wohnen .</span></p>\r\n</li>\r\n<li>\r\n<p><span style=\"font-size: small;\">Wir bitten unbedingt um vorherige telefonische <span style=\"text-decoration: underline;\">Terminvereinbarung</span> !!</span></p>\r\n</li>\r\n</ul>\r\n</td>\r\n</tr>\r\n</tbody>\r\n</table>\r\n<p>&#160;</p>\r\n<span style=\"font-family: Futura Com Light,sans-serif; font-size: small;\"> <strong>&#167; 5 Versandkostenanteil<br /><br /></strong>Wir versenden nur innerhalb Deutschlands, es entstehen folgende Versandkosten:<strong><br /> <br /> </strong> </span>\r\n<table style=\"text-align: left; width: 100%;\" cellspacing=\"0\" cellpadding=\"0\" border=\"1\">\r\n<tbody>\r\n<tr>\r\n<td style=\"text-align: center; font-family: Arial;\">&#160;</td>\r\n<td style=\"text-align: center; font-family: Arial;\">&#160;</td>\r\n</tr>\r\n<tr>\r\n<td style=\"text-align: center; font-family: Arial;\">\r\n<p style=\"text-align: right;\"><span style=\"font-size: small;\">Innerhalb Deutschlands berechnen wir eine Versandpauschale von<br /></span></p>\r\n</td>\r\n<td style=\"text-align: center; font-family: Arial;\">\r\n<p><span style=\"font-size: small;\">EUR 6,50</span></p>\r\n</td>\r\n</tr>\r\n<tr>\r\n<td style=\"text-align: center; font-family: Arial;\">&#160;</td>\r\n<td style=\"text-align: center; font-family: Arial;\">&#160;</td>\r\n</tr>\r\n</tbody>\r\n</table>\r\n<p>&#160;</p>\r\n<p>&#160;</p>\r\n<p><span style=\"font-family: Futura Com Light,sans-serif; font-size: small;\"><strong>&#167; 6 Eigentumsvorbehalt, Aufrechnung</strong></span></p>\r\n<p><span style=\"font-size: small;\"><span style=\"font-family: Futura Com Light,sans-serif;\">Die gelieferte Ware bleibt bis zur vollst&#228;ndigen Bezahlung Eigentum von \"Leuchtglas Versand\" Inhaber H.-P. Arnold. Sollte der Besteller die Ware noch vor der vollst&#228;ndigen Bezahlung weiter ver&#228;u&#223;ert haben, so geltend die Anspr&#252;che des Bestellers gegen den dritten Erwerber als an \"Leuchtglas Versand\" Inhaber H.-P. Arnold</span> <span style=\"font-family: Futura Com Light,sans-serif;\">abgetreten. </span></span></p>\r\n<p>&#160;</p>\r\n<p><span style=\"font-family: Futura Com Light,sans-serif; font-size: small;\"><strong>&#167; 7 Gew&#228;hrleistung</strong></span></p>\r\n<p><span style=\"font-family: Futura Com Light,sans-serif; font-size: small;\">Es geltend die gesetzlichen Gew&#228;hrleistungsrechte. Sollte die Ihnen gelieferte Ware offensichtliche Material- oder Herstellungsfehler oder Transportsch&#228;den aufweisen, so reklamieren Sie dieses bitte sofort gegen&#252;ber uns oder dem Zusteller, der die bestellte Ware anliefert. Die Vers&#228;umung dieser R&#252;ge hat allerdings f&#252;r Ihre gesetzlichen Anspr&#252;che keine Konsequenzen. </span></p>\r\n<p>&#160;</p>\r\n<p><span style=\"font-family: Futura Com Light,sans-serif; font-size: small;\"><strong>&#167; 8 Gerichtsstand f&#252;r Vertr&#228;ge mit Kaufleuten</strong></span></p>\r\n<p><span style=\"font-size: small;\"><span style=\"font-family: Futura Com Light,sans-serif;\">Sofern der Besteller Kaufmann ist oder der Besteller seinen Wohnsitz au&#223;erhalb Deutschlands hat, wird als ausschlie&#223;licher Gerichtsstand 91278 Pottenstein</span> <span style=\"font-family: Futura Com Light,sans-serif;\">vereinbart. F&#252;r solche Vertr&#228;ge mit Kaufleuten gilt ausschlie&#223;lich deutsches Recht. </span></span></p>\n\n\n');
INSERT INTO `ebay_email_bodys` (`email_id`, `email_body`) VALUES
(11109, '<table width=\"100%\" border=\"0\">\n  <tr>\n    <td><table width=\"100%\" border=\"0\" cellpadding=\"0\" cellspacing=\"0\">\n        <tr>\n          <td><font size=\"2\" face=\"Verdana, Arial, Helvetica, sans-serif\">BENACHRICHTIGUNG ÜBER IHREN EINKAUF <hr noshade size=\"1\"><br>Frau<br>Andrea Reuter <br>Siedlerstraße<br>8<br>04680 Colditz <br>Germany<br><br>\n            <strong>Zahlungsmethode:</strong> yes_ppp Paypal<br>            <strong>Rechnung Nr:</strong> 3546<br>\n            <strong>Bestelldatum:</strong> Sonntag, 21.12.2025<br>\n			</font>\n          </td>\n          <!--<td width=\"1\"><img src=\"https://hellmannversand-shop.de/templates/YES4trade2018/img/logo.gif\">-->\n          </td>\n        </tr>\n</table>\n<br>\n<table style=\"border-top:1px solid; border-bottom:1px solid;\" width=\"100%\" border=\"0\">\n       <tr bgcolor=\"#f1f1f1\">\n          <td width=\"50%\"> <p><font size=\"2\"><strong><font face=\"Verdana, Arial, Helvetica, sans-serif\">Lieferadresse <br>\n          </font></strong></font></p></td>          <td> <p><font size=\"2\"><strong><font face=\"Verdana, Arial, Helvetica, sans-serif\">Rechnungsadresse <br>\n          </font> </strong></font></p></td>        </tr>\n        <tr>\n          <td><font size=\"2\" face=\"Verdana, Arial, Helvetica, sans-serif\">Frau<br>Andrea Reuter <br>Siedlerstraße<br>8<br>04680 Colditz <br>Germany</font></td>\n          <td><font size=\"2\" face=\"Verdana, Arial, Helvetica, sans-serif\">Frau<br>Andrea Reuter <br>Siedlerstraße<br>8<br>04680 Colditz <br>Germany</font></td>        </tr>\n      </table>\n      <p><font size=\"2\" face=\"Verdana, Arial, Helvetica, sans-serif\"><b>Sehr geehrte/r, Andrea Reuter,</b><br><br>\nVielen Dank f&uuml;r Ihre Bestellung.</font><br>\n<p><font size=\"2\" face=\"Verdana, Arial, Helvetica, sans-serif\">Sollten Sie weitere Fragen zu Ihrer Bestellung haben, z&ouml;gern Sie nicht uns zu kontaktieren.</p>\n<br><font face=\"Verdana, Arial, Helvetica, sans-serif\" size=\"2\">\n                :<br><b>HP. Arnold |Sparkasse Bayreuth, IBAN:   DE51 7735 0110 0000 3346 80 - BIC: BYLADEM1SBT</b></font>\n<br><br><br><br><br>\n <br><strong><font size=\"2\" face=\"Verdana, Arial, Helvetica, sans-serif\">Ihre Anmerkungen:</font></strong><br>\n        <font size=\"1\" face=\"Verdana, Arial, Helvetica, sans-serif\">Ich benötige diese Sendung bis 24.12.2025. Liebe Grüße und ein schönes und besinnliches Weihnachtsfest.</font><br>\n        <br>\n      </p></td>\n  </tr>\n</table>\n<table style=\"border-bottom:1px solid;\" width=\"100%\" border=\"0\" cellpadding=\"0\" cellspacing=\"0\">\n  <tr>\n      <br><br>\n      <td><font size=\"-1\" face=\"Verdana, Arial, Helvetica, sans-serif\"> <strong>Ihre bestellten Produkte nochmals zur Kontrolle: </strong></font></td>\n  </tr>\n  <tr>\n  <td><table width=\"100%\" border=\"0\" cellpadding=\"3\" cellspacing=\"0\" bgcolor=\"f1f1f1\">\n        <tr>\n          <td colspan=\"2\" style=\"border-right: 2px solid; border-bottom: 2px solid; border-color: #ffffff;\"><div align=\"center\"><font size=\"1\" face=\"Verdana, Arial, Helvetica, sans-serif\"><strong> Stk. </strong></font></div></td>\n          <td style=\"border-right: 2px solid; border-bottom: 2px solid; border-color: #ffffff;\"><font size=\"1\" face=\"Verdana, Arial, Helvetica, sans-serif\"><strong> Produkt </strong></font></td>\n          <td style=\"border-right: 2px solid; border-bottom: 2px solid; border-color: #ffffff;\"><font size=\"1\" face=\"Verdana, Arial, Helvetica, sans-serif\"><strong> Artikel Nr. </strong></font></td>\n          <td style=\"border-right: 2px solid; border-bottom: 2px solid; border-color: #ffffff;\" width=\"150\"><div align=\"right\"><font size=\"1\" face=\"Verdana, Arial, Helvetica, sans-serif\"><strong> Preis</strong></font><font size=\"1\"> </font></div></td>\n        </tr>\n                <tr>\n          <td width=\"20\" style=\"border-right: 2px solid; border-bottom: 2px solid; border-color: #ffffff;\"><div align=\"center\"><font size=\"1\" face=\"Verdana, Arial, Helvetica, sans-serif\">3</font></div></td>\n          <td width=\"20\" style=\"border-right: 2px solid; border-bottom: 2px solid; border-color: #ffffff;\"><div align=\"center\"><font size=\"1\" face=\"Verdana, Arial, Helvetica, sans-serif\">x</font></div></td>\n          <td style=\"border-right: 2px solid; border-bottom: 2px solid; border-color: #ffffff;\"><font size=\"1\" face=\"Verdana, Arial, Helvetica, sans-serif\"><strong>Starlight Nr.80 Schwanenpaar, Schwäne</strong><em><br>\n            </em></font></td>\n          <td style=\"border-right: 2px solid; border-bottom: 2px solid; border-color: #ffffff;\"><font size=\"1\" face=\"Verdana, Arial, Helvetica, sans-serif\">HE-80-SL // HE 2270<br>\n            <em></em></font>Lieferzeit*: 1 - 2 Tage</td>\n          <td style=\"border-right: 2px solid; border-bottom: 2px solid; border-color: #ffffff;\" width=\"150\"><div align=\"right\"><font size=\"1\" face=\"Verdana, Arial, Helvetica, sans-serif\"> 44,85 EUR</font></div></td>\n        </tr>\n        </table>\n  </td>\n </tr>\n</table>\n<div align=\"right\"><font size=\"1\" face=\"Arial, Helvetica, sans-serif\">Zwischensumme: 44,85 EUR</font></div>\n<br>\n<div align=\"right\"><font size=\"1\" face=\"Arial, Helvetica, sans-serif\">Versand (nach DE): 6,50 EUR</font></div>\n<br>\n<div align=\"right\"><font size=\"1\" face=\"Arial, Helvetica, sans-serif\">inkl. USt. (DE) 19,00%: 8,20 EUR</font></div>\n<br>\n<div align=\"right\"><font size=\"1\" face=\"Arial, Helvetica, sans-serif\"><b>Summe</b>:<b> 51,35 EUR</b></font></div>\n<br>\n<br><br><br>\n<font size=\"2\" face=\"Verdana, Arial, Helvetica, sans-serif\"><b>Mit freundlichen Gr&uuml;&szlig;en</b>\n<br><br>\"Hellmann Versand Shop\"<br>Inh. HP. Arnold<br>am Siegenberg 5<br>91278 Pottenstein<br>Tel: +49 (0) 9243-70 18 330<br>Fax: +49 (0) 9243-70 18 331<br>Email: info@hellmannversand-shop.de<br>USt.-ID: DE132290407</font>\n<p>\n<br>\n<br>*bei der Zahlungsart Vorkasse ab dem Tag nach der Zahlungsanweisung\ndes Kunden; bei anderen Zahlungsarten ab dem Tag nach Vertragsschluss\n<br>\n<hr>\nRECHTLICHES\n<br>\n<p><strong>Widerrufbelehrung</strong></p>\r\n<p>&#160;</p>\r\n<p><strong>Widerrufsrecht</strong></p>\r\n<p>Sie haben das Recht, binnen vierzehn Tagen ohne Angabe von Gr&#252;nden diesen Vertrag zu widerrufen. Die Widerrufsfrist betr&#228;gt vierzehn Tage ab dem Tag, an dem Sie oder ein von Ihnen benannter Dritter, der nicht der Bef&#246;rderer ist, die Ware in Besitz genommen haben bzw. hat. Um Ihr Widerrufsrecht auszu&#252;ben, m&#252;ssen Sie uns</p>\r\n<p>&#160;</p>\r\n<p><em>Hellmann&#160;Versand Shop &#8211; Inh. H.-P. Arnold</em></p>\r\n<p><em>Am Siegenberg 5 </em></p>\r\n<p><em>91278 Pottenstein</em></p>\r\n<p><em>Telefax-Nr.&#160;&#160;&#160;&#160;&#160;&#160;&#160;&#160;&#160;&#160;&#160;&#160;&#160;&#160;&#160;&#160;&#160;&#160;&#160;&#160;&#160;&#160;&#160;&#160;&#160;&#160;&#160; 09243-7018331</em></p>\r\n<p><em>E-Mail Adresse&#160;&#160;&#160;&#160;&#160;&#160;&#160;&#160;&#160;&#160;&#160;&#160;&#160;&#160;&#160;&#160;&#160;&#160;&#160;&#160;&#160; arnold@hellmannversand-shop.de</em></p>\r\n<p>&#160;</p>\r\n<p>mittels einer eindeutigen Erkl&#228;rung (z.B. einen mit der Post versandter Brief, Telefax oder E-Mail) &#252;ber Ihren Entschluss, diesen Vertrag zu widerrufen, informieren. Sie k&#246;nnen daf&#252;r das beigef&#252;gte Muster-Widerrufsformular verwenden, das jedoch nicht vorgeschrieben ist. Zur Wahrung der Widerrufsfrist reicht es aus, dass Sie die Mitteilung &#252;ber die Aus&#252;bung des Widerrufsrechts vor Ablauf der Widerrufsfrist absenden.</p>\r\n<p>&#160;</p>\r\n<p><strong>Folgen des Widerrufs</strong></p>\r\n<p>Wenn Sie diesen Vertrag widerrufen, haben wir Ihnen alle Zahlungen, die wir von Ihnen erhalten haben, einschlie&#223;lich der Lieferkosten (mit Ausnahme der zus&#228;tzlichen Kosten, die sich daraus ergeben, dass Sie eine andere Art der Lieferung als die von uns angebotene, g&#252;nstigste Standardlieferung gew&#228;hlt zu haben), unverz&#252;glich und sp&#228;testens binnen vierzehn Tagen ab dem Tag zur&#252;ckzuzahlen, an dem die Mittelung &#252;ber Ihren Widerruf dieses Vertrags bei uns eingegangen ist. F&#252;r diese R&#252;ckzahlung verwenden wir das dasselbe Zahlungsmittel, das Sie bei der urspr&#252;nglichen Transaktion eingesetzt haben, es sei denn , mit Ihnen wurde ausdr&#252;cklich etwas anderes vereinbart; in keinem Fall werden Ihnen wegen dieser R&#252;ckzahlung Entgelte berechnet. Wir k&#246;nnen die R&#252;ckzahlung verweigern, bis wir die Waren wieder zur&#252;ckerhalten haben oder bis Sie den Nachweis erbracht haben, dass Sie die Waren zur&#252;ckgesandt haben, je nachdem, welches der fr&#252;here Zeitpunkt ist. Sie haben die Waren unverz&#252;glich und in jedem Fall sp&#228;testens binnen 14 Tagen ab dem Tag, an dem Sie uns &#252;ber den Widerruf dieses Vertrages unterrichten, an uns zur&#252;ckzusenden oder zu &#252;bergeben. Die Frist ist gewahrt, wenn Sie die Waren vor Ablauf der Frist von 14 Tagen absenden. Sie tragen die unmittelbaren Kosten der R&#252;cksendung der Waren. Sie m&#252;ssen f&#252;r einen etwaigen Wertverlust der Waren nur aufkommen, wenn dieser Wertverlust auf einen zur Pr&#252;fung der Beschaffenheit, Eigenschaften und Funktionsweise der Waren nicht notwendigen Umgang mit ihnen zur&#252;ckzuf&#252;hren ist.</p>\r\n<p>&#160;</p>\r\n<p><strong>Ende der Widerrufsbelehrung</strong></p>\n<hr>\n<!-- @page { size: 21cm 29.7cm; margin: 2cm } P { margin-bottom: 0.21cm } -->\r\n<p><span style=\"font-family: Futura Com Light,sans-serif; font-size: small;\"><strong>Allgemeine Gesch&#228;ftsbedingungen</strong></span></p>\r\n<p>&#160;</p>\r\n<p><span style=\"font-family: Futura Com Light,sans-serif; font-size: small;\"><strong>&#167; 1 Geltungsbereich</strong></span></p>\r\n<p><span style=\"font-family: Futura Com Light,sans-serif; font-size: small;\">F&#252;r alle Gesch&#228;ftsbeziehungen zwischen \"<span style=\"font-size: small;\"><span style=\"font-family: Futura Com Light,sans-serif;\">Leuchtglas Versand\" Inhaber H.-P. Arnold</span></span> und dem Besteller gelten ausschlie&#223;lich unsere Allgemeinen Gesch&#228;ftsbedingungen in der jeweiligen zum Zeitpunkt der Bestellung g&#252;ltigen Fassung. <br /> </span></p>\r\n<p><span style=\"font-family: Futura Com Light,sans-serif; font-size: small;\"><br /> </span></p>\r\n<p><span style=\"font-family: Futura Com Light,sans-serif; font-size: small;\"><strong>&#167; 2 Vertragsabschluss</strong></span></p>\r\n<p><span style=\"font-family: Futura Com Light,sans-serif; font-size: small;\">Bei unseren Internetangeboten handelt es sich nicht um bindende Angebote zum Abschluss eines Kaufvertrages, sondern lediglich um eine Einladung an Sie zur Abgabe eines Angebots. Aufgrund Ihrer Bestellung geben Sie uns daher ein Angebot zum Abschluss eines Kaufvertrages ab. Nach Abschluss Ihres Bestellvorganges erhalten Sie von uns eine Email, die lediglich den Eingang Ihrer Bestellung best&#228;tigt, die jedoch noch keine Annahme Ihres Kaufangebotes darstellt. Ein Kaufvertrag durch unsere Annahme Ihres Angebots kommt danach erst dann zustande, wenn wir die bestellte Ware an Sie verschickt haben und wir Ihnen den Versand der Ware mit einer weiteren Email best&#228;tigt haben, was ggfls. jedoch sp&#228;testens eine Woche nach Eingang Ihrer Bestellung durch uns erfolgt. </span></p>\r\n<p>&#160;</p>\r\n<p><span style=\"font-family: Futura Com Light,sans-serif; font-size: small;\">Sollten Sie nicht &#252;ber unseren Internetshop, sondern &#252;ber die Internetplattform der ebay international AG \"www.ebay.de\" Ware bestellen, so kommt hiervon abweichend der Kaufvertrag gem&#228;&#223; den Allgemeinen Gesch&#228;ftsbedingungen bei ebay bereits durch Abgabe des H&#246;chstgebots bei Auktionsende bzw. durch Ausl&#246;sung der ebay-Funktion \"Sofort-Kaufen\" zustande. <br /> </span></p>\r\n<p><span style=\"font-family: Futura Com Light,sans-serif; font-size: small;\"><br /> </span></p>\r\n<p><span style=\"font-family: Futura Com Light,sans-serif; font-size: small;\"><strong>&#167; 3 Lieferung</strong></span></p>\r\n<p><span style=\"font-family: Futura Com Light,sans-serif; font-size: small;\">Ist es uns nicht m&#246;glich, die bestellte Ware in einer einzigen Sendung an Sie zu liefern, etwa da die bestellte Ware getrennt verpackt werden muss oder teilweise erst zu einem sp&#228;teren Zeitpunkt lieferbar ist, so entstehen Ihnen hierdurch keine zus&#228;tzlichen Kosten. Solche Teillieferungen bleiben uns m&#246;glich. </span></p>\r\n<p><span style=\"font-family: Futura Com Light,sans-serif; font-size: small;\">Das Transportieren der Ware erfolgt grunds&#228;tzlich nur bis zur 1. T&#252;r der Lieferadresse des Bestellers. Das Transportieren innerhalb des Geb&#228;udes hat durch den Kunden zu erfolgen. Sollte es vor Ort notwendig sein, dass die bestellte Ware innerhalb des Geb&#228;udes zu transportieren ist, so wird diese Sonderleistung nach vorheriger Vereinbarung nach tats&#228;chlichem Aufwand f&#252;r Sie kosteng&#252;nstig berechnet. Bitte geben Sie gegebenenfalls diese zus&#228;tzlichen Transportw&#252;nsche bereits bei der Bestellung an.</span></p>\r\n<p>&#160;</p>\r\n<p><span style=\"font-family: Futura Com Light,sans-serif; font-size: small;\"><span style=\"font-family: Futura Com Light,sans-serif; font-size: small;\"><strong>&#167; 3</strong></span><strong>.1</strong> <strong>Weitergabe von Emailadresse und/oder Telefonnummer an Versanddienstleister</strong></span></p>\r\n<p>&#160;</p>\r\n<p><span style=\"font-family: Futura Com Light,sans-serif; font-size: small;\">Nachfolgend informieren wir Sie dar&#252;ber, welche Daten an welche Versanddienstleister weitergegeben werden und aufgrund welcher Rechtslage dies geschieht. Sollten Sie eine solche Weitergabe Ihrer Emailadresse und/oder Telefonnummer nicht zustimmen, so sollten Sie uns dies bitte umgehend mitteilen bzw. bei Kauf &#252;ber unsere eigene Internetseite dieser Weitergabe ausdr&#252;cklich zu zustimmen, um somit dem gew&#228;hlten Versanddienstleister die M&#246;glichkeit zu er&#246;ffnen, Ihnen gegen&#252;ber die Lieferung anzuk&#252;ndigen oder aber mit Ihnen abzusprechen. </span></p>\r\n<p>&#160;</p>\r\n<p><strong><span style=\"font-family: Futura Com Light,sans-serif; font-size: small;\">DPD</span></strong></p>\r\n<p>&#160;</p>\r\n<p><span style=\"font-family: Futura Com Light,sans-serif; font-size: small;\"> Wenn die Bestellung Ihrer Ware durch den Versanddienstleister DPD erfolgt und Sie der Weitergabe Ihrer Emailadresse und/oder Ihrer Telefonnummer zugestimmt haben, bei Kauf &#252;ber eBay bzw. Amazon dieser Weitergabe nicht widersprochen haben, so wird diese an DPD (DPD Deutschland GmbH, Wailandstra&#223;e 1, 63741 Aschaffenburg) zur Ank&#252;ndigung der Lieferung oder Abstimmung des Liefertermins weitergegeben. Die rechtliche Grundlage f&#252;r diese Datenverarbeitung findet sich in Art. 6 Abs. 1 litt DSGVO, wonach uns die Verarbeitung dieser Daten erm&#246;glicht wird, wenn Sie in die Verarbeitung eingewilligt haben. Wenn Sie der Weitergabe der Emailadresse nicht zustimmen, erfolgt die Zustellung auch ohne Weitergabe dieser Daten, wodurch DPD allerdings auch nicht die M&#246;glichkeit er&#246;ffnet wird, mit Ihnen einen Liefertermin abzustimmen oder aber die Lieferung Ihnen gegen&#252;ber anzuk&#252;ndigen. </span></p>\r\n<p>&#160;</p>\r\n<p><span style=\"font-family: Futura Com Light,sans-serif; font-size: small;\">Eine Erteilte Einwilligung in die Datennutzung kann jederzeit f&#252;r die Zukunft widerrufen werden. Wenden Sie sich hierf&#252;r bitte direkt an uns oder aber an DPD. </span></p>\r\n<p>&#160;</p>\r\n<p><strong><span style=\"font-family: Futura Com Light,sans-serif; font-size: small;\">Hermes Versand </span></strong></p>\r\n<p>&#160;</p>\r\n<p><span style=\"font-family: Futura Com Light,sans-serif; font-size: small;\">Wenn die Bestellung Ihrer Ware durch den Versanddienstleister Hermes erfolgt und Sie der Weitergabe Ihrer Emailadresse und/oder Ihrer Telefonnummer zugestimmt haben, bei Kauf &#252;ber eBay bzw. Amazon dieser Weitergabe nicht widersprochen haben, so wird diese an Hermes (Hermes Logistik Gruppe Deutschland GmbH, Essener Stra&#223;e 89, 22419 Hamburg) zur Ank&#252;ndigung der Lieferung oder Abstimmung des Liefertermins weitergegeben. Die rechtliche Grundlage f&#252;r diese Datenverarbeitung findet sich in Art. 6 Abs. 1 litt DSGVO, wonach uns die Verarbeitung dieser Daten erm&#246;glicht wird, wenn Sie in die Verarbeitung eingewilligt haben. Wenn Sie der Weitergabe der Emailadresse nicht zustimmen, erfolgt die Zustellung auch ohne Weitergabe dieser Daten, wodurch Hermes allerdings auch nicht die M&#246;glichkeit er&#246;ffnet wird, mit Ihnen einen Liefertermin abzustimmen oder aber die Lieferung Ihnen gegen&#252;ber anzuk&#252;ndigen. </span></p>\r\n<p>&#160;</p>\r\n<p><span style=\"font-family: Futura Com Light,sans-serif; font-size: small;\">Eine Erteilte Einwilligung in die Datennutzung kann jederzeit f&#252;r die Zukunft widerrufen werden. Wenden Sie sich hierf&#252;r bitte direkt an uns oder aber an Hermes. </span></p>\r\n<p>&#160;</p>\r\n<p><span style=\"font-family: Futura Com Light,sans-serif; font-size: small;\"><strong>&#167; 4 Preise &amp; Zahlungsm&#246;glichkeiten</strong></span></p>\r\n<p><span style=\"font-family: Futura Com Light,sans-serif; font-size: small;\">Es gelten bei Ihrer Bestellung die zu diesem Zeitpunkt von uns ver&#246;ffentlichen Preise. Die Preise werden von uns in Euro angegeben und enthalten die jeweils g&#252;ltige gesetzliche Mehrwertsteuer zzgl. individueller Versandkosten. Kommt der Besteller in Zahlungsverzug, so gilt die gesetzliche Verzugsregelung des &#167;&#160;288&#160;BGB. </span></p>\r\n<p>&#160;</p>\r\n<table style=\"text-align: left; width: 100%;\" cellspacing=\"0\" cellpadding=\"0\" border=\"1\">\r\n<tbody>\r\n<tr>\r\n<td valign=\"middle\" align=\"center\">&#160;</td>\r\n<td style=\"vertical-align: middle; text-align: center; font-family: Arial;\">\r\n<p><span style=\"font-size: small;\">Zahlart/Methode</span></p>\r\n</td>\r\n<td style=\"vertical-align: middle; text-align: center; font-family: Arial;\">\r\n<p><span style=\"font-size: small;\">Vor bzw. Nachteile f&#252;r die Kunden</span></p>\r\n</td>\r\n</tr>\r\n<tr>\r\n<td valign=\"middle\" align=\"center\"><!-- PayPal Logo --><!-- PayPal Logo -->\r\n<table style=\"width: 248px; height: 107px;\" cellspacing=\"0\" cellpadding=\"10\" border=\"0\" align=\"center\">\r\n<tbody>\r\n<tr>\r\n<td align=\"center\"><span style=\"font-size: small;\"><a href=\"#\"><img src=\"https://www.paypal.com/de_DE/DE/i/logo/lockbox_150x47.gif\" alt=\"PayPal-Bezahlmethoden-Logo\" border=\"0\" /></a></span></td>\r\n</tr>\r\n</tbody>\r\n</table>\r\n<!-- PayPal Logo --><!-- PayPal Logo --></td>\r\n<td style=\"font-family: Arial;\" valign=\"middle\" align=\"center\">\r\n<p><span style=\"font-size: small;\">Paypal</span></p>\r\n</td>\r\n<td style=\"text-align: left; vertical-align: top; font-family: Arial;\">\r\n<ul>\r\n<li>\r\n<p><span style=\"font-size: small;\">sichere Zahlart, sofortiger Versand nach Geldeingang - sp&#228;testens am n&#228;chsten Werktag</span></p>\r\n</li>\r\n<li>\r\n<p><span style=\"font-size: small;\">Regellaufzeit 1-2 Werktage</span></p>\r\n</li>\r\n<li>\r\n<p><span style=\"font-size: small;\">K&#228;uferschutz durch Paypal</span></p>\r\n</li>\r\n<li>\r\n<p><span style=\"font-size: small;\">Sie m&#252;ssen bei Paypal angemeldet sein um diesen Service zu nutzen</span></p>\r\n</li>\r\n</ul>\r\n</td>\r\n</tr>\r\n<tr>\r\n<td valign=\"middle\" align=\"center\"><span style=\"font-size: small;\"><img style=\"width: 147px; height: 68px;\" src=\"https://hellmannversand-shop.de/files/logos/sparkasse_bth.jpg\" alt=\"Leuchtstofflampen-Logo_spk\" /></span></td>\r\n<td style=\"font-family: Arial;\" valign=\"middle\" align=\"center\">\r\n<p><span style=\"font-size: small;\">Vorkasse/&#220;berweisung</span></p>\r\n</td>\r\n<td style=\"text-align: left; vertical-align: top; font-family: Arial;\">\r\n<ul>\r\n<li>\r\n<p><span style=\"font-size: small;\">sichere Zahlart</span></p>\r\n</li>\r\n<li>\r\n<p><span style=\"font-size: small;\">allerdings kann die &#220;berweisung je nach Bank bis zu 4 Arbeitstage dauern</span></p>\r\n</li>\r\n<li>\r\n<p><span style=\"font-size: small;\">Versand schnellstens nach Zahlungsbuchung</span></p>\r\n</li>\r\n</ul>\r\n</td>\r\n</tr>\r\n<!-- <tr>\r\n<td align=\"center\" valign=\"middle\"><span style=\"font-size: small;\"><img style=\"width: 147px; height: 68px;\" src=\"../ebaymich/sofortueberweisung.jpg\" alt=\"Leuchtstofflampen-Logo_spk\" /></span></td>\r\n<td style=\"font-family: Arial;\" align=\"center\" valign=\"middle\">\r\n<p><span style=\"font-size: small;\">Überweisen per SOFORTÜBERWEISUNG</span></p>\r\n</td>\r\n<td style=\"text-align: left; vertical-align: top; font-family: Arial;\">\r\n<ul>\r\n<li>\r\n<p><span style=\"font-size: small;\">Sofortüberweisung ist der kostenlose, TÜV-zertifizierte Zahlungsdienst der Payment Network AG.</span></p>\r\n</li>\r\n<li>\r\n<p><span style=\"font-size: small;\">keine zusätzliche Registrierung, automatische Abbuchung von Ihrem Online-Bankkonto</span></p>\r\n</li>\r\n<li>\r\n<p><span style=\"font-size: small;\">höchste Sicherheitsstandards und sofortiger Versand von Lagerware</span></p>\r\n</li>\r\n</ul>\r\n</td>\r\n</tr>\r\n<tr>\r\n<td align=\"center\" valign=\"middle\"><span style=\"font-size: small;\"><img style=\"width: 147px; height: 68px;\" src=\"../ebaymich/billsafe.png\" alt=\"Leuchtstofflampen-Logo_spk\" /></span></td>\r\n<td style=\"font-family: Arial;\" align=\"center\" valign=\"middle\">\r\n<p><span style=\"font-size: small;\">Bezahlen auf Rechnung</span></p>\r\n</td>\r\n<td style=\"text-align: left; vertical-align: top; font-family: Arial;\">\r\n<ul>\r\n<li>\r\n<p><span style=\"font-size: small;\">sichere Zahlart, sofortiger Versand bei Auftragseingang - spätestens am nächsten Werktag</span></p>\r\n</li>\r\n<li>\r\n<p><span style=\"font-size: small;\">ein Zahlungsziel von 14 Tagen nach Versand der Ware</span></p>\r\n</li>\r\n<li>\r\n<p><span style=\"font-size: small;\">zusätzliche Sicherheit durch unseren Partner \"BILLSAFE\"</span></p>\r\n</li>\r\n</ul>\r\n</td>\r\n</tr> -->\r\n<tr>\r\n<td valign=\"middle\" align=\"center\"><span style=\"font-size: small;\"><img style=\"width: 194px; height: 89px;\" src=\"https://hellmannversand-shop.de/files/logos/barzahlung.jpg\" alt=\"logo_barzahlung\" /></span></td>\r\n<td style=\"font-family: Arial;\" valign=\"middle\" align=\"center\">\r\n<p><span style=\"font-size: small;\">Barzahlung bei Abholung</span></p>\r\n</td>\r\n<td style=\"text-align: left; vertical-align: top; font-family: Arial;\">\r\n<ul>\r\n<li>\r\n<p><span style=\"font-size: small;\">F&#252;r Kunden eine der besten Zahlungsarten, denn es kann vor Ort gepr&#252;ft werden was gekauft wird.</span></p>\r\n</li>\r\n<li>\r\n<p><span style=\"font-size: small;\">Allerdings nur zu empfehlen wenn Sie in der Umgebung Pegnitz/Pottenstein wohnen .</span></p>\r\n</li>\r\n<li>\r\n<p><span style=\"font-size: small;\">Wir bitten unbedingt um vorherige telefonische <span style=\"text-decoration: underline;\">Terminvereinbarung</span> !!</span></p>\r\n</li>\r\n</ul>\r\n</td>\r\n</tr>\r\n</tbody>\r\n</table>\r\n<p>&#160;</p>\r\n<span style=\"font-family: Futura Com Light,sans-serif; font-size: small;\"> <strong>&#167; 5 Versandkostenanteil<br /><br /></strong>Wir versenden nur innerhalb Deutschlands, es entstehen folgende Versandkosten:<strong><br /> <br /> </strong> </span>\r\n<table style=\"text-align: left; width: 100%;\" cellspacing=\"0\" cellpadding=\"0\" border=\"1\">\r\n<tbody>\r\n<tr>\r\n<td style=\"text-align: center; font-family: Arial;\">&#160;</td>\r\n<td style=\"text-align: center; font-family: Arial;\">&#160;</td>\r\n</tr>\r\n<tr>\r\n<td style=\"text-align: center; font-family: Arial;\">\r\n<p style=\"text-align: right;\"><span style=\"font-size: small;\">Innerhalb Deutschlands berechnen wir eine Versandpauschale von<br /></span></p>\r\n</td>\r\n<td style=\"text-align: center; font-family: Arial;\">\r\n<p><span style=\"font-size: small;\">EUR 6,50</span></p>\r\n</td>\r\n</tr>\r\n<tr>\r\n<td style=\"text-align: center; font-family: Arial;\">&#160;</td>\r\n<td style=\"text-align: center; font-family: Arial;\">&#160;</td>\r\n</tr>\r\n</tbody>\r\n</table>\r\n<p>&#160;</p>\r\n<p>&#160;</p>\r\n<p><span style=\"font-family: Futura Com Light,sans-serif; font-size: small;\"><strong>&#167; 6 Eigentumsvorbehalt, Aufrechnung</strong></span></p>\r\n<p><span style=\"font-size: small;\"><span style=\"font-family: Futura Com Light,sans-serif;\">Die gelieferte Ware bleibt bis zur vollst&#228;ndigen Bezahlung Eigentum von \"Leuchtglas Versand\" Inhaber H.-P. Arnold. Sollte der Besteller die Ware noch vor der vollst&#228;ndigen Bezahlung weiter ver&#228;u&#223;ert haben, so geltend die Anspr&#252;che des Bestellers gegen den dritten Erwerber als an \"Leuchtglas Versand\" Inhaber H.-P. Arnold</span> <span style=\"font-family: Futura Com Light,sans-serif;\">abgetreten. </span></span></p>\r\n<p>&#160;</p>\r\n<p><span style=\"font-family: Futura Com Light,sans-serif; font-size: small;\"><strong>&#167; 7 Gew&#228;hrleistung</strong></span></p>\r\n<p><span style=\"font-family: Futura Com Light,sans-serif; font-size: small;\">Es geltend die gesetzlichen Gew&#228;hrleistungsrechte. Sollte die Ihnen gelieferte Ware offensichtliche Material- oder Herstellungsfehler oder Transportsch&#228;den aufweisen, so reklamieren Sie dieses bitte sofort gegen&#252;ber uns oder dem Zusteller, der die bestellte Ware anliefert. Die Vers&#228;umung dieser R&#252;ge hat allerdings f&#252;r Ihre gesetzlichen Anspr&#252;che keine Konsequenzen. </span></p>\r\n<p>&#160;</p>\r\n<p><span style=\"font-family: Futura Com Light,sans-serif; font-size: small;\"><strong>&#167; 8 Gerichtsstand f&#252;r Vertr&#228;ge mit Kaufleuten</strong></span></p>\r\n<p><span style=\"font-size: small;\"><span style=\"font-family: Futura Com Light,sans-serif;\">Sofern der Besteller Kaufmann ist oder der Besteller seinen Wohnsitz au&#223;erhalb Deutschlands hat, wird als ausschlie&#223;licher Gerichtsstand 91278 Pottenstein</span> <span style=\"font-family: Futura Com Light,sans-serif;\">vereinbart. F&#252;r solche Vertr&#228;ge mit Kaufleuten gilt ausschlie&#223;lich deutsches Recht. </span></span></p>\n\n\n');
INSERT INTO `ebay_email_bodys` (`email_id`, `email_body`) VALUES
(11110, '<table width=\"100%\" border=\"0\">\n  <tr>\n    <td><table width=\"100%\" border=\"0\" cellpadding=\"0\" cellspacing=\"0\">\n        <tr>\n          <td><font size=\"2\" face=\"Verdana, Arial, Helvetica, sans-serif\">BENACHRICHTIGUNG ÜBER IHREN EINKAUF <hr noshade size=\"1\"><br>Holger Wahl <br>Espenweg 2<br>26197 Grossenkneten<br>Germany<br><br>\n            <strong>Zahlungsmethode:</strong> yes_ppp Paypal<br>            <strong>Rechnung Nr:</strong> 3547<br>\n            <strong>Bestelldatum:</strong> Sonntag, 21.12.2025<br>\n			</font>\n          </td>\n          <!--<td width=\"1\"><img src=\"https://hellmannversand-shop.de/templates/YES4trade2018/img/logo.gif\">-->\n          </td>\n        </tr>\n</table>\n<br>\n<table style=\"border-top:1px solid; border-bottom:1px solid;\" width=\"100%\" border=\"0\">\n       <tr bgcolor=\"#f1f1f1\">\n          <td width=\"50%\"> <p><font size=\"2\"><strong><font face=\"Verdana, Arial, Helvetica, sans-serif\">Lieferadresse <br>\n          </font></strong></font></p></td>          <td> <p><font size=\"2\"><strong><font face=\"Verdana, Arial, Helvetica, sans-serif\">Rechnungsadresse <br>\n          </font> </strong></font></p></td>        </tr>\n        <tr>\n          <td><font size=\"2\" face=\"Verdana, Arial, Helvetica, sans-serif\">Holger Wahl <br>Espenweg 2<br>26197 Grossenkneten<br>Germany</font></td>\n          <td><font size=\"2\" face=\"Verdana, Arial, Helvetica, sans-serif\">Holger Wahl <br>Espenweg 2<br>26197 Grossenkneten<br>Germany</font></td>        </tr>\n      </table>\n      <p><font size=\"2\" face=\"Verdana, Arial, Helvetica, sans-serif\"><b>Sehr geehrte/r, Holger Wahl,</b><br><br>\nVielen Dank f&uuml;r Ihre Bestellung.</font><br>\n<p><font size=\"2\" face=\"Verdana, Arial, Helvetica, sans-serif\">Sollten Sie weitere Fragen zu Ihrer Bestellung haben, z&ouml;gern Sie nicht uns zu kontaktieren.</p>\n<br><font face=\"Verdana, Arial, Helvetica, sans-serif\" size=\"2\">\n                :<br><b>HP. Arnold |Sparkasse Bayreuth, IBAN:   DE51 7735 0110 0000 3346 80 - BIC: BYLADEM1SBT</b></font>\n<br><br><br><br><br>\n <br>        <br>\n      </p></td>\n  </tr>\n</table>\n<table style=\"border-bottom:1px solid;\" width=\"100%\" border=\"0\" cellpadding=\"0\" cellspacing=\"0\">\n  <tr>\n      <br><br>\n      <td><font size=\"-1\" face=\"Verdana, Arial, Helvetica, sans-serif\"> <strong>Ihre bestellten Produkte nochmals zur Kontrolle: </strong></font></td>\n  </tr>\n  <tr>\n  <td><table width=\"100%\" border=\"0\" cellpadding=\"3\" cellspacing=\"0\" bgcolor=\"f1f1f1\">\n        <tr>\n          <td colspan=\"2\" style=\"border-right: 2px solid; border-bottom: 2px solid; border-color: #ffffff;\"><div align=\"center\"><font size=\"1\" face=\"Verdana, Arial, Helvetica, sans-serif\"><strong> Stk. </strong></font></div></td>\n          <td style=\"border-right: 2px solid; border-bottom: 2px solid; border-color: #ffffff;\"><font size=\"1\" face=\"Verdana, Arial, Helvetica, sans-serif\"><strong> Produkt </strong></font></td>\n          <td style=\"border-right: 2px solid; border-bottom: 2px solid; border-color: #ffffff;\"><font size=\"1\" face=\"Verdana, Arial, Helvetica, sans-serif\"><strong> Artikel Nr. </strong></font></td>\n          <td style=\"border-right: 2px solid; border-bottom: 2px solid; border-color: #ffffff;\" width=\"150\"><div align=\"right\"><font size=\"1\" face=\"Verdana, Arial, Helvetica, sans-serif\"><strong> Preis</strong></font><font size=\"1\"> </font></div></td>\n        </tr>\n                <tr>\n          <td width=\"20\" style=\"border-right: 2px solid; border-bottom: 2px solid; border-color: #ffffff;\"><div align=\"center\"><font size=\"1\" face=\"Verdana, Arial, Helvetica, sans-serif\">1</font></div></td>\n          <td width=\"20\" style=\"border-right: 2px solid; border-bottom: 2px solid; border-color: #ffffff;\"><div align=\"center\"><font size=\"1\" face=\"Verdana, Arial, Helvetica, sans-serif\">x</font></div></td>\n          <td style=\"border-right: 2px solid; border-bottom: 2px solid; border-color: #ffffff;\"><font size=\"1\" face=\"Verdana, Arial, Helvetica, sans-serif\"><strong>Leuchtglas 11cm Nr.143 weiß strahlender Stern</strong><em><br>\n            </em></font></td>\n          <td style=\"border-right: 2px solid; border-bottom: 2px solid; border-color: #ffffff;\"><font size=\"1\" face=\"Verdana, Arial, Helvetica, sans-serif\">HE-143weiL // HE 7989<br>\n            <em></em></font>Lieferzeit*: 1 - 2 Tage</td>\n          <td style=\"border-right: 2px solid; border-bottom: 2px solid; border-color: #ffffff;\" width=\"150\"><div align=\"right\"><font size=\"1\" face=\"Verdana, Arial, Helvetica, sans-serif\"> 14,90 EUR</font></div></td>\n        </tr>\n        </table>\n  </td>\n </tr>\n</table>\n<div align=\"right\"><font size=\"1\" face=\"Arial, Helvetica, sans-serif\">Zwischensumme: 14,90 EUR</font></div>\n<br>\n<div align=\"right\"><font size=\"1\" face=\"Arial, Helvetica, sans-serif\">Versand (nach DE): 6,50 EUR</font></div>\n<br>\n<div align=\"right\"><font size=\"1\" face=\"Arial, Helvetica, sans-serif\">inkl. USt. (DE) 19,00%: 3,42 EUR</font></div>\n<br>\n<div align=\"right\"><font size=\"1\" face=\"Arial, Helvetica, sans-serif\"><b>Summe</b>:<b> 21,40 EUR</b></font></div>\n<br>\n<br><br><br>\n<font size=\"2\" face=\"Verdana, Arial, Helvetica, sans-serif\"><b>Mit freundlichen Gr&uuml;&szlig;en</b>\n<br><br>\"Hellmann Versand Shop\"<br>Inh. HP. Arnold<br>am Siegenberg 5<br>91278 Pottenstein<br>Tel: +49 (0) 9243-70 18 330<br>Fax: +49 (0) 9243-70 18 331<br>Email: info@hellmannversand-shop.de<br>USt.-ID: DE132290407</font>\n<p>\n<br>\n<br>*bei der Zahlungsart Vorkasse ab dem Tag nach der Zahlungsanweisung\ndes Kunden; bei anderen Zahlungsarten ab dem Tag nach Vertragsschluss\n<br>\n<hr>\nRECHTLICHES\n<br>\n<p><strong>Widerrufbelehrung</strong></p>\r\n<p>&#160;</p>\r\n<p><strong>Widerrufsrecht</strong></p>\r\n<p>Sie haben das Recht, binnen vierzehn Tagen ohne Angabe von Gr&#252;nden diesen Vertrag zu widerrufen. Die Widerrufsfrist betr&#228;gt vierzehn Tage ab dem Tag, an dem Sie oder ein von Ihnen benannter Dritter, der nicht der Bef&#246;rderer ist, die Ware in Besitz genommen haben bzw. hat. Um Ihr Widerrufsrecht auszu&#252;ben, m&#252;ssen Sie uns</p>\r\n<p>&#160;</p>\r\n<p><em>Hellmann&#160;Versand Shop &#8211; Inh. H.-P. Arnold</em></p>\r\n<p><em>Am Siegenberg 5 </em></p>\r\n<p><em>91278 Pottenstein</em></p>\r\n<p><em>Telefax-Nr.&#160;&#160;&#160;&#160;&#160;&#160;&#160;&#160;&#160;&#160;&#160;&#160;&#160;&#160;&#160;&#160;&#160;&#160;&#160;&#160;&#160;&#160;&#160;&#160;&#160;&#160;&#160; 09243-7018331</em></p>\r\n<p><em>E-Mail Adresse&#160;&#160;&#160;&#160;&#160;&#160;&#160;&#160;&#160;&#160;&#160;&#160;&#160;&#160;&#160;&#160;&#160;&#160;&#160;&#160;&#160; arnold@hellmannversand-shop.de</em></p>\r\n<p>&#160;</p>\r\n<p>mittels einer eindeutigen Erkl&#228;rung (z.B. einen mit der Post versandter Brief, Telefax oder E-Mail) &#252;ber Ihren Entschluss, diesen Vertrag zu widerrufen, informieren. Sie k&#246;nnen daf&#252;r das beigef&#252;gte Muster-Widerrufsformular verwenden, das jedoch nicht vorgeschrieben ist. Zur Wahrung der Widerrufsfrist reicht es aus, dass Sie die Mitteilung &#252;ber die Aus&#252;bung des Widerrufsrechts vor Ablauf der Widerrufsfrist absenden.</p>\r\n<p>&#160;</p>\r\n<p><strong>Folgen des Widerrufs</strong></p>\r\n<p>Wenn Sie diesen Vertrag widerrufen, haben wir Ihnen alle Zahlungen, die wir von Ihnen erhalten haben, einschlie&#223;lich der Lieferkosten (mit Ausnahme der zus&#228;tzlichen Kosten, die sich daraus ergeben, dass Sie eine andere Art der Lieferung als die von uns angebotene, g&#252;nstigste Standardlieferung gew&#228;hlt zu haben), unverz&#252;glich und sp&#228;testens binnen vierzehn Tagen ab dem Tag zur&#252;ckzuzahlen, an dem die Mittelung &#252;ber Ihren Widerruf dieses Vertrags bei uns eingegangen ist. F&#252;r diese R&#252;ckzahlung verwenden wir das dasselbe Zahlungsmittel, das Sie bei der urspr&#252;nglichen Transaktion eingesetzt haben, es sei denn , mit Ihnen wurde ausdr&#252;cklich etwas anderes vereinbart; in keinem Fall werden Ihnen wegen dieser R&#252;ckzahlung Entgelte berechnet. Wir k&#246;nnen die R&#252;ckzahlung verweigern, bis wir die Waren wieder zur&#252;ckerhalten haben oder bis Sie den Nachweis erbracht haben, dass Sie die Waren zur&#252;ckgesandt haben, je nachdem, welches der fr&#252;here Zeitpunkt ist. Sie haben die Waren unverz&#252;glich und in jedem Fall sp&#228;testens binnen 14 Tagen ab dem Tag, an dem Sie uns &#252;ber den Widerruf dieses Vertrages unterrichten, an uns zur&#252;ckzusenden oder zu &#252;bergeben. Die Frist ist gewahrt, wenn Sie die Waren vor Ablauf der Frist von 14 Tagen absenden. Sie tragen die unmittelbaren Kosten der R&#252;cksendung der Waren. Sie m&#252;ssen f&#252;r einen etwaigen Wertverlust der Waren nur aufkommen, wenn dieser Wertverlust auf einen zur Pr&#252;fung der Beschaffenheit, Eigenschaften und Funktionsweise der Waren nicht notwendigen Umgang mit ihnen zur&#252;ckzuf&#252;hren ist.</p>\r\n<p>&#160;</p>\r\n<p><strong>Ende der Widerrufsbelehrung</strong></p>\n<hr>\n<!-- @page { size: 21cm 29.7cm; margin: 2cm } P { margin-bottom: 0.21cm } -->\r\n<p><span style=\"font-family: Futura Com Light,sans-serif; font-size: small;\"><strong>Allgemeine Gesch&#228;ftsbedingungen</strong></span></p>\r\n<p>&#160;</p>\r\n<p><span style=\"font-family: Futura Com Light,sans-serif; font-size: small;\"><strong>&#167; 1 Geltungsbereich</strong></span></p>\r\n<p><span style=\"font-family: Futura Com Light,sans-serif; font-size: small;\">F&#252;r alle Gesch&#228;ftsbeziehungen zwischen \"<span style=\"font-size: small;\"><span style=\"font-family: Futura Com Light,sans-serif;\">Leuchtglas Versand\" Inhaber H.-P. Arnold</span></span> und dem Besteller gelten ausschlie&#223;lich unsere Allgemeinen Gesch&#228;ftsbedingungen in der jeweiligen zum Zeitpunkt der Bestellung g&#252;ltigen Fassung. <br /> </span></p>\r\n<p><span style=\"font-family: Futura Com Light,sans-serif; font-size: small;\"><br /> </span></p>\r\n<p><span style=\"font-family: Futura Com Light,sans-serif; font-size: small;\"><strong>&#167; 2 Vertragsabschluss</strong></span></p>\r\n<p><span style=\"font-family: Futura Com Light,sans-serif; font-size: small;\">Bei unseren Internetangeboten handelt es sich nicht um bindende Angebote zum Abschluss eines Kaufvertrages, sondern lediglich um eine Einladung an Sie zur Abgabe eines Angebots. Aufgrund Ihrer Bestellung geben Sie uns daher ein Angebot zum Abschluss eines Kaufvertrages ab. Nach Abschluss Ihres Bestellvorganges erhalten Sie von uns eine Email, die lediglich den Eingang Ihrer Bestellung best&#228;tigt, die jedoch noch keine Annahme Ihres Kaufangebotes darstellt. Ein Kaufvertrag durch unsere Annahme Ihres Angebots kommt danach erst dann zustande, wenn wir die bestellte Ware an Sie verschickt haben und wir Ihnen den Versand der Ware mit einer weiteren Email best&#228;tigt haben, was ggfls. jedoch sp&#228;testens eine Woche nach Eingang Ihrer Bestellung durch uns erfolgt. </span></p>\r\n<p>&#160;</p>\r\n<p><span style=\"font-family: Futura Com Light,sans-serif; font-size: small;\">Sollten Sie nicht &#252;ber unseren Internetshop, sondern &#252;ber die Internetplattform der ebay international AG \"www.ebay.de\" Ware bestellen, so kommt hiervon abweichend der Kaufvertrag gem&#228;&#223; den Allgemeinen Gesch&#228;ftsbedingungen bei ebay bereits durch Abgabe des H&#246;chstgebots bei Auktionsende bzw. durch Ausl&#246;sung der ebay-Funktion \"Sofort-Kaufen\" zustande. <br /> </span></p>\r\n<p><span style=\"font-family: Futura Com Light,sans-serif; font-size: small;\"><br /> </span></p>\r\n<p><span style=\"font-family: Futura Com Light,sans-serif; font-size: small;\"><strong>&#167; 3 Lieferung</strong></span></p>\r\n<p><span style=\"font-family: Futura Com Light,sans-serif; font-size: small;\">Ist es uns nicht m&#246;glich, die bestellte Ware in einer einzigen Sendung an Sie zu liefern, etwa da die bestellte Ware getrennt verpackt werden muss oder teilweise erst zu einem sp&#228;teren Zeitpunkt lieferbar ist, so entstehen Ihnen hierdurch keine zus&#228;tzlichen Kosten. Solche Teillieferungen bleiben uns m&#246;glich. </span></p>\r\n<p><span style=\"font-family: Futura Com Light,sans-serif; font-size: small;\">Das Transportieren der Ware erfolgt grunds&#228;tzlich nur bis zur 1. T&#252;r der Lieferadresse des Bestellers. Das Transportieren innerhalb des Geb&#228;udes hat durch den Kunden zu erfolgen. Sollte es vor Ort notwendig sein, dass die bestellte Ware innerhalb des Geb&#228;udes zu transportieren ist, so wird diese Sonderleistung nach vorheriger Vereinbarung nach tats&#228;chlichem Aufwand f&#252;r Sie kosteng&#252;nstig berechnet. Bitte geben Sie gegebenenfalls diese zus&#228;tzlichen Transportw&#252;nsche bereits bei der Bestellung an.</span></p>\r\n<p>&#160;</p>\r\n<p><span style=\"font-family: Futura Com Light,sans-serif; font-size: small;\"><span style=\"font-family: Futura Com Light,sans-serif; font-size: small;\"><strong>&#167; 3</strong></span><strong>.1</strong> <strong>Weitergabe von Emailadresse und/oder Telefonnummer an Versanddienstleister</strong></span></p>\r\n<p>&#160;</p>\r\n<p><span style=\"font-family: Futura Com Light,sans-serif; font-size: small;\">Nachfolgend informieren wir Sie dar&#252;ber, welche Daten an welche Versanddienstleister weitergegeben werden und aufgrund welcher Rechtslage dies geschieht. Sollten Sie eine solche Weitergabe Ihrer Emailadresse und/oder Telefonnummer nicht zustimmen, so sollten Sie uns dies bitte umgehend mitteilen bzw. bei Kauf &#252;ber unsere eigene Internetseite dieser Weitergabe ausdr&#252;cklich zu zustimmen, um somit dem gew&#228;hlten Versanddienstleister die M&#246;glichkeit zu er&#246;ffnen, Ihnen gegen&#252;ber die Lieferung anzuk&#252;ndigen oder aber mit Ihnen abzusprechen. </span></p>\r\n<p>&#160;</p>\r\n<p><strong><span style=\"font-family: Futura Com Light,sans-serif; font-size: small;\">DPD</span></strong></p>\r\n<p>&#160;</p>\r\n<p><span style=\"font-family: Futura Com Light,sans-serif; font-size: small;\"> Wenn die Bestellung Ihrer Ware durch den Versanddienstleister DPD erfolgt und Sie der Weitergabe Ihrer Emailadresse und/oder Ihrer Telefonnummer zugestimmt haben, bei Kauf &#252;ber eBay bzw. Amazon dieser Weitergabe nicht widersprochen haben, so wird diese an DPD (DPD Deutschland GmbH, Wailandstra&#223;e 1, 63741 Aschaffenburg) zur Ank&#252;ndigung der Lieferung oder Abstimmung des Liefertermins weitergegeben. Die rechtliche Grundlage f&#252;r diese Datenverarbeitung findet sich in Art. 6 Abs. 1 litt DSGVO, wonach uns die Verarbeitung dieser Daten erm&#246;glicht wird, wenn Sie in die Verarbeitung eingewilligt haben. Wenn Sie der Weitergabe der Emailadresse nicht zustimmen, erfolgt die Zustellung auch ohne Weitergabe dieser Daten, wodurch DPD allerdings auch nicht die M&#246;glichkeit er&#246;ffnet wird, mit Ihnen einen Liefertermin abzustimmen oder aber die Lieferung Ihnen gegen&#252;ber anzuk&#252;ndigen. </span></p>\r\n<p>&#160;</p>\r\n<p><span style=\"font-family: Futura Com Light,sans-serif; font-size: small;\">Eine Erteilte Einwilligung in die Datennutzung kann jederzeit f&#252;r die Zukunft widerrufen werden. Wenden Sie sich hierf&#252;r bitte direkt an uns oder aber an DPD. </span></p>\r\n<p>&#160;</p>\r\n<p><strong><span style=\"font-family: Futura Com Light,sans-serif; font-size: small;\">Hermes Versand </span></strong></p>\r\n<p>&#160;</p>\r\n<p><span style=\"font-family: Futura Com Light,sans-serif; font-size: small;\">Wenn die Bestellung Ihrer Ware durch den Versanddienstleister Hermes erfolgt und Sie der Weitergabe Ihrer Emailadresse und/oder Ihrer Telefonnummer zugestimmt haben, bei Kauf &#252;ber eBay bzw. Amazon dieser Weitergabe nicht widersprochen haben, so wird diese an Hermes (Hermes Logistik Gruppe Deutschland GmbH, Essener Stra&#223;e 89, 22419 Hamburg) zur Ank&#252;ndigung der Lieferung oder Abstimmung des Liefertermins weitergegeben. Die rechtliche Grundlage f&#252;r diese Datenverarbeitung findet sich in Art. 6 Abs. 1 litt DSGVO, wonach uns die Verarbeitung dieser Daten erm&#246;glicht wird, wenn Sie in die Verarbeitung eingewilligt haben. Wenn Sie der Weitergabe der Emailadresse nicht zustimmen, erfolgt die Zustellung auch ohne Weitergabe dieser Daten, wodurch Hermes allerdings auch nicht die M&#246;glichkeit er&#246;ffnet wird, mit Ihnen einen Liefertermin abzustimmen oder aber die Lieferung Ihnen gegen&#252;ber anzuk&#252;ndigen. </span></p>\r\n<p>&#160;</p>\r\n<p><span style=\"font-family: Futura Com Light,sans-serif; font-size: small;\">Eine Erteilte Einwilligung in die Datennutzung kann jederzeit f&#252;r die Zukunft widerrufen werden. Wenden Sie sich hierf&#252;r bitte direkt an uns oder aber an Hermes. </span></p>\r\n<p>&#160;</p>\r\n<p><span style=\"font-family: Futura Com Light,sans-serif; font-size: small;\"><strong>&#167; 4 Preise &amp; Zahlungsm&#246;glichkeiten</strong></span></p>\r\n<p><span style=\"font-family: Futura Com Light,sans-serif; font-size: small;\">Es gelten bei Ihrer Bestellung die zu diesem Zeitpunkt von uns ver&#246;ffentlichen Preise. Die Preise werden von uns in Euro angegeben und enthalten die jeweils g&#252;ltige gesetzliche Mehrwertsteuer zzgl. individueller Versandkosten. Kommt der Besteller in Zahlungsverzug, so gilt die gesetzliche Verzugsregelung des &#167;&#160;288&#160;BGB. </span></p>\r\n<p>&#160;</p>\r\n<table style=\"text-align: left; width: 100%;\" cellspacing=\"0\" cellpadding=\"0\" border=\"1\">\r\n<tbody>\r\n<tr>\r\n<td valign=\"middle\" align=\"center\">&#160;</td>\r\n<td style=\"vertical-align: middle; text-align: center; font-family: Arial;\">\r\n<p><span style=\"font-size: small;\">Zahlart/Methode</span></p>\r\n</td>\r\n<td style=\"vertical-align: middle; text-align: center; font-family: Arial;\">\r\n<p><span style=\"font-size: small;\">Vor bzw. Nachteile f&#252;r die Kunden</span></p>\r\n</td>\r\n</tr>\r\n<tr>\r\n<td valign=\"middle\" align=\"center\"><!-- PayPal Logo --><!-- PayPal Logo -->\r\n<table style=\"width: 248px; height: 107px;\" cellspacing=\"0\" cellpadding=\"10\" border=\"0\" align=\"center\">\r\n<tbody>\r\n<tr>\r\n<td align=\"center\"><span style=\"font-size: small;\"><a href=\"#\"><img src=\"https://www.paypal.com/de_DE/DE/i/logo/lockbox_150x47.gif\" alt=\"PayPal-Bezahlmethoden-Logo\" border=\"0\" /></a></span></td>\r\n</tr>\r\n</tbody>\r\n</table>\r\n<!-- PayPal Logo --><!-- PayPal Logo --></td>\r\n<td style=\"font-family: Arial;\" valign=\"middle\" align=\"center\">\r\n<p><span style=\"font-size: small;\">Paypal</span></p>\r\n</td>\r\n<td style=\"text-align: left; vertical-align: top; font-family: Arial;\">\r\n<ul>\r\n<li>\r\n<p><span style=\"font-size: small;\">sichere Zahlart, sofortiger Versand nach Geldeingang - sp&#228;testens am n&#228;chsten Werktag</span></p>\r\n</li>\r\n<li>\r\n<p><span style=\"font-size: small;\">Regellaufzeit 1-2 Werktage</span></p>\r\n</li>\r\n<li>\r\n<p><span style=\"font-size: small;\">K&#228;uferschutz durch Paypal</span></p>\r\n</li>\r\n<li>\r\n<p><span style=\"font-size: small;\">Sie m&#252;ssen bei Paypal angemeldet sein um diesen Service zu nutzen</span></p>\r\n</li>\r\n</ul>\r\n</td>\r\n</tr>\r\n<tr>\r\n<td valign=\"middle\" align=\"center\"><span style=\"font-size: small;\"><img style=\"width: 147px; height: 68px;\" src=\"https://hellmannversand-shop.de/files/logos/sparkasse_bth.jpg\" alt=\"Leuchtstofflampen-Logo_spk\" /></span></td>\r\n<td style=\"font-family: Arial;\" valign=\"middle\" align=\"center\">\r\n<p><span style=\"font-size: small;\">Vorkasse/&#220;berweisung</span></p>\r\n</td>\r\n<td style=\"text-align: left; vertical-align: top; font-family: Arial;\">\r\n<ul>\r\n<li>\r\n<p><span style=\"font-size: small;\">sichere Zahlart</span></p>\r\n</li>\r\n<li>\r\n<p><span style=\"font-size: small;\">allerdings kann die &#220;berweisung je nach Bank bis zu 4 Arbeitstage dauern</span></p>\r\n</li>\r\n<li>\r\n<p><span style=\"font-size: small;\">Versand schnellstens nach Zahlungsbuchung</span></p>\r\n</li>\r\n</ul>\r\n</td>\r\n</tr>\r\n<!-- <tr>\r\n<td align=\"center\" valign=\"middle\"><span style=\"font-size: small;\"><img style=\"width: 147px; height: 68px;\" src=\"../ebaymich/sofortueberweisung.jpg\" alt=\"Leuchtstofflampen-Logo_spk\" /></span></td>\r\n<td style=\"font-family: Arial;\" align=\"center\" valign=\"middle\">\r\n<p><span style=\"font-size: small;\">Überweisen per SOFORTÜBERWEISUNG</span></p>\r\n</td>\r\n<td style=\"text-align: left; vertical-align: top; font-family: Arial;\">\r\n<ul>\r\n<li>\r\n<p><span style=\"font-size: small;\">Sofortüberweisung ist der kostenlose, TÜV-zertifizierte Zahlungsdienst der Payment Network AG.</span></p>\r\n</li>\r\n<li>\r\n<p><span style=\"font-size: small;\">keine zusätzliche Registrierung, automatische Abbuchung von Ihrem Online-Bankkonto</span></p>\r\n</li>\r\n<li>\r\n<p><span style=\"font-size: small;\">höchste Sicherheitsstandards und sofortiger Versand von Lagerware</span></p>\r\n</li>\r\n</ul>\r\n</td>\r\n</tr>\r\n<tr>\r\n<td align=\"center\" valign=\"middle\"><span style=\"font-size: small;\"><img style=\"width: 147px; height: 68px;\" src=\"../ebaymich/billsafe.png\" alt=\"Leuchtstofflampen-Logo_spk\" /></span></td>\r\n<td style=\"font-family: Arial;\" align=\"center\" valign=\"middle\">\r\n<p><span style=\"font-size: small;\">Bezahlen auf Rechnung</span></p>\r\n</td>\r\n<td style=\"text-align: left; vertical-align: top; font-family: Arial;\">\r\n<ul>\r\n<li>\r\n<p><span style=\"font-size: small;\">sichere Zahlart, sofortiger Versand bei Auftragseingang - spätestens am nächsten Werktag</span></p>\r\n</li>\r\n<li>\r\n<p><span style=\"font-size: small;\">ein Zahlungsziel von 14 Tagen nach Versand der Ware</span></p>\r\n</li>\r\n<li>\r\n<p><span style=\"font-size: small;\">zusätzliche Sicherheit durch unseren Partner \"BILLSAFE\"</span></p>\r\n</li>\r\n</ul>\r\n</td>\r\n</tr> -->\r\n<tr>\r\n<td valign=\"middle\" align=\"center\"><span style=\"font-size: small;\"><img style=\"width: 194px; height: 89px;\" src=\"https://hellmannversand-shop.de/files/logos/barzahlung.jpg\" alt=\"logo_barzahlung\" /></span></td>\r\n<td style=\"font-family: Arial;\" valign=\"middle\" align=\"center\">\r\n<p><span style=\"font-size: small;\">Barzahlung bei Abholung</span></p>\r\n</td>\r\n<td style=\"text-align: left; vertical-align: top; font-family: Arial;\">\r\n<ul>\r\n<li>\r\n<p><span style=\"font-size: small;\">F&#252;r Kunden eine der besten Zahlungsarten, denn es kann vor Ort gepr&#252;ft werden was gekauft wird.</span></p>\r\n</li>\r\n<li>\r\n<p><span style=\"font-size: small;\">Allerdings nur zu empfehlen wenn Sie in der Umgebung Pegnitz/Pottenstein wohnen .</span></p>\r\n</li>\r\n<li>\r\n<p><span style=\"font-size: small;\">Wir bitten unbedingt um vorherige telefonische <span style=\"text-decoration: underline;\">Terminvereinbarung</span> !!</span></p>\r\n</li>\r\n</ul>\r\n</td>\r\n</tr>\r\n</tbody>\r\n</table>\r\n<p>&#160;</p>\r\n<span style=\"font-family: Futura Com Light,sans-serif; font-size: small;\"> <strong>&#167; 5 Versandkostenanteil<br /><br /></strong>Wir versenden nur innerhalb Deutschlands, es entstehen folgende Versandkosten:<strong><br /> <br /> </strong> </span>\r\n<table style=\"text-align: left; width: 100%;\" cellspacing=\"0\" cellpadding=\"0\" border=\"1\">\r\n<tbody>\r\n<tr>\r\n<td style=\"text-align: center; font-family: Arial;\">&#160;</td>\r\n<td style=\"text-align: center; font-family: Arial;\">&#160;</td>\r\n</tr>\r\n<tr>\r\n<td style=\"text-align: center; font-family: Arial;\">\r\n<p style=\"text-align: right;\"><span style=\"font-size: small;\">Innerhalb Deutschlands berechnen wir eine Versandpauschale von<br /></span></p>\r\n</td>\r\n<td style=\"text-align: center; font-family: Arial;\">\r\n<p><span style=\"font-size: small;\">EUR 6,50</span></p>\r\n</td>\r\n</tr>\r\n<tr>\r\n<td style=\"text-align: center; font-family: Arial;\">&#160;</td>\r\n<td style=\"text-align: center; font-family: Arial;\">&#160;</td>\r\n</tr>\r\n</tbody>\r\n</table>\r\n<p>&#160;</p>\r\n<p>&#160;</p>\r\n<p><span style=\"font-family: Futura Com Light,sans-serif; font-size: small;\"><strong>&#167; 6 Eigentumsvorbehalt, Aufrechnung</strong></span></p>\r\n<p><span style=\"font-size: small;\"><span style=\"font-family: Futura Com Light,sans-serif;\">Die gelieferte Ware bleibt bis zur vollst&#228;ndigen Bezahlung Eigentum von \"Leuchtglas Versand\" Inhaber H.-P. Arnold. Sollte der Besteller die Ware noch vor der vollst&#228;ndigen Bezahlung weiter ver&#228;u&#223;ert haben, so geltend die Anspr&#252;che des Bestellers gegen den dritten Erwerber als an \"Leuchtglas Versand\" Inhaber H.-P. Arnold</span> <span style=\"font-family: Futura Com Light,sans-serif;\">abgetreten. </span></span></p>\r\n<p>&#160;</p>\r\n<p><span style=\"font-family: Futura Com Light,sans-serif; font-size: small;\"><strong>&#167; 7 Gew&#228;hrleistung</strong></span></p>\r\n<p><span style=\"font-family: Futura Com Light,sans-serif; font-size: small;\">Es geltend die gesetzlichen Gew&#228;hrleistungsrechte. Sollte die Ihnen gelieferte Ware offensichtliche Material- oder Herstellungsfehler oder Transportsch&#228;den aufweisen, so reklamieren Sie dieses bitte sofort gegen&#252;ber uns oder dem Zusteller, der die bestellte Ware anliefert. Die Vers&#228;umung dieser R&#252;ge hat allerdings f&#252;r Ihre gesetzlichen Anspr&#252;che keine Konsequenzen. </span></p>\r\n<p>&#160;</p>\r\n<p><span style=\"font-family: Futura Com Light,sans-serif; font-size: small;\"><strong>&#167; 8 Gerichtsstand f&#252;r Vertr&#228;ge mit Kaufleuten</strong></span></p>\r\n<p><span style=\"font-size: small;\"><span style=\"font-family: Futura Com Light,sans-serif;\">Sofern der Besteller Kaufmann ist oder der Besteller seinen Wohnsitz au&#223;erhalb Deutschlands hat, wird als ausschlie&#223;licher Gerichtsstand 91278 Pottenstein</span> <span style=\"font-family: Futura Com Light,sans-serif;\">vereinbart. F&#252;r solche Vertr&#228;ge mit Kaufleuten gilt ausschlie&#223;lich deutsches Recht. </span></span></p>\n\n\n');
INSERT INTO `ebay_email_bodys` (`email_id`, `email_body`) VALUES
(11111, '<table width=\"100%\" border=\"0\">\n  <tr>\n    <td><table width=\"100%\" border=\"0\" cellpadding=\"0\" cellspacing=\"0\">\n        <tr>\n          <td><font size=\"2\" face=\"Verdana, Arial, Helvetica, sans-serif\">BENACHRICHTIGUNG ÜBER IHREN EINKAUF <hr noshade size=\"1\"><br>Christiane MARET <br>Avenue du Gros-Chêne 29<br>ONEX, 1213<br>Switzerland<br><br>\n            <strong>Zahlungsmethode:</strong> moneyorder Vorkasse<br>            <strong>Rechnung Nr:</strong> 3548<br>\n            <strong>Bestelldatum:</strong> Sonntag, 21.12.2025<br>\n			</font>\n          </td>\n          <!--<td width=\"1\"><img src=\"https://hellmannversand-shop.de/templates/YES4trade2018/img/logo.gif\">-->\n          </td>\n        </tr>\n</table>\n<br>\n<table style=\"border-top:1px solid; border-bottom:1px solid;\" width=\"100%\" border=\"0\">\n       <tr bgcolor=\"#f1f1f1\">\n          <td width=\"50%\"> <p><font size=\"2\"><strong><font face=\"Verdana, Arial, Helvetica, sans-serif\">Lieferadresse <br>\n          </font></strong></font></p></td>          <td> <p><font size=\"2\"><strong><font face=\"Verdana, Arial, Helvetica, sans-serif\">Rechnungsadresse <br>\n          </font> </strong></font></p></td>        </tr>\n        <tr>\n          <td><font size=\"2\" face=\"Verdana, Arial, Helvetica, sans-serif\">Isabelle METRAL <br>Grange-Bovère<br>St. Jean de Tholome, 74250<br>France</font></td>\n          <td><font size=\"2\" face=\"Verdana, Arial, Helvetica, sans-serif\">Christiane MARET <br>Avenue du Gros-Chêne 29<br>ONEX, 1213<br>Switzerland</font></td>        </tr>\n      </table>\n      <p><font size=\"2\" face=\"Verdana, Arial, Helvetica, sans-serif\"><b>Sehr geehrte/r, Christiane MARET,</b><br><br>\nVielen Dank f&uuml;r Ihre Bestellung.</font><br>\n<p><font size=\"2\" face=\"Verdana, Arial, Helvetica, sans-serif\">Sollten Sie weitere Fragen zu Ihrer Bestellung haben, z&ouml;gern Sie nicht uns zu kontaktieren.</p>\n<br><font face=\"Verdana, Arial, Helvetica, sans-serif\" size=\"2\">\n                :<br><b>HP. Arnold |Sparkasse Bayreuth, IBAN:   DE51 7735 0110 0000 3346 80 - BIC: BYLADEM1SBT</b></font>\n<br><br><br><br><br>\n <br>        <br>\n      </p></td>\n  </tr>\n</table>\n<table style=\"border-bottom:1px solid;\" width=\"100%\" border=\"0\" cellpadding=\"0\" cellspacing=\"0\">\n  <tr>\n      <br><br>\n      <td><font size=\"-1\" face=\"Verdana, Arial, Helvetica, sans-serif\"> <strong>Ihre bestellten Produkte nochmals zur Kontrolle: </strong></font></td>\n  </tr>\n  <tr>\n  <td><table width=\"100%\" border=\"0\" cellpadding=\"3\" cellspacing=\"0\" bgcolor=\"f1f1f1\">\n        <tr>\n          <td colspan=\"2\" style=\"border-right: 2px solid; border-bottom: 2px solid; border-color: #ffffff;\"><div align=\"center\"><font size=\"1\" face=\"Verdana, Arial, Helvetica, sans-serif\"><strong> Stk. </strong></font></div></td>\n          <td style=\"border-right: 2px solid; border-bottom: 2px solid; border-color: #ffffff;\"><font size=\"1\" face=\"Verdana, Arial, Helvetica, sans-serif\"><strong> Produkt </strong></font></td>\n          <td style=\"border-right: 2px solid; border-bottom: 2px solid; border-color: #ffffff;\"><font size=\"1\" face=\"Verdana, Arial, Helvetica, sans-serif\"><strong> Artikel Nr. </strong></font></td>\n          <td style=\"border-right: 2px solid; border-bottom: 2px solid; border-color: #ffffff;\" width=\"150\"><div align=\"right\"><font size=\"1\" face=\"Verdana, Arial, Helvetica, sans-serif\"><strong> Preis</strong></font><font size=\"1\"> </font></div></td>\n        </tr>\n                <tr>\n          <td width=\"20\" style=\"border-right: 2px solid; border-bottom: 2px solid; border-color: #ffffff;\"><div align=\"center\"><font size=\"1\" face=\"Verdana, Arial, Helvetica, sans-serif\">1</font></div></td>\n          <td width=\"20\" style=\"border-right: 2px solid; border-bottom: 2px solid; border-color: #ffffff;\"><div align=\"center\"><font size=\"1\" face=\"Verdana, Arial, Helvetica, sans-serif\">x</font></div></td>\n          <td style=\"border-right: 2px solid; border-bottom: 2px solid; border-color: #ffffff;\"><font size=\"1\" face=\"Verdana, Arial, Helvetica, sans-serif\"><strong>Starlight Nr.45 eine Familie Schneemänner</strong><em><br>\n            </em></font></td>\n          <td style=\"border-right: 2px solid; border-bottom: 2px solid; border-color: #ffffff;\"><font size=\"1\" face=\"Verdana, Arial, Helvetica, sans-serif\">HE-45-SL // HE4308<br>\n            <em></em></font>Lieferzeit*: 1 - 2 Tage</td>\n          <td style=\"border-right: 2px solid; border-bottom: 2px solid; border-color: #ffffff;\" width=\"150\"><div align=\"right\"><font size=\"1\" face=\"Verdana, Arial, Helvetica, sans-serif\"> 15,08 EUR</font></div></td>\n        </tr>\n            <tr>\n          <td width=\"20\" style=\"border-right: 2px solid; border-bottom: 2px solid; border-color: #ffffff;\"><div align=\"center\"><font size=\"1\" face=\"Verdana, Arial, Helvetica, sans-serif\">1</font></div></td>\n          <td width=\"20\" style=\"border-right: 2px solid; border-bottom: 2px solid; border-color: #ffffff;\"><div align=\"center\"><font size=\"1\" face=\"Verdana, Arial, Helvetica, sans-serif\">x</font></div></td>\n          <td style=\"border-right: 2px solid; border-bottom: 2px solid; border-color: #ffffff;\"><font size=\"1\" face=\"Verdana, Arial, Helvetica, sans-serif\"><strong>Starlight Nr.228 Sternschnuppe im Schneetreiben über verschneitem Dorf</strong><em><br>\n            </em></font></td>\n          <td style=\"border-right: 2px solid; border-bottom: 2px solid; border-color: #ffffff;\"><font size=\"1\" face=\"Verdana, Arial, Helvetica, sans-serif\">HE-228-SL // HE 4268<br>\n            <em></em></font>Lieferzeit*: 1 - 2 Tage</td>\n          <td style=\"border-right: 2px solid; border-bottom: 2px solid; border-color: #ffffff;\" width=\"150\"><div align=\"right\"><font size=\"1\" face=\"Verdana, Arial, Helvetica, sans-serif\"> 15,08 EUR</font></div></td>\n        </tr>\n            <tr>\n          <td width=\"20\" style=\"border-right: 2px solid; border-bottom: 2px solid; border-color: #ffffff;\"><div align=\"center\"><font size=\"1\" face=\"Verdana, Arial, Helvetica, sans-serif\">1</font></div></td>\n          <td width=\"20\" style=\"border-right: 2px solid; border-bottom: 2px solid; border-color: #ffffff;\"><div align=\"center\"><font size=\"1\" face=\"Verdana, Arial, Helvetica, sans-serif\">x</font></div></td>\n          <td style=\"border-right: 2px solid; border-bottom: 2px solid; border-color: #ffffff;\"><font size=\"1\" face=\"Verdana, Arial, Helvetica, sans-serif\"><strong>Starlight Nr.40 Weihnachtsmann mit vielen Geschenken im Schlitten</strong><em><br>\n            </em></font></td>\n          <td style=\"border-right: 2px solid; border-bottom: 2px solid; border-color: #ffffff;\"><font size=\"1\" face=\"Verdana, Arial, Helvetica, sans-serif\">HE-40-SL // HE 4312<br>\n            <em></em></font>Lieferzeit*: 1 - 2 Tage</td>\n          <td style=\"border-right: 2px solid; border-bottom: 2px solid; border-color: #ffffff;\" width=\"150\"><div align=\"right\"><font size=\"1\" face=\"Verdana, Arial, Helvetica, sans-serif\"> 15,08 EUR</font></div></td>\n        </tr>\n        </table>\n  </td>\n </tr>\n</table>\n<div align=\"right\"><font size=\"1\" face=\"Arial, Helvetica, sans-serif\">Zwischensumme: 45,23 EUR</font></div>\n<br>\n<div align=\"right\"><font size=\"1\" face=\"Arial, Helvetica, sans-serif\">Versand (nach FR): 26,12 EUR</font></div>\n<br>\n<div align=\"right\"><font size=\"1\" face=\"Arial, Helvetica, sans-serif\">inkl. USt. (FR) 20,00%: 11,89 EUR</font></div>\n<br>\n<div align=\"right\"><font size=\"1\" face=\"Arial, Helvetica, sans-serif\"><b>Summe</b>:<b> 71,34 EUR</b></font></div>\n<br>\n<br><br><br>\n<font size=\"2\" face=\"Verdana, Arial, Helvetica, sans-serif\"><b>Mit freundlichen Gr&uuml;&szlig;en</b>\n<br><br>\"Hellmann Versand Shop\"<br>Inh. HP. Arnold<br>am Siegenberg 5<br>91278 Pottenstein<br>Tel: +49 (0) 9243-70 18 330<br>Fax: +49 (0) 9243-70 18 331<br>Email: info@hellmannversand-shop.de<br>USt.-ID: DE132290407</font>\n<p>\n<br>\n<br>*bei der Zahlungsart Vorkasse ab dem Tag nach der Zahlungsanweisung\ndes Kunden; bei anderen Zahlungsarten ab dem Tag nach Vertragsschluss\n<br>\n<hr>\nRECHTLICHES\n<br>\n<p><strong>Widerrufbelehrung</strong></p>\r\n<p>&#160;</p>\r\n<p><strong>Widerrufsrecht</strong></p>\r\n<p>Sie haben das Recht, binnen vierzehn Tagen ohne Angabe von Gr&#252;nden diesen Vertrag zu widerrufen. Die Widerrufsfrist betr&#228;gt vierzehn Tage ab dem Tag, an dem Sie oder ein von Ihnen benannter Dritter, der nicht der Bef&#246;rderer ist, die Ware in Besitz genommen haben bzw. hat. Um Ihr Widerrufsrecht auszu&#252;ben, m&#252;ssen Sie uns</p>\r\n<p>&#160;</p>\r\n<p><em>Hellmann&#160;Versand Shop &#8211; Inh. H.-P. Arnold</em></p>\r\n<p><em>Am Siegenberg 5 </em></p>\r\n<p><em>91278 Pottenstein</em></p>\r\n<p><em>Telefax-Nr.&#160;&#160;&#160;&#160;&#160;&#160;&#160;&#160;&#160;&#160;&#160;&#160;&#160;&#160;&#160;&#160;&#160;&#160;&#160;&#160;&#160;&#160;&#160;&#160;&#160;&#160;&#160; 09243-7018331</em></p>\r\n<p><em>E-Mail Adresse&#160;&#160;&#160;&#160;&#160;&#160;&#160;&#160;&#160;&#160;&#160;&#160;&#160;&#160;&#160;&#160;&#160;&#160;&#160;&#160;&#160; arnold@hellmannversand-shop.de</em></p>\r\n<p>&#160;</p>\r\n<p>mittels einer eindeutigen Erkl&#228;rung (z.B. einen mit der Post versandter Brief, Telefax oder E-Mail) &#252;ber Ihren Entschluss, diesen Vertrag zu widerrufen, informieren. Sie k&#246;nnen daf&#252;r das beigef&#252;gte Muster-Widerrufsformular verwenden, das jedoch nicht vorgeschrieben ist. Zur Wahrung der Widerrufsfrist reicht es aus, dass Sie die Mitteilung &#252;ber die Aus&#252;bung des Widerrufsrechts vor Ablauf der Widerrufsfrist absenden.</p>\r\n<p>&#160;</p>\r\n<p><strong>Folgen des Widerrufs</strong></p>\r\n<p>Wenn Sie diesen Vertrag widerrufen, haben wir Ihnen alle Zahlungen, die wir von Ihnen erhalten haben, einschlie&#223;lich der Lieferkosten (mit Ausnahme der zus&#228;tzlichen Kosten, die sich daraus ergeben, dass Sie eine andere Art der Lieferung als die von uns angebotene, g&#252;nstigste Standardlieferung gew&#228;hlt zu haben), unverz&#252;glich und sp&#228;testens binnen vierzehn Tagen ab dem Tag zur&#252;ckzuzahlen, an dem die Mittelung &#252;ber Ihren Widerruf dieses Vertrags bei uns eingegangen ist. F&#252;r diese R&#252;ckzahlung verwenden wir das dasselbe Zahlungsmittel, das Sie bei der urspr&#252;nglichen Transaktion eingesetzt haben, es sei denn , mit Ihnen wurde ausdr&#252;cklich etwas anderes vereinbart; in keinem Fall werden Ihnen wegen dieser R&#252;ckzahlung Entgelte berechnet. Wir k&#246;nnen die R&#252;ckzahlung verweigern, bis wir die Waren wieder zur&#252;ckerhalten haben oder bis Sie den Nachweis erbracht haben, dass Sie die Waren zur&#252;ckgesandt haben, je nachdem, welches der fr&#252;here Zeitpunkt ist. Sie haben die Waren unverz&#252;glich und in jedem Fall sp&#228;testens binnen 14 Tagen ab dem Tag, an dem Sie uns &#252;ber den Widerruf dieses Vertrages unterrichten, an uns zur&#252;ckzusenden oder zu &#252;bergeben. Die Frist ist gewahrt, wenn Sie die Waren vor Ablauf der Frist von 14 Tagen absenden. Sie tragen die unmittelbaren Kosten der R&#252;cksendung der Waren. Sie m&#252;ssen f&#252;r einen etwaigen Wertverlust der Waren nur aufkommen, wenn dieser Wertverlust auf einen zur Pr&#252;fung der Beschaffenheit, Eigenschaften und Funktionsweise der Waren nicht notwendigen Umgang mit ihnen zur&#252;ckzuf&#252;hren ist.</p>\r\n<p>&#160;</p>\r\n<p><strong>Ende der Widerrufsbelehrung</strong></p>\n<hr>\n<!-- @page { size: 21cm 29.7cm; margin: 2cm } P { margin-bottom: 0.21cm } -->\r\n<p><span style=\"font-family: Futura Com Light,sans-serif; font-size: small;\"><strong>Allgemeine Gesch&#228;ftsbedingungen</strong></span></p>\r\n<p>&#160;</p>\r\n<p><span style=\"font-family: Futura Com Light,sans-serif; font-size: small;\"><strong>&#167; 1 Geltungsbereich</strong></span></p>\r\n<p><span style=\"font-family: Futura Com Light,sans-serif; font-size: small;\">F&#252;r alle Gesch&#228;ftsbeziehungen zwischen \"<span style=\"font-size: small;\"><span style=\"font-family: Futura Com Light,sans-serif;\">Leuchtglas Versand\" Inhaber H.-P. Arnold</span></span> und dem Besteller gelten ausschlie&#223;lich unsere Allgemeinen Gesch&#228;ftsbedingungen in der jeweiligen zum Zeitpunkt der Bestellung g&#252;ltigen Fassung. <br /> </span></p>\r\n<p><span style=\"font-family: Futura Com Light,sans-serif; font-size: small;\"><br /> </span></p>\r\n<p><span style=\"font-family: Futura Com Light,sans-serif; font-size: small;\"><strong>&#167; 2 Vertragsabschluss</strong></span></p>\r\n<p><span style=\"font-family: Futura Com Light,sans-serif; font-size: small;\">Bei unseren Internetangeboten handelt es sich nicht um bindende Angebote zum Abschluss eines Kaufvertrages, sondern lediglich um eine Einladung an Sie zur Abgabe eines Angebots. Aufgrund Ihrer Bestellung geben Sie uns daher ein Angebot zum Abschluss eines Kaufvertrages ab. Nach Abschluss Ihres Bestellvorganges erhalten Sie von uns eine Email, die lediglich den Eingang Ihrer Bestellung best&#228;tigt, die jedoch noch keine Annahme Ihres Kaufangebotes darstellt. Ein Kaufvertrag durch unsere Annahme Ihres Angebots kommt danach erst dann zustande, wenn wir die bestellte Ware an Sie verschickt haben und wir Ihnen den Versand der Ware mit einer weiteren Email best&#228;tigt haben, was ggfls. jedoch sp&#228;testens eine Woche nach Eingang Ihrer Bestellung durch uns erfolgt. </span></p>\r\n<p>&#160;</p>\r\n<p><span style=\"font-family: Futura Com Light,sans-serif; font-size: small;\">Sollten Sie nicht &#252;ber unseren Internetshop, sondern &#252;ber die Internetplattform der ebay international AG \"www.ebay.de\" Ware bestellen, so kommt hiervon abweichend der Kaufvertrag gem&#228;&#223; den Allgemeinen Gesch&#228;ftsbedingungen bei ebay bereits durch Abgabe des H&#246;chstgebots bei Auktionsende bzw. durch Ausl&#246;sung der ebay-Funktion \"Sofort-Kaufen\" zustande. <br /> </span></p>\r\n<p><span style=\"font-family: Futura Com Light,sans-serif; font-size: small;\"><br /> </span></p>\r\n<p><span style=\"font-family: Futura Com Light,sans-serif; font-size: small;\"><strong>&#167; 3 Lieferung</strong></span></p>\r\n<p><span style=\"font-family: Futura Com Light,sans-serif; font-size: small;\">Ist es uns nicht m&#246;glich, die bestellte Ware in einer einzigen Sendung an Sie zu liefern, etwa da die bestellte Ware getrennt verpackt werden muss oder teilweise erst zu einem sp&#228;teren Zeitpunkt lieferbar ist, so entstehen Ihnen hierdurch keine zus&#228;tzlichen Kosten. Solche Teillieferungen bleiben uns m&#246;glich. </span></p>\r\n<p><span style=\"font-family: Futura Com Light,sans-serif; font-size: small;\">Das Transportieren der Ware erfolgt grunds&#228;tzlich nur bis zur 1. T&#252;r der Lieferadresse des Bestellers. Das Transportieren innerhalb des Geb&#228;udes hat durch den Kunden zu erfolgen. Sollte es vor Ort notwendig sein, dass die bestellte Ware innerhalb des Geb&#228;udes zu transportieren ist, so wird diese Sonderleistung nach vorheriger Vereinbarung nach tats&#228;chlichem Aufwand f&#252;r Sie kosteng&#252;nstig berechnet. Bitte geben Sie gegebenenfalls diese zus&#228;tzlichen Transportw&#252;nsche bereits bei der Bestellung an.</span></p>\r\n<p>&#160;</p>\r\n<p><span style=\"font-family: Futura Com Light,sans-serif; font-size: small;\"><span style=\"font-family: Futura Com Light,sans-serif; font-size: small;\"><strong>&#167; 3</strong></span><strong>.1</strong> <strong>Weitergabe von Emailadresse und/oder Telefonnummer an Versanddienstleister</strong></span></p>\r\n<p>&#160;</p>\r\n<p><span style=\"font-family: Futura Com Light,sans-serif; font-size: small;\">Nachfolgend informieren wir Sie dar&#252;ber, welche Daten an welche Versanddienstleister weitergegeben werden und aufgrund welcher Rechtslage dies geschieht. Sollten Sie eine solche Weitergabe Ihrer Emailadresse und/oder Telefonnummer nicht zustimmen, so sollten Sie uns dies bitte umgehend mitteilen bzw. bei Kauf &#252;ber unsere eigene Internetseite dieser Weitergabe ausdr&#252;cklich zu zustimmen, um somit dem gew&#228;hlten Versanddienstleister die M&#246;glichkeit zu er&#246;ffnen, Ihnen gegen&#252;ber die Lieferung anzuk&#252;ndigen oder aber mit Ihnen abzusprechen. </span></p>\r\n<p>&#160;</p>\r\n<p><strong><span style=\"font-family: Futura Com Light,sans-serif; font-size: small;\">DPD</span></strong></p>\r\n<p>&#160;</p>\r\n<p><span style=\"font-family: Futura Com Light,sans-serif; font-size: small;\"> Wenn die Bestellung Ihrer Ware durch den Versanddienstleister DPD erfolgt und Sie der Weitergabe Ihrer Emailadresse und/oder Ihrer Telefonnummer zugestimmt haben, bei Kauf &#252;ber eBay bzw. Amazon dieser Weitergabe nicht widersprochen haben, so wird diese an DPD (DPD Deutschland GmbH, Wailandstra&#223;e 1, 63741 Aschaffenburg) zur Ank&#252;ndigung der Lieferung oder Abstimmung des Liefertermins weitergegeben. Die rechtliche Grundlage f&#252;r diese Datenverarbeitung findet sich in Art. 6 Abs. 1 litt DSGVO, wonach uns die Verarbeitung dieser Daten erm&#246;glicht wird, wenn Sie in die Verarbeitung eingewilligt haben. Wenn Sie der Weitergabe der Emailadresse nicht zustimmen, erfolgt die Zustellung auch ohne Weitergabe dieser Daten, wodurch DPD allerdings auch nicht die M&#246;glichkeit er&#246;ffnet wird, mit Ihnen einen Liefertermin abzustimmen oder aber die Lieferung Ihnen gegen&#252;ber anzuk&#252;ndigen. </span></p>\r\n<p>&#160;</p>\r\n<p><span style=\"font-family: Futura Com Light,sans-serif; font-size: small;\">Eine Erteilte Einwilligung in die Datennutzung kann jederzeit f&#252;r die Zukunft widerrufen werden. Wenden Sie sich hierf&#252;r bitte direkt an uns oder aber an DPD. </span></p>\r\n<p>&#160;</p>\r\n<p><strong><span style=\"font-family: Futura Com Light,sans-serif; font-size: small;\">Hermes Versand </span></strong></p>\r\n<p>&#160;</p>\r\n<p><span style=\"font-family: Futura Com Light,sans-serif; font-size: small;\">Wenn die Bestellung Ihrer Ware durch den Versanddienstleister Hermes erfolgt und Sie der Weitergabe Ihrer Emailadresse und/oder Ihrer Telefonnummer zugestimmt haben, bei Kauf &#252;ber eBay bzw. Amazon dieser Weitergabe nicht widersprochen haben, so wird diese an Hermes (Hermes Logistik Gruppe Deutschland GmbH, Essener Stra&#223;e 89, 22419 Hamburg) zur Ank&#252;ndigung der Lieferung oder Abstimmung des Liefertermins weitergegeben. Die rechtliche Grundlage f&#252;r diese Datenverarbeitung findet sich in Art. 6 Abs. 1 litt DSGVO, wonach uns die Verarbeitung dieser Daten erm&#246;glicht wird, wenn Sie in die Verarbeitung eingewilligt haben. Wenn Sie der Weitergabe der Emailadresse nicht zustimmen, erfolgt die Zustellung auch ohne Weitergabe dieser Daten, wodurch Hermes allerdings auch nicht die M&#246;glichkeit er&#246;ffnet wird, mit Ihnen einen Liefertermin abzustimmen oder aber die Lieferung Ihnen gegen&#252;ber anzuk&#252;ndigen. </span></p>\r\n<p>&#160;</p>\r\n<p><span style=\"font-family: Futura Com Light,sans-serif; font-size: small;\">Eine Erteilte Einwilligung in die Datennutzung kann jederzeit f&#252;r die Zukunft widerrufen werden. Wenden Sie sich hierf&#252;r bitte direkt an uns oder aber an Hermes. </span></p>\r\n<p>&#160;</p>\r\n<p><span style=\"font-family: Futura Com Light,sans-serif; font-size: small;\"><strong>&#167; 4 Preise &amp; Zahlungsm&#246;glichkeiten</strong></span></p>\r\n<p><span style=\"font-family: Futura Com Light,sans-serif; font-size: small;\">Es gelten bei Ihrer Bestellung die zu diesem Zeitpunkt von uns ver&#246;ffentlichen Preise. Die Preise werden von uns in Euro angegeben und enthalten die jeweils g&#252;ltige gesetzliche Mehrwertsteuer zzgl. individueller Versandkosten. Kommt der Besteller in Zahlungsverzug, so gilt die gesetzliche Verzugsregelung des &#167;&#160;288&#160;BGB. </span></p>\r\n<p>&#160;</p>\r\n<table style=\"text-align: left; width: 100%;\" cellspacing=\"0\" cellpadding=\"0\" border=\"1\">\r\n<tbody>\r\n<tr>\r\n<td valign=\"middle\" align=\"center\">&#160;</td>\r\n<td style=\"vertical-align: middle; text-align: center; font-family: Arial;\">\r\n<p><span style=\"font-size: small;\">Zahlart/Methode</span></p>\r\n</td>\r\n<td style=\"vertical-align: middle; text-align: center; font-family: Arial;\">\r\n<p><span style=\"font-size: small;\">Vor bzw. Nachteile f&#252;r die Kunden</span></p>\r\n</td>\r\n</tr>\r\n<tr>\r\n<td valign=\"middle\" align=\"center\"><!-- PayPal Logo --><!-- PayPal Logo -->\r\n<table style=\"width: 248px; height: 107px;\" cellspacing=\"0\" cellpadding=\"10\" border=\"0\" align=\"center\">\r\n<tbody>\r\n<tr>\r\n<td align=\"center\"><span style=\"font-size: small;\"><a href=\"#\"><img src=\"https://www.paypal.com/de_DE/DE/i/logo/lockbox_150x47.gif\" alt=\"PayPal-Bezahlmethoden-Logo\" border=\"0\" /></a></span></td>\r\n</tr>\r\n</tbody>\r\n</table>\r\n<!-- PayPal Logo --><!-- PayPal Logo --></td>\r\n<td style=\"font-family: Arial;\" valign=\"middle\" align=\"center\">\r\n<p><span style=\"font-size: small;\">Paypal</span></p>\r\n</td>\r\n<td style=\"text-align: left; vertical-align: top; font-family: Arial;\">\r\n<ul>\r\n<li>\r\n<p><span style=\"font-size: small;\">sichere Zahlart, sofortiger Versand nach Geldeingang - sp&#228;testens am n&#228;chsten Werktag</span></p>\r\n</li>\r\n<li>\r\n<p><span style=\"font-size: small;\">Regellaufzeit 1-2 Werktage</span></p>\r\n</li>\r\n<li>\r\n<p><span style=\"font-size: small;\">K&#228;uferschutz durch Paypal</span></p>\r\n</li>\r\n<li>\r\n<p><span style=\"font-size: small;\">Sie m&#252;ssen bei Paypal angemeldet sein um diesen Service zu nutzen</span></p>\r\n</li>\r\n</ul>\r\n</td>\r\n</tr>\r\n<tr>\r\n<td valign=\"middle\" align=\"center\"><span style=\"font-size: small;\"><img style=\"width: 147px; height: 68px;\" src=\"https://hellmannversand-shop.de/files/logos/sparkasse_bth.jpg\" alt=\"Leuchtstofflampen-Logo_spk\" /></span></td>\r\n<td style=\"font-family: Arial;\" valign=\"middle\" align=\"center\">\r\n<p><span style=\"font-size: small;\">Vorkasse/&#220;berweisung</span></p>\r\n</td>\r\n<td style=\"text-align: left; vertical-align: top; font-family: Arial;\">\r\n<ul>\r\n<li>\r\n<p><span style=\"font-size: small;\">sichere Zahlart</span></p>\r\n</li>\r\n<li>\r\n<p><span style=\"font-size: small;\">allerdings kann die &#220;berweisung je nach Bank bis zu 4 Arbeitstage dauern</span></p>\r\n</li>\r\n<li>\r\n<p><span style=\"font-size: small;\">Versand schnellstens nach Zahlungsbuchung</span></p>\r\n</li>\r\n</ul>\r\n</td>\r\n</tr>\r\n<!-- <tr>\r\n<td align=\"center\" valign=\"middle\"><span style=\"font-size: small;\"><img style=\"width: 147px; height: 68px;\" src=\"../ebaymich/sofortueberweisung.jpg\" alt=\"Leuchtstofflampen-Logo_spk\" /></span></td>\r\n<td style=\"font-family: Arial;\" align=\"center\" valign=\"middle\">\r\n<p><span style=\"font-size: small;\">Überweisen per SOFORTÜBERWEISUNG</span></p>\r\n</td>\r\n<td style=\"text-align: left; vertical-align: top; font-family: Arial;\">\r\n<ul>\r\n<li>\r\n<p><span style=\"font-size: small;\">Sofortüberweisung ist der kostenlose, TÜV-zertifizierte Zahlungsdienst der Payment Network AG.</span></p>\r\n</li>\r\n<li>\r\n<p><span style=\"font-size: small;\">keine zusätzliche Registrierung, automatische Abbuchung von Ihrem Online-Bankkonto</span></p>\r\n</li>\r\n<li>\r\n<p><span style=\"font-size: small;\">höchste Sicherheitsstandards und sofortiger Versand von Lagerware</span></p>\r\n</li>\r\n</ul>\r\n</td>\r\n</tr>\r\n<tr>\r\n<td align=\"center\" valign=\"middle\"><span style=\"font-size: small;\"><img style=\"width: 147px; height: 68px;\" src=\"../ebaymich/billsafe.png\" alt=\"Leuchtstofflampen-Logo_spk\" /></span></td>\r\n<td style=\"font-family: Arial;\" align=\"center\" valign=\"middle\">\r\n<p><span style=\"font-size: small;\">Bezahlen auf Rechnung</span></p>\r\n</td>\r\n<td style=\"text-align: left; vertical-align: top; font-family: Arial;\">\r\n<ul>\r\n<li>\r\n<p><span style=\"font-size: small;\">sichere Zahlart, sofortiger Versand bei Auftragseingang - spätestens am nächsten Werktag</span></p>\r\n</li>\r\n<li>\r\n<p><span style=\"font-size: small;\">ein Zahlungsziel von 14 Tagen nach Versand der Ware</span></p>\r\n</li>\r\n<li>\r\n<p><span style=\"font-size: small;\">zusätzliche Sicherheit durch unseren Partner \"BILLSAFE\"</span></p>\r\n</li>\r\n</ul>\r\n</td>\r\n</tr> -->\r\n<tr>\r\n<td valign=\"middle\" align=\"center\"><span style=\"font-size: small;\"><img style=\"width: 194px; height: 89px;\" src=\"https://hellmannversand-shop.de/files/logos/barzahlung.jpg\" alt=\"logo_barzahlung\" /></span></td>\r\n<td style=\"font-family: Arial;\" valign=\"middle\" align=\"center\">\r\n<p><span style=\"font-size: small;\">Barzahlung bei Abholung</span></p>\r\n</td>\r\n<td style=\"text-align: left; vertical-align: top; font-family: Arial;\">\r\n<ul>\r\n<li>\r\n<p><span style=\"font-size: small;\">F&#252;r Kunden eine der besten Zahlungsarten, denn es kann vor Ort gepr&#252;ft werden was gekauft wird.</span></p>\r\n</li>\r\n<li>\r\n<p><span style=\"font-size: small;\">Allerdings nur zu empfehlen wenn Sie in der Umgebung Pegnitz/Pottenstein wohnen .</span></p>\r\n</li>\r\n<li>\r\n<p><span style=\"font-size: small;\">Wir bitten unbedingt um vorherige telefonische <span style=\"text-decoration: underline;\">Terminvereinbarung</span> !!</span></p>\r\n</li>\r\n</ul>\r\n</td>\r\n</tr>\r\n</tbody>\r\n</table>\r\n<p>&#160;</p>\r\n<span style=\"font-family: Futura Com Light,sans-serif; font-size: small;\"> <strong>&#167; 5 Versandkostenanteil<br /><br /></strong>Wir versenden nur innerhalb Deutschlands, es entstehen folgende Versandkosten:<strong><br /> <br /> </strong> </span>\r\n<table style=\"text-align: left; width: 100%;\" cellspacing=\"0\" cellpadding=\"0\" border=\"1\">\r\n<tbody>\r\n<tr>\r\n<td style=\"text-align: center; font-family: Arial;\">&#160;</td>\r\n<td style=\"text-align: center; font-family: Arial;\">&#160;</td>\r\n</tr>\r\n<tr>\r\n<td style=\"text-align: center; font-family: Arial;\">\r\n<p style=\"text-align: right;\"><span style=\"font-size: small;\">Innerhalb Deutschlands berechnen wir eine Versandpauschale von<br /></span></p>\r\n</td>\r\n<td style=\"text-align: center; font-family: Arial;\">\r\n<p><span style=\"font-size: small;\">EUR 6,50</span></p>\r\n</td>\r\n</tr>\r\n<tr>\r\n<td style=\"text-align: center; font-family: Arial;\">&#160;</td>\r\n<td style=\"text-align: center; font-family: Arial;\">&#160;</td>\r\n</tr>\r\n</tbody>\r\n</table>\r\n<p>&#160;</p>\r\n<p>&#160;</p>\r\n<p><span style=\"font-family: Futura Com Light,sans-serif; font-size: small;\"><strong>&#167; 6 Eigentumsvorbehalt, Aufrechnung</strong></span></p>\r\n<p><span style=\"font-size: small;\"><span style=\"font-family: Futura Com Light,sans-serif;\">Die gelieferte Ware bleibt bis zur vollst&#228;ndigen Bezahlung Eigentum von \"Leuchtglas Versand\" Inhaber H.-P. Arnold. Sollte der Besteller die Ware noch vor der vollst&#228;ndigen Bezahlung weiter ver&#228;u&#223;ert haben, so geltend die Anspr&#252;che des Bestellers gegen den dritten Erwerber als an \"Leuchtglas Versand\" Inhaber H.-P. Arnold</span> <span style=\"font-family: Futura Com Light,sans-serif;\">abgetreten. </span></span></p>\r\n<p>&#160;</p>\r\n<p><span style=\"font-family: Futura Com Light,sans-serif; font-size: small;\"><strong>&#167; 7 Gew&#228;hrleistung</strong></span></p>\r\n<p><span style=\"font-family: Futura Com Light,sans-serif; font-size: small;\">Es geltend die gesetzlichen Gew&#228;hrleistungsrechte. Sollte die Ihnen gelieferte Ware offensichtliche Material- oder Herstellungsfehler oder Transportsch&#228;den aufweisen, so reklamieren Sie dieses bitte sofort gegen&#252;ber uns oder dem Zusteller, der die bestellte Ware anliefert. Die Vers&#228;umung dieser R&#252;ge hat allerdings f&#252;r Ihre gesetzlichen Anspr&#252;che keine Konsequenzen. </span></p>\r\n<p>&#160;</p>\r\n<p><span style=\"font-family: Futura Com Light,sans-serif; font-size: small;\"><strong>&#167; 8 Gerichtsstand f&#252;r Vertr&#228;ge mit Kaufleuten</strong></span></p>\r\n<p><span style=\"font-size: small;\"><span style=\"font-family: Futura Com Light,sans-serif;\">Sofern der Besteller Kaufmann ist oder der Besteller seinen Wohnsitz au&#223;erhalb Deutschlands hat, wird als ausschlie&#223;licher Gerichtsstand 91278 Pottenstein</span> <span style=\"font-family: Futura Com Light,sans-serif;\">vereinbart. F&#252;r solche Vertr&#228;ge mit Kaufleuten gilt ausschlie&#223;lich deutsches Recht. </span></span></p>\n\n\n');

-- --------------------------------------------------------

--
-- Tabellenstruktur für Tabelle `ebay_external_payments`
--

CREATE TABLE `ebay_external_payments` (
  `ebay_external_payments_id` int(11) NOT NULL,
  `orders_id` int(11) NOT NULL DEFAULT '0',
  `payment` varchar(32) NOT NULL DEFAULT '',
  `payment_transaction_id` varchar(64) NOT NULL DEFAULT '',
  `fee` float NOT NULL DEFAULT '0',
  `paid` float NOT NULL DEFAULT '0',
  `date_payment` datetime NOT NULL DEFAULT '0000-00-00 00:00:00'
) ENGINE=MyISAM DEFAULT CHARSET=utf8;

-- --------------------------------------------------------

--
-- Tabellenstruktur für Tabelle `ebay_feedback`
--

CREATE TABLE `ebay_feedback` (
  `id` int(11) NOT NULL,
  `ItemNumber` varchar(32) NOT NULL DEFAULT '',
  `TransactionId` varchar(32) NOT NULL DEFAULT '',
  `CommentText` text NOT NULL,
  `CommentType` varchar(32) NOT NULL DEFAULT '0',
  `CommentingUser` varchar(32) NOT NULL DEFAULT '',
  `CommentingUserScore` int(11) NOT NULL DEFAULT '0',
  `FollowUp` varchar(100) NOT NULL DEFAULT '',
  `Countable` varchar(100) NOT NULL DEFAULT '',
  `FeedbackRole` varchar(100) NOT NULL DEFAULT '',
  `TimeOfComment` datetime NOT NULL DEFAULT '0000-00-00 00:00:00',
  `status` int(11) NOT NULL DEFAULT '0',
  `FeedbackId` varchar(100) NOT NULL DEFAULT '',
  `Response` varchar(100) NOT NULL DEFAULT '',
  `ebay_user` varchar(128) NOT NULL DEFAULT ''
) ENGINE=MyISAM DEFAULT CHARSET=utf8;

--
-- Daten für Tabelle `ebay_feedback`
--

INSERT INTO `ebay_feedback` (`id`, `ItemNumber`, `TransactionId`, `CommentText`, `CommentType`, `CommentingUser`, `CommentingUserScore`, `FollowUp`, `Countable`, `FeedbackRole`, `TimeOfComment`, `status`, `FeedbackId`, `Response`, `ebay_user`) VALUES
(1, '320468218136', '486525666011', 'Vielen Dank - empfehlenswert -gerne wieder', 'Positive', 'noble-second-de', 1635, '', '', 'Buyer', '2010-02-13 01:33:39', 0, '236052367026', '', 'hopsderwalfisch');

-- --------------------------------------------------------

--
-- Tabellenstruktur für Tabelle `ebay_import_variations_images`
--

CREATE TABLE `ebay_import_variations_images` (
  `ebay_import_variations_images_id` int(11) NOT NULL,
  `ebay_url` varchar(255) NOT NULL,
  `yes_pic_name` varchar(255) NOT NULL,
  `ebay_id` varchar(32) NOT NULL
) ENGINE=InnoDB DEFAULT CHARSET=utf8;

-- --------------------------------------------------------

--
-- Tabellenstruktur für Tabelle `ebay_libri_filters`
--

CREATE TABLE `ebay_libri_filters` (
  `ebay_libri_filters_id` int(11) NOT NULL,
  `marge` float NOT NULL,
  `price_from` float NOT NULL,
  `price_to` float NOT NULL,
  `percent` float NOT NULL,
  `weight_from` float NOT NULL,
  `weight_to` float NOT NULL,
  `title` varchar(32) NOT NULL
) ENGINE=MyISAM DEFAULT CHARSET=utf8;

-- --------------------------------------------------------

--
-- Tabellenstruktur für Tabelle `ebay_media_documents`
--

CREATE TABLE `ebay_media_documents` (
  `ebay_media_documents_id` int(11) NOT NULL,
  `documents_id` varchar(64) NOT NULL,
  `documentStatus` varchar(16) NOT NULL,
  `documentType` varchar(32) NOT NULL,
  `seller` varchar(64) NOT NULL,
  `fileName` varchar(128) NOT NULL,
  `fileSize` int(11) NOT NULL,
  `fileType` varchar(16) NOT NULL
) ENGINE=InnoDB DEFAULT CHARSET=utf8;

-- --------------------------------------------------------

--
-- Tabellenstruktur für Tabelle `ebay_media_videos`
--

CREATE TABLE `ebay_media_videos` (
  `ebay_media_videos_id` int(11) NOT NULL,
  `video_id` varchar(64) NOT NULL,
  `video_status` varchar(16) NOT NULL,
  `expirationDate` datetime NOT NULL,
  `seller` varchar(64) NOT NULL,
  `video_description` text NOT NULL,
  `video_title` varchar(128) NOT NULL,
  `video_thumbnail` varchar(128) NOT NULL
) ENGINE=InnoDB DEFAULT CHARSET=utf8;

-- --------------------------------------------------------

--
-- Tabellenstruktur für Tabelle `ebay_mpn_aliases`
--

CREATE TABLE `ebay_mpn_aliases` (
  `ebay_mpn_aliases_id` int(11) NOT NULL,
  `site` int(1) NOT NULL,
  `mpn_alias` varchar(64) NOT NULL,
  `is_default` int(1) DEFAULT NULL
) ENGINE=InnoDB DEFAULT CHARSET=utf8;

--
-- Daten für Tabelle `ebay_mpn_aliases`
--

INSERT INTO `ebay_mpn_aliases` (`ebay_mpn_aliases_id`, `site`, `mpn_alias`, `is_default`) VALUES
(1, 77, 'Artikelnummer', 1),
(2, 77, 'Herstellernummer', NULL),
(3, 3, 'MPN', 1),
(4, 3, 'Manufacturer Part Number', NULL),
(5, 3, 'Manufacturerpartnumber', NULL),
(6, 3, 'Mfr Part Number', NULL),
(7, 3, 'Interchange Part Number', NULL),
(8, 3, 'Part Number', NULL),
(9, 3, 'OEM Part Number', NULL),
(10, 3, 'Mfr Part Number', NULL),
(11, 3, 'Manufacturerpartnumber', NULL),
(12, 3, 'OEM Part Number', NULL),
(13, 0, 'MPN', 1),
(14, 0, 'Manufacturer Part Number', NULL),
(15, 0, 'Manufacturerpartnumber', NULL),
(16, 0, 'Mfr Part Number', NULL),
(17, 0, 'Interchange Part Number', NULL),
(18, 0, 'OEM Part Number', NULL),
(19, 0, 'Part Number', NULL),
(20, 71, 'Numéro de pièce fabricant', NULL),
(21, 71, 'mpn', NULL),
(22, 71, 'Referencefabricant', NULL),
(23, 71, 'Numerodereference', NULL),
(24, 71, 'numerodereferencefabricant', NULL),
(25, 101, 'MPN', NULL),
(26, 101, 'Manufacturer Part Number (MPN)', NULL),
(27, 101, 'Manufacturer Part Number', NULL),
(28, 101, 'P/N', NULL),
(29, 101, 'Codice articolo', NULL),
(30, 101, 'codice componente del fabbricante', NULL),
(31, 101, 'codice fabbricante', NULL),
(32, 101, 'codice del fabbricante', NULL),
(33, 101, 'codice del prodotto', NULL),
(34, 101, 'codice produttore', NULL),
(35, 101, 'codice del produttore', NULL),
(36, 186, 'MPN', NULL),
(37, 186, 'Manufacturer Part Number', NULL),
(38, 186, 'mpn1', NULL),
(39, 186, 'mpn2', NULL),
(40, 186, 'mpn3', NULL),
(41, 186, 'Numero de Pieza del', NULL),
(42, 186, 'Fabricante', NULL),
(43, 186, 'Numero de la Pieza del Fabricante (MPN)', NULL),
(44, 186, 'P/N', NULL),
(45, 186, 'codigo fabricante', NULL),
(46, 186, 'codigo del fabricante', NULL),
(47, 186, 'codigo del producto', NULL),
(48, 186, 'codigo producto', NULL),
(49, 186, 'codigo productor', NULL),
(50, 186, 'codigo del productor', NULL);

-- --------------------------------------------------------

--
-- Tabellenstruktur für Tabelle `ebay_multi_edit`
--

CREATE TABLE `ebay_multi_edit` (
  `ebay_multi_edit_id` int(11) NOT NULL,
  `user` varchar(64) NOT NULL,
  `site_id` int(11) NOT NULL,
  `request_type` varchar(32) NOT NULL,
  `price_revise_date` date DEFAULT NULL
) ENGINE=InnoDB DEFAULT CHARSET=utf8 COMMENT='Meta Informationen fuer die eBay Multi Edit Daten';

-- --------------------------------------------------------

--
-- Tabellenstruktur für Tabelle `ebay_multi_edit_items`
--

CREATE TABLE `ebay_multi_edit_items` (
  `ebay_multi_edit_items_id` int(11) NOT NULL,
  `ebay_auctions_id` int(11) NOT NULL,
  `quantity` int(11) NOT NULL,
  `price` float(15,4) DEFAULT NULL,
  `dispatchtimemax` int(11) DEFAULT NULL,
  `duration` varchar(8) DEFAULT NULL,
  `sent_to_ebay` int(1) NOT NULL,
  `ebay_multi_edit_id` int(11) NOT NULL,
  `task_id` varchar(32) NOT NULL,
  `revise_date` datetime NOT NULL
) ENGINE=InnoDB DEFAULT CHARSET=utf8 COMMENT='Multi Edit Daten die an eBay via LMS gesendet werden';

-- --------------------------------------------------------

--
-- Tabellenstruktur für Tabelle `ebay_multi_edit_price_revise`
--

CREATE TABLE `ebay_multi_edit_price_revise` (
  `ebay_multi_edit_price_revise_id` int(11) NOT NULL,
  `ebay_auctions_id` int(11) NOT NULL,
  `revise_date` date NOT NULL,
  `price` float(15,4) NOT NULL,
  `revise_status` int(1) NOT NULL COMMENT '1 wenn alter preis an ebay gesendet wurde',
  `ebay_multi_edit_items_id` int(11) NOT NULL
) ENGINE=InnoDB DEFAULT CHARSET=utf8 COMMENT='eBay Multi Edit Preis Revise Daten datumsbasiert';

-- --------------------------------------------------------

--
-- Tabellenstruktur für Tabelle `ebay_mymessage`
--

CREATE TABLE `ebay_mymessage` (
  `ebay_mymessage_id` int(11) NOT NULL,
  `messagetype` int(1) NOT NULL DEFAULT '0',
  `sender` varchar(128) NOT NULL DEFAULT '',
  `recipientuserid` varchar(128) NOT NULL DEFAULT '',
  `sendinguserid` varchar(128) NOT NULL DEFAULT '',
  `sendtoname` varchar(128) NOT NULL DEFAULT '',
  `subject` varchar(128) NOT NULL DEFAULT '',
  `messageid` varchar(16) NOT NULL,
  `externalmessageid` varchar(32) NOT NULL DEFAULT '',
  `alertid` int(11) NOT NULL DEFAULT '0',
  `priority` int(11) NOT NULL DEFAULT '0',
  `resolutionstatus` varchar(32) NOT NULL DEFAULT '0',
  `is_read` int(1) NOT NULL DEFAULT '0',
  `receivedate` datetime NOT NULL DEFAULT '0000-00-00 00:00:00',
  `expirationdate` datetime NOT NULL DEFAULT '0000-00-00 00:00:00',
  `istimedresolution` int(1) NOT NULL DEFAULT '0',
  `responseenabled` int(1) NOT NULL DEFAULT '0',
  `responseurl` varchar(255) NOT NULL DEFAULT '',
  `folder` int(11) NOT NULL DEFAULT '0',
  `flagged` int(1) NOT NULL DEFAULT '0',
  `ebay_id` varchar(20) NOT NULL DEFAULT '',
  `actionurl` varchar(255) NOT NULL DEFAULT '',
  `msgtext` text NOT NULL,
  `ebay_user` varchar(128) NOT NULL DEFAULT ''
) ENGINE=MyISAM DEFAULT CHARSET=utf8;

-- --------------------------------------------------------

--
-- Tabellenstruktur für Tabelle `ebay_mymessage_reply`
--

CREATE TABLE `ebay_mymessage_reply` (
  `ebay_mymessage_reply_id` int(11) NOT NULL,
  `ebay_mymessage_id` int(11) NOT NULL DEFAULT '0',
  `msgtext` text NOT NULL,
  `editor_id` int(11) NOT NULL DEFAULT '0',
  `date_created` datetime NOT NULL DEFAULT '0000-00-00 00:00:00',
  `ebay_user` varchar(128) NOT NULL DEFAULT ''
) ENGINE=MyISAM DEFAULT CHARSET=utf8;

-- --------------------------------------------------------

--
-- Tabellenstruktur für Tabelle `ebay_orders`
--

CREATE TABLE `ebay_orders` (
  `ebay_orders_id` int(11) NOT NULL,
  `OrderID` varchar(32) NOT NULL,
  `OrderStatus` varchar(16) NOT NULL,
  `date_added` datetime NOT NULL,
  `ebay_id` varchar(20) NOT NULL,
  `transaction_id` varchar(20) NOT NULL,
  `processed` int(1) NOT NULL,
  `user` varchar(64) NOT NULL,
  `orders_id` int(11) DEFAULT NULL
) ENGINE=MyISAM DEFAULT CHARSET=utf8;

-- --------------------------------------------------------

--
-- Tabellenstruktur für Tabelle `ebay_orders_items`
--

CREATE TABLE `ebay_orders_items` (
  `ebay_orders_items_id` int(11) NOT NULL,
  `ebay_orders_id` int(11) NOT NULL,
  `transaction_id` varchar(20) NOT NULL,
  `ebay_id` varchar(20) NOT NULL,
  `products_id` int(11) NOT NULL
) ENGINE=MyISAM DEFAULT CHARSET=utf8;

-- --------------------------------------------------------

--
-- Tabellenstruktur für Tabelle `ebay_orders_oos`
--

CREATE TABLE `ebay_orders_oos` (
  `ebay_orders_oos_id` int(11) NOT NULL,
  `OrderID` varchar(64) NOT NULL,
  `date_created` datetime NOT NULL,
  `seller` varchar(64) NOT NULL
) ENGINE=InnoDB DEFAULT CHARSET=utf8;

-- --------------------------------------------------------

--
-- Tabellenstruktur für Tabelle `ebay_payments`
--

CREATE TABLE `ebay_payments` (
  `ebay_payments_id` int(11) NOT NULL,
  `ebay_payments_value` varchar(64) NOT NULL DEFAULT ''
) ENGINE=MyISAM DEFAULT CHARSET=utf8;

-- --------------------------------------------------------

--
-- Tabellenstruktur für Tabelle `ebay_personal_offers`
--

CREATE TABLE `ebay_personal_offers` (
  `ebay_personal_offers` int(11) NOT NULL,
  `ebay_id` varchar(20) NOT NULL DEFAULT '',
  `userid` varchar(64) NOT NULL DEFAULT '',
  `duration` int(11) NOT NULL DEFAULT '0',
  `date_saved` datetime NOT NULL DEFAULT '0000-00-00 00:00:00'
) ENGINE=MyISAM DEFAULT CHARSET=utf8;

-- --------------------------------------------------------

--
-- Tabellenstruktur für Tabelle `ebay_products`
--

CREATE TABLE `ebay_products` (
  `id` int(11) NOT NULL,
  `products_id` int(11) NOT NULL DEFAULT '0',
  `ebay_preis` decimal(15,4) NOT NULL DEFAULT '0.0000',
  `ebay_bild` varchar(128) NOT NULL DEFAULT '',
  `ebay_galleryfeatured` enum('0','1') NOT NULL DEFAULT '0',
  `ebay_galleryfeaturedduration` int(1) NOT NULL,
  `ebay_kategorie` varchar(128) NOT NULL DEFAULT '',
  `ebay_kategorie2` varchar(128) DEFAULT NULL,
  `ebay_counter` varchar(32) NOT NULL DEFAULT '',
  `ebay_titel` varchar(80) DEFAULT NULL,
  `ebay_untertitel` varchar(80) DEFAULT NULL,
  `ebay_beschreibung` text NOT NULL,
  `ebay_angebotsformat` varchar(32) NOT NULL DEFAULT '',
  `ebay_sofortkauf_preis` decimal(15,4) DEFAULT NULL,
  `ebay_auktionsdauer` tinyint(4) NOT NULL DEFAULT '0',
  `ebay_menge` int(11) NOT NULL DEFAULT '0',
  `ebay_ort` varchar(128) NOT NULL DEFAULT '',
  `ebay_land` varchar(128) NOT NULL DEFAULT '',
  `ebay_boldtitle` enum('0','1') DEFAULT NULL,
  `ebay_highlight` enum('0','1') DEFAULT NULL,
  `ebay_featured` enum('0','1') DEFAULT NULL,
  `ebay_gallery` enum('0','1') NOT NULL DEFAULT '0',
  `STATUS` int(1) DEFAULT NULL,
  `ebay_sammler_id` int(11) NOT NULL DEFAULT '0',
  `ebay_template` varchar(128) NOT NULL DEFAULT '',
  `ebay_shopcat` varchar(32) NOT NULL DEFAULT '0',
  `ebay_vat` float NOT NULL DEFAULT '0',
  `ebay_geldzurueck` int(1) NOT NULL DEFAULT '0',
  `ebay_sofortneu` int(1) NOT NULL DEFAULT '0',
  `ebay_new` int(1) NOT NULL DEFAULT '0',
  `ebay_shopcat_name` varchar(128) NOT NULL DEFAULT '',
  `ebay_shopcat2` varchar(32) NOT NULL DEFAULT '',
  `ebay_shopcat2_name` varchar(128) NOT NULL DEFAULT '',
  `ebay_homepagefeatured` int(1) NOT NULL DEFAULT '0',
  `ebay_border` int(1) NOT NULL DEFAULT '0',
  `ebay_bestoffer` int(1) NOT NULL DEFAULT '0',
  `ebay_bestoffer_price` float NOT NULL DEFAULT '0',
  `select_set` int(1) NOT NULL DEFAULT '0',
  `ebay_site` varchar(16) NOT NULL DEFAULT '',
  `ebay_paymentinstructions` text,
  `ebay_gallery_plus` int(1) NOT NULL DEFAULT '0',
  `ebay_user` varchar(128) NOT NULL DEFAULT '',
  `select_set_multiple` int(1) NOT NULL DEFAULT '0',
  `ebay_skype_enabled` int(1) NOT NULL DEFAULT '0',
  `ebay_skype_id` varchar(128) NOT NULL DEFAULT '',
  `ebay_skype_contact_option` varchar(16) NOT NULL DEFAULT '',
  `ebay_bestofferautoacceptprice` float NOT NULL DEFAULT '0',
  `ebay_revise` varchar(8) NOT NULL,
  `ebay_revise_option` int(11) NOT NULL,
  `ebay_external_product_id` varchar(32) NOT NULL,
  `ebay_external_product_id_type` varchar(16) NOT NULL,
  `ebay_postalcode` varchar(8) NOT NULL,
  `locked` int(1) NOT NULL,
  `ebay_dispatchtimemax` tinyint(4) NOT NULL,
  `ebay_automatic_list_no_sell` int(1) NOT NULL,
  `itemcondition` int(1) NOT NULL,
  `sku` varchar(16) NOT NULL,
  `ebay_variations_id` int(11) NOT NULL,
  `ShippingDiscountProfileID` varchar(32) NOT NULL,
  `InternationalShippingDiscountProfileID` varchar(32) NOT NULL,
  `reserveprice` float NOT NULL,
  `returnswithincode` varchar(16) NOT NULL,
  `shippingcostpaidby` varchar(32) NOT NULL,
  `ean` varchar(16) NOT NULL,
  `isbn` varchar(16) NOT NULL,
  `ebay_plus` int(1) NOT NULL,
  `seller_profile_payment_id` varchar(32) NOT NULL,
  `seller_profile_return_policy_id` varchar(32) DEFAULT NULL,
  `seller_profile_shipping_id` varchar(32) DEFAULT NULL,
  `ProductReferenceID` varchar(64) NOT NULL,
  `scheduletime` datetime NOT NULL
) ENGINE=MyISAM DEFAULT CHARSET=utf8;

--
-- Daten für Tabelle `ebay_products`
--

INSERT INTO `ebay_products` (`id`, `products_id`, `ebay_preis`, `ebay_bild`, `ebay_galleryfeatured`, `ebay_galleryfeaturedduration`, `ebay_kategorie`, `ebay_kategorie2`, `ebay_counter`, `ebay_titel`, `ebay_untertitel`, `ebay_beschreibung`, `ebay_angebotsformat`, `ebay_sofortkauf_preis`, `ebay_auktionsdauer`, `ebay_menge`, `ebay_ort`, `ebay_land`, `ebay_boldtitle`, `ebay_highlight`, `ebay_featured`, `ebay_gallery`, `STATUS`, `ebay_sammler_id`, `ebay_template`, `ebay_shopcat`, `ebay_vat`, `ebay_geldzurueck`, `ebay_sofortneu`, `ebay_new`, `ebay_shopcat_name`, `ebay_shopcat2`, `ebay_shopcat2_name`, `ebay_homepagefeatured`, `ebay_border`, `ebay_bestoffer`, `ebay_bestoffer_price`, `select_set`, `ebay_site`, `ebay_paymentinstructions`, `ebay_gallery_plus`, `ebay_user`, `select_set_multiple`, `ebay_skype_enabled`, `ebay_skype_id`, `ebay_skype_contact_option`, `ebay_bestofferautoacceptprice`, `ebay_revise`, `ebay_revise_option`, `ebay_external_product_id`, `ebay_external_product_id_type`, `ebay_postalcode`, `locked`, `ebay_dispatchtimemax`, `ebay_automatic_list_no_sell`, `itemcondition`, `sku`, `ebay_variations_id`, `ShippingDiscountProfileID`, `InternationalShippingDiscountProfileID`, `reserveprice`, `returnswithincode`, `shippingcostpaidby`, `ean`, `isbn`, `ebay_plus`, `seller_profile_payment_id`, `seller_profile_return_policy_id`, `seller_profile_shipping_id`, `ProductReferenceID`, `scheduletime`) VALUES
(17, 99, 15.0000, '99_0.jpg', '0', 0, '', '', 'RetroStyle', 'Testbuch 2', '', 'Lorem Ipsum is simply dummy text of the printing and typesetting industry. Lorem Ipsum has been the industry\'s standard dummy text ever since the 1500s, when an unknown printer took a galley of type and scrambled it to make a type specimen book. It has survived not only five centuries, but also the leap into electronic typesetting, remaining essentially unchanged. It was popularised in the 1960s with the release of Letraset sheets containing Lorem Ipsum passages, and more recently with desktop publishing software like Aldus PageMaker including versions of Lorem Ipsum.', 'StoresFixedPrice', 0.0000, 5, 1, 'Hamburg', 'DE', '0', '0', '0', '1', 2, 5, 'ebaytemplate.html', '0', 0, 1, 0, 0, '', '', '', 0, 0, 0, 0, 0, 'Germany', 'Bitte nutzen Sie die Kaufabwicklung von eBay. Sollten Sie Fragen haben, so kommen Sie bitte einfach direkt auf uns zu.', 0, 'yes4trade', 0, 0, '', 'All', 0, 'to_qty', 5, '', '', '23244', 0, 2, 0, 1000, '', 0, '', '', 0, '', '', '', '', 0, '', NULL, NULL, '', '0000-00-00 00:00:00'),
(18, 100, 33.0000, '100_0.jpg', '0', 0, '', '', 'RetroStyle', 'Testbuch 3', '', 'Lorem Ipsum is simply dummy text of the printing and typesetting industry. Lorem Ipsum has been the industry\'s standard dummy text ever since the 1500s, when an unknown printer took a galley of type and scrambled it to make a type specimen book. It has survived not only five centuries, but also the leap into electronic typesetting, remaining essentially unchanged. It was popularised in the 1960s with the release of Letraset sheets containing Lorem Ipsum passages, and more recently with desktop publishing software like Aldus PageMaker including versions of Lorem Ipsum.', 'StoresFixedPrice', 0.0000, 5, 1, 'Hamburg', 'DE', '0', '0', '0', '1', 2, 5, 'ebaytemplate.html', '0', 0, 1, 0, 0, '', '', '', 0, 0, 0, 0, 0, 'Germany', 'Bitte nutzen Sie die Kaufabwicklung von eBay. Sollten Sie Fragen haben, so kommen Sie bitte einfach direkt auf uns zu.', 0, 'yes4trade', 0, 0, '', 'All', 0, 'to_qty', 5, '', '', '23244', 0, 2, 0, 1000, '', 0, '', '', 0, '', '', '', '', 0, '', NULL, NULL, '', '0000-00-00 00:00:00'),
(16, 92, 10.0000, '92_0.jpg', '0', 0, '', '', 'RetroStyle', 'Testbuch 1', '', 'Lorem Ipsum is simply dummy text of the printing and typesetting industry. Lorem Ipsum has been the industry\'s standard dummy text ever since the 1500s, when an unknown printer took a galley of type and scrambled it to make a type specimen book. It has survived not only five centuries, but also the leap into electronic typesetting, remaining essentially unchanged. It was popularised in the 1960s with the release of Letraset sheets containing Lorem Ipsum passages, and more recently with desktop publishing software like Aldus PageMaker including versions of Lorem Ipsum.', 'StoresFixedPrice', 0.0000, 5, 1, 'Hamburg', 'DE', '0', '0', '0', '1', 2, 5, 'ebaytemplate.html', '0', 0, 1, 0, 0, '', '', '', 0, 0, 0, 0, 0, 'Germany', 'Bitte nutzen Sie die Kaufabwicklung von eBay. Sollten Sie Fragen haben, so kommen Sie bitte einfach direkt auf uns zu.', 0, 'yes4trade', 0, 0, '', 'All', 0, 'to_qty', 5, '', '', '23244', 0, 2, 0, 1000, '', 0, '', '', 0, '', '', '', '', 0, '', NULL, NULL, '', '0000-00-00 00:00:00'),
(19, 101, 12.0000, '101_0.jpg', '0', 0, '', '', 'RetroStyle', 'Testbuch 4', '', 'Lorem Ipsum is simply dummy text of the printing and typesetting industry. Lorem Ipsum has been the industry\'s standard dummy text ever since the 1500s, when an unknown printer took a galley of type and scrambled it to make a type specimen book. It has survived not only five centuries, but also the leap into electronic typesetting, remaining essentially unchanged. It was popularised in the 1960s with the release of Letraset sheets containing Lorem Ipsum passages, and more recently with desktop publishing software like Aldus PageMaker including versions of Lorem Ipsum.', 'StoresFixedPrice', 0.0000, 5, 1, 'Hamburg', 'DE', '0', '0', '0', '1', 2, 5, 'ebaytemplate.html', '0', 0, 1, 0, 0, '', '', '', 0, 0, 0, 0, 0, 'Germany', 'Bitte nutzen Sie die Kaufabwicklung von eBay. Sollten Sie Fragen haben, so kommen Sie bitte einfach direkt auf uns zu.', 0, 'yes4trade', 0, 0, '', 'All', 0, 'to_qty', 5, '', '', '23244', 0, 2, 0, 1000, '', 0, '', '', 0, '', '', '', '', 0, '', NULL, NULL, '', '0000-00-00 00:00:00'),
(20, 102, 5.0000, '102_0.jpg', '0', 0, '', '', 'RetroStyle', 'Testbuch 5', '', 'Lorem Ipsum is simply dummy text of the printing and typesetting industry. Lorem Ipsum has been the industry\'s standard dummy text ever since the 1500s, when an unknown printer took a galley of type and scrambled it to make a type specimen book. It has survived not only five centuries, but also the leap into electronic typesetting, remaining essentially unchanged. It was popularised in the 1960s with the release of Letraset sheets containing Lorem Ipsum passages, and more recently with desktop publishing software like Aldus PageMaker including versions of Lorem Ipsum.', 'StoresFixedPrice', 0.0000, 5, 1, 'Hamburg', 'DE', '0', '0', '0', '1', 2, 5, 'ebaytemplate.html', '0', 0, 1, 0, 0, '', '', '', 0, 0, 0, 0, 0, 'Germany', 'Bitte nutzen Sie die Kaufabwicklung von eBay. Sollten Sie Fragen haben, so kommen Sie bitte einfach direkt auf uns zu.', 0, 'yes4trade', 0, 0, '', 'All', 0, 'to_qty', 5, '', '', '23244', 0, 2, 0, 1000, '', 0, '', '', 0, '', '', '', '', 0, '', NULL, NULL, '', '0000-00-00 00:00:00');

-- --------------------------------------------------------

--
-- Tabellenstruktur für Tabelle `ebay_products_characteristics`
--

CREATE TABLE `ebay_products_characteristics` (
  `ebay_products_characteristics_id` int(11) NOT NULL,
  `ebay_products_id` int(11) NOT NULL DEFAULT '0',
  `category_number` tinyint(4) NOT NULL DEFAULT '0',
  `attribute_set_id` int(11) NOT NULL DEFAULT '0',
  `attribute_type` varchar(8) NOT NULL DEFAULT '',
  `attribute_id` int(11) NOT NULL DEFAULT '0',
  `attribute_value` text NOT NULL
) ENGINE=MyISAM DEFAULT CHARSET=utf8;

-- --------------------------------------------------------

--
-- Tabellenstruktur für Tabelle `ebay_products_energy_efficiency`
--

CREATE TABLE `ebay_products_energy_efficiency` (
  `ebay_products_energy_efficiency_id` int(11) NOT NULL,
  `ebay_products_id` int(11) NOT NULL,
  `energy_efficiency_image_description` varchar(255) NOT NULL,
  `energy_efficiency_image_url` varchar(255) NOT NULL,
  `energy_efficiency_ProductInformationsheet` varchar(255) NOT NULL
) ENGINE=InnoDB DEFAULT CHARSET=utf8;

-- --------------------------------------------------------

--
-- Tabellenstruktur für Tabelle `ebay_products_history`
--

CREATE TABLE `ebay_products_history` (
  `ebay_products_history_id` int(11) NOT NULL,
  `ebay_products_id` int(11) NOT NULL DEFAULT '0',
  `date_saved` datetime NOT NULL DEFAULT '0000-00-00 00:00:00',
  `comments` text NOT NULL,
  `editor_id` int(11) NOT NULL DEFAULT '0'
) ENGINE=MyISAM DEFAULT CHARSET=utf8;

--
-- Daten für Tabelle `ebay_products_history`
--

INSERT INTO `ebay_products_history` (`ebay_products_history_id`, `ebay_products_id`, `date_saved`, `comments`, `editor_id`) VALUES
(21, 17, '2010-03-18 17:32:24', 'Sammlerprodukt angelegt', 4987),
(22, 18, '2010-03-18 17:32:24', 'Sammlerprodukt angelegt', 4987),
(23, 19, '2010-03-18 17:32:24', 'Sammlerprodukt angelegt', 4987),
(24, 20, '2010-03-18 17:32:24', 'Sammlerprodukt angelegt', 4987),
(20, 16, '2010-03-18 17:32:24', 'Sammlerprodukt angelegt', 4987),
(27, 17, '2010-12-14 16:45:04', 'Das Wert des Felds Username wurde ge&auml;ndert von hopsderwalfisch zu ', 1),
(28, 17, '2010-12-14 16:45:04', 'Das Wert des Felds Ebay-Template wurde ge&auml;ndert von ebay-first.html zu beispiel-ebay-template.html', 1),
(29, 18, '2010-12-14 16:45:59', 'Das Wert des Felds Username wurde ge&auml;ndert von hopsderwalfisch zu ', 1),
(30, 18, '2010-12-14 16:45:59', 'Das Wert des Felds Ebay-Template wurde ge&auml;ndert von ebay-first.html zu standard.htm', 1),
(31, 16, '2010-12-14 16:46:47', 'Das Wert des Felds Username wurde ge&auml;ndert von hopsderwalfisch zu ', 1),
(32, 16, '2010-12-14 16:46:47', 'Das Wert des Felds Ebay-Template wurde ge&auml;ndert von ebay-first.html zu standard_1.html', 1);

-- --------------------------------------------------------

--
-- Tabellenstruktur für Tabelle `ebay_products_itemspecifics`
--

CREATE TABLE `ebay_products_itemspecifics` (
  `ebay_products_itemspecifics_id` int(11) NOT NULL,
  `ebay_products_id` int(11) NOT NULL,
  `is_name` varchar(64) NOT NULL,
  `is_value` varchar(255) NOT NULL
) ENGINE=MyISAM DEFAULT CHARSET=utf8;

--
-- Daten für Tabelle `ebay_products_itemspecifics`
--

INSERT INTO `ebay_products_itemspecifics` (`ebay_products_itemspecifics_id`, `ebay_products_id`, `is_name`, `is_value`) VALUES
(11, 16, 'test', '1'),
(9, 17, 'test', '1'),
(10, 18, 'test', '1'),
(5, 19, 'test', '1'),
(6, 20, 'test', '1');

-- --------------------------------------------------------

--
-- Tabellenstruktur für Tabelle `ebay_products_itemspecifics_recommendations`
--

CREATE TABLE `ebay_products_itemspecifics_recommendations` (
  `ebay_products_itemspecifics_recommendations_id` int(11) NOT NULL,
  `ebay_products_id` int(11) NOT NULL,
  `is_name` varchar(255) NOT NULL,
  `is_value` varchar(255) NOT NULL
) ENGINE=MyISAM DEFAULT CHARSET=utf8;

-- --------------------------------------------------------

--
-- Tabellenstruktur für Tabelle `ebay_products_manufacturers`
--

CREATE TABLE `ebay_products_manufacturers` (
  `ebay_products_manufacturers_id` int(11) NOT NULL,
  `ebay_products_id` int(11) NOT NULL,
  `manufacturer_companyname` varchar(128) NOT NULL,
  `manufacturer_street1` varchar(128) NOT NULL,
  `manufacturer_street2` varchar(128) NOT NULL,
  `manufacturer_stateorprovince` varchar(128) NOT NULL,
  `manufacturer_postalcode` varchar(16) NOT NULL,
  `manufacturer_cityname` varchar(128) NOT NULL,
  `manufacturer_country` varchar(128) NOT NULL,
  `manufacturer_email` varchar(128) NOT NULL,
  `manufacturer_phone` varchar(128) NOT NULL
) ENGINE=InnoDB DEFAULT CHARSET=utf8;

-- --------------------------------------------------------

--
-- Tabellenstruktur für Tabelle `ebay_products_payments`
--

CREATE TABLE `ebay_products_payments` (
  `ebay_products_payments_id` int(11) NOT NULL,
  `ebay_products_id` int(11) NOT NULL DEFAULT '0',
  `payment` varchar(128) NOT NULL DEFAULT ''
) ENGINE=MyISAM DEFAULT CHARSET=utf8;

--
-- Daten für Tabelle `ebay_products_payments`
--

INSERT INTO `ebay_products_payments` (`ebay_products_payments_id`, `ebay_products_id`, `payment`) VALUES
(92, 17, 'MoneyXferAcceptedInCheckout'),
(97, 16, 'MoneyXferAccepted'),
(91, 17, 'MoneyXferAccepted'),
(96, 16, 'PayPal'),
(90, 17, 'PayPal'),
(95, 18, 'MoneyXferAcceptedInCheckout'),
(94, 18, 'MoneyXferAccepted'),
(93, 18, 'PayPal'),
(76, 19, 'MoneyXferAcceptedInCheckout'),
(77, 19, 'MoneyXferAccepted'),
(78, 19, 'PayPal'),
(79, 20, 'MoneyXferAcceptedInCheckout'),
(80, 20, 'MoneyXferAccepted'),
(81, 20, 'PayPal'),
(98, 16, 'MoneyXferAcceptedInCheckout');

-- --------------------------------------------------------

--
-- Tabellenstruktur für Tabelle `ebay_products_productsafety`
--

CREATE TABLE `ebay_products_productsafety` (
  `ebay_products_productsafety_id` int(11) NOT NULL,
  `ebay_products_id` int(11) NOT NULL,
  `pictograms` varchar(255) NOT NULL,
  `statements` varchar(255) NOT NULL
) ENGINE=InnoDB DEFAULT CHARSET=utf8;

-- --------------------------------------------------------

--
-- Tabellenstruktur für Tabelle `ebay_products_properties`
--

CREATE TABLE `ebay_products_properties` (
  `ebay_products_properties_id` int(11) NOT NULL,
  `ebay_products_id` int(11) NOT NULL,
  `date_added` datetime NOT NULL,
  `sort_order` int(1) NOT NULL
) ENGINE=MyISAM DEFAULT CHARSET=utf8;

-- --------------------------------------------------------

--
-- Tabellenstruktur für Tabelle `ebay_products_properties_description`
--

CREATE TABLE `ebay_products_properties_description` (
  `ebay_products_properties_description_id` int(11) NOT NULL,
  `ebay_products_properties_id` int(11) NOT NULL,
  `language_id` int(1) NOT NULL,
  `title` varchar(64) NOT NULL
) ENGINE=MyISAM DEFAULT CHARSET=utf8;

-- --------------------------------------------------------

--
-- Tabellenstruktur für Tabelle `ebay_products_properties_values`
--

CREATE TABLE `ebay_products_properties_values` (
  `ebay_products_properties_values_id` int(11) NOT NULL,
  `ebay_products_properties_id` int(11) NOT NULL,
  `price` decimal(15,4) NOT NULL,
  `sort_order` int(1) NOT NULL,
  `image` varchar(16) NOT NULL,
  `files_image` varchar(255) NOT NULL
) ENGINE=MyISAM DEFAULT CHARSET=utf8;

-- --------------------------------------------------------

--
-- Tabellenstruktur für Tabelle `ebay_products_properties_values_description`
--

CREATE TABLE `ebay_products_properties_values_description` (
  `ebay_products_properties_values_description_id` int(11) NOT NULL,
  `ebay_products_properties_values_id` int(11) NOT NULL,
  `language_id` int(11) NOT NULL,
  `title` varchar(64) NOT NULL
) ENGINE=MyISAM DEFAULT CHARSET=utf8;

-- --------------------------------------------------------

--
-- Tabellenstruktur für Tabelle `ebay_products_regulatory_documents`
--

CREATE TABLE `ebay_products_regulatory_documents` (
  `ebay_products_regulatory_documents_id` int(11) NOT NULL,
  `ebay_products_id` int(11) NOT NULL,
  `documents_id` varchar(64) NOT NULL,
  `date_added` timestamp NOT NULL DEFAULT CURRENT_TIMESTAMP ON UPDATE CURRENT_TIMESTAMP
) ENGINE=InnoDB DEFAULT CHARSET=utf8;

-- --------------------------------------------------------

--
-- Tabellenstruktur für Tabelle `ebay_products_regulatory_hazmats`
--

CREATE TABLE `ebay_products_regulatory_hazmats` (
  `ebay_products_regulatory_hazmats_id` int(11) NOT NULL,
  `ebay_products_id` int(11) NOT NULL,
  `signalword` varchar(32) NOT NULL,
  `date_added` timestamp NOT NULL DEFAULT CURRENT_TIMESTAMP ON UPDATE CURRENT_TIMESTAMP,
  `statements` text NOT NULL,
  `pictograms` text NOT NULL
) ENGINE=InnoDB DEFAULT CHARSET=utf8;

-- --------------------------------------------------------

--
-- Tabellenstruktur für Tabelle `ebay_products_responsible_persons`
--

CREATE TABLE `ebay_products_responsible_persons` (
  `ebay_products_responsible_persons_id` int(11) NOT NULL,
  `ebay_products_id` int(11) NOT NULL,
  `rp_companyname` varchar(128) NOT NULL,
  `rp_street1` varchar(128) NOT NULL,
  `rp_street2` varchar(128) NOT NULL,
  `rp_stateorprovince` varchar(128) NOT NULL,
  `rp_postalcode` varchar(16) NOT NULL,
  `rp_cityname` varchar(128) NOT NULL,
  `rp_country` varchar(128) NOT NULL,
  `rp_email` varchar(128) NOT NULL,
  `rp_phone` varchar(128) NOT NULL
) ENGINE=InnoDB DEFAULT CHARSET=utf8;

-- --------------------------------------------------------

--
-- Tabellenstruktur für Tabelle `ebay_products_shippings`
--

CREATE TABLE `ebay_products_shippings` (
  `ebay_products_shippings_id` int(11) NOT NULL,
  `ebay_products_id` int(11) NOT NULL DEFAULT '0',
  `shippingtype` enum('international','national') NOT NULL DEFAULT 'national',
  `ShippingService` varchar(64) NOT NULL,
  `ShippingServiceAdditionalCost` float NOT NULL DEFAULT '0',
  `ShippingServiceCost` float NOT NULL DEFAULT '0',
  `ShippingServicePriority` int(11) NOT NULL DEFAULT '0',
  `shipsWithinDays` int(11) NOT NULL DEFAULT '0'
) ENGINE=MyISAM DEFAULT CHARSET=utf8;

--
-- Daten für Tabelle `ebay_products_shippings`
--

INSERT INTO `ebay_products_shippings` (`ebay_products_shippings_id`, `ebay_products_id`, `shippingtype`, `ShippingService`, `ShippingServiceAdditionalCost`, `ShippingServiceCost`, `ShippingServicePriority`, `shipsWithinDays`) VALUES
(8, 17, 'national', 'DE_DeutschePostBuchersendung', 0, 3, 0, 0),
(9, 18, 'national', 'DE_DeutschePostBuchersendung', 0, 3, 0, 0),
(7, 16, 'national', 'DE_DeutschePostBuchersendung', 0, 3, 0, 0),
(10, 19, 'national', 'DE_DeutschePostBuchersendung', 0, 3, 0, 0),
(11, 20, 'national', 'DE_DeutschePostBuchersendung', 0, 3, 0, 0);

-- --------------------------------------------------------

--
-- Tabellenstruktur für Tabelle `ebay_products_shippings_locations`
--

CREATE TABLE `ebay_products_shippings_locations` (
  `ebay_products_shippings_locations_id` int(11) NOT NULL,
  `ebay_products_shippings_id` int(11) NOT NULL DEFAULT '0',
  `location` varchar(255) NOT NULL DEFAULT ''
) ENGINE=MyISAM DEFAULT CHARSET=utf8;

-- --------------------------------------------------------

--
-- Tabellenstruktur für Tabelle `ebay_products_to_categories`
--

CREATE TABLE `ebay_products_to_categories` (
  `id` int(11) NOT NULL,
  `products_id` int(11) NOT NULL DEFAULT '0',
  `category_id` int(11) NOT NULL DEFAULT '0'
) ENGINE=MyISAM DEFAULT CHARSET=utf8;

-- --------------------------------------------------------

--
-- Tabellenstruktur für Tabelle `ebay_products_variations`
--

CREATE TABLE `ebay_products_variations` (
  `ebay_products_variations_id` int(11) NOT NULL,
  `ebay_products_id` int(11) NOT NULL,
  `title` varchar(64) NOT NULL,
  `content` varchar(255) NOT NULL
) ENGINE=MyISAM DEFAULT CHARSET=utf8;

-- --------------------------------------------------------

--
-- Tabellenstruktur für Tabelle `ebay_products_videos`
--

CREATE TABLE `ebay_products_videos` (
  `ebay_products_videos_id` int(11) NOT NULL,
  `ebay_products_id` int(11) NOT NULL,
  `video_id` varchar(255) NOT NULL,
  `video_title` varchar(255) NOT NULL
) ENGINE=InnoDB DEFAULT CHARSET=utf8;

-- --------------------------------------------------------

--
-- Tabellenstruktur für Tabelle `ebay_sammler`
--

CREATE TABLE `ebay_sammler` (
  `id` int(11) NOT NULL,
  `titel` varchar(64) NOT NULL DEFAULT '',
  `angelegt` datetime NOT NULL DEFAULT '0000-00-00 00:00:00',
  `aktiv` enum('j','n') NOT NULL DEFAULT 'j',
  `type` varchar(64) NOT NULL DEFAULT '',
  `duration` int(1) NOT NULL DEFAULT '0',
  `boldTitle` int(1) NOT NULL DEFAULT '0',
  `highlight` int(1) NOT NULL DEFAULT '0',
  `quantity` int(11) NOT NULL DEFAULT '0',
  `description` text NOT NULL,
  `featured` int(1) NOT NULL DEFAULT '0',
  `galleryFeatured` int(1) NOT NULL DEFAULT '0',
  `galleryFeaturedDuration` int(1) NOT NULL,
  `gallery` int(1) NOT NULL DEFAULT '0',
  `category` varchar(32) DEFAULT NULL,
  `category2` varchar(32) DEFAULT NULL,
  `counter` varchar(64) NOT NULL DEFAULT '',
  `vat` int(1) NOT NULL DEFAULT '0',
  `geldzurueck` int(1) NOT NULL DEFAULT '0',
  `sofortneu` int(1) NOT NULL DEFAULT '0',
  `new` int(1) NOT NULL DEFAULT '0',
  `border` int(1) NOT NULL DEFAULT '0',
  `homepagefeatured` int(1) NOT NULL DEFAULT '0',
  `site` varchar(16) NOT NULL DEFAULT '',
  `paymentinstructions` text,
  `subtitletext` varchar(55) NOT NULL DEFAULT '',
  `gallery_plus` int(1) NOT NULL DEFAULT '0',
  `bestoffer` int(1) NOT NULL DEFAULT '0',
  `bestoffer_price` float NOT NULL DEFAULT '0',
  `country` char(2) NOT NULL DEFAULT '',
  `location` varchar(45) NOT NULL DEFAULT '',
  `shopcat` varchar(32) NOT NULL DEFAULT '0',
  `shopcat2` varchar(64) NOT NULL DEFAULT '',
  `shopcat_name` varchar(64) NOT NULL DEFAULT '',
  `shopcat2_name` varchar(64) NOT NULL DEFAULT '',
  `user` varchar(128) NOT NULL DEFAULT '',
  `template` varchar(255) NOT NULL DEFAULT '',
  `skype_enabled` int(1) NOT NULL DEFAULT '0',
  `skype_id` varchar(128) NOT NULL DEFAULT '',
  `skype_contact_option` varchar(16) NOT NULL DEFAULT '',
  `bestofferautoacceptprice` float NOT NULL DEFAULT '0',
  `revise` varchar(8) NOT NULL,
  `revise_option` int(11) NOT NULL,
  `postalcode` varchar(8) NOT NULL,
  `dispatchtimemax` tinyint(4) NOT NULL,
  `automatic_list_no_sell` int(1) NOT NULL,
  `itemcondition` int(1) NOT NULL,
  `ShippingDiscountProfileID` varchar(32) NOT NULL,
  `InternationalShippingDiscountProfileID` varchar(32) NOT NULL,
  `reserveprice` float NOT NULL,
  `returnswithincode` varchar(16) NOT NULL,
  `shippingcostpaidby` varchar(32) NOT NULL,
  `ebay_plus` int(1) NOT NULL,
  `seller_profile_payment_id` varchar(32) DEFAULT NULL,
  `seller_profile_return_policy_id` varchar(32) DEFAULT NULL,
  `seller_profile_shipping_id` varchar(32) DEFAULT NULL,
  `scheduletime` datetime NOT NULL
) ENGINE=MyISAM DEFAULT CHARSET=utf8;

--
-- Daten für Tabelle `ebay_sammler`
--

INSERT INTO `ebay_sammler` (`id`, `titel`, `angelegt`, `aktiv`, `type`, `duration`, `boldTitle`, `highlight`, `quantity`, `description`, `featured`, `galleryFeatured`, `galleryFeaturedDuration`, `gallery`, `category`, `category2`, `counter`, `vat`, `geldzurueck`, `sofortneu`, `new`, `border`, `homepagefeatured`, `site`, `paymentinstructions`, `subtitletext`, `gallery_plus`, `bestoffer`, `bestoffer_price`, `country`, `location`, `shopcat`, `shopcat2`, `shopcat_name`, `shopcat2_name`, `user`, `template`, `skype_enabled`, `skype_id`, `skype_contact_option`, `bestofferautoacceptprice`, `revise`, `revise_option`, `postalcode`, `dispatchtimemax`, `automatic_list_no_sell`, `itemcondition`, `ShippingDiscountProfileID`, `InternationalShippingDiscountProfileID`, `reserveprice`, `returnswithincode`, `shippingcostpaidby`, `ebay_plus`, `seller_profile_payment_id`, `seller_profile_return_policy_id`, `seller_profile_shipping_id`, `scheduletime`) VALUES
(1, 'Tauschsammler', '2008-04-07 17:41:51', 'j', 'Chinese', 1, 1, 0, 1, 'Dieser Sammler dient dazu Produkten eines anderen Sammlers ein oder mehrere spezielle Merkmale mit einem Vorgang (verschieben mit Sammlervoreinstellung und zurück mit Produktmerkmalen) ändern zu können. Weitere Details zu diesem Thema, finden Sie im Wiki (oben rechts). Gruss Ihr YES Team', 0, 0, 1, 1, '', '', 'RetroStyle', 0, 0, 0, 1, 0, 0, 'Germany', '', '', 0, 1, 0, 'DE', 'Hamburg', '', '', '', '', '', 'ebaytemplate.html', 1, '', 'Chat', 0, '', 0, '', 0, 0, 0, '', '', 0, '', '', 0, NULL, NULL, NULL, '0000-00-00 00:00:00'),
(2, 'TestsammlerMöbel', '2010-03-18 00:37:27', 'j', 'StoresFixedPrice', 5, 0, 0, 0, 'Beschreibung des neuen Ebaysammlers', 0, 0, 1, 1, '', '', 'RetroStyle', 0, 1, 0, 0, 0, 0, 'Germany', 'Vielen Dank für Ihre Bestellung. Solletn Sie Fragen zu Ihrem Auftrag oder auch uns haben, so kommen Sie bitte direkt auf uns zu.', '', 0, 0, 0, 'DE', 'Hamburg', '', '', '', '', '', 'ebaytemplate.html', 0, '', 'All', 0, 'to_qty', 5, '', 7, 0, 0, '', '', 0, '', '', 0, NULL, NULL, NULL, '0000-00-00 00:00:00'),
(3, 'TestsammlerHandy', '2010-03-18 00:39:49', 'j', 'Chinese', 5, 0, 0, 0, 'Beschreibung des neuen Ebaysammlers', 0, 0, 1, 1, '', '', 'RetroStyle', 0, 1, 0, 0, 0, 0, 'Germany', 'Vielen Dank für Ihre Bestellung. Solletn Sie Fragen zu Ihrem Auftrag oder auch uns haben, so kommen Sie bitte direkt auf uns zu.', '', 0, 0, 0, 'DE', 'Hamburg', '', '', '', '', '', 'ebaytemplate.html', 0, '', 'All', 0, 'to_qty', 0, '', 1, 0, 0, '', '', 0, '', '', 0, NULL, NULL, NULL, '0000-00-00 00:00:00'),
(4, 'TestsammlerKleidung', '2010-03-18 00:42:23', 'j', 'FixedPriceItem', 5, 0, 0, 0, 'Beschreibung des neuen Ebaysammlers', 0, 0, 1, 1, '', '', 'RetroStyle', 0, 1, 0, 0, 0, 0, 'Germany', 'Vielen Dank für Ihre Bestellung. Solletn Sie Fragen zu Ihrem Auftrag oder auch uns haben, so kommen Sie bitte direkt auf uns zu.', 'Markenartikel zu Bestpreisen', 0, 0, 0, 'DE', 'Hamburg', '', '', '', '', '', 'ebaytemplate.html', 0, '', 'All', 0, 'to_qty', 2, '20097', 3, 0, 0, '', '', 0, '', '', 0, NULL, NULL, NULL, '0000-00-00 00:00:00'),
(5, 'TestsammlerBücher', '2010-03-18 00:49:32', 'j', 'StoresFixedPrice', 5, 0, 0, 0, 'Beschreibung des neuen Ebaysammlers', 0, 0, 1, 1, '', '', 'RetroStyle', 0, 1, 0, 0, 0, 0, 'Germany', 'Vielen Dank für Ihre Bestellung. Solletn Sie Fragen zu Ihrem Auftrag oder auch uns haben, so kommen Sie bitte direkt auf uns zu.', '', 0, 0, 0, 'DE', 'Hamburg', '', '', '', '', '', 'ebaytemplate.html', 0, '', 'All', 0, 'to_qty', 5, '23244', 2, 0, 0, '', '', 0, '', '', 0, NULL, NULL, NULL, '0000-00-00 00:00:00');

-- --------------------------------------------------------

--
-- Tabellenstruktur für Tabelle `ebay_sammler_characteristics`
--

CREATE TABLE `ebay_sammler_characteristics` (
  `ebay_sammler_characteristics_id` int(11) NOT NULL,
  `ebay_sammler_id` int(11) NOT NULL DEFAULT '0',
  `category_number` tinyint(4) NOT NULL DEFAULT '0',
  `attribute_set_id` int(11) NOT NULL DEFAULT '0',
  `attribute_type` varchar(8) NOT NULL DEFAULT '',
  `attribute_id` int(11) NOT NULL DEFAULT '0',
  `attribute_value` text NOT NULL
) ENGINE=MyISAM DEFAULT CHARSET=utf8;

-- --------------------------------------------------------

--
-- Tabellenstruktur für Tabelle `ebay_sammler_copy`
--

CREATE TABLE `ebay_sammler_copy` (
  `ebay_sammler_copy_id` int(11) NOT NULL,
  `ebay_sammler_id` int(11) DEFAULT NULL,
  `type` int(1) NOT NULL DEFAULT '0',
  `duration` int(1) NOT NULL DEFAULT '0',
  `boldTitle` int(1) NOT NULL DEFAULT '0',
  `highlight` int(1) NOT NULL DEFAULT '0',
  `quantity` int(1) NOT NULL DEFAULT '0',
  `featured` int(1) NOT NULL DEFAULT '0',
  `galleryFeatured` int(1) NOT NULL DEFAULT '0',
  `galleryFeaturedDuration` int(1) NOT NULL,
  `gallery` int(1) NOT NULL DEFAULT '0',
  `category` int(1) NOT NULL DEFAULT '0',
  `category2` int(1) NOT NULL DEFAULT '0',
  `counter` int(1) NOT NULL DEFAULT '0',
  `vat` int(1) NOT NULL DEFAULT '0',
  `geldzurueck` int(1) NOT NULL DEFAULT '0',
  `sofortneu` int(1) NOT NULL DEFAULT '0',
  `new` int(1) NOT NULL DEFAULT '0',
  `border` int(1) NOT NULL DEFAULT '0',
  `homepagefeatured` int(1) NOT NULL DEFAULT '0',
  `site` int(1) NOT NULL DEFAULT '0',
  `paymentinstructions` int(1) NOT NULL DEFAULT '0',
  `payments` int(1) NOT NULL DEFAULT '0',
  `subtitletext` varchar(55) NOT NULL DEFAULT '',
  `shippingmethods` int(1) NOT NULL DEFAULT '0',
  `gallery_plus` int(1) NOT NULL DEFAULT '0',
  `bestoffer` int(1) NOT NULL DEFAULT '0',
  `bestoffer_price` float NOT NULL DEFAULT '0',
  `country` char(2) NOT NULL DEFAULT '',
  `location` varchar(45) NOT NULL DEFAULT '',
  `shopcat` int(1) NOT NULL DEFAULT '0',
  `shopcat2` int(1) NOT NULL DEFAULT '0',
  `user` int(1) NOT NULL DEFAULT '0',
  `template` varchar(255) NOT NULL DEFAULT '',
  `skype_enabled` int(1) NOT NULL DEFAULT '0',
  `skype_id` varchar(128) NOT NULL DEFAULT '',
  `skype_contact_option` varchar(16) NOT NULL DEFAULT '',
  `bestofferautoacceptprice` float NOT NULL DEFAULT '0',
  `characteristics` int(1) NOT NULL DEFAULT '0',
  `revise` int(1) NOT NULL,
  `revise_option` int(1) NOT NULL,
  `itemspecifics` int(1) NOT NULL,
  `postalcode` int(1) NOT NULL,
  `dispatchtimemax` tinyint(4) NOT NULL,
  `automatic_list_no_sell` int(1) NOT NULL,
  `itemcondition` tinyint(1) NOT NULL,
  `itemspecifics_recommendations` int(1) NOT NULL,
  `ShippingDiscountProfileID` varchar(32) NOT NULL,
  `InternationalShippingDiscountProfileID` varchar(32) NOT NULL,
  `reserveprice` float NOT NULL,
  `returnswithincode` varchar(16) NOT NULL,
  `shippingcostpaidby` varchar(32) NOT NULL,
  `ebay_plus` int(1) NOT NULL,
  `seller_profile_payment_id` varchar(32) DEFAULT NULL,
  `seller_profile_return_policy_id` varchar(32) DEFAULT NULL,
  `seller_profile_shipping_id` varchar(32) DEFAULT NULL,
  `scheduletime` int(11) NOT NULL
) ENGINE=MyISAM DEFAULT CHARSET=utf8;

--
-- Daten für Tabelle `ebay_sammler_copy`
--

INSERT INTO `ebay_sammler_copy` (`ebay_sammler_copy_id`, `ebay_sammler_id`, `type`, `duration`, `boldTitle`, `highlight`, `quantity`, `featured`, `galleryFeatured`, `galleryFeaturedDuration`, `gallery`, `category`, `category2`, `counter`, `vat`, `geldzurueck`, `sofortneu`, `new`, `border`, `homepagefeatured`, `site`, `paymentinstructions`, `payments`, `subtitletext`, `shippingmethods`, `gallery_plus`, `bestoffer`, `bestoffer_price`, `country`, `location`, `shopcat`, `shopcat2`, `user`, `template`, `skype_enabled`, `skype_id`, `skype_contact_option`, `bestofferautoacceptprice`, `characteristics`, `revise`, `revise_option`, `itemspecifics`, `postalcode`, `dispatchtimemax`, `automatic_list_no_sell`, `itemcondition`, `itemspecifics_recommendations`, `ShippingDiscountProfileID`, `InternationalShippingDiscountProfileID`, `reserveprice`, `returnswithincode`, `shippingcostpaidby`, `ebay_plus`, `seller_profile_payment_id`, `seller_profile_return_policy_id`, `seller_profile_shipping_id`, `scheduletime`) VALUES
(14, 2, 1, 0, 0, 0, 0, 0, 0, 0, 0, 0, 0, 0, 0, 0, 0, 0, 0, 0, 1, 0, 1, '', 0, 0, 0, 0, '1', '1', 0, 0, 1, '1', 0, '', '', 0, 0, 0, 1, 0, 0, 1, 0, 0, 0, '', '', 0, '', '', 0, NULL, NULL, NULL, 0),
(16, 3, 1, 0, 0, 0, 0, 0, 0, 0, 0, 0, 0, 0, 0, 0, 0, 0, 0, 0, 1, 0, 1, '', 0, 0, 0, 0, '1', '1', 0, 0, 1, '', 0, '', '', 0, 0, 0, 0, 1, 0, 1, 0, 0, 0, '', '', 0, '', '', 0, NULL, NULL, NULL, 0),
(15, 4, 1, 1, 0, 0, 0, 0, 0, 0, 0, 0, 0, 1, 0, 0, 0, 0, 0, 0, 1, 0, 1, '1', 0, 0, 0, 0, '1', '1', 0, 0, 1, '', 0, '', '', 0, 0, 1, 1, 0, 1, 1, 0, 0, 0, '', '', 0, '', '', 0, NULL, NULL, NULL, 0),
(17, 5, 1, 1, 0, 0, 0, 0, 0, 0, 0, 0, 0, 1, 0, 0, 0, 0, 0, 0, 1, 0, 1, '', 1, 0, 0, 0, '', '1', 0, 0, 1, '1', 0, '', '', 0, 0, 1, 1, 1, 1, 1, 0, 0, 0, '', '', 0, '', '', 0, NULL, NULL, NULL, 0);

-- --------------------------------------------------------

--
-- Tabellenstruktur für Tabelle `ebay_sammler_itemspecifics`
--

CREATE TABLE `ebay_sammler_itemspecifics` (
  `ebay_sammler_itemspecifics_id` int(11) NOT NULL,
  `ebay_sammler_id` int(11) NOT NULL,
  `is_name` varchar(64) NOT NULL,
  `is_value` varchar(255) NOT NULL
) ENGINE=MyISAM DEFAULT CHARSET=utf8;

--
-- Daten für Tabelle `ebay_sammler_itemspecifics`
--

INSERT INTO `ebay_sammler_itemspecifics` (`ebay_sammler_itemspecifics_id`, `ebay_sammler_id`, `is_name`, `is_value`) VALUES
(6, 3, 'TestTitelmerkmale', '1'),
(7, 5, 'test', '1');

-- --------------------------------------------------------

--
-- Tabellenstruktur für Tabelle `ebay_sammler_itemspecifics_recommendations`
--

CREATE TABLE `ebay_sammler_itemspecifics_recommendations` (
  `ebay_sammler_itemspecifics_recommendations_id` int(11) NOT NULL,
  `ebay_sammler_id` int(11) NOT NULL,
  `is_name` varchar(255) NOT NULL,
  `is_value` varchar(255) NOT NULL
) ENGINE=MyISAM DEFAULT CHARSET=utf8;

-- --------------------------------------------------------

--
-- Tabellenstruktur für Tabelle `ebay_sammler_payments`
--

CREATE TABLE `ebay_sammler_payments` (
  `ebay_sammler_payments_id` int(11) NOT NULL,
  `ebay_sammler_id` int(11) NOT NULL DEFAULT '0',
  `payment` varchar(128) NOT NULL DEFAULT ''
) ENGINE=MyISAM DEFAULT CHARSET=utf8;

--
-- Daten für Tabelle `ebay_sammler_payments`
--

INSERT INTO `ebay_sammler_payments` (`ebay_sammler_payments_id`, `ebay_sammler_id`, `payment`) VALUES
(50, 2, 'MoneyXferAccepted'),
(49, 2, 'CashOnPickup'),
(58, 3, 'MoneyXferAccepted'),
(54, 4, 'MoneyXferAccepted'),
(57, 3, 'CashOnPickup'),
(62, 5, 'MoneyXferAcceptedInCheckout'),
(61, 5, 'MoneyXferAccepted'),
(60, 5, 'PayPal'),
(53, 4, 'CashOnPickup'),
(48, 2, 'PayPal'),
(52, 4, 'PayPal'),
(56, 3, 'PayPal'),
(51, 2, 'MoneyXferAcceptedInCheckout'),
(55, 4, 'MoneyXferAcceptedInCheckout'),
(59, 3, 'MoneyXferAcceptedInCheckout');

-- --------------------------------------------------------

--
-- Tabellenstruktur für Tabelle `ebay_sammler_shippings`
--

CREATE TABLE `ebay_sammler_shippings` (
  `ebay_sammler_shippings_id` int(11) NOT NULL,
  `ebay_sammler_id` int(11) NOT NULL DEFAULT '0',
  `shippingtype` enum('international','national') NOT NULL DEFAULT 'national',
  `ShippingService` varchar(255) NOT NULL DEFAULT '',
  `ShippingServiceAdditionalCost` float NOT NULL DEFAULT '0',
  `ShippingServiceCost` float NOT NULL DEFAULT '0',
  `ShippingServicePriority` int(11) NOT NULL DEFAULT '0',
  `shipsWithinDays` int(11) NOT NULL DEFAULT '0'
) ENGINE=MyISAM DEFAULT CHARSET=utf8;

--
-- Daten für Tabelle `ebay_sammler_shippings`
--

INSERT INTO `ebay_sammler_shippings` (`ebay_sammler_shippings_id`, `ebay_sammler_id`, `shippingtype`, `ShippingService`, `ShippingServiceAdditionalCost`, `ShippingServiceCost`, `ShippingServicePriority`, `shipsWithinDays`) VALUES
(1, 5, 'national', 'DE_DeutschePostBuchersendung', 0, 3, 0, 0),
(2, 3, 'national', 'DE_COD', 0, 10, 0, 0),
(3, 2, 'national', 'DE_DHLPaket', 9.95, 19.95, 0, 0);

-- --------------------------------------------------------

--
-- Tabellenstruktur für Tabelle `ebay_sammler_shippings_locations`
--

CREATE TABLE `ebay_sammler_shippings_locations` (
  `ebay_sammler_shippings_locations_id` int(11) NOT NULL,
  `ebay_sammler_shippings_id` int(11) NOT NULL DEFAULT '0',
  `location` varchar(255) NOT NULL DEFAULT ''
) ENGINE=MyISAM DEFAULT CHARSET=utf8;

-- --------------------------------------------------------

--
-- Tabellenstruktur für Tabelle `ebay_seller_profiles`
--

CREATE TABLE `ebay_seller_profiles` (
  `ebay_seller_profiles_id` int(11) NOT NULL,
  `ebay_user` varchar(64) NOT NULL,
  `ProfileType` varchar(16) NOT NULL,
  `ProfileID` varchar(32) NOT NULL,
  `ProfileName` varchar(64) NOT NULL,
  `ShortSummary` text NOT NULL
) ENGINE=MyISAM DEFAULT CHARSET=utf8;

-- --------------------------------------------------------

--
-- Tabellenstruktur für Tabelle `ebay_shippingmethods`
--

CREATE TABLE `ebay_shippingmethods` (
  `ebay_shippingmethods_id` int(11) NOT NULL DEFAULT '0',
  `shippingmethod` varchar(128) NOT NULL DEFAULT '',
  `source` enum('national','international') NOT NULL DEFAULT 'national',
  `title` varchar(255) NOT NULL,
  `site` int(11) NOT NULL
) ENGINE=MyISAM DEFAULT CHARSET=utf8;

--
-- Daten für Tabelle `ebay_shippingmethods`
--

INSERT INTO `ebay_shippingmethods` (`ebay_shippingmethods_id`, `shippingmethod`, `source`, `title`, `site`) VALUES
(0, 'DE_SonstigerVersandInternational', 'international', '', 77),
(0, 'DE_VersicherterVersandInternational', 'international', '', 77),
(0, 'DE_UnversicherterVersandInternational', 'international', '', 77),
(0, 'DE_DHLPaket', 'national', '', 77),
(0, 'DE_DPBuecherWarensendung', 'national', '', 77),
(0, 'DE_Express', 'national', '', 77),
(0, 'DE_SpecialDelivery', 'national', '', 77);

-- --------------------------------------------------------

--
-- Tabellenstruktur für Tabelle `ebay_shippingoptions`
--

CREATE TABLE `ebay_shippingoptions` (
  `id` varchar(32) NOT NULL DEFAULT '0',
  `shippingoption_name` varchar(64) NOT NULL DEFAULT ''
) ENGINE=MyISAM DEFAULT CHARSET=utf8;

--
-- Daten für Tabelle `ebay_shippingoptions`
--

INSERT INTO `ebay_shippingoptions` (`id`, `shippingoption_name`) VALUES
('SiteOnly', 'Nur im Verkaufsland'),
('WorldWide', 'Weltweit'),
('SitePlusRegions', 'Europaweit'),
('WillNotShip', 'Kein Versand');

-- --------------------------------------------------------

--
-- Tabellenstruktur für Tabelle `ebay_sitecodes`
--

CREATE TABLE `ebay_sitecodes` (
  `ebay_sitecodes_id` int(11) NOT NULL,
  `site_id` varchar(64) NOT NULL DEFAULT ''
) ENGINE=MyISAM DEFAULT CHARSET=utf8;

--
-- Daten für Tabelle `ebay_sitecodes`
--

INSERT INTO `ebay_sitecodes` (`ebay_sitecodes_id`, `site_id`) VALUES
(1, 'US'),
(2, 'UK'),
(3, 'Germany'),
(4, 'Spain'),
(5, 'Canada'),
(6, 'Australia'),
(7, 'Austria'),
(8, 'Belgium_French'),
(9, 'France'),
(10, 'Italy'),
(11, 'Belgium_Dutch'),
(12, 'Netherlands'),
(13, 'Switzerland'),
(14, 'Taiwan'),
(15, 'HongKong'),
(16, 'Singapore'),
(17, 'India'),
(18, 'China'),
(19, 'Ireland'),
(20, 'Malaysia'),
(21, 'Philippines'),
(22, 'Poland'),
(23, 'Sweden');

-- --------------------------------------------------------

--
-- Tabellenstruktur für Tabelle `ebay_sites`
--

CREATE TABLE `ebay_sites` (
  `id` int(2) NOT NULL DEFAULT '0',
  `site_name` varchar(32) NOT NULL DEFAULT '',
  `site_id` char(3) NOT NULL DEFAULT ''
) ENGINE=MyISAM DEFAULT CHARSET=utf8;

--
-- Daten für Tabelle `ebay_sites`
--

INSERT INTO `ebay_sites` (`id`, `site_name`, `site_id`) VALUES
(0, 'US', ''),
(16, 'Austria', ''),
(77, 'Germany', ''),
(146, 'Netherlands', ''),
(193, 'Switzerland', ''),
(186, 'Spain', ''),
(71, 'France', ''),
(3, 'UK', '');

-- --------------------------------------------------------

--
-- Tabellenstruktur für Tabelle `ebay_template_excludes`
--

CREATE TABLE `ebay_template_excludes` (
  `id` int(11) NOT NULL,
  `ebay_products_id` int(11) NOT NULL DEFAULT '0',
  `pic` varchar(100) NOT NULL DEFAULT ''
) ENGINE=MyISAM DEFAULT CHARSET=utf8;

-- --------------------------------------------------------

--
-- Tabellenstruktur für Tabelle `ebay_textitems`
--

CREATE TABLE `ebay_textitems` (
  `id` int(11) NOT NULL,
  `text` text NOT NULL,
  `class` varchar(32) NOT NULL DEFAULT '0',
  `module` varchar(32) NOT NULL DEFAULT '',
  `value` varchar(64) NOT NULL DEFAULT '',
  `subject` varchar(64) NOT NULL,
  `sort_order` tinyint(4) NOT NULL,
  `date_added` datetime NOT NULL
) ENGINE=MyISAM DEFAULT CHARSET=utf8;

--
-- Daten für Tabelle `ebay_textitems`
--

INSERT INTO `ebay_textitems` (`id`, `text`, `class`, `module`, `value`, `subject`, `sort_order`, `date_added`) VALUES
(1, 'Vielen Dank - Sehr gerne wieder', 'Bewertung 1)', 'feedback', 'positive', '', 0, '0000-00-00 00:00:00'),
(2, 'Vielen Dank - Sehr gerne wieder', 'Bewertung 2)', 'feedback', 'positive', '', 0, '0000-00-00 00:00:00'),
(3, 'Vielen Dank - Sehr gerne wieder', 'Bewertung 3)', 'feedback', 'positive', '', 0, '0000-00-00 00:00:00'),
(4, 'Vielen Dank - Sehr gerne wieder', 'Bewertung 4)', 'feedback', 'positive', '', 0, '0000-00-00 00:00:00'),
(5, 'Vielen Dank - Sehr gerne wieder', 'Bewertung 5)', 'feedback', 'positive', '', 0, '0000-00-00 00:00:00'),
(6, 'Vielen Dank - Sehr gerne wieder', 'Bewertung 6)', 'feedback', 'positive', '', 0, '0000-00-00 00:00:00'),
(7, 'KAUFABWICKLUNG:\r\nSie erhalten VON UNS direkt nach Ihrem Kauf eine Kaufbestätigungs-Email mit Ihren Zugangsdaten zu unserer Kaufabwicklung. Dort können Sie in 4 einfachen Schritten Ihre Adressdaten kontrollieren und auch ändern und auch die Zahlart auswählen. Nur wenn Sie unsere Kaufabwicklung benutzen ist eine schnelle und reibungslose Abwicklung möglich.', 'Ebay - Versandhinweis', 'mail', 'positive', '', 0, '0000-00-00 00:00:00'),
(8, 'Das ist ein Textbaustein f&#252;r den Statuskommentar in den Auftr&#228;gen', 'Statuskommentar Auftrag', 'orders_status_comment', 'positive', '', 1, '2015-03-09 15:01:48'),
(9, 'Das ist ein Standardkommentar f&#252;r die Retouren-R&#252;ckbuchung', 'Standardkommentar Retoure', 'retoure', 'positive', '', 2, '2015-03-09 15:02:37'),
(10, '<p>Mit freundlichen Gr&#252;&#223;en</p>\r\n<p>Heike Jahn</p>\r\n<p>Hellmannversand-Shop.de<br />Inh. H.-P.Arnold<br />Am Siegenberg 5<br />91278 Pottenstein</p>\r\n<p>Tel: 09243-7018330<br />Fax: 09243-7018331<br />email: info@hellmannversand-shop.de</p>', 'Abschluss', 'mail', 'positive', '', 3, '2017-11-22 17:01:49'),
(11, '<p>Bankverbindung:</p>\r\n<p>Fa. Arnold H.-P.&#160; -&#160; Sparkasse Bayreuth</p>\r\n<p>IBAN: DE51 7735 0110 0000 3346 80 &#8211; SWIFT/BIC: BYLADEM1SBT</p>\r\n<p>Falls Sie per Paypal bezahlen m&#246;chten, hier unsere Paypal e-Mail-Adresse:&#160;fa.arnold@web.de</p>', 'Bankverbindung', 'mail', 'positive', '', 4, '2017-11-22 17:03:14'),
(12, 'Ihre Eink&#228;ufe wurden zu einem Paket kombiniert, deshalb wurden zu viel berechnete / bezahlte Versandkosten in Hoehe von EUR BETRAG&#160; am DATUM per Paypal rueckerstattet - viele Gruesse,&#160; Ihr Team Hellmannversand-Shop', 'Paypal Erstattung', 'orders_status_comment', 'positive', '', 5, '2017-11-22 17:04:15'),
(13, '<p>Sehr geehrte Frau&#160;{NAME},</p>\r\n<p>da Sie leider telefonisch nicht erreichbar waren unsere Kontaktaufnahme auf diesem Weg.</p>\r\n<p></p>\r\n<p>Wir danken Ihnen f&#252;r Ihren Einkauf in unserem Shop.</p>\r\n<p></p>\r\n<p>Ihr Ware sollte bereits bereits am Donnerstag an Sie versendet werden.</p>\r\n<p>Dies war leider nicht m&#246;glich, da folgender Artikel derzeit nicht mehrlieferbar ist:</p>\r\n<p>&gt;&#160;{ORDER_PRODUCTS}</p>\r\n<p></p>\r\n<p>Wir k&#246;nnen Ihnen nun folgendes anbieten:</p>\r\n<p></p>\r\n<p>1) Sie suchen sich in unserem Shop ein anders Motiv aus</p>\r\n<p>2) Wir erstatten Ihnen den Kaufpreis f&#252;r den nicht lieferbaren Artikel&#160;in H&#246;he 5,90 Euro</p>\r\n<p>3) Wir stornieren den kompletten Kauf und erstatten Ihnen den&#160;Kaufpreis in H&#246;he 29,65 Euro</p>\r\n<p></p>\r\n<p>Mit der Bitte um R&#252;ckmeldung.</p>\r\n<p></p>\r\n<p>Wir bitten die Unannehmlichkeiten zu entschuldigen und verbleiben</p>\r\n<p>mit freundlichen Gr&#252;&#223;en</p>\r\n<p></p>\r\n<p></p>', 'Artikel nicht lieferbar', 'mail', 'positive', 'Kauf xxxx', 6, '2021-01-18 05:38:44');

-- --------------------------------------------------------

--
-- Tabellenstruktur für Tabelle `ebay_textitems_user`
--

CREATE TABLE `ebay_textitems_user` (
  `customers_id` int(11) NOT NULL DEFAULT '0',
  `ebay_textitems_id` int(11) NOT NULL DEFAULT '0'
) ENGINE=MyISAM DEFAULT CHARSET=utf8;

--
-- Daten für Tabelle `ebay_textitems_user`
--

INSERT INTO `ebay_textitems_user` (`customers_id`, `ebay_textitems_id`) VALUES
(5000, 12),
(5000, 11),
(5000, 10),
(5000, 13);

-- --------------------------------------------------------

--
-- Tabellenstruktur für Tabelle `ebay_timingdelays`
--

CREATE TABLE `ebay_timingdelays` (
  `timing_delay_id` int(11) NOT NULL,
  `timing_delay_value` int(11) NOT NULL DEFAULT '0'
) ENGINE=MyISAM DEFAULT CHARSET=utf8;

--
-- Daten für Tabelle `ebay_timingdelays`
--

INSERT INTO `ebay_timingdelays` (`timing_delay_id`, `timing_delay_value`) VALUES
(1, 5),
(2, 10),
(3, 15),
(4, 20),
(5, 25),
(6, 30),
(7, 35),
(8, 40),
(9, 45),
(10, 60),
(11, 90),
(12, 180),
(13, 120),
(14, 240),
(15, 150),
(16, 210),
(17, 50),
(18, 105),
(19, 75),
(20, 1440),
(21, 57),
(22, 64),
(23, 69);

-- --------------------------------------------------------

--
-- Tabellenstruktur für Tabelle `ebay_transactions`
--

CREATE TABLE `ebay_transactions` (
  `id` int(11) NOT NULL,
  `transactionid` varchar(32) NOT NULL DEFAULT '',
  `ebayid` varchar(20) NOT NULL DEFAULT '',
  `products_id` int(11) NOT NULL DEFAULT '0',
  `orders_id` int(11) NOT NULL DEFAULT '0',
  `email` varchar(128) NOT NULL DEFAULT '',
  `fullname` varchar(128) NOT NULL DEFAULT '',
  `street1` varchar(128) NOT NULL DEFAULT '',
  `street2` varchar(128) NOT NULL DEFAULT '',
  `zip` varchar(10) NOT NULL DEFAULT '',
  `city` varchar(128) NOT NULL DEFAULT '',
  `userid` varchar(128) NOT NULL DEFAULT '',
  `paymentmethod` tinyint(4) NOT NULL DEFAULT '0',
  `additionalshippingcosts` decimal(15,4) DEFAULT NULL,
  `shippinghandlingcosts` decimal(15,4) DEFAULT NULL,
  `insurancefee` decimal(15,4) DEFAULT NULL,
  `insurancetotal` decimal(15,4) DEFAULT NULL,
  `shippingtype` tinyint(4) NOT NULL DEFAULT '0',
  `amountpaid` decimal(15,4) NOT NULL DEFAULT '0.0000',
  `quantitypurchased` int(11) NOT NULL DEFAULT '0',
  `transactionprice` decimal(15,4) NOT NULL DEFAULT '0.0000',
  `transactiondate` datetime DEFAULT '0000-00-00 00:00:00',
  `incomplete_state` int(2) NOT NULL DEFAULT '0',
  `statusis` int(2) NOT NULL DEFAULT '0',
  `STATUS` tinyint(4) NOT NULL DEFAULT '0',
  `vat` float NOT NULL DEFAULT '0',
  `geldzurueck` int(1) NOT NULL DEFAULT '0',
  `sofortneu` int(1) NOT NULL DEFAULT '0',
  `new` int(1) NOT NULL DEFAULT '0',
  `site` varchar(16) NOT NULL DEFAULT '',
  `currency_value` float DEFAULT NULL,
  `external_payment_status` int(1) NOT NULL DEFAULT '0',
  `shipped` tinyint(1) NOT NULL,
  `seller` varchar(64) NOT NULL,
  `soap_processed` tinyint(1) NOT NULL,
  `checkoutstatus` varchar(32) NOT NULL,
  `checkoutmessage_saved` int(1) NOT NULL,
  `shipping_addressid` varchar(16) NOT NULL
) ENGINE=MyISAM DEFAULT CHARSET=utf8;

-- --------------------------------------------------------

--
-- Tabellenstruktur für Tabelle `ebay_uuid`
--

CREATE TABLE `ebay_uuid` (
  `UUID` int(11) NOT NULL
) ENGINE=MyISAM DEFAULT CHARSET=utf8;

--
-- Daten für Tabelle `ebay_uuid`
--

INSERT INTO `ebay_uuid` (`UUID`) VALUES
(1);

-- --------------------------------------------------------

--
-- Tabellenstruktur für Tabelle `ebay_variations`
--

CREATE TABLE `ebay_variations` (
  `ebay_variations_id` int(11) NOT NULL,
  `quantity` int(2) NOT NULL,
  `sku` varchar(64) DEFAULT NULL,
  `startprice` float NOT NULL,
  `ebay_variations_sets_id` int(11) NOT NULL,
  `products_id` int(11) NOT NULL,
  `sort_order` tinyint(4) DEFAULT NULL,
  `ean` varchar(16) DEFAULT NULL,
  `isbn` varchar(16) DEFAULT NULL,
  `ProductReferenceID` varchar(64) NOT NULL
) ENGINE=MyISAM DEFAULT CHARSET=utf8;

-- --------------------------------------------------------

--
-- Tabellenstruktur für Tabelle `ebay_variationspecificssets`
--

CREATE TABLE `ebay_variationspecificssets` (
  `ebay_variationspecificssets_id` int(11) NOT NULL,
  `nvl_name` varchar(64) NOT NULL,
  `nvl_value` text NOT NULL,
  `ebay_variations_sets_id` int(11) NOT NULL,
  `variations_pictures_base` int(1) DEFAULT NULL
) ENGINE=MyISAM DEFAULT CHARSET=utf8;

-- --------------------------------------------------------

--
-- Tabellenstruktur für Tabelle `ebay_variations_pictures`
--

CREATE TABLE `ebay_variations_pictures` (
  `ebay_variations_pictures_id` int(11) NOT NULL,
  `VariationSpecificName` varchar(64) NOT NULL,
  `ebay_variations_id` int(11) NOT NULL,
  `ebay_variations_sets_id` int(11) NOT NULL
) ENGINE=MyISAM DEFAULT CHARSET=utf8;

-- --------------------------------------------------------

--
-- Tabellenstruktur für Tabelle `ebay_variations_pictures_sets`
--

CREATE TABLE `ebay_variations_pictures_sets` (
  `ebay_variations_pictures_sets_id` int(11) NOT NULL,
  `ebay_variations_pictures_id` int(11) NOT NULL,
  `VariationSpecificValue` varchar(64) NOT NULL
) ENGINE=MyISAM DEFAULT CHARSET=utf8;

-- --------------------------------------------------------

--
-- Tabellenstruktur für Tabelle `ebay_variations_pictures_sets_urls`
--

CREATE TABLE `ebay_variations_pictures_sets_urls` (
  `ebay_variations_pictures_sets_urls_id` int(11) NOT NULL,
  `ebay_variations_pictures_sets_id` int(11) NOT NULL,
  `PictureURL` varchar(255) NOT NULL,
  `sort_order` int(1) NOT NULL
) ENGINE=MyISAM DEFAULT CHARSET=utf8;

-- --------------------------------------------------------

--
-- Tabellenstruktur für Tabelle `ebay_variations_sets`
--

CREATE TABLE `ebay_variations_sets` (
  `ebay_variations_sets_id` int(11) NOT NULL,
  `ebay_products_id` int(11) NOT NULL,
  `title` varchar(64) NOT NULL,
  `date_added` datetime NOT NULL,
  `fixed_bug` int(1) NOT NULL COMMENT 'fuer umstellung auf neues variantenset bilder handling - kann raus sobald durchgefuehrt'
) ENGINE=MyISAM DEFAULT CHARSET=utf8;

-- --------------------------------------------------------

--
-- Tabellenstruktur für Tabelle `ebay_variations_variationspecifics`
--

CREATE TABLE `ebay_variations_variationspecifics` (
  `ebay_variations_variationspecifics_id` int(11) NOT NULL,
  `ebay_variations_id` int(11) NOT NULL,
  `nvl_name` varchar(64) NOT NULL,
  `nvl_value` varchar(64) NOT NULL
) ENGINE=MyISAM DEFAULT CHARSET=utf8;

-- --------------------------------------------------------

--
-- Tabellenstruktur für Tabelle `ebay_warning_history`
--

CREATE TABLE `ebay_warning_history` (
  `id` int(11) NOT NULL,
  `orders_id` int(11) NOT NULL DEFAULT '0',
  `customers_id` int(11) NOT NULL DEFAULT '0',
  `action` varchar(128) NOT NULL DEFAULT '',
  `warning_date` datetime NOT NULL DEFAULT '0000-00-00 00:00:00',
  `warning_status` int(1) NOT NULL DEFAULT '0'
) ENGINE=MyISAM DEFAULT CHARSET=utf8;

--
-- Daten für Tabelle `ebay_warning_history`
--

INSERT INTO `ebay_warning_history` (`id`, `orders_id`, `customers_id`, `action`, `warning_date`, `warning_status`) VALUES
(1, 1, 4994, 'Automatisch Zahlungserinnerung verschickt', '2009-08-15 04:03:01', 1),
(2, 1, 4994, 'Automatisch 1. Mahnung verschickt', '2009-08-21 04:01:39', 2),
(3, 1, 4994, 'Automatisch 2. Mahnung verschickt', '2009-08-26 04:02:00', 3),
(4, 1, 0, 'Nach 2. Mahnung storniert - Gesamtforderung unter 15, kein RA Export', '2009-09-05 04:02:33', 4),
(5, 2, 4987, 'Automatisch Zahlungserinnerung verschickt', '2009-11-21 04:02:02', 1),
(6, 3, 4987, 'Automatisch Zahlungserinnerung verschickt', '2009-11-23 04:01:12', 1),
(7, 4, 1, 'Automatisch Zahlungserinnerung verschickt', '2009-11-24 04:05:53', 1),
(8, 5, 1, 'Automatisch Zahlungserinnerung verschickt', '2009-11-24 04:06:11', 1),
(9, 2, 4987, 'Automatisch 1. Mahnung verschickt', '2009-11-27 04:01:12', 2),
(10, 3, 4987, 'Automatisch 1. Mahnung verschickt', '2009-11-28 04:03:09', 2),
(11, 4, 1, 'Automatisch 1. Mahnung verschickt', '2009-11-30 04:01:31', 2),
(12, 5, 1, 'Automatisch 1. Mahnung verschickt', '2009-11-30 04:01:32', 2),
(13, 6, 4987, 'Automatisch Zahlungserinnerung verschickt', '2009-12-03 04:01:02', 1),
(14, 2, 4987, 'Automatisch 2. Mahnung verschickt', '2009-12-03 04:01:02', 3),
(15, 3, 4987, 'Automatisch 2. Mahnung verschickt', '2009-12-04 04:00:58', 3),
(16, 4, 1, 'Automatisch 2. Mahnung verschickt', '2009-12-05 04:02:18', 3),
(17, 5, 1, 'Automatisch 2. Mahnung verschickt', '2009-12-05 04:02:19', 3),
(18, 7, 4987, 'Automatisch Zahlungserinnerung verschickt', '2009-12-06 04:01:10', 1),
(19, 6, 4987, 'Automatisch 1. Mahnung verschickt', '2009-12-08 04:01:58', 2),
(20, 7, 4987, 'Automatisch 1. Mahnung verschickt', '2009-12-11 04:01:12', 2),
(21, 2, 0, 'Nach 2. Mahnung storniert - Gesamtforderung unter 15, kein RA Export', '2009-12-13 04:01:05', 4),
(22, 6, 4987, 'Automatisch 2. Mahnung verschickt', '2009-12-14 04:01:03', 3),
(23, 3, 0, 'Nach 2. Mahnung storniert - Gesamtforderung unter 15, kein RA Export', '2009-12-14 04:01:03', 4),
(24, 4, 0, 'Nach 2. Mahnung storniert - Gesamtforderung unter 15, kein RA Export', '2009-12-16 04:01:07', 4),
(25, 5, 0, 'Automatisch Storniert und an Rechtsanwalt uebergeben', '2009-12-16 04:01:07', 4);

-- --------------------------------------------------------

--
-- Tabellenstruktur für Tabelle `email_staff_allocation`
--

CREATE TABLE `email_staff_allocation` (
  `email_staff_allocation_id` int(11) NOT NULL,
  `email_id` int(11) NOT NULL,
  `customers_id` int(11) NOT NULL,
  `date_added` datetime NOT NULL
) ENGINE=InnoDB DEFAULT CHARSET=utf8;

-- --------------------------------------------------------

--
-- Tabellenstruktur für Tabelle `email_staff_allocation_history`
--

CREATE TABLE `email_staff_allocation_history` (
  `email_staff_allocation_history_id` int(11) NOT NULL,
  `email_id` int(11) NOT NULL,
  `customers_id` int(11) NOT NULL,
  `comments` text,
  `date_added` datetime NOT NULL,
  `read_status` int(1) NOT NULL,
  `sender_id` int(11) NOT NULL
) ENGINE=InnoDB DEFAULT CHARSET=utf8;

-- --------------------------------------------------------

--
-- Tabellenstruktur für Tabelle `event`
--

CREATE TABLE `event` (
  `event_id` int(11) NOT NULL,
  `products_id` int(11) NOT NULL,
  `slots` int(11) NOT NULL,
  `added` datetime NOT NULL
) ENGINE=InnoDB DEFAULT CHARSET=utf8;

-- --------------------------------------------------------

--
-- Tabellenstruktur für Tabelle `events_to_event_tickets`
--

CREATE TABLE `events_to_event_tickets` (
  `events_to_event_tickets_id` int(11) NOT NULL,
  `events_id` int(11) NOT NULL,
  `event_tickets_id` int(11) NOT NULL,
  `persons` tinyint(4) NOT NULL,
  `price_add` decimal(15,4) NOT NULL,
  `ek_price` float(15,4) NOT NULL
) ENGINE=InnoDB DEFAULT CHARSET=utf8;

-- --------------------------------------------------------

--
-- Tabellenstruktur für Tabelle `event_dates`
--

CREATE TABLE `event_dates` (
  `event_dates_id` int(11) NOT NULL,
  `event_id` int(11) NOT NULL,
  `event_date` date NOT NULL,
  `added` datetime NOT NULL,
  `disabled` int(1) NOT NULL
) ENGINE=InnoDB DEFAULT CHARSET=utf8;

-- --------------------------------------------------------

--
-- Tabellenstruktur für Tabelle `event_dates_timer`
--

CREATE TABLE `event_dates_timer` (
  `event_dates_timer_id` int(11) NOT NULL,
  `event_dates_id` int(11) NOT NULL,
  `event_time` time NOT NULL,
  `added` datetime NOT NULL,
  `disabled` int(1) NOT NULL
) ENGINE=InnoDB DEFAULT CHARSET=utf8;

-- --------------------------------------------------------

--
-- Tabellenstruktur für Tabelle `event_tickets`
--

CREATE TABLE `event_tickets` (
  `event_tickets_id` int(11) NOT NULL,
  `date_added` datetime NOT NULL
) ENGINE=InnoDB DEFAULT CHARSET=utf8;

-- --------------------------------------------------------

--
-- Tabellenstruktur für Tabelle `event_tickets_description`
--

CREATE TABLE `event_tickets_description` (
  `event_tickets_description_id` int(11) NOT NULL,
  `event_tickets_id` int(11) NOT NULL,
  `title` varchar(128) NOT NULL,
  `description` text,
  `language_id` int(1) NOT NULL
) ENGINE=InnoDB DEFAULT CHARSET=utf8;

-- --------------------------------------------------------

--
-- Tabellenstruktur für Tabelle `feedback_reminder`
--

CREATE TABLE `feedback_reminder` (
  `feedback_reminder_id` int(11) NOT NULL,
  `orders_id` int(11) NOT NULL DEFAULT '0',
  `ebay_id` varchar(32) NOT NULL DEFAULT '',
  `ebay_user_id` varchar(64) NOT NULL DEFAULT '',
  `mailcounter` tinyint(4) NOT NULL DEFAULT '0',
  `last_action` datetime NOT NULL DEFAULT '0000-00-00 00:00:00'
) ENGINE=MyISAM DEFAULT CHARSET=utf8;

-- --------------------------------------------------------

--
-- Tabellenstruktur für Tabelle `flashpoint_import_configuration`
--

CREATE TABLE `flashpoint_import_configuration` (
  `flashpoint_import_configuration_id` int(11) NOT NULL,
  `col_id` int(11) NOT NULL DEFAULT '0',
  `col_type` varchar(64) NOT NULL DEFAULT '',
  `col_value` varchar(64) NOT NULL DEFAULT ''
) ENGINE=MyISAM DEFAULT CHARSET=utf8;

-- --------------------------------------------------------

--
-- Tabellenstruktur für Tabelle `geo_zones`
--

CREATE TABLE `geo_zones` (
  `geo_zone_id` int(11) NOT NULL,
  `geo_zone_name` varchar(32) NOT NULL DEFAULT '',
  `geo_zone_description` varchar(255) NOT NULL DEFAULT '',
  `last_modified` datetime DEFAULT NULL,
  `date_added` datetime NOT NULL DEFAULT '0000-00-00 00:00:00'
) ENGINE=MyISAM DEFAULT CHARSET=utf8;

--
-- Daten für Tabelle `geo_zones`
--

INSERT INTO `geo_zones` (`geo_zone_id`, `geo_zone_name`, `geo_zone_description`, `last_modified`, `date_added`) VALUES
(6, 'Steuerzone EU-Ausland', '', '0000-00-00 00:00:00', '2004-09-15 10:00:46'),
(5, 'Steuerzone EU', 'Steuerzone fÃƒÆ’Ã†â€™Ãƒâ€šÃ†â€™ÃƒÆ’Ã¢â‚¬Å¡Ãƒâ€šÃ‚Â¼r die EU', '0000-00-00 00:00:00', '2004-09-15 10:00:46'),
(7, 'Steuerzone B2B', '', NULL, '2004-09-15 10:00:46'),
(8, 'USt. Steuerzone Austria', 'YES autom. Import', '0000-00-00 00:00:00', '2022-10-27 08:09:49'),
(9, 'USt. Steuerzone Belgium', 'YES autom. Import', '0000-00-00 00:00:00', '2022-10-27 08:09:49'),
(10, 'USt. Steuerzone Bulgaria', 'YES autom. Import', '0000-00-00 00:00:00', '2022-10-27 08:09:49'),
(11, 'USt. Steuerzone Cyprus', 'YES autom. Import', '0000-00-00 00:00:00', '2022-10-27 08:09:49'),
(12, 'USt. Steuerzone Czech Republic', 'YES autom. Import', '0000-00-00 00:00:00', '2022-10-27 08:09:49'),
(13, 'USt. Steuerzone Germany', 'YES autom. Import', '0000-00-00 00:00:00', '2022-10-27 08:09:49'),
(14, 'USt. Steuerzone Denmark', 'YES autom. Import', '0000-00-00 00:00:00', '2022-10-27 08:09:49'),
(15, 'USt. Steuerzone Estonia', 'YES autom. Import', '0000-00-00 00:00:00', '2022-10-27 08:09:49'),
(16, 'USt. Steuerzone Greece', 'YES autom. Import', '0000-00-00 00:00:00', '2022-10-27 08:09:49'),
(17, 'USt. Steuerzone Spain', 'YES autom. Import', '0000-00-00 00:00:00', '2022-10-27 08:09:49'),
(18, 'USt. Steuerzone Finland', 'YES autom. Import', '0000-00-00 00:00:00', '2022-10-27 08:09:49'),
(19, 'USt. Steuerzone France', 'YES autom. Import', '0000-00-00 00:00:00', '2022-10-27 08:09:49'),
(20, 'USt. Steuerzone Croatia', 'YES autom. Import', '0000-00-00 00:00:00', '2022-10-27 08:09:49'),
(21, 'USt. Steuerzone Hungary', 'YES autom. Import', '0000-00-00 00:00:00', '2022-10-27 08:09:49'),
(22, 'USt. Steuerzone Ireland', 'YES autom. Import', '0000-00-00 00:00:00', '2022-10-27 08:09:49'),
(23, 'USt. Steuerzone Italy', 'YES autom. Import', '0000-00-00 00:00:00', '2022-10-27 08:09:49'),
(24, 'USt. Steuerzone Lithuania', 'YES autom. Import', '0000-00-00 00:00:00', '2022-10-27 08:09:49'),
(25, 'USt. Steuerzone Luxembourg', 'YES autom. Import', '0000-00-00 00:00:00', '2022-10-27 08:09:49'),
(26, 'USt. Steuerzone Latvia', 'YES autom. Import', '0000-00-00 00:00:00', '2022-10-27 08:09:49'),
(27, 'USt. Steuerzone Malta', 'YES autom. Import', '0000-00-00 00:00:00', '2022-10-27 08:09:49'),
(28, 'USt. Steuerzone Netherlands', 'YES autom. Import', '0000-00-00 00:00:00', '2022-10-27 08:09:49'),
(29, 'USt. Steuerzone Poland', 'YES autom. Import', '0000-00-00 00:00:00', '2022-10-27 08:09:49'),
(30, 'USt. Steuerzone Portugal', 'YES autom. Import', '0000-00-00 00:00:00', '2022-10-27 08:09:49'),
(31, 'USt. Steuerzone Romania', 'YES autom. Import', '0000-00-00 00:00:00', '2022-10-27 08:09:49'),
(32, 'USt. Steuerzone Sweden', 'YES autom. Import', '0000-00-00 00:00:00', '2022-10-27 08:09:49'),
(33, 'USt. Steuerzone Slovenia', 'YES autom. Import', '0000-00-00 00:00:00', '2022-10-27 08:09:49'),
(34, 'USt. Steuerzone Slovakia (Slovak', 'YES autom. Import', '0000-00-00 00:00:00', '2022-10-27 08:09:49');

-- --------------------------------------------------------

--
-- Tabellenstruktur für Tabelle `groups`
--

CREATE TABLE `groups` (
  `groups_id` int(11) NOT NULL,
  `groups_title` varchar(64) NOT NULL DEFAULT '',
  `groups_created` datetime NOT NULL DEFAULT '0000-00-00 00:00:00',
  `groups_last_changed` datetime NOT NULL DEFAULT '0000-00-00 00:00:00',
  `visible` int(1) NOT NULL DEFAULT '1',
  `ebay_visible` int(1) NOT NULL
) ENGINE=MyISAM DEFAULT CHARSET=utf8;

--
-- Daten für Tabelle `groups`
--

INSERT INTO `groups` (`groups_id`, `groups_title`, `groups_created`, `groups_last_changed`, `visible`, `ebay_visible`) VALUES
(10, 'Kerzenständer-Teelichhalter', '2020-08-13 14:55:26', '2020-09-02 15:14:52', 1, 1),
(5, 'Versandgruppen', '2010-03-16 17:03:48', '2010-03-16 17:03:48', 1, 0),
(7, 'Material', '2010-03-16 19:13:55', '2010-03-16 19:13:55', 1, 0),
(9, 'Freitexte', '2017-10-19 15:52:30', '2021-09-30 15:22:08', 1, 1);

-- --------------------------------------------------------

--
-- Tabellenstruktur für Tabelle `groups_allocations`
--

CREATE TABLE `groups_allocations` (
  `groups_id` int(11) NOT NULL DEFAULT '0',
  `products_id` int(11) NOT NULL DEFAULT '0'
) ENGINE=MyISAM DEFAULT CHARSET=utf8;

--
-- Daten für Tabelle `groups_allocations`
--

INSERT INTO `groups_allocations` (`groups_id`, `products_id`) VALUES
(7, 103),
(10, 1177),
(9, 883),
(5, 97),
(10, 1127),
(10, 1153),
(7, 97),
(10, 1156),
(10, 1157),
(10, 1161),
(9, 882),
(10, 1162),
(10, 1163),
(10, 1164),
(10, 1165),
(10, 1166),
(10, 1167),
(10, 1169),
(10, 1170),
(10, 1172),
(10, 1173),
(10, 1174),
(10, 1178),
(10, 1192),
(10, 139),
(10, 140),
(10, 141),
(10, 142),
(10, 143),
(10, 144),
(10, 145),
(10, 146),
(9, 147),
(10, 148),
(10, 149),
(10, 150),
(10, 151),
(10, 152),
(9, 153),
(10, 154),
(10, 155),
(10, 156),
(10, 157),
(10, 158),
(10, 159),
(10, 160),
(10, 161),
(10, 162),
(10, 163),
(10, 164),
(10, 165),
(10, 166),
(10, 167),
(10, 168),
(10, 169),
(10, 170),
(10, 171),
(10, 172),
(10, 173),
(10, 174),
(10, 175),
(10, 176),
(10, 177),
(10, 178),
(10, 179),
(10, 180),
(10, 181),
(10, 182),
(10, 183),
(10, 184),
(10, 185),
(10, 187),
(9, 188),
(9, 189),
(10, 190),
(10, 191),
(9, 192),
(10, 193),
(10, 194),
(10, 195),
(9, 196),
(10, 197),
(10, 198),
(10, 199),
(10, 200),
(9, 201),
(10, 202),
(10, 203),
(9, 204),
(10, 205),
(9, 206),
(9, 207),
(10, 208),
(10, 209),
(10, 210),
(9, 211),
(9, 212),
(9, 213),
(10, 214),
(10, 215),
(10, 216),
(9, 217),
(10, 218),
(10, 219),
(10, 220),
(10, 221),
(10, 222),
(10, 223),
(10, 224),
(10, 225),
(10, 226),
(10, 227),
(9, 228),
(10, 229),
(10, 230),
(10, 231),
(10, 232),
(10, 233),
(10, 234),
(10, 235),
(9, 236),
(9, 237),
(10, 238),
(10, 239),
(10, 240),
(9, 241),
(10, 242),
(10, 243),
(10, 244),
(10, 245),
(10, 246),
(10, 247),
(10, 248),
(10, 249),
(10, 250),
(9, 251),
(9, 252),
(9, 253),
(10, 254),
(10, 255),
(9, 256),
(9, 257),
(10, 258),
(10, 259),
(9, 260),
(10, 261),
(9, 262),
(10, 263),
(9, 264),
(9, 265),
(9, 266),
(9, 267),
(9, 268),
(9, 269),
(9, 270),
(9, 271),
(9, 272),
(9, 273),
(9, 274),
(9, 275),
(9, 276),
(9, 277),
(9, 278),
(9, 279),
(9, 280),
(10, 281),
(9, 282),
(9, 283),
(9, 284),
(9, 285),
(9, 286),
(9, 287),
(10, 288),
(9, 289),
(10, 290),
(10, 291),
(10, 292),
(9, 293),
(9, 294),
(9, 295),
(10, 296),
(10, 297),
(9, 298),
(9, 299),
(9, 300),
(9, 301),
(9, 302),
(9, 303),
(9, 304),
(10, 305),
(9, 306),
(9, 307),
(9, 308),
(9, 309),
(9, 310),
(9, 311),
(9, 312),
(9, 313),
(9, 314),
(9, 315),
(9, 316),
(9, 317),
(9, 318),
(9, 319),
(9, 320),
(9, 321),
(9, 322),
(9, 323),
(9, 324),
(9, 325),
(9, 326),
(9, 327),
(9, 328),
(9, 329),
(9, 330),
(9, 331),
(9, 332),
(9, 333),
(9, 334),
(9, 335),
(9, 336),
(9, 337),
(9, 338),
(9, 339),
(9, 340),
(9, 341),
(9, 342),
(9, 343),
(9, 344),
(9, 345),
(9, 346),
(9, 347),
(9, 348),
(9, 349),
(9, 350),
(9, 351),
(9, 352),
(9, 353),
(9, 354),
(9, 355),
(9, 356),
(9, 357),
(9, 358),
(9, 359),
(9, 360),
(9, 361),
(9, 362),
(9, 363),
(9, 364),
(9, 365),
(9, 366),
(9, 367),
(9, 368),
(9, 369),
(9, 370),
(9, 371),
(9, 372),
(9, 373),
(9, 374),
(9, 375),
(9, 376),
(9, 377),
(9, 378),
(9, 379),
(9, 380),
(9, 381),
(9, 382),
(9, 383),
(9, 384),
(9, 385),
(9, 386),
(9, 387),
(9, 388),
(9, 389),
(9, 390),
(9, 391),
(9, 392),
(9, 393),
(9, 394),
(9, 395),
(9, 396),
(9, 397),
(9, 398),
(9, 399),
(9, 400),
(9, 401),
(9, 402),
(9, 403),
(9, 404),
(9, 405),
(9, 406),
(9, 407),
(9, 408),
(9, 409),
(9, 410),
(9, 411),
(9, 412),
(9, 413),
(9, 414),
(9, 415),
(9, 416),
(9, 417),
(9, 418),
(9, 419),
(9, 420),
(9, 421),
(9, 422),
(9, 423),
(9, 424),
(9, 425),
(9, 426),
(9, 427),
(9, 428),
(9, 429),
(9, 430),
(9, 431),
(9, 432),
(9, 433),
(9, 434),
(9, 435),
(9, 436),
(9, 437),
(9, 438),
(9, 439),
(9, 440),
(9, 441),
(9, 442),
(9, 443),
(9, 444),
(9, 445),
(9, 446),
(9, 447),
(9, 448),
(9, 449),
(9, 450),
(9, 451),
(9, 452),
(9, 453),
(9, 454),
(9, 455),
(9, 456),
(9, 457),
(9, 458),
(9, 459),
(9, 460),
(9, 461),
(9, 462),
(9, 463),
(9, 464),
(9, 465),
(9, 466),
(9, 467),
(9, 468),
(9, 469),
(9, 470),
(9, 471),
(9, 472),
(9, 473),
(9, 474),
(9, 475),
(9, 476),
(9, 477),
(9, 478),
(9, 479),
(9, 480),
(9, 481),
(9, 482),
(9, 483),
(9, 484),
(9, 485),
(9, 486),
(9, 487),
(9, 488),
(9, 489),
(9, 490),
(9, 491),
(9, 492),
(9, 493),
(9, 494),
(9, 495),
(9, 496),
(9, 497),
(9, 498),
(9, 499),
(9, 500),
(9, 501),
(9, 502),
(9, 503),
(9, 504),
(9, 505),
(9, 506),
(10, 507),
(10, 510),
(9, 511),
(9, 512),
(10, 513),
(9, 514),
(10, 515),
(10, 516),
(9, 517),
(10, 518),
(10, 519),
(10, 520),
(10, 521),
(10, 522),
(10, 523),
(10, 524),
(10, 525),
(10, 526),
(10, 527),
(10, 528),
(10, 529),
(10, 530),
(10, 531),
(9, 532),
(10, 533),
(9, 534),
(10, 535),
(9, 536),
(10, 537),
(10, 538),
(9, 539),
(10, 540),
(9, 541),
(10, 542),
(9, 543),
(9, 544),
(10, 545),
(10, 546),
(10, 547),
(10, 548),
(10, 549),
(10, 550),
(10, 551),
(9, 552),
(10, 553),
(10, 554),
(10, 555),
(10, 556),
(9, 557),
(10, 558),
(10, 559),
(10, 560),
(9, 561),
(9, 562),
(9, 563),
(10, 564),
(10, 565),
(10, 566),
(10, 567),
(10, 568),
(10, 569),
(10, 570),
(10, 571),
(9, 572),
(9, 573),
(9, 574),
(10, 575),
(10, 576),
(9, 577),
(9, 578),
(9, 579),
(10, 580),
(10, 581),
(10, 582),
(10, 583),
(9, 584),
(10, 585),
(10, 586),
(9, 587),
(10, 588),
(9, 589),
(9, 590),
(10, 591),
(10, 592),
(10, 593),
(10, 594),
(10, 595),
(10, 596),
(10, 597),
(9, 598),
(10, 599),
(10, 600),
(9, 601),
(10, 602),
(9, 603),
(9, 604),
(10, 605),
(9, 606),
(10, 607),
(9, 608),
(10, 609),
(9, 610),
(10, 611),
(10, 612),
(10, 613),
(9, 614),
(9, 615),
(9, 616),
(9, 617),
(9, 618),
(10, 619),
(10, 620),
(9, 621),
(10, 622),
(9, 623),
(9, 624),
(10, 625),
(9, 626),
(9, 627),
(10, 628),
(10, 629),
(9, 630),
(9, 631),
(10, 632),
(9, 633),
(10, 634),
(9, 635),
(10, 636),
(10, 637),
(10, 638),
(9, 639),
(9, 640),
(10, 641),
(9, 642),
(9, 643),
(10, 644),
(10, 645),
(10, 646),
(10, 647),
(10, 648),
(9, 649),
(9, 650),
(9, 651),
(9, 652),
(9, 653),
(10, 654),
(9, 655),
(9, 656),
(9, 657),
(10, 658),
(9, 659),
(9, 660),
(9, 661),
(9, 662),
(9, 663),
(10, 664),
(9, 665),
(9, 666),
(9, 667),
(10, 668),
(10, 669),
(10, 670),
(10, 671),
(10, 672),
(10, 673),
(9, 674),
(10, 675),
(9, 676),
(9, 677),
(10, 678),
(9, 679),
(9, 680),
(9, 681),
(9, 682),
(9, 683),
(9, 684),
(9, 685),
(9, 686),
(9, 687),
(9, 688),
(9, 689),
(9, 690),
(9, 691),
(9, 692),
(9, 693),
(10, 694),
(9, 695),
(9, 696),
(9, 697),
(9, 698),
(9, 699),
(9, 700),
(9, 701),
(9, 702),
(9, 703),
(9, 704),
(9, 705),
(9, 706),
(9, 707),
(9, 708),
(9, 709),
(9, 710),
(9, 711),
(9, 712),
(9, 713),
(9, 714),
(9, 715),
(9, 716),
(9, 717),
(9, 718),
(9, 719),
(9, 720),
(9, 721),
(9, 722),
(9, 723),
(9, 724),
(9, 725),
(9, 726),
(9, 727),
(9, 728),
(9, 729),
(9, 730),
(9, 731),
(9, 732),
(9, 733),
(9, 734),
(9, 735),
(9, 736),
(9, 737),
(9, 738),
(9, 739),
(9, 740),
(9, 741),
(9, 742),
(9, 743),
(9, 744),
(9, 745),
(9, 746),
(9, 747),
(9, 748),
(9, 749),
(9, 750),
(9, 751),
(9, 752),
(9, 753),
(9, 754),
(9, 755),
(9, 756),
(9, 757),
(9, 758),
(9, 759),
(9, 760),
(9, 761),
(9, 762),
(9, 763),
(9, 764),
(9, 765),
(9, 766),
(9, 767),
(9, 768),
(9, 769),
(9, 770),
(9, 771),
(9, 772),
(9, 773),
(9, 774),
(9, 775),
(9, 776),
(9, 777),
(9, 778),
(9, 779),
(9, 780),
(9, 781),
(9, 782),
(9, 783),
(9, 784),
(9, 785),
(9, 786),
(9, 787),
(9, 788),
(9, 789),
(9, 790),
(9, 791),
(9, 792),
(9, 793),
(9, 794),
(9, 795),
(9, 796),
(9, 797),
(9, 798),
(9, 799),
(9, 800),
(9, 801),
(9, 802),
(9, 803),
(9, 804),
(9, 805),
(9, 806),
(9, 807),
(9, 808),
(9, 809),
(9, 810),
(9, 811),
(9, 812),
(9, 813),
(9, 814),
(9, 815),
(9, 816),
(9, 817),
(9, 818),
(9, 819),
(9, 820),
(9, 821),
(9, 822),
(9, 823),
(9, 824),
(9, 825),
(9, 826),
(9, 827),
(9, 828),
(9, 829),
(9, 830),
(9, 831),
(9, 832),
(9, 833),
(9, 834),
(9, 835),
(9, 836),
(9, 837),
(9, 838),
(9, 839),
(9, 840),
(9, 841),
(9, 842),
(9, 843),
(9, 844),
(9, 845),
(9, 846),
(9, 847),
(9, 848),
(9, 849),
(9, 850),
(9, 851),
(9, 852),
(9, 853),
(9, 854),
(9, 855),
(9, 856),
(9, 857),
(9, 858),
(9, 859),
(9, 860),
(9, 861),
(9, 862),
(9, 863),
(9, 864),
(9, 865),
(9, 866),
(9, 867),
(9, 868),
(9, 869),
(9, 870),
(9, 871),
(9, 872),
(9, 873),
(9, 874),
(9, 875),
(9, 876),
(9, 877),
(9, 878),
(9, 879),
(9, 880),
(9, 881),
(9, 884),
(9, 885),
(9, 886),
(9, 887),
(9, 888),
(9, 889),
(9, 890),
(9, 891),
(9, 892),
(9, 893),
(9, 894),
(9, 895),
(9, 896),
(9, 897),
(9, 898),
(9, 899),
(9, 900),
(9, 901),
(9, 902),
(9, 903),
(9, 904),
(9, 905),
(9, 906),
(9, 907),
(9, 908),
(9, 909),
(9, 910),
(9, 911),
(9, 912),
(9, 913),
(9, 914),
(9, 915),
(9, 916),
(9, 917),
(9, 918),
(9, 919),
(9, 920),
(9, 921),
(9, 922),
(9, 923),
(9, 924),
(9, 925),
(9, 926),
(9, 927),
(9, 928),
(9, 929),
(9, 930),
(9, 931),
(9, 932),
(9, 933),
(9, 934),
(9, 935),
(9, 936),
(9, 937),
(9, 938),
(9, 939),
(9, 940),
(9, 941),
(9, 942),
(9, 943),
(9, 944),
(9, 945),
(9, 946),
(9, 947),
(9, 948),
(9, 949),
(9, 950),
(9, 951),
(9, 952),
(9, 953),
(9, 954),
(9, 955),
(9, 956),
(9, 957),
(9, 958),
(9, 959),
(9, 960),
(9, 961),
(9, 962),
(9, 963),
(9, 964),
(9, 965),
(9, 966),
(9, 967),
(9, 968),
(9, 969),
(9, 970),
(9, 971),
(9, 972),
(9, 973),
(9, 974),
(9, 975),
(9, 976),
(9, 977),
(9, 978),
(9, 979),
(9, 980),
(9, 981),
(9, 982),
(9, 983),
(9, 984),
(9, 985),
(9, 986),
(9, 987),
(9, 988),
(9, 989),
(9, 990),
(9, 991),
(9, 992),
(9, 993),
(9, 994),
(9, 995),
(9, 996),
(9, 997),
(9, 998),
(9, 999),
(9, 1000),
(9, 1001),
(9, 1002),
(9, 1003),
(9, 1004),
(9, 1005),
(9, 1006),
(9, 1007),
(9, 1008),
(9, 1009),
(9, 1010),
(9, 1011),
(9, 1012),
(9, 1013),
(9, 1014),
(9, 1015),
(9, 1016),
(9, 1017),
(9, 1018),
(9, 1019),
(9, 1020),
(9, 1021),
(9, 1022),
(9, 1023),
(9, 1024),
(9, 1025),
(9, 1026),
(9, 1027),
(9, 1028),
(9, 1029),
(9, 1030),
(9, 1031),
(9, 1032),
(9, 1033),
(9, 1034),
(9, 1035),
(9, 1036),
(9, 1037),
(9, 1038),
(9, 1039),
(9, 1040),
(9, 1041),
(9, 1042),
(9, 1043),
(9, 1044),
(9, 1045),
(9, 1046),
(9, 1047),
(9, 1048),
(9, 1049),
(9, 1050),
(9, 1051),
(9, 1052),
(9, 1053),
(9, 1054),
(9, 1055),
(9, 1056),
(9, 1057),
(9, 1058),
(9, 1059),
(9, 1060),
(9, 1061),
(9, 1062),
(9, 1063),
(9, 1064),
(9, 1065),
(9, 1066),
(9, 1067),
(9, 1068),
(9, 1069),
(9, 1070),
(9, 1071),
(9, 1072),
(9, 1073),
(9, 1074),
(9, 1075),
(9, 1076),
(9, 1077),
(9, 1078),
(9, 1079),
(9, 1080),
(9, 1081),
(9, 1082),
(9, 1083),
(9, 1084),
(9, 1085),
(9, 1086),
(9, 1087),
(9, 1088),
(9, 1089),
(9, 1090),
(9, 1091),
(9, 1092),
(9, 1093),
(9, 1094),
(9, 1095),
(9, 1096),
(9, 1097),
(9, 1098),
(9, 1099),
(9, 1100),
(9, 1101),
(9, 1102),
(9, 1103),
(9, 1104),
(9, 1105),
(9, 1106),
(9, 1107),
(9, 1108),
(9, 1109),
(9, 1110),
(9, 1111),
(9, 1112),
(9, 1113),
(9, 1114),
(9, 1115),
(9, 1116),
(9, 1117),
(9, 1118),
(9, 1119),
(9, 1120),
(9, 1121),
(9, 1122),
(9, 1123),
(9, 1124),
(9, 1125),
(9, 1194),
(9, 1195),
(9, 1196),
(9, 1197),
(9, 1198),
(9, 1199),
(9, 1200),
(9, 1201),
(9, 1202),
(9, 1203),
(9, 1204),
(9, 1205),
(9, 1206),
(9, 1207),
(9, 1208),
(9, 1209),
(9, 1214),
(10, 1231),
(10, 138),
(10, 1232),
(10, 1233),
(10, 1234),
(10, 1235),
(10, 1236),
(10, 1237),
(10, 1238),
(10, 1239),
(10, 1240),
(10, 1241),
(10, 1242),
(10, 1243),
(10, 1244),
(10, 1245),
(10, 1246),
(10, 1247),
(9, 1248),
(9, 1249),
(9, 1250),
(9, 1251),
(9, 1252),
(9, 1253),
(9, 1254),
(9, 1255),
(9, 1256),
(9, 1257),
(9, 1258),
(9, 1259),
(9, 1260),
(9, 1261),
(9, 1262),
(9, 1263),
(9, 1264),
(9, 1265),
(9, 1266),
(9, 1267),
(9, 1268),
(9, 1269),
(9, 1270),
(9, 1271),
(9, 1272),
(9, 1273),
(9, 1274),
(9, 1275),
(9, 1276),
(9, 1277),
(9, 1278),
(9, 1279),
(9, 1280),
(9, 1281),
(9, 1282),
(9, 1283),
(9, 1284),
(9, 1285),
(9, 1286),
(9, 1287),
(9, 1288),
(9, 1289),
(9, 1290),
(9, 1291),
(9, 1292),
(9, 1293),
(9, 1294),
(9, 1295),
(9, 1296),
(9, 1297),
(9, 1298),
(9, 1299),
(9, 1300),
(9, 1301),
(9, 1302),
(9, 1303),
(9, 1304),
(9, 1305),
(9, 1306),
(9, 1307),
(9, 1308),
(9, 1309),
(9, 1310),
(9, 1311),
(9, 1312),
(9, 1313),
(9, 1314),
(9, 1315),
(9, 1316),
(9, 1317),
(9, 1318),
(9, 1319),
(9, 1320),
(9, 1321),
(9, 1322),
(9, 1323),
(9, 1324),
(9, 1325),
(9, 1326),
(9, 1327),
(9, 1328),
(9, 1329),
(9, 1330),
(9, 1331),
(9, 1332),
(9, 1333),
(9, 1334),
(9, 1335),
(9, 1336),
(9, 1337),
(9, 1338),
(9, 1339),
(9, 1340),
(9, 1341),
(9, 1342),
(9, 1343),
(9, 1344),
(9, 1345),
(9, 1346),
(9, 1347),
(9, 1348),
(9, 1349),
(9, 1350),
(9, 1351),
(9, 1352),
(9, 1353),
(9, 1354),
(9, 1355),
(9, 1356),
(9, 1357),
(9, 1358),
(9, 1359),
(9, 1360),
(9, 1361),
(9, 1362),
(9, 1363),
(9, 1364),
(9, 1365),
(9, 1366),
(9, 1367),
(9, 1368),
(9, 1369),
(9, 1370),
(9, 1371),
(9, 1372),
(9, 1373),
(9, 1374),
(9, 1375),
(9, 1376),
(9, 1377),
(9, 1378),
(9, 1379),
(9, 1380),
(9, 1381),
(9, 1382),
(9, 1383),
(9, 1384),
(9, 1385),
(9, 1386),
(9, 1387),
(9, 1388),
(9, 1389),
(9, 1390),
(9, 1391),
(9, 1392),
(9, 1393),
(9, 1394),
(9, 1395),
(9, 1396),
(9, 1397),
(9, 1398),
(9, 1399),
(9, 1400),
(9, 1401),
(9, 1402),
(9, 1403),
(9, 1404),
(9, 1405),
(9, 1406),
(9, 1407),
(9, 1408),
(9, 1409),
(9, 1410),
(9, 1411),
(9, 1412),
(9, 1413),
(9, 1414),
(9, 1415),
(9, 1416),
(9, 1417),
(9, 1418),
(9, 1419),
(9, 1420),
(9, 1421),
(9, 1422),
(9, 1423),
(9, 1424),
(9, 1425),
(9, 1426),
(9, 1427),
(9, 1428),
(9, 1429),
(9, 1430),
(9, 1431),
(9, 1432),
(9, 1433),
(9, 1434),
(9, 1435),
(9, 1436),
(9, 1437),
(9, 1438),
(9, 1439),
(9, 1440),
(9, 1441),
(9, 1442),
(9, 1443),
(9, 1444),
(9, 1445),
(9, 1446),
(9, 1447),
(9, 1448),
(9, 1449),
(9, 1450),
(9, 1451),
(9, 1452),
(9, 1453),
(9, 1454),
(9, 1455),
(9, 1456),
(9, 1457),
(9, 1458),
(9, 1459),
(9, 1460),
(9, 1461),
(9, 1462),
(9, 1463),
(9, 1464),
(9, 1465),
(9, 1466),
(9, 1467),
(9, 1468),
(9, 1469),
(9, 1470),
(9, 1471),
(9, 1472),
(10, 1477),
(10, 1476),
(10, 186),
(10, 1478),
(10, 1479),
(10, 1480),
(10, 1481),
(10, 1482),
(10, 1483),
(10, 1484),
(10, 1485),
(10, 1486),
(10, 1487),
(10, 1488),
(10, 1489),
(10, 1490),
(10, 1491),
(10, 1492),
(10, 1493),
(10, 1494),
(10, 1495),
(10, 1496),
(10, 1497),
(10, 1498),
(10, 1499),
(10, 1500),
(10, 1501),
(10, 1502),
(10, 1503),
(10, 1504),
(10, 1505),
(10, 1506),
(10, 1507),
(9, 1509),
(9, 1510),
(9, 1511),
(9, 1512),
(9, 1513),
(9, 1514),
(9, 1515);

-- --------------------------------------------------------

--
-- Tabellenstruktur für Tabelle `groups_tax_rates_allocation`
--

CREATE TABLE `groups_tax_rates_allocation` (
  `groups_tax_rates_allocation_id` int(11) NOT NULL,
  `groups_id` int(11) NOT NULL,
  `tax_rates_id` int(11) NOT NULL,
  `date_added` datetime NOT NULL
) ENGINE=InnoDB DEFAULT CHARSET=utf8;

-- --------------------------------------------------------

--
-- Tabellenstruktur für Tabelle `group_history`
--

CREATE TABLE `group_history` (
  `group_history_id` int(11) NOT NULL,
  `group_id` int(11) NOT NULL DEFAULT '0',
  `date_added` datetime NOT NULL DEFAULT '0000-00-00 00:00:00',
  `comments` text,
  `editor_id` int(11) NOT NULL DEFAULT '0'
) ENGINE=MyISAM DEFAULT CHARSET=utf8;

--
-- Daten für Tabelle `group_history`
--

INSERT INTO `group_history` (`group_history_id`, `group_id`, `date_added`, `comments`, `editor_id`) VALUES
(5, 5, '2010-03-16 17:03:48', 'Angelegt', 4987),
(7, 7, '2010-03-16 19:13:55', 'Angelegt', 4987),
(13, 10, '2020-08-13 14:55:26', 'Angelegt', 5000),
(10, 9, '2017-10-19 15:52:30', 'Angelegt', 5000),
(11, 9, '2017-10-19 15:52:39', 'Titel ge&auml;ndert', 5000),
(14, 10, '2020-09-02 15:14:52', 'Titel ge&auml;ndert', 5000),
(15, 9, '2021-09-30 14:53:20', 'Titel ge&auml;ndert', 4999),
(16, 9, '2021-09-30 15:22:08', 'Titel ge&auml;ndert', 4999);

-- --------------------------------------------------------

--
-- Tabellenstruktur für Tabelle `hermes`
--

CREATE TABLE `hermes` (
  `id` int(11) NOT NULL,
  `orders_id` int(11) NOT NULL DEFAULT '0',
  `date_saved` datetime NOT NULL DEFAULT '0000-00-00 00:00:00',
  `customer_notified` enum('n','y') NOT NULL DEFAULT 'n',
  `i_company` int(1) NOT NULL DEFAULT '0',
  `c_blocking` int(1) NOT NULL DEFAULT '0',
  `c_mailoptout` enum('N','Y') NOT NULL DEFAULT 'N',
  `s_name` varchar(64) NOT NULL DEFAULT '',
  `s_firstname` varchar(64) NOT NULL DEFAULT '',
  `s_city` varchar(64) NOT NULL DEFAULT '',
  `s_address1` varchar(64) NOT NULL DEFAULT '',
  `s_address2` varchar(64) NOT NULL DEFAULT '',
  `s_address3` varchar(64) NOT NULL DEFAULT '',
  `i_zipcode` varchar(64) NOT NULL DEFAULT '',
  `i_country` int(11) NOT NULL DEFAULT '0',
  `c_sex` enum('M','F') NOT NULL DEFAULT 'M',
  `c_shipto` enum('N','Y') NOT NULL DEFAULT 'N',
  `c_pandp` enum('N','Y') NOT NULL DEFAULT 'N',
  `f_pandpval` float NOT NULL DEFAULT '0',
  `c_paymode` char(1) NOT NULL DEFAULT '',
  `c_ordertype` char(1) NOT NULL DEFAULT '',
  `s_extern_orderno` varchar(64) NOT NULL DEFAULT '',
  `c_message` enum('N','Y') NOT NULL DEFAULT 'N',
  `i_detail` int(1) NOT NULL DEFAULT '0',
  `i_itemno` varchar(64) NOT NULL DEFAULT '',
  `i_effort` int(11) NOT NULL DEFAULT '0',
  `i_size` int(11) NOT NULL DEFAULT '0',
  `f_retailprice` float NOT NULL DEFAULT '0',
  `i_orderqty` int(11) NOT NULL DEFAULT '0',
  `reclamations_id` int(11) NOT NULL DEFAULT '0'
) ENGINE=MyISAM DEFAULT CHARSET=utf8;

-- --------------------------------------------------------

--
-- Tabellenstruktur für Tabelle `hermes_countries`
--

CREATE TABLE `hermes_countries` (
  `id` int(11) NOT NULL,
  `name` varchar(64) NOT NULL DEFAULT '',
  `iso2` char(2) NOT NULL DEFAULT '',
  `iso3` char(3) NOT NULL DEFAULT '',
  `isocode` int(11) NOT NULL DEFAULT '0'
) ENGINE=MyISAM DEFAULT CHARSET=utf8;

-- --------------------------------------------------------

--
-- Tabellenstruktur für Tabelle `hermes_status_dispos`
--

CREATE TABLE `hermes_status_dispos` (
  `hermes_status_dispos_id` int(11) NOT NULL,
  `i_company` int(11) NOT NULL DEFAULT '0',
  `i_booktype` int(11) NOT NULL DEFAULT '0',
  `i_itemno` varchar(16) NOT NULL DEFAULT '',
  `i_size` int(11) NOT NULL DEFAULT '0',
  `i_effort` int(11) NOT NULL DEFAULT '0',
  `f_retailprice` double NOT NULL DEFAULT '0',
  `f_costprice` double NOT NULL DEFAULT '0',
  `i_account` varchar(16) NOT NULL DEFAULT '',
  `i_itemqty` int(11) NOT NULL DEFAULT '0',
  `i_prodline1` int(11) NOT NULL DEFAULT '0',
  `i_prodline3` int(11) NOT NULL DEFAULT '0',
  `i_taxcode` int(11) NOT NULL DEFAULT '0',
  `c_ordertype` varchar(8) NOT NULL DEFAULT '',
  `f_discountrt` double NOT NULL DEFAULT '0',
  `i_action` int(11) NOT NULL DEFAULT '0',
  `i_order` varchar(16) NOT NULL DEFAULT '',
  `i_catalog` int(11) NOT NULL DEFAULT '0',
  `i_shop` int(11) NOT NULL DEFAULT '0',
  `i_prodrange` int(11) NOT NULL DEFAULT '0',
  `orders_id` int(11) NOT NULL DEFAULT '0',
  `ebay_id` varchar(20) NOT NULL DEFAULT '',
  `date_saved` datetime NOT NULL DEFAULT '0000-00-00 00:00:00',
  `reclamations_id` int(11) NOT NULL DEFAULT '0'
) ENGINE=MyISAM DEFAULT CHARSET=utf8;

-- --------------------------------------------------------

--
-- Tabellenstruktur für Tabelle `hermes_status_itemstock`
--

CREATE TABLE `hermes_status_itemstock` (
  `hermes_status_itemstock_id` int(11) NOT NULL,
  `i_company` int(11) NOT NULL DEFAULT '0',
  `i_itemno` varchar(16) NOT NULL DEFAULT '',
  `i_size` int(11) NOT NULL DEFAULT '0',
  `i_libqty` int(11) NOT NULL DEFAULT '0',
  `s_extern_itemno` varchar(32) NOT NULL DEFAULT '',
  `c_itemprofile` varchar(8) NOT NULL DEFAULT '',
  `i_libqtycopy` int(11) NOT NULL DEFAULT '0',
  `date_created` datetime NOT NULL DEFAULT '0000-00-00 00:00:00'
) ENGINE=MyISAM DEFAULT CHARSET=utf8;

-- --------------------------------------------------------

--
-- Tabellenstruktur für Tabelle `hermes_status_orderstat`
--

CREATE TABLE `hermes_status_orderstat` (
  `hermes_status_orderstat_id` int(11) NOT NULL,
  `orders_id` int(11) NOT NULL DEFAULT '0',
  `ebay_id` varchar(20) NOT NULL DEFAULT '',
  `i_account` int(11) NOT NULL DEFAULT '0',
  `d_create` date NOT NULL DEFAULT '0000-00-00',
  `i_order` int(11) NOT NULL DEFAULT '0',
  `i_invoice` int(11) NOT NULL DEFAULT '0',
  `i_detail` int(11) NOT NULL DEFAULT '0',
  `i_delivery` varchar(16) NOT NULL DEFAULT '',
  `i_itemno` varchar(16) NOT NULL DEFAULT '',
  `i_size` int(16) NOT NULL DEFAULT '0',
  `s_itemname` varchar(32) NOT NULL DEFAULT '',
  `i_packunit` int(11) NOT NULL DEFAULT '0',
  `i_carrier` varchar(8) NOT NULL DEFAULT '',
  `i_shipment_id` varchar(32) NOT NULL DEFAULT '',
  `reclamations_id` int(11) NOT NULL DEFAULT '0'
) ENGINE=MyISAM DEFAULT CHARSET=utf8;

-- --------------------------------------------------------

--
-- Tabellenstruktur für Tabelle `history`
--

CREATE TABLE `history` (
  `history_id` int(11) NOT NULL,
  `date_added` datetime NOT NULL DEFAULT '0000-00-00 00:00:00',
  `comments` text,
  `editor_id` int(11) NOT NULL DEFAULT '0'
) ENGINE=MyISAM DEFAULT CHARSET=utf8;

--
-- Daten für Tabelle `history`
--

INSERT INTO `history` (`history_id`, `date_added`, `comments`, `editor_id`) VALUES
(1, '2009-01-24 10:34:32', 'KUNDENGRUPPEN-KONFIG Neuer Kunde:<br />customers_status_name = Neuer Kunde<br />customers_status_public = 1<br />customers_status_show_price = 1<br />customers_status_show_price_tax = 1<br />customers_status_discount = 0.00<br />customers_status_ot_discount_flag = 0<br />customers_status_ot_discount = 0.00<br />customers_status_graduated_prices = 1<br />customers_status_add_tax_ot = 1<br />customers_status_payment_unallowed = invoice<br />customers_status_shipping_unallowed = <br />customers_status_payment_target = 0<br />export_note_text = <br />export_note = 0<br />customers_fsk18 = 1<br />customers_fsk18_display = 1<br />customers_status_discount_attributes = 0<br />', 1),
(2, '2009-01-24 10:34:58', 'KUNDENGRUPPEN-KONFIG Gerblicher Kunde - DE:<br />customers_status_name = Gerblicher Kunde - DE<br />customers_status_public = 0<br />customers_status_show_price = 1<br />customers_status_show_price_tax = 0<br />customers_status_discount = 0.00<br />customers_status_ot_discount_flag = 0<br />customers_status_ot_discount = 0.00<br />customers_status_graduated_prices = 1<br />customers_status_add_tax_ot = 1<br />customers_status_payment_unallowed = <br />customers_status_shipping_unallowed = <br />customers_status_payment_target = 0<br />export_note_text = <br />export_note = 0<br />customers_fsk18 = 1<br />customers_fsk18_display = 1<br />customers_status_discount_attributes = 0<br />', 1),
(3, '2009-01-24 10:35:48', 'KUNDENGRUPPEN-KONFIG Gerwerblicher Kunde - EU:<br />customers_status_name = Gerwerblicher Kunde - EU<br />customers_status_public = 0<br />customers_status_show_price = 1<br />customers_status_show_price_tax = 0<br />customers_status_discount = 0.00<br />customers_status_ot_discount_flag = 0<br />customers_status_ot_discount = 0.00<br />customers_status_graduated_prices = 0<br />customers_status_add_tax_ot = 0<br />customers_status_payment_unallowed = <br />customers_status_shipping_unallowed = <br />customers_status_payment_target = 0<br />export_note_text = Dieser Umsatz ist nach Ã‚Â§ 4 Nr. 1b UStG umsatzsteuerfrei<br />export_note = 1<br />customers_fsk18 = 1<br />customers_fsk18_display = 1<br />customers_status_discount_attributes = 0<br />', 1),
(4, '2009-01-24 10:36:29', 'KUNDENGRUPPEN-KONFIG Gewerblicher Kunde - NICHT EU:<br />customers_status_name = Gewerblicher Kunde - NICHT EU<br />customers_status_public = 0<br />customers_status_show_price = 1<br />customers_status_show_price_tax = 0<br />customers_status_discount = 0.00<br />customers_status_ot_discount_flag = 0<br />customers_status_ot_discount = 0.00<br />customers_status_graduated_prices = 0<br />customers_status_add_tax_ot = 0<br />customers_status_payment_unallowed = <br />customers_status_shipping_unallowed = <br />customers_status_payment_target = 0<br />export_note_text = Steuerfreie Ausfuhrlieferung gem. Ã‚Â§ 4 Nr. 1a des Umsatzsteuergesetzes<br />export_note = 1<br />customers_fsk18 = 1<br />customers_fsk18_display = 1<br />customers_status_discount_attributes = 0<br />', 1),
(5, '2009-01-24 10:36:47', 'KUNDENGRUPPEN-KONFIG Gewerblicher Kunde - EU:<br />customers_status_name = Gewerblicher Kunde - EU<br />customers_status_public = 0<br />customers_status_show_price = 1<br />customers_status_show_price_tax = 0<br />customers_status_discount = 0.00<br />customers_status_ot_discount_flag = 0<br />customers_status_ot_discount = 0.00<br />customers_status_graduated_prices = 0<br />customers_status_add_tax_ot = 0<br />customers_status_payment_unallowed = <br />customers_status_shipping_unallowed = <br />customers_status_payment_target = 0<br />export_note_text = Dieser Umsatz ist nach Ã‚Â§ 4 Nr. 1b UStG umsatzsteuerfrei<br />export_note = 1<br />customers_fsk18 = 1<br />customers_fsk18_display = 1<br />customers_status_discount_attributes = 0<br />', 1),
(6, '2009-01-24 10:36:55', 'KUNDENGRUPPEN-KONFIG Gewerblicher Kunde - DE:<br />customers_status_name = Gewerblicher Kunde - DE<br />customers_status_public = 0<br />customers_status_show_price = 1<br />customers_status_show_price_tax = 0<br />customers_status_discount = 0.00<br />customers_status_ot_discount_flag = 0<br />customers_status_ot_discount = 0.00<br />customers_status_graduated_prices = 1<br />customers_status_add_tax_ot = 1<br />customers_status_payment_unallowed = <br />customers_status_shipping_unallowed = <br />customers_status_payment_target = 0<br />export_note_text = <br />export_note = 0<br />customers_fsk18 = 1<br />customers_fsk18_display = 1<br />customers_status_discount_attributes = 0<br />', 1),
(7, '2009-01-24 10:41:03', 'KUNDENGRUPPEN-KONFIG Gewerbe - DE:<br />customers_status_name = Gewerbe - DE<br />customers_status_public = 0<br />customers_status_show_price = 1<br />customers_status_show_price_tax = 0<br />customers_status_discount = 0.00<br />customers_status_ot_discount_flag = 0<br />customers_status_ot_discount = 0.00<br />customers_status_graduated_prices = 1<br />customers_status_add_tax_ot = 1<br />customers_status_payment_unallowed = <br />customers_status_shipping_unallowed = <br />customers_status_payment_target = 0<br />export_note_text = <br />export_note = 0<br />customers_fsk18 = 1<br />customers_fsk18_display = 1<br />customers_status_discount_attributes = 0<br />', 1),
(8, '2009-01-24 10:41:12', 'KUNDENGRUPPEN-KONFIG Gewerbe - EU:<br />customers_status_name = Gewerbe - EU<br />customers_status_public = 0<br />customers_status_show_price = 1<br />customers_status_show_price_tax = 0<br />customers_status_discount = 0.00<br />customers_status_ot_discount_flag = 0<br />customers_status_ot_discount = 0.00<br />customers_status_graduated_prices = 0<br />customers_status_add_tax_ot = 0<br />customers_status_payment_unallowed = <br />customers_status_shipping_unallowed = <br />customers_status_payment_target = 0<br />export_note_text = Dieser Umsatz ist nach Ã‚Â§ 4 Nr. 1b UStG umsatzsteuerfrei<br />export_note = 1<br />customers_fsk18 = 1<br />customers_fsk18_display = 1<br />customers_status_discount_attributes = 0<br />', 1),
(9, '2009-01-24 10:41:23', 'KUNDENGRUPPEN-KONFIG Gewerbe - NICHT EU:<br />customers_status_name = Gewerbe - NICHT EU<br />customers_status_public = 0<br />customers_status_show_price = 1<br />customers_status_show_price_tax = 0<br />customers_status_discount = 0.00<br />customers_status_ot_discount_flag = 0<br />customers_status_ot_discount = 0.00<br />customers_status_graduated_prices = 0<br />customers_status_add_tax_ot = 0<br />customers_status_payment_unallowed = <br />customers_status_shipping_unallowed = <br />customers_status_payment_target = 0<br />export_note_text = Steuerfreie Ausfuhrlieferung gem. Ã‚Â§ 4 Nr. 1a des Umsatzsteuergesetzes<br />export_note = 1<br />customers_fsk18 = 1<br />customers_fsk18_display = 1<br />customers_status_discount_attributes = 0<br />', 1),
(10, '2009-01-24 10:41:47', 'KUNDENGRUPPEN-KONFIG EBAY KUNDE:<br />customers_status_name = EBAY KUNDE<br />customers_status_public = 0<br />customers_status_show_price = 1<br />customers_status_show_price_tax = 1<br />customers_status_discount = 0.00<br />customers_status_ot_discount_flag = 0<br />customers_status_ot_discount = 0.00<br />customers_status_graduated_prices = 0<br />customers_status_add_tax_ot = 1<br />customers_status_payment_unallowed = invoice<br />customers_status_shipping_unallowed = <br />customers_status_payment_target = 0<br />export_note_text = <br />export_note = 0<br />customers_fsk18 = 1<br />customers_fsk18_display = 1<br />customers_status_discount_attributes = 0<br />', 1),
(11, '2009-01-24 10:42:01', 'KUNDENGRUPPEN-KONFIG PRIVATER KUNDE:<br />customers_status_name = PRIVATER KUNDE<br />customers_status_public = 1<br />customers_status_show_price = 1<br />customers_status_show_price_tax = 1<br />customers_status_discount = 0.00<br />customers_status_ot_discount_flag = 0<br />customers_status_ot_discount = 0.00<br />customers_status_graduated_prices = 1<br />customers_status_add_tax_ot = 1<br />customers_status_payment_unallowed = invoice<br />customers_status_shipping_unallowed = <br />customers_status_payment_target = 0<br />export_note_text = <br />export_note = 0<br />customers_fsk18 = 1<br />customers_fsk18_display = 1<br />customers_status_discount_attributes = 0<br />', 1),
(12, '2009-01-24 10:42:47', 'KUNDENGRUPPEN-KONFIG Gewerbe - DE:<br />customers_status_name = Gewerbe - DE<br />customers_status_public = 0<br />customers_status_show_price = 1<br />customers_status_show_price_tax = 0<br />customers_status_discount = 0.00<br />customers_status_ot_discount_flag = 0<br />customers_status_ot_discount = 0.00<br />customers_status_graduated_prices = 1<br />customers_status_add_tax_ot = 1<br />customers_status_payment_unallowed = invoice<br />customers_status_shipping_unallowed = <br />customers_status_payment_target = 0<br />export_note_text = <br />export_note = 0<br />customers_fsk18 = 1<br />customers_fsk18_display = 1<br />customers_status_discount_attributes = 0<br />', 1),
(13, '2009-01-24 10:42:55', 'KUNDENGRUPPEN-KONFIG Gewerbe - EU:<br />customers_status_name = Gewerbe - EU<br />customers_status_public = 0<br />customers_status_show_price = 1<br />customers_status_show_price_tax = 0<br />customers_status_discount = 0.00<br />customers_status_ot_discount_flag = 0<br />customers_status_ot_discount = 0.00<br />customers_status_graduated_prices = 0<br />customers_status_add_tax_ot = 0<br />customers_status_payment_unallowed = invoice<br />customers_status_shipping_unallowed = <br />customers_status_payment_target = 0<br />export_note_text = Dieser Umsatz ist nach Ã‚Â§ 4 Nr. 1b UStG umsatzsteuerfrei<br />export_note = 1<br />customers_fsk18 = 1<br />customers_fsk18_display = 1<br />customers_status_discount_attributes = 0<br />', 1),
(14, '2009-01-24 10:43:03', 'KUNDENGRUPPEN-KONFIG Gewerbe - NICHT EU:<br />customers_status_name = Gewerbe - NICHT EU<br />customers_status_public = 0<br />customers_status_show_price = 1<br />customers_status_show_price_tax = 0<br />customers_status_discount = 0.00<br />customers_status_ot_discount_flag = 0<br />customers_status_ot_discount = 0.00<br />customers_status_graduated_prices = 0<br />customers_status_add_tax_ot = 0<br />customers_status_payment_unallowed = invoice<br />customers_status_shipping_unallowed = <br />customers_status_payment_target = 0<br />export_note_text = Steuerfreie Ausfuhrlieferung gem. Ã‚Â§ 4 Nr. 1a des Umsatzsteuergesetzes<br />export_note = 1<br />customers_fsk18 = 1<br />customers_fsk18_display = 1<br />customers_status_discount_attributes = 0<br />', 1),
(15, '2009-01-24 10:43:11', 'KUNDENGRUPPEN-KONFIG Admin:<br />customers_status_name = Admin<br />customers_status_public = 0<br />customers_status_show_price = 1<br />customers_status_show_price_tax = 1<br />customers_status_discount = 0.00<br />customers_status_ot_discount_flag = 1<br />customers_status_ot_discount = 0.00<br />customers_status_graduated_prices = 1<br />customers_status_add_tax_ot = 0<br />customers_status_payment_unallowed = invoice<br />customers_status_shipping_unallowed = <br />customers_status_payment_target = 0<br />export_note_text = <br />export_note = 0<br />customers_fsk18 = 1<br />customers_fsk18_display = 1<br />customers_status_discount_attributes = 0<br />', 1),
(16, '2009-01-24 10:53:18', 'Konfiguration EBAY_PREFERRED_PAYMENTMETHOD = MoneyXferAccepted', 1),
(17, '2009-01-24 10:53:46', 'Konfiguration EBAY_GELDZURUECK = 1', 1),
(18, '2009-01-24 10:53:57', 'Konfiguration EBAY_VATAUCTION = 1', 1),
(19, '2009-02-17 20:42:04', 'Konfiguration META_AUTHOR = YES4trade.de by yes websolutions Ltd.', 1),
(20, '2009-02-17 20:42:11', 'Konfiguration META_PUBLISHER = YES4trade.de by yes websolutions Ltd.', 1),
(21, '2009-05-29 15:56:59', 'Konfiguration CURRENT_TEMPLATE = xtc2-neu', 4987),
(22, '2009-05-29 15:59:11', 'Konfiguration CURRENT_TEMPLATE = xtc2', 4987),
(23, '2009-05-29 16:55:45', 'Konfiguration GOOGLE_ANALYTICS_ID = UA-9077728-1', 4987),
(24, '2009-05-29 16:55:53', 'Konfiguration GOOGLE_ANALYTICS_ECOM = true', 4987),
(25, '2009-05-30 16:54:21', 'Konfiguration CURRENT_TEMPLATE = xtc2-neu', 4987),
(26, '2009-05-30 16:59:01', 'Konfiguration LIGHTBOX_ACTIVE = True', 4987),
(27, '2009-05-30 16:59:18', 'Konfiguration LIGHTBOX_ACTIVE = False', 4987),
(28, '2009-05-30 17:04:57', 'Konfiguration PRODUCT_IMAGE_INFO_HEIGHT = 150', 4987),
(29, '2009-05-30 17:10:45', 'Konfiguration PRODUCT_IMAGE_THUMBNAIL_WIDTH = 200', 4987),
(30, '2009-05-30 17:11:57', 'Konfiguration PRODUCT_IMAGE_THUMBNAIL_HEIGHT = 150', 4987),
(31, '2009-05-30 17:11:57', 'Konfiguration PRODUCT_IMAGE_THUMBNAIL_HEIGHT = 150', 4987),
(32, '2009-05-30 17:12:08', 'Konfiguration CONFIG_CALCULATE_IMAGE_SIZE = true', 4987),
(33, '2009-05-30 17:12:59', 'Konfiguration CONFIG_CALCULATE_IMAGE_SIZE = false', 4987),
(34, '2009-05-30 17:13:05', 'Konfiguration CONFIG_CALCULATE_IMAGE_SIZE = true', 4987),
(35, '2009-06-01 11:19:51', 'Konfiguration CURRENT_TEMPLATE = xtc2', 4987),
(36, '2009-06-01 11:25:46', 'Konfiguration CURRENT_TEMPLATE = xtc2-neu', 4987),
(37, '2009-06-01 11:27:32', 'Konfiguration CURRENT_TEMPLATE = xtc2', 4987),
(38, '2009-06-07 23:07:43', 'Konfiguration MAX_DISPLAY_SEARCH_RESULTS_ADMIN = 100', 4987),
(39, '2009-06-08 12:06:27', 'Konfiguration CURRENT_TEMPLATE = xtc2-neu', 4987),
(40, '2009-06-08 12:08:00', 'Konfiguration CURRENT_TEMPLATE = xtc2', 4987),
(41, '2009-08-03 16:42:04', 'Konfiguration STORE_OWNER = Knut Knudsen', 4987),
(42, '2009-08-03 16:42:24', 'Konfiguration EMAIL_FROM = Knudsen Shop', 4987),
(43, '2009-08-03 16:42:51', 'Konfiguration ALLOW_ADD_TO_CART = true', 4987),
(44, '2009-08-03 16:43:33', 'Konfiguration PDF_EMAILS = True', 4987),
(45, '2009-08-03 16:44:23', 'Konfiguration STORE_NAME = Kndusens Homeware', 4987),
(46, '2009-08-03 16:44:34', 'Konfiguration STORE_NAME = Knudsens Homeware', 4987),
(47, '2009-08-03 16:44:52', 'Konfiguration MODULE_PAYMENT_MONEYORDER_PAYTO = Knud Knudsen | Hamburger Bank, BLZ.: 20050500 - Kto: 123456789 - IBAN:   DE123456789012345678890 - BIC: HASPDEHH XXX', 4987),
(48, '2009-08-03 16:45:16', 'Konfiguration STORE_OWNER_EMAIL_ADDRESS = knud@shop-heizung.de', 4987),
(49, '2009-08-03 16:45:38', 'Konfiguration STORE_OWNER_VAT_ID = DE123456789', 4987),
(50, '2009-08-03 16:46:23', 'Konfiguration STORE_WRAP = \"Knudsens Homeware\" - Knud Knudsen - Haupstr. 13 / 20000 Hamburg', 4987),
(51, '2009-08-03 16:46:39', 'Konfiguration BANK_WRAP = Knud Knudsen<br>Hamburger Bank<br>Blz.: 20050500<br>Ktn.: 123456789<br>IBAN: DE121234567890123456789026<br>SWIFT/BIC: HASPDEHH XXX', 4987),
(52, '2009-08-03 16:47:25', 'Konfiguration STORE_NAME_ADDRESS = \"Knudsens Homeware\"<br>Knud Knudsen<br>Hauptstr. 13<br>20000 Hamburg<br>Tel: +49 (0) 40 123  456<br>Fax: +49 (0) 40 123 4574<br>Email: knud@shop-heizung.de', 4987),
(53, '2009-08-03 16:47:51', 'Konfiguration SHOP_COMPANY_NAME = Knud Knudsen', 4987),
(54, '2009-08-03 16:48:15', 'Konfiguration SHOP_COMPANY_STREET = Haupstr. 13', 4987),
(55, '2009-08-03 16:48:31', 'Konfiguration SHOP_COMPANY_POSTCODE = 20000', 4987),
(56, '2009-08-03 16:48:44', 'Konfiguration SHOP_COMPANY_CITY = Hamburg', 4987),
(57, '2009-08-03 17:29:00', 'Konfiguration SMTP_MAIN_SERVER = mail.gmx.net', 4987),
(58, '2009-08-03 17:29:54', 'Konfiguration SMTP_USERNAME = schanzenbraut@gmx.de', 4987),
(59, '2009-08-03 17:30:04', 'Konfiguration SMTP_PASSWORD = Birthday', 4987),
(60, '2009-08-03 17:30:53', 'Konfiguration SMTP_AUTH = true', 4987),
(61, '2009-08-03 17:31:21', 'Konfiguration CONTACT_US_EMAIL_ADDRESS = knud@yes4trade.de', 4987),
(62, '2009-08-03 17:31:36', 'Konfiguration CONTACT_US_NAME = Kndusens Homeware', 4987),
(63, '2009-08-03 17:31:49', 'Konfiguration CONTACT_US_REPLY_ADDRESS = knud@yes4trade.de', 4987),
(64, '2009-08-03 17:32:01', 'Konfiguration CONTACT_US_REPLY_ADDRESS_NAME = Kndusens Homeware', 4987),
(65, '2009-08-03 17:32:17', 'Konfiguration CONTACT_US_EMAIL_SUBJECT = Ihre Kontaktanfrage bei \"Knudsens Homeware\"', 4987),
(66, '2009-08-03 17:32:31', 'Konfiguration CONTACT_US_FORWARDING_STRING = knud@yes4trade.de', 4987),
(67, '2009-08-03 17:32:40', 'Konfiguration EMAIL_SUPPORT_ADDRESS = knud@yes4trade.de', 4987),
(68, '2009-08-03 17:32:48', 'Konfiguration EMAIL_SUPPORT_NAME = knud@yes4trade.de', 4987),
(69, '2009-08-03 17:32:57', 'Konfiguration EMAIL_SUPPORT_REPLY_ADDRESS = knud@yes4trade.de', 4987),
(70, '2009-08-03 17:33:11', 'Konfiguration EMAIL_SUPPORT_REPLY_ADDRESS_NAME = Kndusens Homeware', 4987),
(71, '2009-08-03 17:33:25', 'Konfiguration EMAIL_SUPPORT_SUBJECT = Knudsens Homeware - Supportanfrage', 4987),
(72, '2009-08-03 17:33:36', 'Konfiguration EMAIL_SUPPORT_FORWARDING_STRING = knud@yes4trade.de', 4987),
(73, '2009-08-03 17:33:46', 'Konfiguration EMAIL_BILLING_ADDRESS = knud@yes4trade.de', 4987),
(74, '2009-08-03 17:33:58', 'Konfiguration EMAIL_BILLING_NAME = Kndusens Homeware', 4987),
(75, '2009-08-03 17:34:08', 'Konfiguration EMAIL_BILLING_REPLY_ADDRESS = knud@yes4trade.de', 4987),
(76, '2009-08-03 17:34:20', 'Konfiguration EMAIL_BILLING_REPLY_ADDRESS_NAME = Kndusens Homeware', 4987),
(77, '2009-08-03 17:34:36', 'Konfiguration EMAIL_BILLING_SUBJECT = Rechnung - Knudsens Homeware', 4987),
(78, '2009-08-03 17:34:48', 'Konfiguration EMAIL_BILLING_FORWARDING_STRING = knud@yes4trade.de', 4987),
(79, '2009-08-03 17:36:07', 'Konfiguration EBAY_USER = hopsderwalfisch', 4987),
(80, '2009-08-03 17:36:41', 'Konfiguration EBAY_SKYPE_ENABLED = false', 4987),
(81, '2009-08-03 17:37:08', 'Konfiguration EBAY_REVISE_AUTOMATIC = to_qty', 4987),
(82, '2009-08-03 17:37:09', 'Konfiguration EBAY_REVISE_AUTOMATIC = to_qty', 4987),
(83, '2009-08-04 10:12:26', 'Konfiguration CURRENT_TEMPLATE = xtc2', 4987),
(84, '2009-08-04 10:12:43', 'Konfiguration CURRENT_TEMPLATE = xtc2-neu', 4987),
(85, '2009-08-04 10:13:44', 'Konfiguration CURRENT_TEMPLATE = xtc2-neu-copy', 4987),
(86, '2009-08-04 10:14:12', 'Konfiguration SHOW_STARTPAGE_CONTENT_MATRIX_COLS = 2', 4987),
(87, '2009-08-04 10:29:24', 'Konfiguration STOCK_ALLOW_CHECKOUT = true', 4987),
(88, '2009-08-04 10:38:12', 'Konfiguration EMAIL_FROM = Knudsens Homeware', 4987),
(89, '2009-08-04 10:38:48', 'Konfiguration STORE_OWNER_EMAIL_ADDRESS = knud@yes4trade.de', 4987),
(90, '2009-08-04 10:40:58', 'Konfiguration STORE_NAME_ADDRESS = \"Knudsens Homeware\"<br>Knud Knudsen<br>Hauptstr. 13<br>20000 Hamburg<br>Tel: +49 (0) 40 123  456<br>Fax: +49 (0) 40 123 4574<br>Email: knud@yes4trade.de', 4987),
(91, '2009-08-04 10:59:59', 'Konfiguration CURRENT_TEMPLATE = xtc2-neu', 4987),
(92, '2009-10-20 15:04:55', 'Konfiguration CURRENT_TEMPLATE = xtc2-adinto', 4987),
(93, '2009-10-20 15:05:17', 'Konfiguration CURRENT_TEMPLATE = xtc2-copy', 4987),
(94, '2009-10-20 15:05:27', 'Konfiguration CURRENT_TEMPLATE = xtc2', 4987),
(95, '2009-10-20 15:05:38', 'Konfiguration CURRENT_TEMPLATE = xtc2-neu-copy', 4987),
(96, '2009-10-20 15:05:48', 'Konfiguration CURRENT_TEMPLATE = xtc2-neu', 4987),
(97, '2009-10-20 16:11:11', 'Konfiguration CURRENT_TEMPLATE = xtc2-adinto', 4987),
(98, '2009-11-08 19:06:40', 'Konfiguration CURRENT_TEMPLATE = skill', 4987),
(99, '2009-11-09 18:15:15', 'Konfiguration SHOW_STARTPAGE_CONTENT_MATRIX_COLS = 1', 4987),
(100, '2009-11-12 10:55:22', 'Konfiguration CURRENT_TEMPLATE = xtc2-standard-classic', 4987),
(101, '2009-11-12 10:55:35', 'Konfiguration CURRENT_TEMPLATE = runner', 4987),
(102, '2009-11-12 17:25:48', 'Konfiguration SHOW_STARTPAGE_CONTENT_MATRIX_COLS = 4', 4987),
(103, '2009-11-13 07:04:23', 'Konfiguration SHOW_STARTPAGE_CONTENT_MATRIX_ROWS = 3', 4987),
(104, '2009-11-13 07:47:31', 'Konfiguration PRODUCT_IMAGE_THUMBNAIL_WIDTH = 145', 4987),
(105, '2009-11-13 07:47:42', 'Konfiguration PRODUCT_IMAGE_THUMBNAIL_HEIGHT = 120', 4987),
(106, '2009-11-13 07:48:03', 'Konfiguration PRODUCT_IMAGE_THUMBNAIL_HEIGHT = ', 4987),
(107, '2009-11-13 07:48:25', 'Konfiguration PRODUCT_IMAGE_THUMBNAIL_WIDTH = 200', 4987),
(108, '2009-11-13 07:48:37', 'Konfiguration PRODUCT_IMAGE_INFO_HEIGHT = ', 4987),
(109, '2009-11-13 07:48:46', 'Konfiguration PRODUCT_IMAGE_POPUP_HEIGHT = ', 4987),
(110, '2009-11-17 21:39:13', 'Konfiguration CURRENT_TEMPLATE = XTC-Design_0047', 4987),
(111, '2009-11-17 21:57:06', 'Konfiguration CURRENT_TEMPLATE = runner', 4987),
(112, '2009-11-17 22:00:21', 'Konfiguration CURRENT_TEMPLATE = XTC-Design_0047', 4987),
(113, '2009-11-17 22:19:58', 'Konfiguration MAX_DISPLAY_NEW_PRODUCTS_DAYS = 1000', 4987),
(114, '2009-11-17 22:21:49', 'Konfiguration SHOW_STARTPAGE_CONTENT_MATRIX_COLS = 2', 4987),
(115, '2009-11-17 22:22:00', 'Konfiguration SHOW_STARTPAGE_CONTENT_MATRIX_ROWS = 2', 4987),
(116, '2009-11-17 22:22:21', 'Konfiguration GOOGLE_ANALYTICS_ID = ', 4987),
(117, '2009-11-17 22:24:10', 'Konfiguration SHOW_STARTPAGE_CONTENT = 1', 4987),
(118, '2009-11-17 22:30:15', 'Konfiguration SHOW_STARTPAGE_CONTENT_MATRIX_ROWS = 4', 4987),
(119, '2009-11-18 08:56:24', 'Konfiguration CURRENT_TEMPLATE = runner', 4987),
(120, '2009-11-19 16:22:22', 'Konfiguration CURRENT_TEMPLATE = skill', 4987),
(121, '2009-11-21 17:04:33', 'Konfiguration CURRENT_TEMPLATE = runner', 4987),
(122, '2009-11-21 17:05:04', 'Konfiguration SHOW_STARTPAGE_CONTENT_MATRIX_COLS = 4', 4987),
(123, '2009-11-21 17:07:07', 'Konfiguration SHOW_STARTPAGE_CONTENT = 0', 4987),
(124, '2009-11-25 09:58:08', 'Konfiguration CURRENT_TEMPLATE = XTC-Design_0047_CSS', 4987),
(125, '2009-11-25 12:26:12', 'Konfiguration SHOW_STARTPAGE_CONTENT = 1', 4987),
(126, '2009-11-27 13:07:21', 'Konfiguration LIGHTBOX_ACTIVE = True', 1),
(127, '2009-12-15 20:39:24', 'Konfiguration CURRENT_TEMPLATE = noble', 4987),
(128, '2009-12-21 10:39:15', 'Konfiguration SHOW_STARTPAGE_CONTENT_MATRIX_COLS = 2', 4987),
(129, '2009-12-21 10:39:30', 'Konfiguration SHOW_STARTPAGE_CONTENT = 0', 4987),
(130, '2010-01-13 22:09:46', 'Konfiguration CURRENT_TEMPLATE = booksecret', 4987),
(131, '2010-01-14 14:25:38', 'Konfiguration SHOW_STARTPAGE_CONTENT_MATRIX_COLS = 4', 4987),
(132, '2010-01-18 18:03:11', 'Konfiguration CURRENT_TEMPLATE = skill', 4987),
(133, '2010-01-18 18:03:47', 'Konfiguration CURRENT_TEMPLATE = xtc2-adinto', 4987),
(134, '2010-01-18 18:04:06', 'Konfiguration CURRENT_TEMPLATE = skill', 4987),
(135, '2010-01-20 20:23:34', 'Konfiguration CURRENT_TEMPLATE = booksecret', 1),
(136, '2010-01-20 20:47:56', 'Konfiguration CURRENT_TEMPLATE = skill', 1),
(137, '2010-01-21 13:28:16', 'Konfiguration CURRENT_TEMPLATE = noble', 4987),
(138, '2010-01-22 11:05:21', 'Konfiguration CURRENT_TEMPLATE = xtc2-standard-classic', 4987),
(139, '2010-01-22 11:05:36', 'Konfiguration CURRENT_TEMPLATE = xtc2-neu', 4987),
(140, '2010-01-22 11:06:04', 'Konfiguration CURRENT_TEMPLATE = skill', 4987),
(141, '2010-01-22 17:52:07', 'Konfiguration CURRENT_TEMPLATE = booksecret', 4987),
(142, '2010-01-27 19:00:55', 'Konfiguration SHOW_STARTPAGE_CONTENT_MATRIX_COLS = 3', 4987),
(143, '2010-02-17 16:52:14', 'Konfiguration CURRENT_TEMPLATE = skill', 4987),
(144, '2010-03-10 02:41:20', 'Konfiguration CURRENT_TEMPLATE = YAML-xtc-1.7.1', 4987),
(145, '2010-03-10 02:41:49', 'Konfiguration CURRENT_TEMPLATE = xtc2', 4987),
(146, '2010-03-10 02:42:06', 'Konfiguration CURRENT_TEMPLATE = xtc2-neu', 4987),
(147, '2010-03-15 13:51:01', 'Konfiguration CURRENT_TEMPLATE = skill', 4987),
(148, '2010-03-15 13:51:54', 'Konfiguration CURRENT_TEMPLATE = xtc2-neu', 4987),
(149, '2010-03-15 13:52:04', 'Konfiguration CURRENT_TEMPLATE = xtc2', 4987),
(150, '2010-03-15 15:02:15', 'Konfiguration CURRENT_TEMPLATE = blue_world', 4987),
(151, '2010-03-15 15:23:59', 'Konfiguration CURRENT_TEMPLATE = xtc2-neu', 4987),
(152, '2010-03-15 15:24:08', 'Konfiguration CURRENT_TEMPLATE = xtc2', 4987),
(153, '2010-03-15 16:24:23', 'Konfiguration CURRENT_TEMPLATE = blue_world', 4987),
(154, '2010-03-18 17:30:07', 'Konfiguration EBAY_DESCRIPTION_SOURCE = 0', 4987),
(155, '2010-03-20 02:17:21', 'Kundengruppen Konfiguration test:<br />customers_status_name = test<br />customers_status_public = 0<br />customers_status_show_price = 1<br />customers_status_show_price_tax = 1<br />customers_status_discount = 95<br />customers_status_ot_discount_flag = 0<br />customers_status_ot_discount = <br />customers_status_graduated_prices = 0<br />customers_status_add_tax_ot = 0<br />customers_status_payment_unallowed = <br />customers_status_shipping_unallowed = <br />customers_status_payment_target = 0<br />customers_status_skonto = <br />customers_status_default_admin_paymentmethod = <br />customers_status_delivery_conditions = <br />export_note_text = <br />export_note = 0<br />customers_fsk18 = 0<br />customers_fsk18_display = 0<br />customers_status_discount_attributes = 0<br />customers_status_id = 7<br />language_id = 2<br />', 4988),
(156, '2010-03-20 02:35:49', 'Kundengruppen Konfiguration test:<br />customers_status_name = test<br />customers_status_public = 0<br />customers_status_show_price = 1<br />customers_status_show_price_tax = 1<br />customers_status_discount = 95.00<br />customers_status_ot_discount_flag = 0<br />customers_status_ot_discount = 0.00<br />customers_status_graduated_prices = 0<br />customers_status_add_tax_ot = 0<br />customers_status_payment_unallowed = invoice<br />customers_status_shipping_unallowed = <br />customers_status_payment_target = 0<br />customers_status_skonto = <br />customers_status_default_admin_paymentmethod = <br />customers_status_delivery_conditions = <br />export_note_text = <br />export_note = 0<br />customers_fsk18 = 0<br />customers_fsk18_display = 0<br />customers_status_discount_attributes = <br />', 4988),
(157, '2010-03-22 13:39:14', 'Kundengruppen Konfiguration test:<br />customers_status_name = test<br />customers_status_public = 1<br />customers_status_show_price = 1<br />customers_status_show_price_tax = 1<br />customers_status_discount = 95.00<br />customers_status_ot_discount_flag = 0<br />customers_status_ot_discount = 0.00<br />customers_status_graduated_prices = 0<br />customers_status_add_tax_ot = 0<br />customers_status_payment_unallowed = invoice<br />customers_status_shipping_unallowed = <br />customers_status_payment_target = 0<br />customers_status_skonto = <br />customers_status_default_admin_paymentmethod = <br />customers_status_delivery_conditions = <br />export_note_text = <br />export_note = 0<br />customers_fsk18 = 0<br />customers_fsk18_display = 0<br />customers_status_discount_attributes = <br />', 4988),
(158, '2010-03-22 14:04:40', 'Kundengruppen Konfiguration TestKundengruppe:<br />customers_status_name = TestKundengruppe<br />customers_status_public = 1<br />customers_status_show_price = 1<br />customers_status_show_price_tax = 1<br />customers_status_discount = 95.00<br />customers_status_ot_discount_flag = 0<br />customers_status_ot_discount = 0.00<br />customers_status_graduated_prices = 0<br />customers_status_add_tax_ot = 0<br />customers_status_payment_unallowed = invoice<br />customers_status_shipping_unallowed = <br />customers_status_payment_target = 21<br />customers_status_skonto = <br />customers_status_default_admin_paymentmethod = <br />customers_status_delivery_conditions = <br />export_note_text = <br />export_note = 0<br />customers_fsk18 = 0<br />customers_fsk18_display = 0<br />customers_status_discount_attributes = <br />', 4988),
(159, '2010-03-22 14:07:24', 'Kundengruppen Konfiguration TestKundengruppe:<br />customers_status_name = TestKundengruppe<br />customers_status_public = 0<br />customers_status_show_price = 1<br />customers_status_show_price_tax = 1<br />customers_status_discount = 95.00<br />customers_status_ot_discount_flag = 0<br />customers_status_ot_discount = 0.00<br />customers_status_graduated_prices = 0<br />customers_status_add_tax_ot = 0<br />customers_status_payment_unallowed = invoice<br />customers_status_shipping_unallowed = <br />customers_status_payment_target = 21<br />customers_status_skonto = <br />customers_status_default_admin_paymentmethod = <br />customers_status_delivery_conditions = <br />export_note_text = <br />export_note = 0<br />customers_fsk18 = 0<br />customers_fsk18_display = 0<br />customers_status_discount_attributes = <br />', 4988),
(160, '2010-03-22 14:07:38', 'Kundengruppen Konfiguration Gast:<br />customers_status_name = Gast<br />customers_status_public = 0<br />customers_status_show_price = 1<br />customers_status_show_price_tax = 1<br />customers_status_discount = 0.00<br />customers_status_ot_discount_flag = 0<br />customers_status_ot_discount = 0.00<br />customers_status_graduated_prices = 0<br />customers_status_add_tax_ot = 0<br />customers_status_payment_unallowed = invoice<br />customers_status_shipping_unallowed = <br />customers_status_payment_target = 0<br />customers_status_skonto = <br />customers_status_default_admin_paymentmethod = <br />customers_status_delivery_conditions = <br />export_note_text = <br />export_note = 0<br />customers_fsk18 = 1<br />customers_fsk18_display = 1<br />customers_status_discount_attributes = <br />', 4988),
(161, '2010-03-22 14:10:15', 'Kundengruppen Konfiguration TestKundengruppe:<br />customers_status_name = TestKundengruppe<br />customers_status_public = 0<br />customers_status_show_price = 1<br />customers_status_show_price_tax = 1<br />customers_status_discount = 50.00<br />customers_status_ot_discount_flag = 0<br />customers_status_ot_discount = 0.00<br />customers_status_graduated_prices = 0<br />customers_status_add_tax_ot = 0<br />customers_status_payment_unallowed = invoice<br />customers_status_shipping_unallowed = <br />customers_status_payment_target = 21<br />customers_status_skonto = <br />customers_status_default_admin_paymentmethod = <br />customers_status_delivery_conditions = <br />export_note_text = <br />export_note = 0<br />customers_fsk18 = 0<br />customers_fsk18_display = 0<br />customers_status_discount_attributes = <br />', 4988),
(162, '2010-03-25 19:18:35', 'Konfiguration STORE_OWNER_EMAIL_ADDRESS = k.knudsen@yes4trade.de', 4987),
(163, '2010-03-25 19:20:50', 'Konfiguration SMTP_USERNAME = k.knudsen@yes4trade.de', 4987),
(164, '2010-03-25 19:20:58', 'Konfiguration SMTP_PASSWORD = ', 4987),
(165, '2010-03-25 19:21:15', 'Konfiguration CONTACT_US_EMAIL_ADDRESS = k.knudsen@yes4trade.de', 4987),
(166, '2010-03-25 19:21:22', 'Konfiguration CONTACT_US_REPLY_ADDRESS = k.knudsen@yes4trade.de', 4987),
(167, '2010-03-25 19:21:34', 'Konfiguration CONTACT_US_FORWARDING_STRING = k.knudsen@yes4trade.de', 4987),
(168, '2010-03-25 19:21:41', 'Konfiguration EMAIL_SUPPORT_ADDRESS = k.knudsen@yes4trade.de', 4987),
(169, '2010-03-25 19:21:48', 'Konfiguration EMAIL_SUPPORT_NAME = k.knudsen@yes4trade.de', 4987),
(170, '2010-03-25 19:21:55', 'Konfiguration EMAIL_SUPPORT_REPLY_ADDRESS = k.knudsen@yes4trade.de', 4987),
(171, '2010-03-25 19:22:11', 'Konfiguration EMAIL_SUPPORT_FORWARDING_STRING = k.knudsen@yes4trade.de', 4987),
(172, '2010-03-25 19:22:19', 'Konfiguration EMAIL_BILLING_ADDRESS = k.knudsen@yes4trade.de', 4987),
(173, '2010-03-25 19:22:35', 'Konfiguration EMAIL_BILLING_REPLY_ADDRESS = k.knudsen@yes4trade.de', 4987),
(174, '2010-03-25 19:22:45', 'Konfiguration EMAIL_BILLING_FORWARDING_STRING = k.knudsen@yes4trade.de', 4987),
(175, '2010-03-25 19:24:15', 'Konfiguration EBAY_USERLOGINURL = http://MEINE-DOMAIN.DE/ebay_account_edit.php', 4987),
(176, '2010-03-25 19:25:10', 'Konfiguration EBAY_USER = ', 4987),
(177, '2010-03-25 19:25:39', 'Konfiguration EBAY_PICPATH_WEBSERVER = http://MEINE-DOMAIN.DE/images/product_images/popup_images/', 4987),
(178, '2010-03-29 22:06:48', 'Konfiguration CURRENT_TEMPLATE = xtc2', 1),
(179, '2010-03-29 22:12:18', 'Konfiguration STORE_OWNER = Der Shop', 1),
(180, '2010-03-29 22:12:26', 'Konfiguration EMAIL_FROM = Der Shop', 1),
(181, '2010-03-29 22:12:37', 'Konfiguration STORE_NAME = Der Shop', 1),
(182, '2010-03-29 22:12:47', 'Konfiguration MODULE_PAYMENT_MONEYORDER_PAYTO = Der Shop | Hamburger Bank, BLZ.: 20050500 - Kto: 123456789 - IBAN:   DE123456789012345678890 - BIC: HASPDEHH XXX', 1),
(183, '2010-03-29 22:12:56', 'Konfiguration STORE_OWNER_EMAIL_ADDRESS = der-shop@yes4trade.de', 1),
(184, '2010-03-29 22:13:19', 'Konfiguration STORE_WRAP = \"Der Shop\" - Der Shop - Haupstr. 13 / 20000 Hamburg', 1),
(185, '2010-03-29 22:13:31', 'Konfiguration BANK_WRAP = Der Shop<br>Hamburger Bank<br>Blz.: 20050500<br>Ktn.: 123456789<br>IBAN: DE121234567890123456789026<br>SWIFT/BIC: HASPDEHH XXX', 1),
(186, '2010-03-29 22:14:08', 'Konfiguration STORE_NAME_ADDRESS = \"Der Shop\"<br>Der Shop<br>Hauptstr. 13<br>20000 Hamburg<br>Tel: +49 (0) 40 123  456<br>Fax: +49 (0) 40 123 4574<br>Email: der-shop@yes4trade.de<br>USt.-ID: DE123456789', 1),
(187, '2010-03-29 22:14:18', 'Konfiguration SHOP_COMPANY_NAME = Der Shop', 1),
(188, '2010-03-29 22:14:36', 'Konfiguration SMTP_MAIN_SERVER = ', 1),
(189, '2010-03-29 22:14:43', 'Konfiguration SMTP_USERNAME = ', 1),
(190, '2010-03-29 22:15:00', 'Konfiguration CONTACT_US_EMAIL_ADDRESS = der-shop@yes4trade.de', 1),
(191, '2010-03-29 22:15:09', 'Konfiguration CONTACT_US_NAME = Der Shop', 1),
(192, '2010-03-29 22:15:17', 'Konfiguration CONTACT_US_REPLY_ADDRESS = der-shop@yes4trade.de', 1),
(193, '2010-03-29 22:15:25', 'Konfiguration CONTACT_US_REPLY_ADDRESS_NAME = Der Shop', 1),
(194, '2010-03-29 22:15:40', 'Konfiguration CONTACT_US_EMAIL_SUBJECT = Ihre Kontaktanfrage bei \"Der Shop\"', 1),
(195, '2010-03-29 22:15:48', 'Konfiguration CONTACT_US_FORWARDING_STRING = der-shop@yes4trade.de', 1),
(196, '2010-03-29 22:15:57', 'Konfiguration EMAIL_SUPPORT_ADDRESS = der-shop@yes4trade.de', 1),
(197, '2010-03-29 22:16:06', 'Konfiguration EMAIL_SUPPORT_NAME = der-shop@yes4trade.de', 1),
(198, '2010-03-29 22:16:14', 'Konfiguration EMAIL_SUPPORT_REPLY_ADDRESS = der-shop@yes4trade.de', 1),
(199, '2010-03-29 22:16:23', 'Konfiguration EMAIL_SUPPORT_REPLY_ADDRESS_NAME = Der Shop', 1),
(200, '2010-03-29 22:16:45', 'Konfiguration EMAIL_SUPPORT_SUBJECT = Herzlich Willkomen bei \"Der Shop\"', 1),
(201, '2010-03-29 22:16:58', 'Konfiguration EMAIL_SUPPORT_FORWARDING_STRING = der-shop@yes4trade.de', 1),
(202, '2010-03-29 22:17:06', 'Konfiguration EMAIL_BILLING_ADDRESS = der-shop@yes4trade.de', 1),
(203, '2010-03-29 22:17:17', 'Konfiguration EMAIL_BILLING_NAME = Der Shop', 1),
(204, '2010-03-29 22:17:26', 'Konfiguration EMAIL_BILLING_REPLY_ADDRESS = der-shop@yes4trade.de', 1),
(205, '2010-03-29 22:17:34', 'Konfiguration EMAIL_BILLING_REPLY_ADDRESS_NAME = Der Shop', 1),
(206, '2010-03-29 22:17:49', 'Konfiguration EMAIL_BILLING_SUBJECT = Ihr Auftrag bei \"Der Shop\"', 1),
(207, '2010-03-29 22:18:05', 'Konfiguration EMAIL_BILLING_FORWARDING_STRING = aus-dem-shop@yes4trade.de', 1),
(208, '2010-03-29 22:18:15', 'Konfiguration EMAIL_BILLING_FORWARDING_STRING = shop-bestellung@yes4trade.de', 1),
(209, '2010-03-29 22:19:00', 'Konfiguration PAYPAL_ORDER_STATUS_PENDING_ID = 2', 1),
(210, '2010-03-29 22:19:09', 'Konfiguration PAYPAL_ORDER_STATUS_SUCCESS_ID = 1', 1),
(211, '2010-03-29 23:24:26', 'Konfiguration EBAY_XSELL_DAYSPAN = 3', 1),
(212, '2010-03-29 23:25:08', 'Konfiguration EBAY_SHIPTOLOCATIONS = DE', 1),
(213, '2010-03-29 23:25:48', 'Konfiguration CACHE_LIFETIME = 7200', 1),
(214, '2010-03-29 23:26:04', 'Konfiguration DB_CACHE_EXPIRE = 7200', 1),
(215, '2010-03-29 23:26:23', 'Konfiguration PRODUCT_REVIEWS_VIEW = 0', 1),
(216, '2010-05-31 12:56:54', 'Konfiguration CURRENT_TEMPLATE = xtc2-newart-blau', 1),
(217, '2010-05-31 12:57:14', 'Konfiguration CURRENT_TEMPLATE = xtc2-newart-gruen', 1),
(218, '2010-05-31 12:57:24', 'Konfiguration CURRENT_TEMPLATE = YES4trade', 1),
(219, '2010-05-31 13:48:45', 'Konfiguration CURRENT_TEMPLATE = xtc', 1),
(220, '2010-05-31 13:49:10', 'Konfiguration CURRENT_TEMPLATE = xtc-border', 1),
(221, '2010-05-31 14:10:28', 'Konfiguration CURRENT_TEMPLATE = xtc-standard-grau', 1),
(222, '2010-05-31 14:10:52', 'Konfiguration CURRENT_TEMPLATE = xtc-standard-braun', 1),
(223, '2010-05-31 14:11:17', 'Konfiguration CURRENT_TEMPLATE = xtc-newart-blau', 1),
(224, '2010-05-31 14:12:00', 'Konfiguration CURRENT_TEMPLATE = xtc-newart-gruen', 1),
(225, '2010-09-13 21:33:46', 'Kundengruppen Konfiguration NETTO - NICHT EU:<br />customers_status_name = NETTO - NICHT EU<br />customers_status_public = 0<br />customers_status_show_price = 1<br />customers_status_show_price_tax = 0<br />customers_status_discount = 0.00<br />customers_status_ot_discount_flag = 0<br />customers_status_ot_discount = 0.00<br />customers_status_graduated_prices = 0<br />customers_status_add_tax_ot = 0<br />customers_status_payment_unallowed = invoice<br />customers_status_shipping_unallowed = <br />customers_status_payment_target = 0<br />customers_status_skonto = <br />customers_status_default_admin_paymentmethod = <br />customers_status_delivery_conditions = <br />export_note_text = Steuerfreie Ausfuhrlieferung gem. Ã‚Â§ 4 Nr. 1a des Umsatzsteuergesetzes<br />export_note = 1<br />customers_fsk18 = 1<br />customers_fsk18_display = 1<br />customers_status_discount_attributes = <br />', 1),
(226, '2010-10-18 14:55:08', 'Konfiguration ACCOUNT_COMPANY_VAT_CHECK = false', 1),
(227, '2010-10-18 14:55:08', 'Konfiguration ACCOUNT_COMPANY_VAT_CHECK = false', 1),
(228, '2010-10-18 14:55:14', 'Konfiguration ACCOUNT_COMPANY_VAT_LIVE_CHECK = false', 1),
(229, '2010-10-18 14:55:18', 'Konfiguration ACCOUNT_COMPANY_VAT_GROUP = false', 1),
(230, '2010-10-18 14:55:22', 'Konfiguration ACCOUNT_VAT_BLOCK_ERROR = false', 1),
(231, '2010-10-27 15:17:54', 'Konfiguration CURRENT_TEMPLATE = YES4trade', 1),
(232, '2010-10-27 15:19:53', 'Konfiguration CURRENT_TEMPLATE = YES4trade_1', 1),
(233, '2010-10-27 15:20:36', 'Konfiguration CURRENT_TEMPLATE = YES4trade_2', 1),
(234, '2010-10-27 15:22:31', 'Konfiguration CURRENT_TEMPLATE = YES4trade_1', 1),
(235, '2010-11-24 22:39:03', 'Konfiguration SHIPPING_DEFAULT_VERSENDER_VALUE = GLS', 1),
(236, '2010-11-24 22:39:35', 'Konfiguration KAUFABWICKLUNG_COMBINE_ACTIVE = True', 1),
(237, '2010-11-24 22:39:54', 'Konfiguration EBAYAPI_HIGHBIDDER_DURATION = 5', 1),
(238, '2010-11-24 22:47:04', 'Kundengruppen Konfiguration Gewerbe - EU:<br />customers_status_name = Gewerbe - EU<br />customers_status_public = 0<br />customers_status_show_price = 1<br />customers_status_show_price_tax = 0<br />customers_status_discount = 0.00<br />customers_status_ot_discount_flag = 0<br />customers_status_ot_discount = 0.00<br />customers_status_graduated_prices = 0<br />customers_status_add_tax_ot = 0<br />customers_status_payment_unallowed = invoice<br />customers_status_shipping_unallowed = <br />customers_status_payment_target = 0<br />customers_status_skonto = <br />customers_status_default_admin_paymentmethod = <br />customers_status_delivery_conditions = <br />export_note_text = Dieser Umsatz ist nach § 4 Nr. 1b UStG umsatzsteuerfrei<br />export_note = 1<br />customers_fsk18 = 1<br />customers_fsk18_display = 1<br />customers_status_discount_attributes = <br />', 1),
(239, '2010-11-24 22:47:16', 'Kundengruppen Konfiguration NETTO - NICHT EU:<br />customers_status_name = NETTO - NICHT EU<br />customers_status_public = 0<br />customers_status_show_price = 1<br />customers_status_show_price_tax = 0<br />customers_status_discount = 0.00<br />customers_status_ot_discount_flag = 0<br />customers_status_ot_discount = 0.00<br />customers_status_graduated_prices = 0<br />customers_status_add_tax_ot = 0<br />customers_status_payment_unallowed = invoice<br />customers_status_shipping_unallowed = <br />customers_status_payment_target = 0<br />customers_status_skonto = <br />customers_status_default_admin_paymentmethod = <br />customers_status_delivery_conditions = <br />export_note_text = Steuerfreie Ausfuhrlieferung gem. § 4 Nr. 1a des Umsatzsteuergesetzes<br />export_note = 1<br />customers_fsk18 = 1<br />customers_fsk18_display = 1<br />customers_status_discount_attributes = <br />', 1),
(240, '2010-12-06 03:01:15', 'Konfiguration PRODUCT_IMAGE_EBAYCATEGORY_BEVEL = ', 1),
(241, '2010-12-06 03:01:29', 'Konfiguration IMAGE_QUALITY = 100', 1),
(242, '2010-12-16 15:35:41', 'Kundengruppen Konfiguration TestKundengruppe:<br />customers_status_name = TestKundengruppe<br />customers_status_public = 0<br />customers_status_show_price = 1<br />customers_status_show_price_tax = 1<br />customers_status_discount = 10.00<br />customers_status_ot_discount_flag = 0<br />customers_status_ot_discount = 0.00<br />customers_status_graduated_prices = 0<br />customers_status_add_tax_ot = 0<br />customers_status_payment_unallowed = invoice<br />customers_status_shipping_unallowed = <br />customers_status_payment_target = 21<br />customers_status_skonto = <br />customers_status_default_admin_paymentmethod = <br />customers_status_delivery_conditions = <br />export_note_text = <br />export_note = 0<br />customers_fsk18 = 0<br />customers_fsk18_display = 0<br />customers_status_discount_attributes = <br />', 1),
(243, '2010-12-16 15:58:01', 'Konfiguration SHOW_PRODUCTS_IN_ACCOUNT_HISTORY_INFO = True', 1),
(244, '2010-12-20 12:16:30', 'Konfiguration CURRENT_TEMPLATE = YES4trade', 1),
(245, '2011-01-17 21:50:24', 'Konfiguration CURRENT_TEMPLATE = YES4trade_1', 1),
(246, '2011-01-20 14:51:42', 'Konfiguration CURRENT_TEMPLATE = YES4trade_2', 1),
(247, '2011-01-20 14:51:59', 'Konfiguration CURRENT_TEMPLATE = YES4trade', 1),
(248, '2011-01-20 14:52:20', 'Konfiguration CURRENT_TEMPLATE = YES4trade_1', 1),
(249, '2011-01-20 15:16:26', 'Konfiguration CURRENT_TEMPLATE = YES4trade', 1),
(250, '2011-01-20 15:16:40', 'Konfiguration CURRENT_TEMPLATE = YES4trade_1', 1),
(251, '2011-03-10 18:43:08', 'Konfiguration EMAIL_TRANSPORT = sendmail', 1),
(252, '2011-03-10 18:43:19', 'Konfiguration SMTP_AUTH = false', 1),
(253, '2011-03-10 19:15:17', 'Konfiguration EMAIL_TRANSPORT = smtp', 1),
(254, '2011-03-10 19:15:33', 'Konfiguration SMTP_MAIN_SERVER = smtp.yes4trade.de', 1),
(255, '2011-03-11 19:31:15', 'Konfiguration CHECK_CLIENT_AGENT = true', 1),
(256, '2011-04-14 17:43:34', 'Konfiguration ORDERS_EDIT_PRODUCTS_PRESELECT_PID = false', 1),
(257, '2011-04-14 17:44:27', 'Konfiguration SHOP_COMPANY_SUBURB = NUR FÜR EINKAUF WICHTIG', 1),
(258, '2011-04-14 17:44:42', 'Konfiguration SHOP_COMPANY_POSTCODE = NUR IM TARIF EINKAUF WICHTIG', 1),
(259, '2011-04-14 17:44:49', 'Konfiguration SHOP_COMPANY_CITY = NUR IM TARIF EINKAUF WICHTIG', 1),
(260, '2011-04-14 17:44:57', 'Konfiguration SHOP_COMPANY_SUBURB = NUR IM TARIF EINKAUF WICHTIG', 1),
(261, '2011-04-14 17:45:08', 'Konfiguration SHOP_COMPANY_STREET = NUR IM TARIF EINKAUF WICHTIG', 1),
(262, '2011-04-14 17:45:15', 'Konfiguration SHOP_COMPANY_NAME = NUR IM TARIF EINKAUF WICHTIG', 1),
(263, '2011-04-14 17:46:05', 'Konfiguration MO_PICS = 5', 1),
(264, '2011-04-14 17:46:18', 'Konfiguration PRODUCT_IMAGE_THUMBNAIL_HEIGHT = 200', 1),
(265, '2011-04-14 17:46:26', 'Konfiguration PRODUCT_IMAGE_INFO_WIDTH = 400', 1),
(266, '2011-04-14 17:46:34', 'Konfiguration PRODUCT_IMAGE_INFO_HEIGHT = 400', 1),
(267, '2011-04-14 17:46:41', 'Konfiguration PRODUCT_IMAGE_POPUP_WIDTH = 600', 1),
(268, '2011-04-14 17:46:47', 'Konfiguration PRODUCT_IMAGE_POPUP_HEIGHT = 600', 1),
(269, '2011-04-14 17:46:59', 'Konfiguration PRODUCT_IMAGE_EBAYCATEGORY_WIDTH = 400', 1),
(270, '2011-04-14 17:47:06', 'Konfiguration PRODUCT_IMAGE_EBAYCATEGORY_HEIGHT = 400', 1),
(271, '2011-04-14 17:48:31', 'Konfiguration PRODUCT_IMAGE_EBAYCATEGORY_BEVEL = 6,0000FF,000066', 1),
(272, '2011-04-14 17:49:11', 'Konfiguration PDF_ORDER_EXPORT_AT_SHIPPING_ACTION = True', 1),
(273, '2011-04-14 17:49:25', 'Konfiguration PDF_PACKINGSLIP_EXPORT_AT_SHIPPING_ACTION = True', 1),
(274, '2011-04-14 17:49:32', 'Konfiguration PDF_RECLAMATION_EXPORT_AT_SHIPPING_ACTION = True', 1),
(275, '2011-04-14 17:49:40', 'Konfiguration PDF_PRODUCTS_EXPORT_AT_SHIPPING_ACTION = True', 1),
(276, '2011-04-14 17:49:54', 'Konfiguration SHIPPING_ACTION_EASYLOG_RUECKSCHEIN = false', 1),
(277, '2011-04-14 17:50:34', 'Konfiguration EMAIL_TRANSPORT = sendmail', 1),
(278, '2011-04-14 17:50:58', 'Konfiguration PDF_TEASER_IN_ORDERS = true', 1),
(279, '2011-04-14 17:51:04', 'Konfiguration PDF_TEASER_IN_OC = true', 1),
(280, '2011-04-14 17:51:11', 'Konfiguration PDF_TEASER_IN_OFFERS = true', 1),
(281, '2011-04-14 17:51:46', 'Konfiguration META_REPLY_TO = info@yes4trade.de', 1),
(282, '2011-04-14 17:52:04', 'Konfiguration META_REPLY_TO = info@yes4shop.de', 1),
(283, '2011-04-14 18:39:18', 'Konfiguration WARNING_AUTOMATIC = 0', 1),
(284, '2011-04-14 18:40:12', 'Kundengruppen Konfiguration AMAZON:<br />customers_status_name = AMAZON<br />customers_status_public = 0<br />customers_status_show_price = 0<br />customers_status_show_price_tax = 1<br />customers_status_discount = <br />customers_status_ot_discount_flag = 0<br />customers_status_ot_discount = <br />customers_status_graduated_prices = 0<br />customers_status_add_tax_ot = 1<br />customers_status_payment_unallowed = <br />customers_status_shipping_unallowed = <br />customers_status_payment_target = 0<br />customers_status_skonto = <br />customers_status_default_admin_paymentmethod = <br />customers_status_delivery_conditions = <br />export_note_text = <br />export_note = 0<br />customers_fsk18 = 0<br />customers_fsk18_display = 0<br />customers_status_discount_attributes = 0<br />customers_status_id = 8<br />language_id = 2<br />', 1),
(285, '2011-04-14 18:40:49', 'Kundengruppen Konfiguration AMAZON:<br />customers_status_name = AMAZON<br />customers_status_public = 0<br />customers_status_show_price = 0<br />customers_status_show_price_tax = 1<br />customers_status_discount = 0.00<br />customers_status_ot_discount_flag = 0<br />customers_status_ot_discount = 0.00<br />customers_status_graduated_prices = 0<br />customers_status_add_tax_ot = 1<br />customers_status_payment_unallowed = <br />customers_status_shipping_unallowed = <br />customers_status_payment_target = 90<br />customers_status_skonto = <br />customers_status_default_admin_paymentmethod = <br />customers_status_delivery_conditions = <br />export_note_text = <br />export_note = 0<br />customers_fsk18 = 0<br />customers_fsk18_display = 0<br />customers_status_discount_attributes = <br />', 1),
(286, '2011-04-14 22:46:27', 'Konfiguration CURRENT_TEMPLATE = YES4trade', 1),
(287, '2011-04-14 23:40:50', 'Kundengruppen Konfiguration Admin:<br />customers_status_name = Admin<br />customers_status_public = 0<br />customers_status_show_price = 1<br />customers_status_show_price_tax = 1<br />customers_status_discount = 0.00<br />customers_status_ot_discount_flag = 1<br />customers_status_ot_discount = 0.00<br />customers_status_graduated_prices = 1<br />customers_status_add_tax_ot = 1<br />customers_status_payment_unallowed = invoice<br />customers_status_shipping_unallowed = <br />customers_status_payment_target = 0<br />customers_status_skonto = <br />customers_status_default_admin_paymentmethod = <br />customers_status_delivery_conditions = <br />export_note_text = <br />export_note = 0<br />customers_fsk18 = 1<br />customers_fsk18_display = 1<br />customers_status_discount_attributes = <br />', 1),
(288, '2011-05-03 13:52:18', 'Konfiguration BARCODE_PACKINGSLIP_ACTIVE = True', 1),
(289, '2011-05-03 13:58:09', 'Kundengruppen Konfiguration Gewerbe - EU:<br />customers_status_name = Gewerbe - EU<br />customers_status_public = 0<br />customers_status_show_price = 1<br />customers_status_show_price_tax = 0<br />customers_status_discount = 0.00<br />customers_status_ot_discount_flag = 0<br />customers_status_ot_discount = 0.00<br />customers_status_graduated_prices = 0<br />customers_status_add_tax_ot = 0<br />customers_status_payment_unallowed = invoice<br />customers_status_shipping_unallowed = <br />customers_status_payment_target = 10<br />customers_status_skonto = 10:3;30:1.5<br />customers_status_default_admin_paymentmethod = <br />customers_status_delivery_conditions = <br />export_note_text = Dieser Umsatz ist nach § 4 Nr. 1b UStG umsatzsteuerfrei<br />export_note = 1<br />customers_fsk18 = 1<br />customers_fsk18_display = 1<br />customers_status_discount_attributes = <br />', 1),
(290, '2011-05-11 10:23:00', 'Konfiguration SHOW_GROUPS_IN_ADVANCED_SEARCH = True', 1),
(291, '2011-05-11 11:04:49', 'Konfiguration MAX_DISPLAY_MANUFACTURERS_IN_A_LIST = 3', 1),
(292, '2011-05-11 11:10:13', 'Konfiguration DELETE_GUEST_ACCOUNT = false', 1),
(293, '2011-05-11 11:36:37', 'Konfiguration PRODUCT_LIST_FILTER = 0', 1),
(294, '2011-05-11 11:38:17', 'Konfiguration PRODUCT_LIST_FILTER = 1', 1),
(295, '2011-05-11 11:53:16', 'Konfiguration GZIP_COMPRESSION = true', 1),
(296, '2011-05-11 11:54:42', 'Konfiguration SESSION_RECREATE = True', 1),
(297, '2011-05-11 11:54:56', 'Konfiguration SESSION_TIMEOUT_ADMIN = 14400', 1),
(298, '2011-05-11 12:09:46', 'Konfiguration EBAYID_FILTER_MONTH = 3', 1),
(299, '2011-05-11 15:43:11', 'Konfiguration QUICKLINK_ACTIVATED = false', 1),
(300, '2011-05-11 15:43:25', 'Konfiguration SHOW_IP_LOG = true', 1),
(301, '2011-06-07 09:54:18', 'Konfiguration EBAY_CHECKOUT_INSTRUCTIONS = KAUFABWICKLUNG: Direkt nach der Auktion erhalten Sie eine EMAIL von uns (!) mit Ihren Zugangsdaten, mit denen Sie auf der Kaufabwicklungsseite Ihre Daten einsehen und korrigieren koennen. Kontrollieren Sie bitte unbedingt Ihre Daten in unserer Kaufabwicklung.', 1),
(302, '2011-06-09 19:54:36', 'Konfiguration EBAY_CHECKOUT_INSTRUCTIONS = ', 1),
(303, '2011-09-30 10:48:40', 'Konfiguration EBAY_CHECKOUT_SEND_EMAIL = True', 1),
(304, '2011-11-01 13:37:57', 'Konfiguration EBAY_CHECKOUT_INSTRUCTIONS = Vielen Dank für Ihre Bestellung. Solletn Sie Fragen zu Ihrem Auftrag oder auch uns haben, so kommen Sie bitte direkt auf uns zu.', 1),
(305, '2012-07-16 18:27:04', 'Konfiguration CHECK_PRODUCTS_PRICE_AT_STATUS_CHANGE = true', 1),
(306, '2012-09-17 09:50:10', 'Konfiguration EBAY_CHECKOUT_SEND_EMAIL = False', 1),
(307, '2012-12-20 11:43:13', 'Konfiguration PAYMENT_CONFIRMATION_EMAIL_ACTIVE = true', 1),
(308, '2013-01-30 19:26:19', 'Konfiguration MODULE_ORDER_TOTAL_INSTALLED = ot_subtotal.php;ot_discount.php;ot_coupon.php;ot_payment_fee.php;ot_subtotal_no_tax.php;ot_cod_fee.php;ot_shipping.php;ot_tax.php;ot_total.php', 1),
(309, '2013-04-30 17:43:49', 'Konfiguration PRODUCT_IMAGE_EBAYCATEGORY_WIDTH = 500', 1),
(310, '2013-04-30 17:44:06', 'Konfiguration PRODUCT_IMAGE_EBAYCATEGORY_HEIGHT = 500', 1),
(311, '2013-04-30 17:44:16', 'Konfiguration PRODUCT_IMAGE_EBAYCATEGORY_BEVEL = ', 1),
(312, '2013-04-30 17:44:17', 'Konfiguration PRODUCT_IMAGE_EBAYCATEGORY_BEVEL = ', 1),
(313, '2013-04-30 17:44:57', 'Konfiguration PRODUCT_IMAGE_POPUP_WIDTH = 800', 1),
(314, '2013-04-30 17:45:08', 'Konfiguration PRODUCT_IMAGE_POPUP_HEIGHT = 800', 1),
(315, '2013-04-30 17:45:33', 'Konfiguration ADMINMAIL_AT_SHOPORDER = 1', 1),
(316, '2013-04-30 17:46:19', 'Konfiguration SUMA_USE_SHOP_NAME_IN_PRODUCTS_DETAILS_PAGE = True', 1);
INSERT INTO `history` (`history_id`, `date_added`, `comments`, `editor_id`) VALUES
(317, '2013-09-03 13:10:28', 'Konfiguration EBAY_DEFAULT_DUMMY_PRODUCTS_ID = 111', 1),
(318, '2013-11-05 20:25:36', 'Konfiguration NO_SHIPPING_EMAIL = 1', 1),
(319, '2013-11-05 20:26:57', 'Konfiguration PRODUCT_IMAGE_EBAYCATEGORY_WIDTH = 800', 1),
(320, '2013-11-05 20:27:09', 'Konfiguration PRODUCT_IMAGE_EBAYCATEGORY_HEIGHT = 800', 1),
(321, '2013-11-05 20:27:18', 'Konfiguration LIGHTBOX_ACTIVE = False', 1),
(322, '2013-11-05 20:27:40', 'Konfiguration SUMA_USE_PRODUCTS_NAME_AND_PRODUCTS_META_TITLE_FOR_META = All', 1),
(323, '2013-11-05 20:28:09', 'Konfiguration EBAY_AUTOMATIC_FEEDBACK_BY_PAYMENTALLOCATION = true', 1),
(324, '2013-11-05 20:28:50', 'Konfiguration EBAY_SHIPPINGCOSTPAIDBY = EUBuyer_CancelRightsUnder40', 1),
(325, '2013-11-05 20:29:19', 'Konfiguration EBAY_SHIPTOLOCATIONS = EuropeanUnion', 1),
(326, '2013-11-05 20:29:45', 'Konfiguration EBAY_AUTOMATIC_FEEDBACK = true', 1),
(327, '2013-11-05 20:30:00', 'Konfiguration FEEDBACK_REMINDER_ACTIVE = True', 1),
(328, '2013-11-05 20:30:33', 'Konfiguration FEEDBACK_REMINDER_MAX_COUNTER = 2', 1),
(329, '2013-11-05 20:49:05', 'Konfiguration CRONJOB_EMAILS = 1', 1),
(330, '2013-12-05 20:03:01', 'Konfiguration PRICE_PRECISION = 4', 1),
(331, '2014-02-10 16:06:12', 'Konfiguration BOX_MARKETING = 2,5:,,,,;,,,,', 1),
(332, '2014-02-10 16:06:56', 'Konfiguration BOX_MARKETING = 2,5:,,,,;110,109,108,102,', 1),
(333, '2014-02-10 17:08:23', 'Konfiguration BOX_MARKETING = 2,5:107,106,105,104,;110,109,108,102,', 1),
(334, '2014-02-10 17:09:08', 'Konfiguration BOX_MARKETING = 2,4:107,106,105,104;110,109,108,102', 1),
(335, '2014-02-27 12:07:52', 'Konfiguration BOX_MARKETING = 2,4:,106,105,104;110,109,108,102', 1),
(336, '2014-02-27 12:08:57', 'Konfiguration BOX_MARKETING = 2,4:123,106,105,104;110,109,108,102', 1),
(337, '2014-04-09 11:36:39', 'Konfiguration SHOW_ORDER_LIST = true', 1),
(338, '2014-04-09 11:37:14', 'Konfiguration SHOW_EDIT_ADRESS = true', 1),
(339, '2015-03-02 19:59:11', 'Kundengruppen Konfiguration Gast:<br />customers_status_name = Gast<br />customers_status_public = 0<br />customers_status_show_price = 1<br />customers_status_show_price_tax = 1<br />customers_status_discount = 0.00<br />customers_status_ot_discount_flag = 0<br />customers_status_ot_discount = 0.00<br />customers_status_graduated_prices = 0<br />customers_status_add_tax_ot = 1<br />customers_status_payment_unallowed = invoice<br />customers_status_shipping_unallowed = <br />customers_status_payment_target = 0<br />customers_status_skonto = <br />customers_status_default_admin_paymentmethod = <br />customers_status_delivery_conditions = <br />export_note_text = <br />export_note = 0<br />customers_fsk18 = 1<br />customers_fsk18_display = 1<br />customers_status_discount_attributes = <br />', 1),
(340, '2015-03-02 20:00:13', 'Kundengruppen Konfiguration TestKundengruppe:<br />customers_status_name = TestKundengruppe<br />customers_status_public = 0<br />customers_status_show_price = 1<br />customers_status_show_price_tax = 1<br />customers_status_discount = 10.00<br />customers_status_ot_discount_flag = 0<br />customers_status_ot_discount = 0.00<br />customers_status_graduated_prices = 0<br />customers_status_add_tax_ot = 1<br />customers_status_payment_unallowed = invoice<br />customers_status_shipping_unallowed = <br />customers_status_payment_target = 21<br />customers_status_skonto = <br />customers_status_default_admin_paymentmethod = <br />customers_status_delivery_conditions = <br />export_note_text = <br />export_note = 0<br />customers_fsk18 = 0<br />customers_fsk18_display = 0<br />customers_status_discount_attributes = <br />', 1),
(341, '2015-03-02 20:00:57', 'Kundengruppen Konfiguration AMAZON:<br />customers_status_name = AMAZON<br />customers_status_public = 0<br />customers_status_show_price = 0<br />customers_status_show_price_tax = 1<br />customers_status_discount = 0.00<br />customers_status_ot_discount_flag = 0<br />customers_status_ot_discount = 0.00<br />customers_status_graduated_prices = 0<br />customers_status_add_tax_ot = 1<br />customers_status_payment_unallowed = invoice<br />customers_status_shipping_unallowed = <br />customers_status_payment_target = 90<br />customers_status_skonto = <br />customers_status_default_admin_paymentmethod = <br />customers_status_delivery_conditions = <br />export_note_text = <br />export_note = 0<br />customers_fsk18 = 0<br />customers_fsk18_display = 0<br />customers_status_discount_attributes = <br />', 1),
(342, '2015-05-05 14:28:53', 'Konfiguration PRODUCT_IMAGE_EBAYCATEGORY_WIDTH = 1100', 1),
(343, '2015-05-05 14:29:06', 'Konfiguration PRODUCT_IMAGE_EBAYCATEGORY_HEIGHT = 1000', 1),
(344, '2015-05-05 14:29:18', 'Konfiguration PRODUCT_IMAGE_INFO_WIDTH = 4300', 1),
(345, '2015-05-05 14:29:24', 'Konfiguration PRODUCT_IMAGE_INFO_WIDTH = 300', 1),
(346, '2015-05-05 14:29:34', 'Konfiguration PRODUCT_IMAGE_INFO_HEIGHT = 300', 1),
(347, '2015-05-05 14:29:42', 'Konfiguration PRODUCT_IMAGE_POPUP_WIDTH = 1000', 1),
(348, '2015-05-05 14:29:51', 'Konfiguration PRODUCT_IMAGE_POPUP_HEIGHT = 1000', 1),
(349, '2015-05-28 17:15:57', 'Konfiguration BOX_MARKETING = 3,4:123,106,105,104;110,109,108,102;,,,', 1),
(350, '2015-05-28 17:16:20', 'Konfiguration BOX_MARKETING = 3,4:123,106,105,104;110,109,108,102;123,105,104,102', 1),
(351, '2015-06-03 11:10:30', 'Konfiguration CURRENT_TEMPLATE = StandardResponsive', 1),
(352, '2015-06-03 15:29:01', 'Konfiguration NAVTRAIL_PRODUCTS_TITLE = products_name', 1),
(353, '2015-06-03 15:29:37', 'Konfiguration NAVTRAIL_PRODUCTS_TITLE = products_model', 1),
(354, '2015-06-03 16:52:44', 'Konfiguration SEARCH_ENGINE_FRIENDLY_URLS = true', 1),
(355, '2015-06-03 16:55:33', 'Konfiguration EMAIL_TRANSPORT = smtp', 1),
(356, '2015-06-03 16:55:46', 'Konfiguration CURRENT_TEMPLATE = YES4trade', 1),
(357, '2015-06-03 16:56:13', 'Konfiguration SEARCH_ENGINE_FRIENDLY_URLS = false', 1),
(358, '2015-06-03 16:56:46', 'Konfiguration CURRENT_TEMPLATE = StandardResponsive', 1),
(359, '2015-06-03 17:38:46', 'Konfiguration CURRENT_TEMPLATE = YES4trade', 1),
(360, '2015-06-16 19:01:59', 'Kundengruppen Konfiguration KASSE:<br />customers_status_name = KASSE<br />customers_status_public = 0<br />customers_status_show_price = 0<br />customers_status_show_price_tax = 1<br />customers_status_discount = <br />customers_status_ot_discount_flag = 1<br />customers_status_ot_discount = <br />customers_status_graduated_prices = 0<br />customers_status_add_tax_ot = 1<br />customers_status_payment_unallowed = <br />customers_status_shipping_unallowed = <br />customers_status_payment_target = 0<br />customers_status_skonto = <br />customers_status_default_admin_paymentmethod = <br />customers_status_delivery_conditions = <br />export_note_text = <br />export_note = 0<br />customers_fsk18 = 0<br />customers_fsk18_display = 0<br />customers_status_discount_attributes = 0<br />account_value_alert_status = 0<br />account_value_alert_limit = <br />customers_status_id = 9<br />language_id = 2<br />', 1),
(361, '2015-06-25 11:53:15', 'Konfiguration RECLAMATIONS_STATUS_WARENRUECKNAHME = 6', 1),
(362, '2015-09-17 11:45:32', 'Konfiguration IMAGE_QUALITY = 65', 1),
(363, '2015-09-17 11:53:23', 'Konfiguration IMAGE_QUALITY = 100', 1),
(364, '2015-09-17 11:55:51', 'Konfiguration IMAGE_QUALITY = 60', 1),
(365, '2015-09-17 12:34:29', 'Konfiguration IMAGE_QUALITY = 1000', 1),
(366, '2015-09-17 12:34:35', 'Konfiguration IMAGE_QUALITY = 100', 1),
(367, '2015-09-17 12:45:02', 'Konfiguration IMAGE_QUALITY = 65', 1),
(368, '2015-09-17 12:58:56', 'Konfiguration IMAGE_QUALITY = 60', 1),
(369, '2015-09-17 12:59:06', 'Konfiguration IMAGE_QUALITY = 65', 1),
(370, '2017-03-06 18:29:35', 'Konfiguration ORDERS_CREDIT_PRODUCTS_ID = 3', 1),
(371, '2017-05-17 23:06:44', 'Konfiguration RUECKERSTATTUNG_EMAIL_SUBJECT = Rückerstattung', 1),
(372, '2017-05-17 23:06:55', 'Konfiguration SEND_SHIPPING_EMAIL_SUBJECT = Ihre Bestellung wurde versendet.', 1),
(373, '2017-05-17 23:07:08', 'Konfiguration MAILMASTER_REPLYBOX_WIDTH = 300', 1),
(374, '2017-05-17 23:07:20', 'Konfiguration MAILMASTER_REPLYBOX_HEIGHT = 100', 1),
(375, '2017-10-09 12:36:53', 'Konfiguration GROUP_CHECK = true', 1),
(376, '2017-10-09 12:41:33', 'Konfiguration GROUP_CHECK = false', 1),
(377, '2017-10-13 21:37:28', 'Konfiguration SHOW_STARTPAGE_CONTENT_MATRIX_COLS = 0', 1),
(378, '2017-10-13 21:37:35', 'Konfiguration SHOW_STARTPAGE_CONTENT_MATRIX_ROWS = 0', 1),
(379, '2017-10-13 21:38:06', 'Konfiguration SHOW_STARTPAGE_CONTENT_MATRIX_ROWS = 1', 1),
(380, '2017-10-13 21:38:12', 'Konfiguration SHOW_STARTPAGE_CONTENT_MATRIX_COLS = 1', 1),
(381, '2017-10-13 21:38:55', 'Konfiguration SHOW_STARTPAGE_CONTENT = 1', 1),
(382, '2017-10-13 21:40:08', 'Konfiguration BOX_MARKETING = 1,1:', 1),
(383, '2017-10-13 22:20:48', 'Konfiguration CONTACT_US_EMAIL_ADDRESS = info@hellmannversand-shop.de', 1),
(384, '2017-10-13 22:20:54', 'Konfiguration CONTACT_US_REPLY_ADDRESS = info@hellmannversand-shop.de', 1),
(385, '2017-10-13 22:21:02', 'Konfiguration CONTACT_US_FORWARDING_STRING = info@hellmannversand-shop.de', 1),
(386, '2017-10-13 22:21:09', 'Konfiguration EMAIL_SUPPORT_ADDRESS = info@hellmannversand-shop.de', 1),
(387, '2017-10-13 22:21:15', 'Konfiguration EMAIL_SUPPORT_NAME = info@hellmannversand-shop.de', 1),
(388, '2017-10-13 22:21:23', 'Konfiguration EMAIL_SUPPORT_REPLY_ADDRESS = info@hellmannversand-shop.de', 1),
(389, '2017-10-13 22:21:23', 'Konfiguration EMAIL_SUPPORT_REPLY_ADDRESS = info@hellmannversand-shop.de', 1),
(390, '2017-10-13 22:21:33', 'Konfiguration EMAIL_SUPPORT_FORWARDING_STRING = info@hellmannversand-shop.de', 1),
(391, '2017-10-13 22:21:33', 'Konfiguration EMAIL_SUPPORT_FORWARDING_STRING = info@hellmannversand-shop.de', 1),
(392, '2017-10-13 22:21:40', 'Konfiguration EMAIL_BILLING_ADDRESS = info@hellmannversand-shop.de', 1),
(393, '2017-10-13 22:21:40', 'Konfiguration EMAIL_BILLING_ADDRESS = info@hellmannversand-shop.de', 1),
(394, '2017-10-13 22:21:50', 'Konfiguration EMAIL_BILLING_REPLY_ADDRESS = info@hellmannversand-shop.de', 1),
(395, '2017-10-13 22:22:02', 'Konfiguration EMAIL_BILLING_FORWARDING_STRING = info@hellmannversand-shop.de', 1),
(396, '2017-10-13 22:22:19', 'Konfiguration SMTP_MAIN_SERVER = sslout.df.eu', 1),
(397, '2017-10-13 22:22:26', 'Konfiguration SMTP_USERNAME = info@hellmannversand-shop.de', 1),
(398, '2017-10-13 22:23:15', 'Konfiguration SMTP_PASSWORD = G-jda4/*Kjd-', 1),
(399, '2017-10-18 17:43:51', 'Konfiguration STORE_OWNER = Hellmann Versand Shop, Inh. H.-P. Arnold', 5000),
(400, '2017-10-18 17:44:20', 'Konfiguration EMAIL_FROM = Hellmann Versand Shop', 5000),
(401, '2017-10-18 17:46:47', 'Konfiguration SHOW_STARTPAGE_CONTENT = 0', 5000),
(402, '2017-10-18 17:48:45', 'Konfiguration CHECK_PRODUCTS_PRICE_AT_STATUS_CHANGE = false', 5000),
(403, '2017-10-18 17:51:03', 'Konfiguration STORE_NAME = Hellmann Versand Shop, Leuchtgläser und Zubehör', 5000),
(404, '2017-10-18 17:51:45', 'Konfiguration MODULE_PAYMENT_MONEYORDER_PAYTO = HP. Arnold |Sparkasse Bayreuth, IBAN:   DE72 7735 0110 0038 0728 31 - BIC: BYLADEM1SBT', 5000),
(405, '2017-10-18 17:52:18', 'Konfiguration STORE_OWNER_VAT_ID = DE132290407', 5000),
(406, '2017-10-18 17:52:34', 'Konfiguration STORE_ZONE = 81', 5000),
(407, '2017-10-18 17:53:14', 'Konfiguration STORE_WRAP = Hellmann Versand Shop - Inh. HP. Arnold - am Siegenberg 5 - 91278 Pottenstein', 5000),
(408, '2017-10-18 17:53:36', 'Konfiguration BANK_WRAP = HP. Arnold |Sparkasse Bayreuth, IBAN:   DE72 7735 0110 0038 0728 31 - BIC: BYLADEM1SBT', 5000),
(409, '2017-10-18 17:55:45', 'Konfiguration STORE_NAME_ADDRESS = \"Hellmann Versand Shop\"<br>Inh. HP. Arnold<br>am Siegenberg 5<br>91278 Pottenstein<br>Tel: +49 (0) 9243-70 18 330<br>Fax: +49 (0) 9243-70 18 331<br>Email: info@leuchtglas-versand.de<br>USt.-ID: DE132290407', 5000),
(410, '2017-10-18 17:58:43', 'Konfiguration MAX_DISPLAY_NEW_PRODUCTS_DAYS = 50', 5000),
(411, '2017-10-18 17:59:47', 'Konfiguration IMAGE_QUALITY = 70', 5000),
(412, '2017-10-18 18:00:39', 'Konfiguration PRODUCT_IMAGE_INFO_WIDTH = 400', 5000),
(413, '2017-10-18 18:00:45', 'Konfiguration PRODUCT_IMAGE_INFO_HEIGHT = 400', 5000),
(414, '2017-10-18 18:00:58', 'Konfiguration PRODUCT_IMAGE_POPUP_WIDTH = 1500', 5000),
(415, '2017-10-18 18:01:05', 'Konfiguration PRODUCT_IMAGE_POPUP_HEIGHT = 1500', 5000),
(416, '2017-10-18 18:01:30', 'Konfiguration PRODUCT_IMAGE_EBAYCATEGORY_WIDTH = 800', 5000),
(417, '2017-10-18 18:01:39', 'Konfiguration PRODUCT_IMAGE_EBAYCATEGORY_HEIGHT = 500', 5000),
(418, '2017-10-18 18:02:03', 'Konfiguration LIGHTBOX_ACTIVE = True', 5000),
(419, '2017-10-18 18:03:11', 'Konfiguration EXPORT_PRE_SHIPPING_PDF_AT_SHIPPING_ACTION_WRITE = True', 5000),
(420, '2017-10-18 18:03:24', 'Konfiguration PDF_PACKINGSLIP_EXPORT_AT_SHIPPING_ACTION = False', 5000),
(421, '2017-10-18 18:05:04', 'Konfiguration CONTACT_US_NAME = Hellmann Versand Shop', 5000),
(422, '2017-10-18 18:05:15', 'Konfiguration CONTACT_US_REPLY_ADDRESS_NAME = Hellmann Versand Shop', 5000),
(423, '2017-10-18 18:05:42', 'Konfiguration CONTACT_US_EMAIL_SUBJECT = Ihre Kontaktanfrage bei \"Hellmann Versand Shop\"', 5000),
(424, '2017-10-18 18:05:54', 'Konfiguration EMAIL_SUPPORT_REPLY_ADDRESS_NAME = Hellmann Versand Shop', 5000),
(425, '2017-10-18 18:06:03', 'Konfiguration EMAIL_BILLING_NAME = Hellmann Versand Shop', 5000),
(426, '2017-10-18 18:06:12', 'Konfiguration EMAIL_BILLING_REPLY_ADDRESS_NAME = Hellmann Versand Shop', 5000),
(427, '2017-10-18 18:06:51', 'Konfiguration EMAIL_BILLING_SUBJECT = Ihr Auftrag bei \"Hellmann Versand Shop\"', 5000),
(428, '2017-10-18 18:08:37', 'Konfiguration META_AUTHOR = Hans-Peter Arnold', 5000),
(429, '2017-10-18 18:09:01', 'Konfiguration META_PUBLISHER = Hellmann Versand Shop, Inh. H.-P. Arnold', 5000),
(430, '2017-10-18 18:09:17', 'Konfiguration META_COMPANY = Hellmann Versand Shop', 5000),
(431, '2017-10-18 18:09:35', 'Konfiguration META_COMPANY = Hellmann Versand Shop, Inh. H.-P. Arnold', 5000),
(432, '2017-10-18 18:18:01', 'Konfiguration META_DESCRIPTION = Starlights und Leuchtgläser online bestellen. Wir bieten Ihnen tolle Leuchtglasvariationen für jede Gelegenheit. Der Versand ist schnell und unkompliziert.', 5000),
(433, '2017-10-18 18:22:18', 'Konfiguration META_KEYWORDS = Starlight, Windlicht, Kerzenhalter, Teelichthalter, Mosaik-Leuchtglas, Leuchtglas Variationen, Leuchtgläser Porzellan Windlicht, Hellmann-Versand,  DekoObjekte, handgefertigten Ausführungen, Geschenkidee, Mitbringsel, Weihnachten, Weihnachtsgeschenk', 5000),
(434, '2017-10-19 15:50:30', 'Konfiguration MODULE_PAYMENT_MONEYORDER_PAYTO = HP. Arnold |Sparkasse Bayreuth, IBAN:   DE72 7735 0110 0000 3346 80 - BIC: BYLADEM1SBT', 5000),
(435, '2017-10-19 15:50:53', 'Konfiguration BANK_WRAP = HP. Arnold |Sparkasse Bayreuth, IBAN:   DE72 7735 0110 0000 3346 80 - BIC: BYLADEM1SBT', 5000),
(436, '2017-10-24 15:24:08', 'Konfiguration IMAGE_QUALITY = 90', 4999),
(437, '2017-10-24 15:25:07', 'Konfiguration IMAGE_QUALITY = 100', 4999),
(438, '2017-10-27 09:28:42', 'Konfiguration IMAGE_QUALITY = 70', 4999),
(439, '2017-10-27 09:29:09', 'Konfiguration MO_PICS = 10', 4999),
(440, '2017-10-27 09:30:08', 'Konfiguration MO_PICS = 9', 4999),
(441, '2017-10-30 14:35:52', 'Konfiguration IMAGE_QUALITY = 100', 4999),
(442, '2017-10-30 14:36:43', 'Konfiguration IMAGE_QUALITY = 95', 4999),
(443, '2017-10-30 14:37:22', 'Konfiguration IMAGE_QUALITY = 30', 4999),
(444, '2017-10-30 14:38:50', 'Konfiguration IMAGE_QUALITY = 0', 4999),
(445, '2017-10-30 14:39:15', 'Konfiguration IMAGE_QUALITY = 70', 4999),
(446, '2017-11-21 16:45:32', 'Konfiguration MODULE_PAYMENT_MONEYORDER_PAYTO = HP. Arnold |Sparkasse Bayreuth, IBAN:   DE51 7735 0110 0000 3346 80 - BIC: BYLADEM1SBT', 5000),
(447, '2017-11-21 16:45:48', 'Konfiguration BANK_WRAP = HP. Arnold |Sparkasse Bayreuth, IBAN:   DE51 7735 0110 0000 3346 80 - BIC: BYLADEM1SBT', 5000),
(448, '2017-11-21 16:47:36', 'Konfiguration STORE_OWNER_EMAIL_ADDRESS = info@hellmannversand-shop.de', 5000),
(449, '2017-11-21 16:48:43', 'Konfiguration STORE_NAME_ADDRESS = \"Hellmann Versand Shop\"<br>Inh. HP. Arnold<br>am Siegenberg 5<br>91278 Pottenstein<br>Tel: +49 (0) 9243-70 18 330<br>Fax: +49 (0) 9243-70 18 331<br>Email: info@hellmannversand-shop.de<br>USt.-ID: DE132290407', 5000),
(450, '2017-11-21 16:50:58', 'Konfiguration META_REPLY_TO = info@hellmannversand-shop.de', 5000),
(451, '2017-11-27 14:00:29', 'Konfiguration PAYPAL_ORDER_STATUS_SUCCESS_ID = 6', 1),
(452, '2017-11-27 14:00:42', 'Konfiguration PAYPAL_ORDER_STATUS_PENDING_ID = 1', 1),
(453, '2017-11-27 14:00:54', 'Konfiguration PAYPAL_ORDER_STATUS_REJECTED_ID = 1', 1),
(454, '2017-11-27 14:01:02', 'Konfiguration PAYPAL_ORDER_STATUS_TMP_ID = 1', 1),
(455, '2017-11-27 14:01:05', 'Konfiguration PAYPAL_API_USER = fa.arnold_api1.web.de', 4999),
(456, '2017-11-27 14:01:23', 'Konfiguration PAYPAL_API_PWD = P5HM65ZL8S7PDSVS', 4999),
(457, '2017-11-27 14:01:41', 'Konfiguration PAYPAL_API_SIGNATURE = AZSlvY5icLxnp4itWjQDLioXUeM0A35sE78ewafknsCB2kE2OaeDr-Ik', 4999),
(458, '2017-11-27 17:24:21', 'Konfiguration EMAIL_SUPPORT_SUBJECT = Herzlich Willkomen bei \"Hellmann Versand Shop\"', 4999),
(459, '2017-11-28 00:54:03', 'Es wurden 59 alte E-Mails gel&ouml;scht. (&Auml;lter als 2 Jahre)', 0),
(460, '2017-11-29 00:53:18', 'Es wurden alte Produkthistorien-Eintr&auml;ge gel&ouml;scht. (&Auml;lter als 2 Jahre)', 0),
(461, '2017-11-30 16:17:53', 'Konfiguration MO_PICS = 11', 4999),
(462, '2017-11-30 18:59:52', 'Konfiguration PRODUCT_IMAGE_POPUP_WIDTH = 850', 4999),
(463, '2017-11-30 19:00:02', 'Konfiguration PRODUCT_IMAGE_POPUP_HEIGHT = 850', 4999),
(464, '2017-11-30 19:00:28', 'Konfiguration PRODUCT_IMAGE_POPUP_WIDTH = 1001', 4999),
(465, '2017-11-30 19:00:38', 'Konfiguration PRODUCT_IMAGE_POPUP_HEIGHT = 1001', 4999),
(466, '2017-11-30 19:10:21', 'Konfiguration PRODUCT_IMAGE_POPUP_WIDTH = 1010', 4999),
(467, '2017-11-30 19:10:30', 'Konfiguration PRODUCT_IMAGE_POPUP_HEIGHT = 1010', 4999),
(468, '2017-12-04 00:46:42', '[CRON] Es wurden  Auktionen gel&ouml;scht. (&Auml;lter als 100 Tage und keine Transaktionen letzte 60 Tage)', 0),
(469, '2017-12-05 00:53:58', 'Es wurden 0 alte E-Mails gel&ouml;scht. (&Auml;lter als 2 Jahre)', 0),
(470, '2017-12-06 00:51:50', 'Es wurden alte Produkthistorien-Eintr&auml;ge gel&ouml;scht. (&Auml;lter als 2 Jahre)', 0),
(471, '2017-12-07 20:57:02', 'Konfiguration EBAY_PICPATH_WEBSERVER = https://hellmannversand-shop.de/images/product_images/popup_images/', 1),
(472, '2017-12-11 00:46:14', '[CRON] Es wurden  Auktionen gel&ouml;scht. (&Auml;lter als 100 Tage und keine Transaktionen letzte 60 Tage)', 0),
(473, '2017-12-12 00:54:34', 'Es wurden 0 alte E-Mails gel&ouml;scht. (&Auml;lter als 2 Jahre)', 0),
(474, '2017-12-13 00:52:52', 'Es wurden alte Produkthistorien-Eintr&auml;ge gel&ouml;scht. (&Auml;lter als 2 Jahre)', 0),
(475, '2017-12-18 00:45:23', '[CRON] Es wurden  Auktionen gel&ouml;scht. (&Auml;lter als 100 Tage und keine Transaktionen letzte 60 Tage)', 0),
(476, '2017-12-19 00:50:24', 'Es wurden 0 alte E-Mails gel&ouml;scht. (&Auml;lter als 2 Jahre)', 0),
(477, '2017-12-20 00:50:48', 'Es wurden alte Produkthistorien-Eintr&auml;ge gel&ouml;scht. (&Auml;lter als 2 Jahre)', 0),
(478, '2017-12-25 00:43:26', '[CRON] Es wurden  Auktionen gel&ouml;scht. (&Auml;lter als 100 Tage und keine Transaktionen letzte 60 Tage)', 0),
(479, '2017-12-26 00:49:36', 'Es wurden 0 alte E-Mails gel&ouml;scht. (&Auml;lter als 2 Jahre)', 0),
(480, '2017-12-27 00:49:39', 'Es wurden alte Produkthistorien-Eintr&auml;ge gel&ouml;scht. (&Auml;lter als 2 Jahre)', 0),
(481, '2018-01-01 00:43:34', '[CRON] Es wurden  Auktionen gel&ouml;scht. (&Auml;lter als 100 Tage und keine Transaktionen letzte 60 Tage)', 0),
(482, '2018-01-02 00:50:02', 'Es wurden 0 alte E-Mails gel&ouml;scht. (&Auml;lter als 2 Jahre)', 0),
(483, '2018-01-03 00:51:38', 'Es wurden alte Produkthistorien-Eintr&auml;ge gel&ouml;scht. (&Auml;lter als 2 Jahre)', 0),
(484, '2018-01-08 00:43:20', '[CRON] Es wurden  Auktionen gel&ouml;scht. (&Auml;lter als 100 Tage und keine Transaktionen letzte 60 Tage)', 0),
(485, '2018-01-09 00:51:08', 'Es wurden 0 alte E-Mails gel&ouml;scht. (&Auml;lter als 2 Jahre)', 0),
(486, '2018-01-10 00:51:10', 'Es wurden alte Produkthistorien-Eintr&auml;ge gel&ouml;scht. (&Auml;lter als 2 Jahre)', 0),
(487, '2018-01-15 00:43:25', '[CRON] Es wurden  Auktionen gel&ouml;scht. (&Auml;lter als 100 Tage und keine Transaktionen letzte 60 Tage)', 0),
(488, '2018-01-16 00:51:41', 'Es wurden 0 alte E-Mails gel&ouml;scht. (&Auml;lter als 2 Jahre)', 0),
(489, '2018-01-17 00:51:13', 'Es wurden alte Produkthistorien-Eintr&auml;ge gel&ouml;scht. (&Auml;lter als 2 Jahre)', 0),
(490, '2018-01-22 00:43:20', '[CRON] Es wurden  Auktionen gel&ouml;scht. (&Auml;lter als 100 Tage und keine Transaktionen letzte 60 Tage)', 0),
(491, '2018-01-23 00:51:31', 'Es wurden 0 alte E-Mails gel&ouml;scht. (&Auml;lter als 2 Jahre)', 0),
(492, '2018-01-24 00:51:00', 'Es wurden alte Produkthistorien-Eintr&auml;ge gel&ouml;scht. (&Auml;lter als 2 Jahre)', 0),
(493, '2018-01-29 00:43:21', '[CRON] Es wurden  Auktionen gel&ouml;scht. (&Auml;lter als 100 Tage und keine Transaktionen letzte 60 Tage)', 0),
(494, '2018-01-30 00:51:34', 'Es wurden 0 alte E-Mails gel&ouml;scht. (&Auml;lter als 2 Jahre)', 0),
(495, '2018-01-31 00:51:25', 'Es wurden alte Produkthistorien-Eintr&auml;ge gel&ouml;scht. (&Auml;lter als 2 Jahre)', 0),
(496, '2018-02-05 00:43:23', '[CRON] Es wurden  Auktionen gel&ouml;scht. (&Auml;lter als 100 Tage und keine Transaktionen letzte 60 Tage)', 0),
(497, '2018-02-06 00:49:44', 'Es wurden 0 alte E-Mails gel&ouml;scht. (&Auml;lter als 2 Jahre)', 0),
(498, '2018-02-07 00:50:16', 'Es wurden alte Produkthistorien-Eintr&auml;ge gel&ouml;scht. (&Auml;lter als 2 Jahre)', 0),
(499, '2018-02-12 00:43:03', '[CRON] Es wurden  Auktionen gel&ouml;scht. (&Auml;lter als 100 Tage und keine Transaktionen letzte 60 Tage)', 0),
(500, '2018-02-13 00:49:23', 'Es wurden 0 alte E-Mails gel&ouml;scht. (&Auml;lter als 2 Jahre)', 0),
(501, '2018-02-14 00:49:29', 'Es wurden alte Produkthistorien-Eintr&auml;ge gel&ouml;scht. (&Auml;lter als 2 Jahre)', 0),
(502, '2018-02-14 08:38:01', 'Es wurden 0 alte E-Mails gel&ouml;scht. (&Auml;lter als 2 Jahre)', 1),
(503, '2018-02-14 08:38:03', 'Es wurden alte Produkthistorien-Eintr&auml;ge gel&ouml;scht. (&Auml;lter als 2 Jahre)', 1),
(504, '2018-02-14 08:38:06', 'Es wurden 0 Auktionen gel&ouml;scht. (&Auml;lter als 100 Tage)', 1),
(505, '2018-02-19 00:43:06', '[CRON] Es wurden  Auktionen gel&ouml;scht. (&Auml;lter als 100 Tage und keine Transaktionen letzte 60 Tage)', 0),
(506, '2018-02-20 00:49:43', 'Es wurden 0 alte E-Mails gel&ouml;scht. (&Auml;lter als 2 Jahre)', 0),
(507, '2018-02-21 00:49:19', 'Es wurden alte Produkthistorien-Eintr&auml;ge gel&ouml;scht. (&Auml;lter als 2 Jahre)', 0),
(508, '2018-02-26 00:43:04', '[CRON] Es wurden  Auktionen gel&ouml;scht. (&Auml;lter als 100 Tage und keine Transaktionen letzte 60 Tage)', 0),
(509, '2018-02-27 00:49:18', 'Es wurden 0 alte E-Mails gel&ouml;scht. (&Auml;lter als 2 Jahre)', 0),
(510, '2018-02-28 00:49:23', 'Es wurden alte Produkthistorien-Eintr&auml;ge gel&ouml;scht. (&Auml;lter als 2 Jahre)', 0),
(511, '2018-03-05 00:43:33', '[CRON] Es wurden  Auktionen gel&ouml;scht. (&Auml;lter als 100 Tage und keine Transaktionen letzte 60 Tage)', 0),
(512, '2018-03-06 00:49:31', 'Es wurden 0 alte E-Mails gel&ouml;scht. (&Auml;lter als 2 Jahre)', 0),
(513, '2018-03-07 00:49:32', 'Es wurden alte Produkthistorien-Eintr&auml;ge gel&ouml;scht. (&Auml;lter als 2 Jahre)', 0),
(514, '2018-03-12 00:43:43', '[CRON] Es wurden  Auktionen gel&ouml;scht. (&Auml;lter als 100 Tage und keine Transaktionen letzte 60 Tage)', 0),
(515, '2018-03-13 00:49:25', 'Es wurden 0 alte E-Mails gel&ouml;scht. (&Auml;lter als 2 Jahre)', 0),
(516, '2018-03-14 00:48:55', 'Es wurden alte Produkthistorien-Eintr&auml;ge gel&ouml;scht. (&Auml;lter als 2 Jahre)', 0),
(517, '2018-03-19 00:43:41', '[CRON] Es wurden  Auktionen gel&ouml;scht. (&Auml;lter als 100 Tage und keine Transaktionen letzte 60 Tage)', 0),
(518, '2018-03-20 00:49:24', 'Es wurden 0 alte E-Mails gel&ouml;scht. (&Auml;lter als 2 Jahre)', 0),
(519, '2018-03-21 00:49:19', 'Es wurden alte Produkthistorien-Eintr&auml;ge gel&ouml;scht. (&Auml;lter als 2 Jahre)', 0),
(520, '2018-03-26 00:43:30', '[CRON] Es wurden  Auktionen gel&ouml;scht. (&Auml;lter als 100 Tage und keine Transaktionen letzte 60 Tage)', 0),
(521, '2018-03-27 00:49:30', 'Es wurden 0 alte E-Mails gel&ouml;scht. (&Auml;lter als 2 Jahre)', 0),
(522, '2018-03-28 00:48:50', 'Es wurden alte Produkthistorien-Eintr&auml;ge gel&ouml;scht. (&Auml;lter als 2 Jahre)', 0),
(523, '2018-04-02 00:43:26', '[CRON] Es wurden  Auktionen gel&ouml;scht. (&Auml;lter als 100 Tage und keine Transaktionen letzte 60 Tage)', 0),
(524, '2018-04-03 00:48:27', 'Es wurden 0 alte E-Mails gel&ouml;scht. (&Auml;lter als 2 Jahre)', 0),
(525, '2018-04-04 00:49:22', 'Es wurden alte Produkthistorien-Eintr&auml;ge gel&ouml;scht. (&Auml;lter als 2 Jahre)', 0),
(526, '2018-04-09 00:43:21', '[CRON] Es wurden  Auktionen gel&ouml;scht. (&Auml;lter als 100 Tage und keine Transaktionen letzte 60 Tage)', 0),
(527, '2018-04-10 00:49:26', 'Es wurden 0 alte E-Mails gel&ouml;scht. (&Auml;lter als 2 Jahre)', 0),
(528, '2018-04-11 00:48:59', 'Es wurden alte Produkthistorien-Eintr&auml;ge gel&ouml;scht. (&Auml;lter als 2 Jahre)', 0),
(529, '2018-04-16 00:43:28', '[CRON] Es wurden  Auktionen gel&ouml;scht. (&Auml;lter als 100 Tage und keine Transaktionen letzte 60 Tage)', 0),
(530, '2018-04-17 00:49:03', 'Es wurden 0 alte E-Mails gel&ouml;scht. (&Auml;lter als 2 Jahre)', 0),
(531, '2018-04-18 00:48:45', 'Es wurden alte Produkthistorien-Eintr&auml;ge gel&ouml;scht. (&Auml;lter als 2 Jahre)', 0),
(532, '2018-04-23 00:43:29', '[CRON] Es wurden  Auktionen gel&ouml;scht. (&Auml;lter als 100 Tage und keine Transaktionen letzte 60 Tage)', 0),
(533, '2018-04-23 14:45:22', 'Konfiguration GOOGLE_CONVERSION = true', 5000),
(534, '2018-04-23 14:45:30', 'Konfiguration GOOGLE_CONVERSION_ID = UA-117768958-1', 5000),
(535, '2018-04-23 14:45:55', 'Konfiguration GOOGLE_CONVERSION_ID = ', 5000),
(536, '2018-04-23 14:46:08', 'Konfiguration GOOGLE_ANALYTICS_ID = UA-117768958-1', 5000),
(537, '2018-04-23 14:46:15', 'Konfiguration GOOGLE_ANALYTICS = true', 5000),
(538, '2018-04-23 14:48:10', 'Konfiguration GOOGLE_CONVERSION = false', 5000),
(539, '2018-04-23 14:50:16', 'Konfiguration GOOGLE_ANALYTICS = false', 5000),
(540, '2018-04-23 14:50:26', 'Konfiguration GOOGLE_ANALYTICS_ID = ', 5000),
(541, '2018-04-24 00:49:06', 'Es wurden 0 alte E-Mails gel&ouml;scht. (&Auml;lter als 2 Jahre)', 0),
(542, '2018-04-25 00:48:44', 'Es wurden alte Produkthistorien-Eintr&auml;ge gel&ouml;scht. (&Auml;lter als 2 Jahre)', 0),
(543, '2018-04-30 00:43:27', '[CRON] Es wurden  Auktionen gel&ouml;scht. (&Auml;lter als 100 Tage und keine Transaktionen letzte 60 Tage)', 0),
(544, '2018-05-01 00:49:20', 'Es wurden 0 alte E-Mails gel&ouml;scht. (&Auml;lter als 2 Jahre)', 0),
(545, '2018-05-02 00:48:38', 'Es wurden alte Produkthistorien-Eintr&auml;ge gel&ouml;scht. (&Auml;lter als 2 Jahre)', 0),
(546, '2018-05-07 00:43:38', '[CRON] Es wurden  Auktionen gel&ouml;scht. (&Auml;lter als 100 Tage und keine Transaktionen letzte 60 Tage)', 0),
(547, '2018-05-07 19:24:48', 'Konfiguration META_DESCRIPTION = Starlights und Leuchtgläser online bestellen. Wir bieten Ihnen tolle teelichthalter für jede Gelegenheit. Sie suchen ausgefallen Windlichter dann schauen Sie bei uns vorbei und klicken Sie hier.', 5000),
(548, '2018-05-08 00:49:34', 'Es wurden 0 alte E-Mails gel&ouml;scht. (&Auml;lter als 2 Jahre)', 0),
(549, '2018-05-09 00:48:43', 'Es wurden alte Produkthistorien-Eintr&auml;ge gel&ouml;scht. (&Auml;lter als 2 Jahre)', 0),
(550, '2018-05-14 00:43:32', '[CRON] Es wurden  Auktionen gel&ouml;scht. (&Auml;lter als 100 Tage und keine Transaktionen letzte 60 Tage)', 0),
(551, '2018-05-15 00:49:25', 'Es wurden 0 alte E-Mails gel&ouml;scht. (&Auml;lter als 2 Jahre)', 0),
(552, '2018-05-16 00:48:45', 'Es wurden alte Produkthistorien-Eintr&auml;ge gel&ouml;scht. (&Auml;lter als 2 Jahre)', 0),
(553, '2018-05-16 14:42:55', 'Konfiguration CURRENT_TEMPLATE = YES4trade2018', 1),
(554, '2018-05-16 14:43:15', 'Konfiguration CURRENT_TEMPLATE = YES4trade', 1),
(555, '2018-05-16 14:49:36', 'Konfiguration CURRENT_TEMPLATE = YES4trade2018', 1),
(556, '2018-05-16 15:43:50', 'Konfiguration BOX_MARKETING = 1,4:,,,', 1),
(557, '2018-05-16 15:44:21', 'Konfiguration SHOW_STARTPAGE_CONTENT_MATRIX_COLS = 4', 1),
(558, '2018-05-16 16:49:52', 'Konfiguration SHOW_STARTPAGE_CONTENT_MATRIX_ROWS = 4', 1),
(559, '2018-05-17 11:25:17', 'Konfiguration ACCOUNT_OPTIONS = both', 1),
(560, '2018-05-17 17:25:06', 'Konfiguration DISPLAY_CART = false', 1),
(561, '2018-05-21 00:43:28', '[CRON] Es wurden  Auktionen gel&ouml;scht. (&Auml;lter als 100 Tage und keine Transaktionen letzte 60 Tage)', 0),
(562, '2018-05-22 00:48:28', 'Es wurden 0 alte E-Mails gel&ouml;scht. (&Auml;lter als 2 Jahre)', 0),
(563, '2018-05-23 00:49:19', 'Es wurden alte Produkthistorien-Eintr&auml;ge gel&ouml;scht. (&Auml;lter als 2 Jahre)', 0),
(564, '2018-05-28 00:43:25', '[CRON] Es wurden  Auktionen gel&ouml;scht. (&Auml;lter als 100 Tage und keine Transaktionen letzte 60 Tage)', 0),
(565, '2018-05-29 00:49:03', 'Es wurden 0 alte E-Mails gel&ouml;scht. (&Auml;lter als 2 Jahre)', 0),
(566, '2018-05-30 00:48:43', 'Es wurden alte Produkthistorien-Eintr&auml;ge gel&ouml;scht. (&Auml;lter als 2 Jahre)', 0),
(567, '2018-05-31 17:20:15', 'Konfiguration GOOGLE_ANALYTICS_ECOM = false', 1),
(568, '2018-06-04 00:43:26', '[CRON] Es wurden  Auktionen gel&ouml;scht. (&Auml;lter als 100 Tage und keine Transaktionen letzte 60 Tage)', 0),
(569, '2018-06-05 00:49:16', 'Es wurden 0 alte E-Mails gel&ouml;scht. (&Auml;lter als 2 Jahre)', 0),
(570, '2018-06-06 00:48:54', 'Es wurden alte Produkthistorien-Eintr&auml;ge gel&ouml;scht. (&Auml;lter als 2 Jahre)', 0),
(571, '2018-06-08 13:49:47', 'Konfiguration ENTRY_DOB_MIN_LENGTH = 0', 1),
(572, '2018-06-08 13:49:53', 'Konfiguration ENTRY_COMPANY_MIN_LENGTH = 0', 1),
(573, '2018-06-11 00:43:36', '[CRON] Es wurden  Auktionen gel&ouml;scht. (&Auml;lter als 100 Tage und keine Transaktionen letzte 60 Tage)', 0),
(574, '2018-06-12 00:49:41', 'Es wurden 0 alte E-Mails gel&ouml;scht. (&Auml;lter als 2 Jahre)', 0),
(575, '2018-06-13 00:48:52', 'Es wurden alte Produkthistorien-Eintr&auml;ge gel&ouml;scht. (&Auml;lter als 2 Jahre)', 0),
(576, '2018-06-18 00:43:24', '[CRON] Es wurden  Auktionen gel&ouml;scht. (&Auml;lter als 100 Tage und keine Transaktionen letzte 60 Tage)', 0),
(577, '2018-06-19 00:49:08', 'Es wurden 0 alte E-Mails gel&ouml;scht. (&Auml;lter als 2 Jahre)', 0),
(578, '2018-06-20 00:49:06', 'Es wurden alte Produkthistorien-Eintr&auml;ge gel&ouml;scht. (&Auml;lter als 2 Jahre)', 0),
(579, '2018-06-25 00:43:31', '[CRON] Es wurden  Auktionen gel&ouml;scht. (&Auml;lter als 100 Tage und keine Transaktionen letzte 60 Tage)', 0),
(580, '2018-06-26 00:49:02', 'Es wurden 0 alte E-Mails gel&ouml;scht. (&Auml;lter als 2 Jahre)', 0),
(581, '2018-06-27 00:48:58', 'Es wurden alte Produkthistorien-Eintr&auml;ge gel&ouml;scht. (&Auml;lter als 2 Jahre)', 0),
(582, '2018-07-02 00:43:26', '[CRON] Es wurden  Auktionen gel&ouml;scht. (&Auml;lter als 100 Tage und keine Transaktionen letzte 60 Tage)', 0),
(583, '2018-07-03 00:49:13', 'Es wurden 0 alte E-Mails gel&ouml;scht. (&Auml;lter als 2 Jahre)', 0),
(584, '2018-07-04 00:48:49', 'Es wurden alte Produkthistorien-Eintr&auml;ge gel&ouml;scht. (&Auml;lter als 2 Jahre)', 0),
(585, '2018-07-09 00:43:22', '[CRON] Es wurden  Auktionen gel&ouml;scht. (&Auml;lter als 100 Tage und keine Transaktionen letzte 60 Tage)', 0),
(586, '2018-07-10 00:49:02', 'Es wurden 0 alte E-Mails gel&ouml;scht. (&Auml;lter als 2 Jahre)', 0),
(587, '2018-07-11 00:49:04', 'Es wurden alte Produkthistorien-Eintr&auml;ge gel&ouml;scht. (&Auml;lter als 2 Jahre)', 0),
(588, '2018-07-16 00:43:26', '[CRON] Es wurden  Auktionen gel&ouml;scht. (&Auml;lter als 100 Tage und keine Transaktionen letzte 60 Tage)', 0),
(589, '2018-07-17 00:49:10', 'Es wurden 0 alte E-Mails gel&ouml;scht. (&Auml;lter als 2 Jahre)', 0),
(590, '2018-07-18 00:48:39', 'Es wurden alte Produkthistorien-Eintr&auml;ge gel&ouml;scht. (&Auml;lter als 2 Jahre)', 0),
(591, '2018-07-23 00:43:27', '[CRON] Es wurden  Auktionen gel&ouml;scht. (&Auml;lter als 100 Tage und keine Transaktionen letzte 60 Tage)', 0),
(592, '2018-07-24 00:48:47', 'Es wurden 0 alte E-Mails gel&ouml;scht. (&Auml;lter als 2 Jahre)', 0),
(593, '2018-07-25 00:48:45', 'Es wurden alte Produkthistorien-Eintr&auml;ge gel&ouml;scht. (&Auml;lter als 2 Jahre)', 0),
(594, '2018-07-30 00:43:20', '[CRON] Es wurden  Auktionen gel&ouml;scht. (&Auml;lter als 100 Tage und keine Transaktionen letzte 60 Tage)', 0),
(595, '2018-07-31 00:49:05', 'Es wurden 0 alte E-Mails gel&ouml;scht. (&Auml;lter als 2 Jahre)', 0),
(596, '2018-08-01 00:48:42', 'Es wurden alte Produkthistorien-Eintr&auml;ge gel&ouml;scht. (&Auml;lter als 2 Jahre)', 0),
(597, '2018-08-06 00:43:38', '[CRON] Es wurden  Auktionen gel&ouml;scht. (&Auml;lter als 100 Tage und keine Transaktionen letzte 60 Tage)', 0),
(598, '2018-08-07 00:48:49', 'Es wurden 0 alte E-Mails gel&ouml;scht. (&Auml;lter als 2 Jahre)', 0),
(599, '2018-08-08 00:48:51', 'Es wurden alte Produkthistorien-Eintr&auml;ge gel&ouml;scht. (&Auml;lter als 2 Jahre)', 0),
(600, '2018-08-13 00:43:28', '[CRON] Es wurden  Auktionen gel&ouml;scht. (&Auml;lter als 100 Tage und keine Transaktionen letzte 60 Tage)', 0),
(601, '2018-08-14 00:48:54', 'Es wurden 0 alte E-Mails gel&ouml;scht. (&Auml;lter als 2 Jahre)', 0),
(602, '2018-08-15 00:48:41', 'Es wurden alte Produkthistorien-Eintr&auml;ge gel&ouml;scht. (&Auml;lter als 2 Jahre)', 0),
(603, '2018-08-20 00:43:21', '[CRON] Es wurden  Auktionen gel&ouml;scht. (&Auml;lter als 100 Tage und keine Transaktionen letzte 60 Tage)', 0),
(604, '2018-08-21 00:49:10', 'Es wurden 0 alte E-Mails gel&ouml;scht. (&Auml;lter als 2 Jahre)', 0),
(605, '2018-08-22 00:48:46', 'Es wurden alte Produkthistorien-Eintr&auml;ge gel&ouml;scht. (&Auml;lter als 2 Jahre)', 0),
(606, '2018-08-27 00:43:28', '[CRON] Es wurden  Auktionen gel&ouml;scht. (&Auml;lter als 100 Tage und keine Transaktionen letzte 60 Tage)', 0),
(607, '2018-08-28 00:48:45', 'Es wurden 0 alte E-Mails gel&ouml;scht. (&Auml;lter als 2 Jahre)', 0),
(608, '2018-08-29 00:48:56', 'Es wurden alte Produkthistorien-Eintr&auml;ge gel&ouml;scht. (&Auml;lter als 2 Jahre)', 0),
(609, '2018-09-03 00:43:18', '[CRON] Es wurden  Auktionen gel&ouml;scht. (&Auml;lter als 100 Tage und keine Transaktionen letzte 60 Tage)', 0),
(610, '2018-09-04 00:48:53', 'Es wurden 0 alte E-Mails gel&ouml;scht. (&Auml;lter als 2 Jahre)', 0),
(611, '2018-09-05 00:49:04', 'Es wurden alte Produkthistorien-Eintr&auml;ge gel&ouml;scht. (&Auml;lter als 2 Jahre)', 0),
(612, '2018-09-10 00:43:28', '[CRON] Es wurden  Auktionen gel&ouml;scht. (&Auml;lter als 100 Tage und keine Transaktionen letzte 60 Tage)', 0),
(613, '2018-09-11 00:48:46', 'Es wurden 0 alte E-Mails gel&ouml;scht. (&Auml;lter als 2 Jahre)', 0),
(614, '2018-09-12 00:48:43', 'Es wurden alte Produkthistorien-Eintr&auml;ge gel&ouml;scht. (&Auml;lter als 2 Jahre)', 0),
(615, '2018-09-17 00:43:25', '[CRON] Es wurden  Auktionen gel&ouml;scht. (&Auml;lter als 100 Tage und keine Transaktionen letzte 60 Tage)', 0),
(616, '2018-09-18 00:48:58', 'Es wurden 0 alte E-Mails gel&ouml;scht. (&Auml;lter als 2 Jahre)', 0),
(617, '2018-09-19 00:48:46', 'Es wurden alte Produkthistorien-Eintr&auml;ge gel&ouml;scht. (&Auml;lter als 2 Jahre)', 0),
(618, '2018-09-24 00:43:27', '[CRON] Es wurden  Auktionen gel&ouml;scht. (&Auml;lter als 100 Tage und keine Transaktionen letzte 60 Tage)', 0),
(619, '2018-09-25 00:48:59', 'Es wurden 0 alte E-Mails gel&ouml;scht. (&Auml;lter als 2 Jahre)', 0),
(620, '2018-09-26 00:48:41', 'Es wurden alte Produkthistorien-Eintr&auml;ge gel&ouml;scht. (&Auml;lter als 2 Jahre)', 0),
(621, '2018-10-01 00:43:21', '[CRON] Es wurden  Auktionen gel&ouml;scht. (&Auml;lter als 100 Tage und keine Transaktionen letzte 60 Tage)', 0),
(622, '2018-10-02 00:49:08', 'Es wurden 0 alte E-Mails gel&ouml;scht. (&Auml;lter als 2 Jahre)', 0),
(623, '2018-10-03 00:48:32', 'Es wurden alte Produkthistorien-Eintr&auml;ge gel&ouml;scht. (&Auml;lter als 2 Jahre)', 0),
(624, '2018-10-08 00:43:25', '[CRON] Es wurden  Auktionen gel&ouml;scht. (&Auml;lter als 100 Tage und keine Transaktionen letzte 60 Tage)', 0),
(625, '2018-10-09 00:48:59', 'Es wurden 0 alte E-Mails gel&ouml;scht. (&Auml;lter als 2 Jahre)', 0),
(626, '2018-10-10 00:48:37', 'Es wurden alte Produkthistorien-Eintr&auml;ge gel&ouml;scht. (&Auml;lter als 2 Jahre)', 0),
(627, '2018-10-15 00:43:24', '[CRON] Es wurden  Auktionen gel&ouml;scht. (&Auml;lter als 100 Tage und keine Transaktionen letzte 60 Tage)', 0),
(628, '2018-10-16 00:49:02', 'Es wurden 0 alte E-Mails gel&ouml;scht. (&Auml;lter als 2 Jahre)', 0),
(629, '2018-10-17 00:49:00', 'Es wurden alte Produkthistorien-Eintr&auml;ge gel&ouml;scht. (&Auml;lter als 2 Jahre)', 0),
(630, '2018-10-22 00:43:27', '[CRON] Es wurden  Auktionen gel&ouml;scht. (&Auml;lter als 100 Tage und keine Transaktionen letzte 60 Tage)', 0),
(631, '2018-10-23 00:49:24', 'Es wurden 0 alte E-Mails gel&ouml;scht. (&Auml;lter als 2 Jahre)', 0),
(632, '2018-10-24 00:48:54', 'Es wurden alte Produkthistorien-Eintr&auml;ge gel&ouml;scht. (&Auml;lter als 2 Jahre)', 0),
(633, '2018-10-29 00:43:28', '[CRON] Es wurden  Auktionen gel&ouml;scht. (&Auml;lter als 100 Tage und keine Transaktionen letzte 60 Tage)', 0),
(634, '2018-10-30 00:48:58', 'Es wurden 0 alte E-Mails gel&ouml;scht. (&Auml;lter als 2 Jahre)', 0),
(635, '2018-10-31 00:48:47', 'Es wurden alte Produkthistorien-Eintr&auml;ge gel&ouml;scht. (&Auml;lter als 2 Jahre)', 0),
(636, '2018-11-05 00:43:33', '[CRON] Es wurden  Auktionen gel&ouml;scht. (&Auml;lter als 100 Tage und keine Transaktionen letzte 60 Tage)', 0),
(637, '2018-11-06 00:49:05', 'Es wurden 0 alte E-Mails gel&ouml;scht. (&Auml;lter als 2 Jahre)', 0),
(638, '2018-11-07 00:48:46', 'Es wurden alte Produkthistorien-Eintr&auml;ge gel&ouml;scht. (&Auml;lter als 2 Jahre)', 0),
(639, '2018-11-12 00:43:25', '[CRON] Es wurden  Auktionen gel&ouml;scht. (&Auml;lter als 100 Tage und keine Transaktionen letzte 60 Tage)', 0),
(640, '2018-11-13 00:49:37', 'Es wurden 0 alte E-Mails gel&ouml;scht. (&Auml;lter als 2 Jahre)', 0),
(641, '2018-11-14 00:49:08', 'Es wurden alte Produkthistorien-Eintr&auml;ge gel&ouml;scht. (&Auml;lter als 2 Jahre)', 0),
(642, '2018-11-19 00:43:19', '[CRON] Es wurden  Auktionen gel&ouml;scht. (&Auml;lter als 100 Tage und keine Transaktionen letzte 60 Tage)', 0),
(643, '2018-11-20 00:49:15', 'Es wurden 0 alte E-Mails gel&ouml;scht. (&Auml;lter als 2 Jahre)', 0),
(644, '2018-11-21 00:49:12', 'Es wurden alte Produkthistorien-Eintr&auml;ge gel&ouml;scht. (&Auml;lter als 2 Jahre)', 0),
(645, '2018-11-23 13:11:37', 'Konfiguration MAX_DISPLAY_SEARCH_RESULTS_ADMIN = 1000', 5000),
(646, '2018-11-26 00:43:26', '[CRON] Es wurden  Auktionen gel&ouml;scht. (&Auml;lter als 100 Tage und keine Transaktionen letzte 60 Tage)', 0),
(647, '2018-11-27 00:49:34', 'Es wurden 0 alte E-Mails gel&ouml;scht. (&Auml;lter als 2 Jahre)', 0),
(648, '2018-11-28 00:49:09', 'Es wurden alte Produkthistorien-Eintr&auml;ge gel&ouml;scht. (&Auml;lter als 2 Jahre)', 0),
(649, '2018-11-29 15:19:48', 'Es wurden 0 alte E-Mails gel&ouml;scht. (&Auml;lter als 2 Jahre)', 1),
(650, '2018-11-29 15:19:49', 'Es wurden alte Produkthistorien-Eintr&auml;ge gel&ouml;scht. (&Auml;lter als 2 Jahre)', 1),
(651, '2018-12-03 00:43:27', '[CRON] Es wurden  Auktionen gel&ouml;scht. (&Auml;lter als 100 Tage und keine Transaktionen letzte 60 Tage)', 0),
(652, '2018-12-04 00:48:56', 'Es wurden 0 alte E-Mails gel&ouml;scht. (&Auml;lter als 2 Jahre)', 0),
(653, '2018-12-05 00:49:16', 'Es wurden alte Produkthistorien-Eintr&auml;ge gel&ouml;scht. (&Auml;lter als 2 Jahre)', 0),
(654, '2018-12-10 00:43:17', '[CRON] Es wurden  Auktionen gel&ouml;scht. (&Auml;lter als 100 Tage und keine Transaktionen letzte 60 Tage)', 0),
(655, '2018-12-11 00:49:23', 'Es wurden 0 alte E-Mails gel&ouml;scht. (&Auml;lter als 2 Jahre)', 0),
(656, '2018-12-12 00:48:57', 'Es wurden alte Produkthistorien-Eintr&auml;ge gel&ouml;scht. (&Auml;lter als 2 Jahre)', 0),
(657, '2018-12-17 00:43:24', '[CRON] Es wurden  Auktionen gel&ouml;scht. (&Auml;lter als 100 Tage und keine Transaktionen letzte 60 Tage)', 0),
(658, '2018-12-18 00:50:12', 'Es wurden 0 alte E-Mails gel&ouml;scht. (&Auml;lter als 2 Jahre)', 0),
(659, '2018-12-19 00:50:10', 'Es wurden alte Produkthistorien-Eintr&auml;ge gel&ouml;scht. (&Auml;lter als 2 Jahre)', 0),
(660, '2018-12-19 16:47:54', 'Konfiguration NO_SHIPPING_EMAIL = 0', 1),
(661, '2018-12-24 00:43:16', '[CRON] Es wurden  Auktionen gel&ouml;scht. (&Auml;lter als 100 Tage und keine Transaktionen letzte 60 Tage)', 0),
(662, '2018-12-25 00:49:09', 'Es wurden 0 alte E-Mails gel&ouml;scht. (&Auml;lter als 2 Jahre)', 0),
(663, '2018-12-26 00:49:24', 'Es wurden alte Produkthistorien-Eintr&auml;ge gel&ouml;scht. (&Auml;lter als 2 Jahre)', 0),
(664, '2018-12-31 00:43:16', '[CRON] Es wurden  Auktionen gel&ouml;scht. (&Auml;lter als 100 Tage und keine Transaktionen letzte 60 Tage)', 0),
(665, '2019-01-01 00:49:16', 'Es wurden 0 alte E-Mails gel&ouml;scht. (&Auml;lter als 2 Jahre)', 0),
(666, '2019-01-02 00:49:28', 'Es wurden alte Produkthistorien-Eintr&auml;ge gel&ouml;scht. (&Auml;lter als 2 Jahre)', 0),
(667, '2019-01-07 00:43:18', '[CRON] Es wurden  Auktionen gel&ouml;scht. (&Auml;lter als 100 Tage und keine Transaktionen letzte 60 Tage)', 0),
(668, '2019-01-08 00:49:57', 'Es wurden 0 alte E-Mails gel&ouml;scht. (&Auml;lter als 2 Jahre)', 0),
(669, '2019-01-09 00:53:45', 'Es wurden alte Produkthistorien-Eintr&auml;ge gel&ouml;scht. (&Auml;lter als 2 Jahre)', 0),
(670, '2019-01-14 00:43:20', '[CRON] Es wurden  Auktionen gel&ouml;scht. (&Auml;lter als 100 Tage und keine Transaktionen letzte 60 Tage)', 0),
(671, '2019-01-15 00:49:56', 'Es wurden 0 alte E-Mails gel&ouml;scht. (&Auml;lter als 2 Jahre)', 0),
(672, '2019-01-16 00:50:48', 'Es wurden alte Produkthistorien-Eintr&auml;ge gel&ouml;scht. (&Auml;lter als 2 Jahre)', 0),
(673, '2019-01-21 00:43:17', '[CRON] Es wurden  Auktionen gel&ouml;scht. (&Auml;lter als 100 Tage und keine Transaktionen letzte 60 Tage)', 0),
(674, '2019-01-22 00:49:56', 'Es wurden 0 alte E-Mails gel&ouml;scht. (&Auml;lter als 2 Jahre)', 0),
(675, '2019-01-23 00:50:09', 'Es wurden alte Produkthistorien-Eintr&auml;ge gel&ouml;scht. (&Auml;lter als 2 Jahre)', 0),
(676, '2019-01-28 00:43:19', '[CRON] Es wurden  Auktionen gel&ouml;scht. (&Auml;lter als 100 Tage und keine Transaktionen letzte 60 Tage)', 0),
(677, '2019-01-29 00:50:05', 'Es wurden 0 alte E-Mails gel&ouml;scht. (&Auml;lter als 2 Jahre)', 0),
(678, '2019-01-30 00:51:06', 'Es wurden alte Produkthistorien-Eintr&auml;ge gel&ouml;scht. (&Auml;lter als 2 Jahre)', 0),
(679, '2019-02-04 00:42:21', '[CRON] Es wurden  Auktionen gel&ouml;scht. (&Auml;lter als 100 Tage und keine Transaktionen letzte 60 Tage)', 0),
(680, '2019-02-05 00:49:24', 'Es wurden 0 alte E-Mails gel&ouml;scht. (&Auml;lter als 2 Jahre)', 0),
(681, '2019-02-06 00:49:41', 'Es wurden alte Produkthistorien-Eintr&auml;ge gel&ouml;scht. (&Auml;lter als 2 Jahre)', 0),
(682, '2019-02-11 00:42:24', '[CRON] Es wurden  Auktionen gel&ouml;scht. (&Auml;lter als 100 Tage und keine Transaktionen letzte 60 Tage)', 0),
(683, '2019-02-12 00:49:41', 'Es wurden 0 alte E-Mails gel&ouml;scht. (&Auml;lter als 2 Jahre)', 0),
(684, '2019-02-13 00:49:43', 'Es wurden alte Produkthistorien-Eintr&auml;ge gel&ouml;scht. (&Auml;lter als 2 Jahre)', 0),
(685, '2019-02-18 00:42:24', '[CRON] Es wurden  Auktionen gel&ouml;scht. (&Auml;lter als 100 Tage und keine Transaktionen letzte 60 Tage)', 0),
(686, '2019-02-19 00:50:04', 'Es wurden 0 alte E-Mails gel&ouml;scht. (&Auml;lter als 2 Jahre)', 0),
(687, '2019-02-20 00:50:06', 'Es wurden alte Produkthistorien-Eintr&auml;ge gel&ouml;scht. (&Auml;lter als 2 Jahre)', 0),
(688, '2019-02-25 00:42:30', '[CRON] Es wurden  Auktionen gel&ouml;scht. (&Auml;lter als 100 Tage und keine Transaktionen letzte 60 Tage)', 0),
(689, '2019-02-26 00:49:43', 'Es wurden 0 alte E-Mails gel&ouml;scht. (&Auml;lter als 2 Jahre)', 0),
(690, '2019-02-27 00:49:48', 'Es wurden alte Produkthistorien-Eintr&auml;ge gel&ouml;scht. (&Auml;lter als 2 Jahre)', 0),
(691, '2019-03-04 00:42:21', '[CRON] Es wurden  Auktionen gel&ouml;scht. (&Auml;lter als 100 Tage und keine Transaktionen letzte 60 Tage)', 0),
(692, '2019-03-05 00:49:33', 'Es wurden 0 alte E-Mails gel&ouml;scht. (&Auml;lter als 2 Jahre)', 0),
(693, '2019-03-06 00:49:45', 'Es wurden alte Produkthistorien-Eintr&auml;ge gel&ouml;scht. (&Auml;lter als 2 Jahre)', 0),
(694, '2019-03-11 00:42:27', '[CRON] Es wurden  Auktionen gel&ouml;scht. (&Auml;lter als 100 Tage und keine Transaktionen letzte 60 Tage)', 0),
(695, '2019-03-12 00:49:18', 'Es wurden 0 alte E-Mails gel&ouml;scht. (&Auml;lter als 2 Jahre)', 0),
(696, '2019-03-13 00:49:37', 'Es wurden alte Produkthistorien-Eintr&auml;ge gel&ouml;scht. (&Auml;lter als 2 Jahre)', 0),
(697, '2019-03-18 00:42:21', '[CRON] Es wurden  Auktionen gel&ouml;scht. (&Auml;lter als 100 Tage und keine Transaktionen letzte 60 Tage)', 0),
(698, '2019-03-19 00:49:11', 'Es wurden 0 alte E-Mails gel&ouml;scht. (&Auml;lter als 2 Jahre)', 0),
(699, '2019-03-19 22:45:08', 'Konfiguration SEARCH_ENGINE_FRIENDLY_URLS = true', 1),
(700, '2019-03-20 00:49:34', 'Es wurden alte Produkthistorien-Eintr&auml;ge gel&ouml;scht. (&Auml;lter als 2 Jahre)', 0),
(701, '2019-03-25 00:42:36', '[CRON] Es wurden  Auktionen gel&ouml;scht. (&Auml;lter als 100 Tage und keine Transaktionen letzte 60 Tage)', 0),
(702, '2019-03-26 00:49:08', 'Es wurden 0 alte E-Mails gel&ouml;scht. (&Auml;lter als 2 Jahre)', 0),
(703, '2019-03-27 00:49:31', 'Es wurden alte Produkthistorien-Eintr&auml;ge gel&ouml;scht. (&Auml;lter als 2 Jahre)', 0),
(704, '2019-04-01 00:42:31', '[CRON] Es wurden  Auktionen gel&ouml;scht. (&Auml;lter als 100 Tage und keine Transaktionen letzte 60 Tage)', 0),
(705, '2019-04-02 00:48:47', 'Es wurden 0 alte E-Mails gel&ouml;scht. (&Auml;lter als 2 Jahre)', 0),
(706, '2019-04-03 00:49:06', 'Es wurden alte Produkthistorien-Eintr&auml;ge gel&ouml;scht. (&Auml;lter als 2 Jahre)', 0),
(707, '2019-04-08 00:42:28', '[CRON] Es wurden  Auktionen gel&ouml;scht. (&Auml;lter als 100 Tage und keine Transaktionen letzte 60 Tage)', 0),
(708, '2019-04-09 00:48:43', 'Es wurden 0 alte E-Mails gel&ouml;scht. (&Auml;lter als 2 Jahre)', 0),
(709, '2019-04-10 00:49:08', 'Es wurden alte Produkthistorien-Eintr&auml;ge gel&ouml;scht. (&Auml;lter als 2 Jahre)', 0),
(710, '2019-04-15 00:42:29', '[CRON] Es wurden  Auktionen gel&ouml;scht. (&Auml;lter als 100 Tage und keine Transaktionen letzte 60 Tage)', 0),
(711, '2019-04-16 00:48:50', 'Es wurden 0 alte E-Mails gel&ouml;scht. (&Auml;lter als 2 Jahre)', 0),
(712, '2019-04-17 00:48:55', 'Es wurden alte Produkthistorien-Eintr&auml;ge gel&ouml;scht. (&Auml;lter als 2 Jahre)', 0),
(713, '2019-04-22 00:42:20', '[CRON] Es wurden  Auktionen gel&ouml;scht. (&Auml;lter als 100 Tage und keine Transaktionen letzte 60 Tage)', 0),
(714, '2019-04-23 00:48:35', 'Es wurden 0 alte E-Mails gel&ouml;scht. (&Auml;lter als 2 Jahre)', 0),
(715, '2019-04-24 00:48:42', 'Es wurden alte Produkthistorien-Eintr&auml;ge gel&ouml;scht. (&Auml;lter als 2 Jahre)', 0),
(716, '2019-04-29 00:42:37', '[CRON] Es wurden  Auktionen gel&ouml;scht. (&Auml;lter als 100 Tage und keine Transaktionen letzte 60 Tage)', 0),
(717, '2019-04-30 00:48:47', 'Es wurden 0 alte E-Mails gel&ouml;scht. (&Auml;lter als 2 Jahre)', 0),
(718, '2019-05-01 00:48:47', 'Es wurden alte Produkthistorien-Eintr&auml;ge gel&ouml;scht. (&Auml;lter als 2 Jahre)', 0),
(719, '2019-05-06 00:42:19', '[CRON] Es wurden  Auktionen gel&ouml;scht. (&Auml;lter als 100 Tage und keine Transaktionen letzte 60 Tage)', 0),
(720, '2019-05-07 00:48:47', 'Es wurden 0 alte E-Mails gel&ouml;scht. (&Auml;lter als 2 Jahre)', 0),
(721, '2019-05-08 00:48:44', 'Es wurden alte Produkthistorien-Eintr&auml;ge gel&ouml;scht. (&Auml;lter als 2 Jahre)', 0),
(722, '2019-05-13 00:42:28', '[CRON] Es wurden  Auktionen gel&ouml;scht. (&Auml;lter als 100 Tage und keine Transaktionen letzte 60 Tage)', 0),
(723, '2019-05-14 00:49:03', 'Es wurden 0 alte E-Mails gel&ouml;scht. (&Auml;lter als 2 Jahre)', 0),
(724, '2019-05-15 00:48:43', 'Es wurden alte Produkthistorien-Eintr&auml;ge gel&ouml;scht. (&Auml;lter als 2 Jahre)', 0),
(725, '2019-05-20 00:42:45', '[CRON] Es wurden  Auktionen gel&ouml;scht. (&Auml;lter als 100 Tage und keine Transaktionen letzte 60 Tage)', 0),
(726, '2019-05-21 00:48:55', 'Es wurden 0 alte E-Mails gel&ouml;scht. (&Auml;lter als 2 Jahre)', 0),
(727, '2019-05-22 00:49:26', 'Es wurden alte Produkthistorien-Eintr&auml;ge gel&ouml;scht. (&Auml;lter als 2 Jahre)', 0),
(728, '2019-05-27 00:43:20', '[CRON] Es wurden  Auktionen gel&ouml;scht. (&Auml;lter als 100 Tage und keine Transaktionen letzte 60 Tage)', 0),
(729, '2019-05-28 00:49:24', 'Es wurden 0 alte E-Mails gel&ouml;scht. (&Auml;lter als 2 Jahre)', 0),
(730, '2019-05-29 00:49:23', 'Es wurden alte Produkthistorien-Eintr&auml;ge gel&ouml;scht. (&Auml;lter als 2 Jahre)', 0),
(731, '2019-06-03 00:42:41', '[CRON] Es wurden  Auktionen gel&ouml;scht. (&Auml;lter als 100 Tage und keine Transaktionen letzte 60 Tage)', 0),
(732, '2019-06-04 00:49:34', 'Es wurden 0 alte E-Mails gel&ouml;scht. (&Auml;lter als 2 Jahre)', 0),
(733, '2019-06-05 00:49:16', 'Es wurden alte Produkthistorien-Eintr&auml;ge gel&ouml;scht. (&Auml;lter als 2 Jahre)', 0),
(734, '2019-06-10 00:42:40', '[CRON] Es wurden  Auktionen gel&ouml;scht. (&Auml;lter als 100 Tage und keine Transaktionen letzte 60 Tage)', 0),
(735, '2019-06-11 00:49:26', 'Es wurden 0 alte E-Mails gel&ouml;scht. (&Auml;lter als 2 Jahre)', 0),
(736, '2019-06-12 00:49:14', 'Es wurden alte Produkthistorien-Eintr&auml;ge gel&ouml;scht. (&Auml;lter als 2 Jahre)', 0),
(737, '2019-06-17 00:42:44', '[CRON] Es wurden  Auktionen gel&ouml;scht. (&Auml;lter als 100 Tage und keine Transaktionen letzte 60 Tage)', 0),
(738, '2019-06-18 00:49:27', 'Es wurden 0 alte E-Mails gel&ouml;scht. (&Auml;lter als 2 Jahre)', 0),
(739, '2019-06-19 00:49:36', 'Es wurden alte Produkthistorien-Eintr&auml;ge gel&ouml;scht. (&Auml;lter als 2 Jahre)', 0),
(740, '2019-06-24 00:42:36', '[CRON] Es wurden  Auktionen gel&ouml;scht. (&Auml;lter als 100 Tage und keine Transaktionen letzte 60 Tage)', 0),
(741, '2019-06-25 00:49:36', 'Es wurden 0 alte E-Mails gel&ouml;scht. (&Auml;lter als 2 Jahre)', 0),
(742, '2019-06-26 00:49:30', 'Es wurden alte Produkthistorien-Eintr&auml;ge gel&ouml;scht. (&Auml;lter als 2 Jahre)', 0);
INSERT INTO `history` (`history_id`, `date_added`, `comments`, `editor_id`) VALUES
(743, '2019-07-01 00:42:42', '[CRON] Es wurden  Auktionen gel&ouml;scht. (&Auml;lter als 100 Tage und keine Transaktionen letzte 60 Tage)', 0),
(744, '2019-07-02 00:49:12', 'Es wurden 0 alte E-Mails gel&ouml;scht. (&Auml;lter als 2 Jahre)', 0),
(745, '2019-07-03 00:49:38', 'Es wurden alte Produkthistorien-Eintr&auml;ge gel&ouml;scht. (&Auml;lter als 2 Jahre)', 0),
(746, '2019-07-08 00:42:39', '[CRON] Es wurden  Auktionen gel&ouml;scht. (&Auml;lter als 100 Tage und keine Transaktionen letzte 60 Tage)', 0),
(747, '2019-07-09 00:49:09', 'Es wurden 0 alte E-Mails gel&ouml;scht. (&Auml;lter als 2 Jahre)', 0),
(748, '2019-07-10 00:49:13', 'Es wurden alte Produkthistorien-Eintr&auml;ge gel&ouml;scht. (&Auml;lter als 2 Jahre)', 0),
(749, '2019-07-15 00:42:32', '[CRON] Es wurden  Auktionen gel&ouml;scht. (&Auml;lter als 100 Tage und keine Transaktionen letzte 60 Tage)', 0),
(750, '2019-07-16 00:49:20', 'Es wurden 0 alte E-Mails gel&ouml;scht. (&Auml;lter als 2 Jahre)', 0),
(751, '2019-07-17 00:49:35', 'Es wurden alte Produkthistorien-Eintr&auml;ge gel&ouml;scht. (&Auml;lter als 2 Jahre)', 0),
(752, '2019-07-22 00:42:41', '[CRON] Es wurden  Auktionen gel&ouml;scht. (&Auml;lter als 100 Tage und keine Transaktionen letzte 60 Tage)', 0),
(753, '2019-07-23 00:49:19', 'Es wurden 0 alte E-Mails gel&ouml;scht. (&Auml;lter als 2 Jahre)', 0),
(754, '2019-07-24 00:49:15', 'Es wurden alte Produkthistorien-Eintr&auml;ge gel&ouml;scht. (&Auml;lter als 2 Jahre)', 0),
(755, '2019-07-29 00:42:42', '[CRON] Es wurden  Auktionen gel&ouml;scht. (&Auml;lter als 100 Tage und keine Transaktionen letzte 60 Tage)', 0),
(756, '2019-07-30 00:49:15', 'Es wurden 0 alte E-Mails gel&ouml;scht. (&Auml;lter als 2 Jahre)', 0),
(757, '2019-07-31 00:49:16', 'Es wurden alte Produkthistorien-Eintr&auml;ge gel&ouml;scht. (&Auml;lter als 2 Jahre)', 0),
(758, '2019-08-05 00:42:35', '[CRON] Es wurden  Auktionen gel&ouml;scht. (&Auml;lter als 100 Tage und keine Transaktionen letzte 60 Tage)', 0),
(759, '2019-08-06 00:49:14', 'Es wurden 0 alte E-Mails gel&ouml;scht. (&Auml;lter als 2 Jahre)', 0),
(760, '2019-08-07 00:49:15', 'Es wurden alte Produkthistorien-Eintr&auml;ge gel&ouml;scht. (&Auml;lter als 2 Jahre)', 0),
(761, '2019-08-12 00:42:38', '[CRON] Es wurden  Auktionen gel&ouml;scht. (&Auml;lter als 100 Tage und keine Transaktionen letzte 60 Tage)', 0),
(762, '2019-08-13 00:49:29', 'Es wurden 0 alte E-Mails gel&ouml;scht. (&Auml;lter als 2 Jahre)', 0),
(763, '2019-08-14 00:49:22', 'Es wurden alte Produkthistorien-Eintr&auml;ge gel&ouml;scht. (&Auml;lter als 2 Jahre)', 0),
(764, '2019-08-19 00:42:41', '[CRON] Es wurden  Auktionen gel&ouml;scht. (&Auml;lter als 100 Tage und keine Transaktionen letzte 60 Tage)', 0),
(765, '2019-08-20 00:49:17', 'Es wurden 0 alte E-Mails gel&ouml;scht. (&Auml;lter als 2 Jahre)', 0),
(766, '2019-08-21 00:49:27', 'Es wurden alte Produkthistorien-Eintr&auml;ge gel&ouml;scht. (&Auml;lter als 2 Jahre)', 0),
(767, '2019-08-26 00:42:57', '[CRON] Es wurden  Auktionen gel&ouml;scht. (&Auml;lter als 100 Tage und keine Transaktionen letzte 60 Tage)', 0),
(768, '2019-08-27 00:49:20', 'Es wurden 0 alte E-Mails gel&ouml;scht. (&Auml;lter als 2 Jahre)', 0),
(769, '2019-08-28 00:49:29', 'Es wurden alte Produkthistorien-Eintr&auml;ge gel&ouml;scht. (&Auml;lter als 2 Jahre)', 0),
(770, '2019-09-02 00:42:55', '[CRON] Es wurden  Auktionen gel&ouml;scht. (&Auml;lter als 100 Tage und keine Transaktionen letzte 60 Tage)', 0),
(771, '2019-09-03 00:49:20', 'Es wurden 0 alte E-Mails gel&ouml;scht. (&Auml;lter als 2 Jahre)', 0),
(772, '2019-09-04 00:49:21', 'Es wurden alte Produkthistorien-Eintr&auml;ge gel&ouml;scht. (&Auml;lter als 2 Jahre)', 0),
(773, '2019-09-09 00:42:43', '[CRON] Es wurden  Auktionen gel&ouml;scht. (&Auml;lter als 100 Tage und keine Transaktionen letzte 60 Tage)', 0),
(774, '2019-09-10 00:49:19', 'Es wurden 0 alte E-Mails gel&ouml;scht. (&Auml;lter als 2 Jahre)', 0),
(775, '2019-09-11 00:49:22', 'Es wurden alte Produkthistorien-Eintr&auml;ge gel&ouml;scht. (&Auml;lter als 2 Jahre)', 0),
(776, '2019-09-16 00:42:48', '[CRON] Es wurden  Auktionen gel&ouml;scht. (&Auml;lter als 100 Tage und keine Transaktionen letzte 60 Tage)', 0),
(777, '2019-09-17 00:49:20', 'Es wurden 0 alte E-Mails gel&ouml;scht. (&Auml;lter als 2 Jahre)', 0),
(778, '2019-09-18 00:49:30', 'Es wurden alte Produkthistorien-Eintr&auml;ge gel&ouml;scht. (&Auml;lter als 2 Jahre)', 0),
(779, '2019-09-23 00:42:36', '[CRON] Es wurden  Auktionen gel&ouml;scht. (&Auml;lter als 100 Tage und keine Transaktionen letzte 60 Tage)', 0),
(780, '2019-09-24 00:49:44', 'Es wurden 0 alte E-Mails gel&ouml;scht. (&Auml;lter als 2 Jahre)', 0),
(781, '2019-09-25 00:49:26', 'Es wurden alte Produkthistorien-Eintr&auml;ge gel&ouml;scht. (&Auml;lter als 2 Jahre)', 0),
(782, '2019-09-30 00:42:42', '[CRON] Es wurden  Auktionen gel&ouml;scht. (&Auml;lter als 100 Tage und keine Transaktionen letzte 60 Tage)', 0),
(783, '2019-10-01 00:49:35', 'Es wurden 0 alte E-Mails gel&ouml;scht. (&Auml;lter als 2 Jahre)', 0),
(784, '2019-10-02 00:49:24', 'Es wurden alte Produkthistorien-Eintr&auml;ge gel&ouml;scht. (&Auml;lter als 2 Jahre)', 0),
(785, '2019-10-07 00:42:43', '[CRON] Es wurden  Auktionen gel&ouml;scht. (&Auml;lter als 100 Tage und keine Transaktionen letzte 60 Tage)', 0),
(786, '2019-10-08 00:49:26', 'Es wurden 0 alte E-Mails gel&ouml;scht. (&Auml;lter als 2 Jahre)', 0),
(787, '2019-10-09 00:49:23', 'Es wurden alte Produkthistorien-Eintr&auml;ge gel&ouml;scht. (&Auml;lter als 2 Jahre)', 0),
(788, '2019-10-14 00:42:41', '[CRON] Es wurden  Auktionen gel&ouml;scht. (&Auml;lter als 100 Tage und keine Transaktionen letzte 60 Tage)', 0),
(789, '2019-10-15 00:49:27', 'Es wurden 0 alte E-Mails gel&ouml;scht. (&Auml;lter als 2 Jahre)', 0),
(790, '2019-10-15 23:17:43', 'Konfiguration PRODUCT_IMAGE_EBAYCATEGORY_WIDTH = 100', 1),
(791, '2019-10-15 23:17:49', 'Konfiguration PRODUCT_IMAGE_EBAYCATEGORY_HEIGHT = 100', 1),
(792, '2019-10-16 00:49:23', 'Es wurden alte Produkthistorien-Eintr&auml;ge gel&ouml;scht. (&Auml;lter als 2 Jahre)', 0),
(793, '2019-10-21 00:42:43', '[CRON] Es wurden  Auktionen gel&ouml;scht. (&Auml;lter als 100 Tage und keine Transaktionen letzte 60 Tage)', 0),
(794, '2019-10-22 00:49:19', 'Es wurden 0 alte E-Mails gel&ouml;scht. (&Auml;lter als 2 Jahre)', 0),
(795, '2019-10-23 00:49:19', 'Es wurden alte Produkthistorien-Eintr&auml;ge gel&ouml;scht. (&Auml;lter als 2 Jahre)', 0),
(796, '2019-10-28 00:42:57', '[CRON] Es wurden  Auktionen gel&ouml;scht. (&Auml;lter als 100 Tage und keine Transaktionen letzte 60 Tage)', 0),
(797, '2019-10-29 00:49:20', 'Es wurden 0 alte E-Mails gel&ouml;scht. (&Auml;lter als 2 Jahre)', 0),
(798, '2019-10-30 00:49:36', 'Es wurden alte Produkthistorien-Eintr&auml;ge gel&ouml;scht. (&Auml;lter als 2 Jahre)', 0),
(799, '2019-11-04 00:42:41', '[CRON] Es wurden  Auktionen gel&ouml;scht. (&Auml;lter als 100 Tage und keine Transaktionen letzte 60 Tage)', 0),
(800, '2019-11-05 00:49:25', 'Es wurden 0 alte E-Mails gel&ouml;scht. (&Auml;lter als 2 Jahre)', 0),
(801, '2019-11-06 00:49:46', 'Es wurden alte Produkthistorien-Eintr&auml;ge gel&ouml;scht. (&Auml;lter als 2 Jahre)', 0),
(802, '2019-11-11 00:42:50', '[CRON] Es wurden  Auktionen gel&ouml;scht. (&Auml;lter als 100 Tage und keine Transaktionen letzte 60 Tage)', 0),
(803, '2019-11-12 00:49:13', 'Es wurden 0 alte E-Mails gel&ouml;scht. (&Auml;lter als 2 Jahre)', 0),
(804, '2019-11-13 00:49:26', 'Es wurden alte Produkthistorien-Eintr&auml;ge gel&ouml;scht. (&Auml;lter als 2 Jahre)', 0),
(805, '2019-11-18 00:42:43', '[CRON] Es wurden  Auktionen gel&ouml;scht. (&Auml;lter als 100 Tage und keine Transaktionen letzte 60 Tage)', 0),
(806, '2019-11-19 00:49:28', 'Es wurden 0 alte E-Mails gel&ouml;scht. (&Auml;lter als 2 Jahre)', 0),
(807, '2019-11-20 00:49:31', 'Es wurden alte Produkthistorien-Eintr&auml;ge gel&ouml;scht. (&Auml;lter als 2 Jahre)', 0),
(808, '2019-11-25 00:42:39', '[CRON] Es wurden  Auktionen gel&ouml;scht. (&Auml;lter als 100 Tage und keine Transaktionen letzte 60 Tage)', 0),
(809, '2019-11-26 00:49:43', 'Es wurden 0 alte E-Mails gel&ouml;scht. (&Auml;lter als 2 Jahre)', 0),
(810, '2019-11-27 00:49:19', 'Es wurden alte Produkthistorien-Eintr&auml;ge gel&ouml;scht. (&Auml;lter als 2 Jahre)', 0),
(811, '2019-12-02 00:42:42', '[CRON] Es wurden  Auktionen gel&ouml;scht. (&Auml;lter als 100 Tage und keine Transaktionen letzte 60 Tage)', 0),
(812, '2019-12-03 00:49:20', 'Es wurden 4 alte E-Mails gel&ouml;scht. (&Auml;lter als 2 Jahre)', 0),
(813, '2019-12-04 00:49:17', 'Es wurden alte Produkthistorien-Eintr&auml;ge gel&ouml;scht. (&Auml;lter als 2 Jahre)', 0),
(814, '2019-12-09 00:42:31', '[CRON] Es wurden  Auktionen gel&ouml;scht. (&Auml;lter als 100 Tage und keine Transaktionen letzte 60 Tage)', 0),
(815, '2019-12-10 00:48:58', 'Es wurden 4 alte E-Mails gel&ouml;scht. (&Auml;lter als 2 Jahre)', 0),
(816, '2019-12-11 00:48:58', 'Es wurden alte Produkthistorien-Eintr&auml;ge gel&ouml;scht. (&Auml;lter als 2 Jahre)', 0),
(817, '2019-12-16 00:42:17', '[CRON] Es wurden  Auktionen gel&ouml;scht. (&Auml;lter als 100 Tage und keine Transaktionen letzte 60 Tage)', 0),
(818, '2019-12-17 00:48:56', 'Es wurden 4 alte E-Mails gel&ouml;scht. (&Auml;lter als 2 Jahre)', 0),
(819, '2019-12-18 00:48:55', 'Es wurden alte Produkthistorien-Eintr&auml;ge gel&ouml;scht. (&Auml;lter als 2 Jahre)', 0),
(820, '2019-12-23 00:42:23', '[CRON] Es wurden  Auktionen gel&ouml;scht. (&Auml;lter als 100 Tage und keine Transaktionen letzte 60 Tage)', 0),
(821, '2019-12-24 00:48:47', 'Es wurden 4 alte E-Mails gel&ouml;scht. (&Auml;lter als 2 Jahre)', 0),
(822, '2019-12-25 00:49:15', 'Es wurden alte Produkthistorien-Eintr&auml;ge gel&ouml;scht. (&Auml;lter als 2 Jahre)', 0),
(823, '2019-12-30 00:42:26', '[CRON] Es wurden  Auktionen gel&ouml;scht. (&Auml;lter als 100 Tage und keine Transaktionen letzte 60 Tage)', 0),
(824, '2019-12-31 00:48:51', 'Es wurden 2 alte E-Mails gel&ouml;scht. (&Auml;lter als 2 Jahre)', 0),
(825, '2020-01-01 00:48:54', 'Es wurden alte Produkthistorien-Eintr&auml;ge gel&ouml;scht. (&Auml;lter als 2 Jahre)', 0),
(826, '2020-01-06 00:42:29', '[CRON] Es wurden  Auktionen gel&ouml;scht. (&Auml;lter als 100 Tage und keine Transaktionen letzte 60 Tage)', 0),
(827, '2020-01-07 00:49:04', 'Es wurden 2 alte E-Mails gel&ouml;scht. (&Auml;lter als 2 Jahre)', 0),
(828, '2020-01-08 00:49:01', 'Es wurden alte Produkthistorien-Eintr&auml;ge gel&ouml;scht. (&Auml;lter als 2 Jahre)', 0),
(829, '2020-01-13 00:42:22', '[CRON] Es wurden  Auktionen gel&ouml;scht. (&Auml;lter als 100 Tage und keine Transaktionen letzte 60 Tage)', 0),
(830, '2020-01-14 00:48:59', 'Es wurden 1 alte E-Mails gel&ouml;scht. (&Auml;lter als 2 Jahre)', 0),
(831, '2020-01-15 00:49:24', 'Es wurden alte Produkthistorien-Eintr&auml;ge gel&ouml;scht. (&Auml;lter als 2 Jahre)', 0),
(832, '2020-01-20 00:43:08', '[CRON] Es wurden  Auktionen gel&ouml;scht. (&Auml;lter als 100 Tage und keine Transaktionen letzte 60 Tage)', 0),
(833, '2020-01-21 00:49:32', 'Es wurden 0 alte E-Mails gel&ouml;scht. (&Auml;lter als 2 Jahre)', 0),
(834, '2020-01-22 00:49:08', 'Es wurden alte Produkthistorien-Eintr&auml;ge gel&ouml;scht. (&Auml;lter als 2 Jahre)', 0),
(835, '2020-01-27 00:42:21', '[CRON] Es wurden  Auktionen gel&ouml;scht. (&Auml;lter als 100 Tage und keine Transaktionen letzte 60 Tage)', 0),
(836, '2020-01-28 00:49:29', 'Es wurden 1 alte E-Mails gel&ouml;scht. (&Auml;lter als 2 Jahre)', 0),
(837, '2020-01-29 00:49:59', 'Es wurden alte Produkthistorien-Eintr&auml;ge gel&ouml;scht. (&Auml;lter als 2 Jahre)', 0),
(838, '2020-02-03 00:42:23', '[CRON] Es wurden  Auktionen gel&ouml;scht. (&Auml;lter als 100 Tage und keine Transaktionen letzte 60 Tage)', 0),
(839, '2020-02-04 00:49:04', 'Es wurden 2 alte E-Mails gel&ouml;scht. (&Auml;lter als 2 Jahre)', 0),
(840, '2020-02-05 00:49:32', 'Es wurden alte Produkthistorien-Eintr&auml;ge gel&ouml;scht. (&Auml;lter als 2 Jahre)', 0),
(841, '2020-02-10 00:42:04', '[CRON] Es wurden  Auktionen gel&ouml;scht. (&Auml;lter als 100 Tage und keine Transaktionen letzte 60 Tage)', 0),
(842, '2020-02-11 00:49:15', 'Es wurden 2 alte E-Mails gel&ouml;scht. (&Auml;lter als 2 Jahre)', 0),
(843, '2020-02-12 00:49:02', 'Es wurden alte Produkthistorien-Eintr&auml;ge gel&ouml;scht. (&Auml;lter als 2 Jahre)', 0),
(844, '2020-02-17 00:42:05', '[CRON] Es wurden  Auktionen gel&ouml;scht. (&Auml;lter als 100 Tage und keine Transaktionen letzte 60 Tage)', 0),
(845, '2020-02-18 00:49:19', 'Es wurden 2 alte E-Mails gel&ouml;scht. (&Auml;lter als 2 Jahre)', 0),
(846, '2020-02-19 00:49:03', 'Es wurden alte Produkthistorien-Eintr&auml;ge gel&ouml;scht. (&Auml;lter als 2 Jahre)', 0),
(847, '2020-02-24 00:42:10', '[CRON] Es wurden  Auktionen gel&ouml;scht. (&Auml;lter als 100 Tage und keine Transaktionen letzte 60 Tage)', 0),
(848, '2020-02-25 00:49:18', 'Es wurden 1 alte E-Mails gel&ouml;scht. (&Auml;lter als 2 Jahre)', 0),
(849, '2020-02-26 00:49:00', 'Es wurden alte Produkthistorien-Eintr&auml;ge gel&ouml;scht. (&Auml;lter als 2 Jahre)', 0),
(850, '2020-03-02 00:42:05', '[CRON] Es wurden  Auktionen gel&ouml;scht. (&Auml;lter als 100 Tage und keine Transaktionen letzte 60 Tage)', 0),
(851, '2020-03-03 00:48:51', 'Es wurden 0 alte E-Mails gel&ouml;scht. (&Auml;lter als 2 Jahre)', 0),
(852, '2020-03-04 00:48:55', 'Es wurden alte Produkthistorien-Eintr&auml;ge gel&ouml;scht. (&Auml;lter als 2 Jahre)', 0),
(853, '2020-03-09 00:42:19', '[CRON] Es wurden  Auktionen gel&ouml;scht. (&Auml;lter als 100 Tage und keine Transaktionen letzte 60 Tage)', 0),
(854, '2020-03-10 00:48:55', 'Es wurden 1 alte E-Mails gel&ouml;scht. (&Auml;lter als 2 Jahre)', 0),
(855, '2020-03-11 00:48:50', 'Es wurden alte Produkthistorien-Eintr&auml;ge gel&ouml;scht. (&Auml;lter als 2 Jahre)', 0),
(856, '2020-03-16 00:42:20', '[CRON] Es wurden  Auktionen gel&ouml;scht. (&Auml;lter als 100 Tage und keine Transaktionen letzte 60 Tage)', 0),
(857, '2020-03-17 00:48:46', 'Es wurden 1 alte E-Mails gel&ouml;scht. (&Auml;lter als 2 Jahre)', 0),
(858, '2020-03-18 00:48:57', 'Es wurden alte Produkthistorien-Eintr&auml;ge gel&ouml;scht. (&Auml;lter als 2 Jahre)', 0),
(859, '2020-03-23 00:42:22', '[CRON] Es wurden  Auktionen gel&ouml;scht. (&Auml;lter als 100 Tage und keine Transaktionen letzte 60 Tage)', 0),
(860, '2020-03-24 00:49:03', 'Es wurden 1 alte E-Mails gel&ouml;scht. (&Auml;lter als 2 Jahre)', 0),
(861, '2020-03-25 00:48:51', 'Es wurden alte Produkthistorien-Eintr&auml;ge gel&ouml;scht. (&Auml;lter als 2 Jahre)', 0),
(862, '2020-03-30 00:42:39', '[CRON] Es wurden  Auktionen gel&ouml;scht. (&Auml;lter als 100 Tage und keine Transaktionen letzte 60 Tage)', 0),
(863, '2020-03-31 00:49:09', 'Es wurden 4 alte E-Mails gel&ouml;scht. (&Auml;lter als 2 Jahre)', 0),
(864, '2020-04-01 00:49:09', 'Es wurden alte Produkthistorien-Eintr&auml;ge gel&ouml;scht. (&Auml;lter als 2 Jahre)', 0),
(865, '2020-04-02 09:23:47', 'Konfiguration DSGVO_ALLOW_SEND_CUSTOMER_EMAIL_ADDRESS_TO_SHIPPER = True', 5000),
(866, '2020-04-06 00:42:24', '[CRON] Es wurden  Auktionen gel&ouml;scht. (&Auml;lter als 100 Tage und keine Transaktionen letzte 60 Tage)', 0),
(867, '2020-04-07 00:49:02', 'Es wurden 1 alte E-Mails gel&ouml;scht. (&Auml;lter als 2 Jahre)', 0),
(868, '2020-04-08 00:49:23', 'Es wurden alte Produkthistorien-Eintr&auml;ge gel&ouml;scht. (&Auml;lter als 2 Jahre)', 0),
(869, '2020-04-13 00:42:10', '[CRON] Es wurden  Auktionen gel&ouml;scht. (&Auml;lter als 100 Tage und keine Transaktionen letzte 60 Tage)', 0),
(870, '2020-04-14 00:49:04', 'Es wurden 3 alte E-Mails gel&ouml;scht. (&Auml;lter als 2 Jahre)', 0),
(871, '2020-04-15 00:49:33', 'Es wurden alte Produkthistorien-Eintr&auml;ge gel&ouml;scht. (&Auml;lter als 2 Jahre)', 0),
(872, '2020-04-20 00:42:24', '[CRON] Es wurden  Auktionen gel&ouml;scht. (&Auml;lter als 100 Tage und keine Transaktionen letzte 60 Tage)', 0),
(873, '2020-04-21 00:49:04', 'Es wurden 2 alte E-Mails gel&ouml;scht. (&Auml;lter als 2 Jahre)', 0),
(874, '2020-04-22 00:49:08', 'Es wurden alte Produkthistorien-Eintr&auml;ge gel&ouml;scht. (&Auml;lter als 2 Jahre)', 0),
(875, '2020-04-27 00:42:19', '[CRON] Es wurden  Auktionen gel&ouml;scht. (&Auml;lter als 100 Tage und keine Transaktionen letzte 60 Tage)', 0),
(876, '2020-04-28 00:49:13', 'Es wurden 3 alte E-Mails gel&ouml;scht. (&Auml;lter als 2 Jahre)', 0),
(877, '2020-04-29 00:49:16', 'Es wurden alte Produkthistorien-Eintr&auml;ge gel&ouml;scht. (&Auml;lter als 2 Jahre)', 0),
(878, '2020-05-04 00:42:20', '[CRON] Es wurden  Auktionen gel&ouml;scht. (&Auml;lter als 100 Tage und keine Transaktionen letzte 60 Tage)', 0),
(879, '2020-05-05 00:48:59', 'Es wurden 1 alte E-Mails gel&ouml;scht. (&Auml;lter als 2 Jahre)', 0),
(880, '2020-05-06 00:49:11', 'Es wurden alte Produkthistorien-Eintr&auml;ge gel&ouml;scht. (&Auml;lter als 2 Jahre)', 0),
(881, '2020-05-11 00:42:18', '[CRON] Es wurden  Auktionen gel&ouml;scht. (&Auml;lter als 100 Tage und keine Transaktionen letzte 60 Tage)', 0),
(882, '2020-05-12 00:49:02', 'Es wurden 1 alte E-Mails gel&ouml;scht. (&Auml;lter als 2 Jahre)', 0),
(883, '2020-05-13 00:49:28', 'Es wurden alte Produkthistorien-Eintr&auml;ge gel&ouml;scht. (&Auml;lter als 2 Jahre)', 0),
(884, '2020-05-18 00:42:21', '[CRON] Es wurden  Auktionen gel&ouml;scht. (&Auml;lter als 100 Tage und keine Transaktionen letzte 60 Tage)', 0),
(885, '2020-05-19 00:48:55', 'Es wurden 3 alte E-Mails gel&ouml;scht. (&Auml;lter als 2 Jahre)', 0),
(886, '2020-05-20 00:49:17', 'Es wurden alte Produkthistorien-Eintr&auml;ge gel&ouml;scht. (&Auml;lter als 2 Jahre)', 0),
(887, '2020-05-25 00:42:21', '[CRON] Es wurden  Auktionen gel&ouml;scht. (&Auml;lter als 100 Tage und keine Transaktionen letzte 60 Tage)', 0),
(888, '2020-05-26 00:49:07', 'Es wurden 3 alte E-Mails gel&ouml;scht. (&Auml;lter als 2 Jahre)', 0),
(889, '2020-05-27 00:49:11', 'Es wurden alte Produkthistorien-Eintr&auml;ge gel&ouml;scht. (&Auml;lter als 2 Jahre)', 0),
(890, '2020-06-01 00:42:13', '[CRON] Es wurden  Auktionen gel&ouml;scht. (&Auml;lter als 100 Tage und keine Transaktionen letzte 60 Tage)', 0),
(891, '2020-06-02 00:48:41', 'Es wurden 0 alte E-Mails gel&ouml;scht. (&Auml;lter als 2 Jahre)', 0),
(892, '2020-06-03 00:49:06', 'Es wurden alte Produkthistorien-Eintr&auml;ge gel&ouml;scht. (&Auml;lter als 2 Jahre)', 0),
(893, '2020-06-08 00:42:16', '[CRON] Es wurden  Auktionen gel&ouml;scht. (&Auml;lter als 100 Tage und keine Transaktionen letzte 60 Tage)', 0),
(894, '2020-06-09 00:48:51', 'Es wurden 0 alte E-Mails gel&ouml;scht. (&Auml;lter als 2 Jahre)', 0),
(895, '2020-06-10 00:48:41', 'Es wurden alte Produkthistorien-Eintr&auml;ge gel&ouml;scht. (&Auml;lter als 2 Jahre)', 0),
(896, '2020-06-15 00:42:11', '[CRON] Es wurden  Auktionen gel&ouml;scht. (&Auml;lter als 100 Tage und keine Transaktionen letzte 60 Tage)', 0),
(897, '2020-06-16 00:49:01', 'Es wurden 1 alte E-Mails gel&ouml;scht. (&Auml;lter als 2 Jahre)', 0),
(898, '2020-06-17 00:49:05', 'Es wurden alte Produkthistorien-Eintr&auml;ge gel&ouml;scht. (&Auml;lter als 2 Jahre)', 0),
(899, '2020-06-22 00:42:17', '[CRON] Es wurden  Auktionen gel&ouml;scht. (&Auml;lter als 100 Tage und keine Transaktionen letzte 60 Tage)', 0),
(900, '2020-06-23 00:48:47', 'Es wurden 0 alte E-Mails gel&ouml;scht. (&Auml;lter als 2 Jahre)', 0),
(901, '2020-06-24 00:49:06', 'Es wurden alte Produkthistorien-Eintr&auml;ge gel&ouml;scht. (&Auml;lter als 2 Jahre)', 0),
(902, '2020-06-29 00:42:07', '[CRON] Es wurden  Auktionen gel&ouml;scht. (&Auml;lter als 100 Tage und keine Transaktionen letzte 60 Tage)', 0),
(903, '2020-06-30 00:49:04', 'Es wurden 2 alte E-Mails gel&ouml;scht. (&Auml;lter als 2 Jahre)', 0),
(904, '2020-07-01 00:48:47', 'Es wurden alte Produkthistorien-Eintr&auml;ge gel&ouml;scht. (&Auml;lter als 2 Jahre)', 0),
(905, '2020-07-06 00:42:16', '[CRON] Es wurden  Auktionen gel&ouml;scht. (&Auml;lter als 100 Tage und keine Transaktionen letzte 60 Tage)', 0),
(906, '2020-07-07 00:48:55', 'Es wurden 1 alte E-Mails gel&ouml;scht. (&Auml;lter als 2 Jahre)', 0),
(907, '2020-07-08 00:48:44', 'Es wurden alte Produkthistorien-Eintr&auml;ge gel&ouml;scht. (&Auml;lter als 2 Jahre)', 0),
(908, '2020-07-13 00:42:20', '[CRON] Es wurden  Auktionen gel&ouml;scht. (&Auml;lter als 100 Tage und keine Transaktionen letzte 60 Tage)', 0),
(909, '2020-07-14 00:48:49', 'Es wurden 0 alte E-Mails gel&ouml;scht. (&Auml;lter als 2 Jahre)', 0),
(910, '2020-07-15 00:48:54', 'Es wurden alte Produkthistorien-Eintr&auml;ge gel&ouml;scht. (&Auml;lter als 2 Jahre)', 0),
(911, '2020-07-20 00:42:16', '[CRON] Es wurden  Auktionen gel&ouml;scht. (&Auml;lter als 100 Tage und keine Transaktionen letzte 60 Tage)', 0),
(912, '2020-07-21 00:48:58', 'Es wurden 2 alte E-Mails gel&ouml;scht. (&Auml;lter als 2 Jahre)', 0),
(913, '2020-07-22 00:48:45', 'Es wurden alte Produkthistorien-Eintr&auml;ge gel&ouml;scht. (&Auml;lter als 2 Jahre)', 0),
(914, '2020-07-27 00:42:22', '[CRON] Es wurden  Auktionen gel&ouml;scht. (&Auml;lter als 100 Tage und keine Transaktionen letzte 60 Tage)', 0),
(915, '2020-07-28 00:48:45', 'Es wurden 0 alte E-Mails gel&ouml;scht. (&Auml;lter als 2 Jahre)', 0),
(916, '2020-07-29 00:48:54', 'Es wurden alte Produkthistorien-Eintr&auml;ge gel&ouml;scht. (&Auml;lter als 2 Jahre)', 0),
(917, '2020-08-03 00:42:19', '[CRON] Es wurden  Auktionen gel&ouml;scht. (&Auml;lter als 100 Tage und keine Transaktionen letzte 60 Tage)', 0),
(918, '2020-08-04 00:48:56', 'Es wurden 1 alte E-Mails gel&ouml;scht. (&Auml;lter als 2 Jahre)', 0),
(919, '2020-08-05 00:49:24', 'Es wurden alte Produkthistorien-Eintr&auml;ge gel&ouml;scht. (&Auml;lter als 2 Jahre)', 0),
(920, '2020-08-10 00:42:07', '[CRON] Es wurden  Auktionen gel&ouml;scht. (&Auml;lter als 100 Tage und keine Transaktionen letzte 60 Tage)', 0),
(921, '2020-08-11 00:48:50', 'Es wurden 0 alte E-Mails gel&ouml;scht. (&Auml;lter als 2 Jahre)', 0),
(922, '2020-08-12 00:48:51', 'Es wurden alte Produkthistorien-Eintr&auml;ge gel&ouml;scht. (&Auml;lter als 2 Jahre)', 0),
(923, '2020-08-17 00:42:11', '[CRON] Es wurden  Auktionen gel&ouml;scht. (&Auml;lter als 100 Tage und keine Transaktionen letzte 60 Tage)', 0),
(924, '2020-08-18 00:48:43', 'Es wurden 3 alte E-Mails gel&ouml;scht. (&Auml;lter als 2 Jahre)', 0),
(925, '2020-08-19 00:48:44', 'Es wurden alte Produkthistorien-Eintr&auml;ge gel&ouml;scht. (&Auml;lter als 2 Jahre)', 0),
(926, '2020-08-24 00:42:24', '[CRON] Es wurden  Auktionen gel&ouml;scht. (&Auml;lter als 100 Tage und keine Transaktionen letzte 60 Tage)', 0),
(927, '2020-08-25 00:49:09', 'Es wurden 1 alte E-Mails gel&ouml;scht. (&Auml;lter als 2 Jahre)', 0),
(928, '2020-08-26 00:48:55', 'Es wurden alte Produkthistorien-Eintr&auml;ge gel&ouml;scht. (&Auml;lter als 2 Jahre)', 0),
(929, '2020-08-31 00:42:11', '[CRON] Es wurden  Auktionen gel&ouml;scht. (&Auml;lter als 100 Tage und keine Transaktionen letzte 60 Tage)', 0),
(930, '2020-09-01 00:48:31', 'Es wurden 0 alte E-Mails gel&ouml;scht. (&Auml;lter als 2 Jahre)', 0),
(931, '2020-09-02 00:48:45', 'Es wurden alte Produkthistorien-Eintr&auml;ge gel&ouml;scht. (&Auml;lter als 2 Jahre)', 0),
(932, '2020-09-07 00:42:04', '[CRON] Es wurden  Auktionen gel&ouml;scht. (&Auml;lter als 100 Tage und keine Transaktionen letzte 60 Tage)', 0),
(933, '2020-09-08 00:48:37', 'Es wurden 2 alte E-Mails gel&ouml;scht. (&Auml;lter als 2 Jahre)', 0),
(934, '2020-09-09 00:49:04', 'Es wurden alte Produkthistorien-Eintr&auml;ge gel&ouml;scht. (&Auml;lter als 2 Jahre)', 0),
(935, '2020-09-14 00:42:06', '[CRON] Es wurden  Auktionen gel&ouml;scht. (&Auml;lter als 100 Tage und keine Transaktionen letzte 60 Tage)', 0),
(936, '2020-09-14 09:53:58', 'Es wurden 2 alte E-Mails gel&ouml;scht. (&Auml;lter als 2 Jahre)', 1),
(937, '2020-09-14 09:54:01', 'Es wurden alte Produkthistorien-Eintr&auml;ge gel&ouml;scht. (&Auml;lter als 2 Jahre)', 1),
(938, '2020-09-14 09:54:11', 'Es wurden 0 Auktionen gel&ouml;scht. (&Auml;lter als 100 Tage)', 1),
(939, '2020-09-14 10:03:09', 'Es wurden 0 alte E-Mails gel&ouml;scht. (&Auml;lter als 2 Jahre)', 1),
(940, '2020-09-14 10:03:13', 'Es wurden alte Produkthistorien-Eintr&auml;ge gel&ouml;scht. (&Auml;lter als 2 Jahre)', 1),
(941, '2020-09-14 10:03:21', 'Es wurden 0 Auktionen gel&ouml;scht. (&Auml;lter als 100 Tage)', 1),
(942, '2020-09-14 14:52:50', 'Es wurden 0 alte E-Mails gel&ouml;scht. (&Auml;lter als 2 Jahre)', 1),
(943, '2020-09-14 14:52:52', 'Es wurden alte Produkthistorien-Eintr&auml;ge gel&ouml;scht. (&Auml;lter als 2 Jahre)', 1),
(944, '2020-09-14 14:52:53', 'Es wurden 0 Auktionen gel&ouml;scht. (&Auml;lter als 100 Tage)', 1),
(945, '2020-09-15 00:48:08', 'Es wurden 0 alte E-Mails gel&ouml;scht. (&Auml;lter als 2 Jahre)', 0),
(946, '2020-09-16 00:48:29', 'Es wurden alte Produkthistorien-Eintr&auml;ge gel&ouml;scht. (&Auml;lter als 2 Jahre)', 0),
(947, '2020-09-21 00:41:37', '[CRON] Es wurden  Auktionen gel&ouml;scht. (&Auml;lter als 100 Tage und keine Transaktionen letzte 60 Tage)', 0),
(948, '2020-09-22 00:48:25', 'Es wurden 0 alte E-Mails gel&ouml;scht. (&Auml;lter als 2 Jahre)', 0),
(949, '2020-09-23 00:48:30', 'Es wurden alte Produkthistorien-Eintr&auml;ge gel&ouml;scht. (&Auml;lter als 2 Jahre)', 0),
(950, '2020-09-28 00:41:42', '[CRON] Es wurden  Auktionen gel&ouml;scht. (&Auml;lter als 100 Tage und keine Transaktionen letzte 60 Tage)', 0),
(951, '2020-09-29 00:48:28', 'Es wurden 1 alte E-Mails gel&ouml;scht. (&Auml;lter als 2 Jahre)', 0),
(952, '2020-09-30 00:49:03', 'Es wurden alte Produkthistorien-Eintr&auml;ge gel&ouml;scht. (&Auml;lter als 2 Jahre)', 0),
(953, '2020-10-05 00:41:38', '[CRON] Es wurden  Auktionen gel&ouml;scht. (&Auml;lter als 100 Tage und keine Transaktionen letzte 60 Tage)', 0),
(954, '2020-10-06 00:48:40', 'Es wurden 1 alte E-Mails gel&ouml;scht. (&Auml;lter als 2 Jahre)', 0),
(955, '2020-10-07 00:49:01', 'Es wurden alte Produkthistorien-Eintr&auml;ge gel&ouml;scht. (&Auml;lter als 2 Jahre)', 0),
(956, '2020-10-12 00:41:53', '[CRON] Es wurden  Auktionen gel&ouml;scht. (&Auml;lter als 100 Tage und keine Transaktionen letzte 60 Tage)', 0),
(957, '2020-10-13 00:48:50', 'Es wurden 1 alte E-Mails gel&ouml;scht. (&Auml;lter als 2 Jahre)', 0),
(958, '2020-10-14 00:48:43', 'Es wurden alte Produkthistorien-Eintr&auml;ge gel&ouml;scht. (&Auml;lter als 2 Jahre)', 0),
(959, '2020-10-19 00:41:37', '[CRON] Es wurden  Auktionen gel&ouml;scht. (&Auml;lter als 100 Tage und keine Transaktionen letzte 60 Tage)', 0),
(960, '2020-10-20 00:48:29', 'Es wurden 5 alte E-Mails gel&ouml;scht. (&Auml;lter als 2 Jahre)', 0),
(961, '2020-10-21 00:48:50', 'Es wurden alte Produkthistorien-Eintr&auml;ge gel&ouml;scht. (&Auml;lter als 2 Jahre)', 0),
(962, '2020-10-22 17:08:53', 'Konfiguration SMTP_PORT = 465', 1),
(963, '2020-10-26 00:41:38', '[CRON] Es wurden  Auktionen gel&ouml;scht. (&Auml;lter als 100 Tage und keine Transaktionen letzte 60 Tage)', 0),
(964, '2020-10-27 00:48:30', 'Es wurden 2 alte E-Mails gel&ouml;scht. (&Auml;lter als 2 Jahre)', 0),
(965, '2020-10-28 00:48:29', 'Es wurden alte Produkthistorien-Eintr&auml;ge gel&ouml;scht. (&Auml;lter als 2 Jahre)', 0),
(966, '2020-11-02 00:41:51', '[CRON] Es wurden  Auktionen gel&ouml;scht. (&Auml;lter als 100 Tage und keine Transaktionen letzte 60 Tage)', 0),
(967, '2020-11-03 00:48:47', 'Es wurden 2 alte E-Mails gel&ouml;scht. (&Auml;lter als 2 Jahre)', 0),
(968, '2020-11-04 00:49:20', 'Es wurden alte Produkthistorien-Eintr&auml;ge gel&ouml;scht. (&Auml;lter als 2 Jahre)', 0),
(969, '2020-11-06 20:35:51', 'Es wurden 1 alte E-Mails gel&ouml;scht. (&Auml;lter als 2 Jahre)', 1),
(970, '2020-11-06 20:35:57', 'Es wurden alte Produkthistorien-Eintr&auml;ge gel&ouml;scht. (&Auml;lter als 2 Jahre)', 1),
(971, '2020-11-06 20:36:03', 'Es wurden 0 Auktionen gel&ouml;scht. (&Auml;lter als 100 Tage)', 1),
(972, '2020-11-09 00:41:43', '[CRON] Es wurden  Auktionen gel&ouml;scht. (&Auml;lter als 100 Tage und keine Transaktionen letzte 60 Tage)', 0),
(973, '2020-11-10 00:48:48', 'Es wurden 1 alte E-Mails gel&ouml;scht. (&Auml;lter als 2 Jahre)', 0),
(974, '2020-11-11 00:48:38', 'Es wurden alte Produkthistorien-Eintr&auml;ge gel&ouml;scht. (&Auml;lter als 2 Jahre)', 0),
(975, '2020-11-16 00:41:44', '[CRON] Es wurden  Auktionen gel&ouml;scht. (&Auml;lter als 100 Tage und keine Transaktionen letzte 60 Tage)', 0),
(976, '2020-11-17 00:48:29', 'Es wurden 4 alte E-Mails gel&ouml;scht. (&Auml;lter als 2 Jahre)', 0),
(977, '2020-11-18 00:48:49', 'Es wurden alte Produkthistorien-Eintr&auml;ge gel&ouml;scht. (&Auml;lter als 2 Jahre)', 0),
(978, '2020-11-23 00:41:41', '[CRON] Es wurden  Auktionen gel&ouml;scht. (&Auml;lter als 100 Tage und keine Transaktionen letzte 60 Tage)', 0),
(979, '2020-11-24 00:48:31', 'Es wurden 2 alte E-Mails gel&ouml;scht. (&Auml;lter als 2 Jahre)', 0),
(980, '2020-11-25 00:48:46', 'Es wurden alte Produkthistorien-Eintr&auml;ge gel&ouml;scht. (&Auml;lter als 2 Jahre)', 0),
(981, '2020-11-30 00:41:43', '[CRON] Es wurden  Auktionen gel&ouml;scht. (&Auml;lter als 100 Tage und keine Transaktionen letzte 60 Tage)', 0),
(982, '2020-12-01 00:48:39', 'Es wurden 5 alte E-Mails gel&ouml;scht. (&Auml;lter als 2 Jahre)', 0),
(983, '2020-12-02 00:48:31', 'Es wurden alte Produkthistorien-Eintr&auml;ge gel&ouml;scht. (&Auml;lter als 2 Jahre)', 0),
(984, '2020-12-07 00:41:39', '[CRON] Es wurden  Auktionen gel&ouml;scht. (&Auml;lter als 100 Tage und keine Transaktionen letzte 60 Tage)', 0),
(985, '2020-12-08 00:48:50', 'Es wurden 12 alte E-Mails gel&ouml;scht. (&Auml;lter als 2 Jahre)', 0),
(986, '2020-12-09 00:48:29', 'Es wurden alte Produkthistorien-Eintr&auml;ge gel&ouml;scht. (&Auml;lter als 2 Jahre)', 0),
(987, '2020-12-14 00:41:42', '[CRON] Es wurden  Auktionen gel&ouml;scht. (&Auml;lter als 100 Tage und keine Transaktionen letzte 60 Tage)', 0),
(988, '2020-12-15 00:48:40', 'Es wurden 17 alte E-Mails gel&ouml;scht. (&Auml;lter als 2 Jahre)', 0),
(989, '2020-12-16 00:48:42', 'Es wurden alte Produkthistorien-Eintr&auml;ge gel&ouml;scht. (&Auml;lter als 2 Jahre)', 0),
(990, '2020-12-21 00:41:39', '[CRON] Es wurden  Auktionen gel&ouml;scht. (&Auml;lter als 100 Tage und keine Transaktionen letzte 60 Tage)', 0),
(991, '2020-12-22 00:48:42', 'Es wurden 11 alte E-Mails gel&ouml;scht. (&Auml;lter als 2 Jahre)', 0),
(992, '2020-12-23 00:48:46', 'Es wurden alte Produkthistorien-Eintr&auml;ge gel&ouml;scht. (&Auml;lter als 2 Jahre)', 0),
(993, '2020-12-28 00:41:42', '[CRON] Es wurden  Auktionen gel&ouml;scht. (&Auml;lter als 100 Tage und keine Transaktionen letzte 60 Tage)', 0),
(994, '2020-12-29 00:48:31', 'Es wurden 4 alte E-Mails gel&ouml;scht. (&Auml;lter als 2 Jahre)', 0),
(995, '2020-12-30 00:48:30', 'Es wurden alte Produkthistorien-Eintr&auml;ge gel&ouml;scht. (&Auml;lter als 2 Jahre)', 0),
(996, '2021-01-04 00:41:42', '[CRON] Es wurden  Auktionen gel&ouml;scht. (&Auml;lter als 100 Tage und keine Transaktionen letzte 60 Tage)', 0),
(997, '2021-01-05 00:48:46', 'Es wurden 7 alte E-Mails gel&ouml;scht. (&Auml;lter als 2 Jahre)', 0),
(998, '2021-01-06 00:48:56', 'Es wurden alte Produkthistorien-Eintr&auml;ge gel&ouml;scht. (&Auml;lter als 2 Jahre)', 0),
(999, '2021-01-11 00:41:40', '[CRON] Es wurden  Auktionen gel&ouml;scht. (&Auml;lter als 100 Tage und keine Transaktionen letzte 60 Tage)', 0),
(1000, '2021-01-12 00:48:53', 'Es wurden 15 alte E-Mails gel&ouml;scht. (&Auml;lter als 2 Jahre)', 0),
(1001, '2021-01-13 00:48:41', 'Es wurden alte Produkthistorien-Eintr&auml;ge gel&ouml;scht. (&Auml;lter als 2 Jahre)', 0),
(1002, '2021-01-13 19:40:41', 'Konfiguration RUECKERSTATTUNG_NEGATIVE_ORDER_PRODUCTS_ID = 4', 1),
(1003, '2021-01-18 00:41:52', '[CRON] Es wurden  Auktionen gel&ouml;scht. (&Auml;lter als 100 Tage und keine Transaktionen letzte 60 Tage)', 0),
(1004, '2021-01-19 00:48:57', 'Es wurden 4 alte E-Mails gel&ouml;scht. (&Auml;lter als 2 Jahre)', 0),
(1005, '2021-01-20 00:49:03', 'Es wurden alte Produkthistorien-Eintr&auml;ge gel&ouml;scht. (&Auml;lter als 2 Jahre)', 0),
(1006, '2021-01-25 00:40:31', '[CRON] Es wurden  Auktionen gel&ouml;scht. (&Auml;lter als 100 Tage und keine Transaktionen letzte 60 Tage)', 0),
(1007, '2021-01-26 00:47:10', 'Es wurden 7 alte E-Mails gel&ouml;scht. (&Auml;lter als 2 Jahre)', 0),
(1008, '2021-01-27 00:47:22', 'Es wurden alte Produkthistorien-Eintr&auml;ge gel&ouml;scht. (&Auml;lter als 2 Jahre)', 0),
(1009, '2021-02-01 00:40:37', '[CRON] Es wurden  Auktionen gel&ouml;scht. (&Auml;lter als 100 Tage und keine Transaktionen letzte 60 Tage)', 0),
(1010, '2021-02-02 00:46:58', 'Es wurden 2 alte E-Mails gel&ouml;scht. (&Auml;lter als 2 Jahre)', 0),
(1011, '2021-02-03 00:47:15', 'Es wurden alte Produkthistorien-Eintr&auml;ge gel&ouml;scht. (&Auml;lter als 2 Jahre)', 0),
(1012, '2021-02-08 00:40:34', '[CRON] Es wurden  Auktionen gel&ouml;scht. (&Auml;lter als 100 Tage und keine Transaktionen letzte 60 Tage)', 0),
(1013, '2021-02-09 00:47:13', 'Es wurden 2 alte E-Mails gel&ouml;scht. (&Auml;lter als 2 Jahre)', 0),
(1014, '2021-02-10 00:47:06', 'Es wurden alte Produkthistorien-Eintr&auml;ge gel&ouml;scht. (&Auml;lter als 2 Jahre)', 0),
(1015, '2021-02-15 00:40:25', '[CRON] Es wurden  Auktionen gel&ouml;scht. (&Auml;lter als 100 Tage und keine Transaktionen letzte 60 Tage)', 0),
(1016, '2021-02-16 00:47:07', 'Es wurden 0 alte E-Mails gel&ouml;scht. (&Auml;lter als 2 Jahre)', 0),
(1017, '2021-02-17 00:47:00', 'Es wurden alte Produkthistorien-Eintr&auml;ge gel&ouml;scht. (&Auml;lter als 2 Jahre)', 0),
(1018, '2021-02-22 00:40:28', '[CRON] Es wurden  Auktionen gel&ouml;scht. (&Auml;lter als 100 Tage und keine Transaktionen letzte 60 Tage)', 0),
(1019, '2021-02-23 00:46:54', 'Es wurden 0 alte E-Mails gel&ouml;scht. (&Auml;lter als 2 Jahre)', 0),
(1020, '2021-02-24 00:47:03', 'Es wurden alte Produkthistorien-Eintr&auml;ge gel&ouml;scht. (&Auml;lter als 2 Jahre)', 0),
(1021, '2021-03-01 00:40:28', '[CRON] Es wurden  Auktionen gel&ouml;scht. (&Auml;lter als 100 Tage und keine Transaktionen letzte 60 Tage)', 0),
(1022, '2021-03-02 00:47:04', 'Es wurden 1 alte E-Mails gel&ouml;scht. (&Auml;lter als 2 Jahre)', 0),
(1023, '2021-03-03 00:47:01', 'Es wurden alte Produkthistorien-Eintr&auml;ge gel&ouml;scht. (&Auml;lter als 2 Jahre)', 0),
(1024, '2021-03-08 00:40:24', '[CRON] Es wurden  Auktionen gel&ouml;scht. (&Auml;lter als 100 Tage und keine Transaktionen letzte 60 Tage)', 0),
(1025, '2021-03-09 00:47:06', 'Es wurden 2 alte E-Mails gel&ouml;scht. (&Auml;lter als 2 Jahre)', 0),
(1026, '2021-03-10 00:47:17', 'Es wurden alte Produkthistorien-Eintr&auml;ge gel&ouml;scht. (&Auml;lter als 2 Jahre)', 0),
(1027, '2021-03-15 00:40:30', '[CRON] Es wurden  Auktionen gel&ouml;scht. (&Auml;lter als 100 Tage und keine Transaktionen letzte 60 Tage)', 0),
(1028, '2021-03-16 00:47:06', 'Es wurden 1 alte E-Mails gel&ouml;scht. (&Auml;lter als 2 Jahre)', 0),
(1029, '2021-03-17 00:47:03', 'Es wurden alte Produkthistorien-Eintr&auml;ge gel&ouml;scht. (&Auml;lter als 2 Jahre)', 0),
(1030, '2021-03-22 00:40:31', '[CRON] Es wurden  Auktionen gel&ouml;scht. (&Auml;lter als 100 Tage und keine Transaktionen letzte 60 Tage)', 0),
(1031, '2021-03-23 00:47:02', 'Es wurden 3 alte E-Mails gel&ouml;scht. (&Auml;lter als 2 Jahre)', 0),
(1032, '2021-03-24 00:46:59', 'Es wurden alte Produkthistorien-Eintr&auml;ge gel&ouml;scht. (&Auml;lter als 2 Jahre)', 0),
(1033, '2021-03-29 00:40:35', '[CRON] Es wurden  Auktionen gel&ouml;scht. (&Auml;lter als 100 Tage und keine Transaktionen letzte 60 Tage)', 0),
(1034, '2021-03-30 00:47:06', 'Es wurden 2 alte E-Mails gel&ouml;scht. (&Auml;lter als 2 Jahre)', 0),
(1035, '2021-03-31 00:47:05', 'Es wurden alte Produkthistorien-Eintr&auml;ge gel&ouml;scht. (&Auml;lter als 2 Jahre)', 0),
(1036, '2021-04-05 00:40:23', '[CRON] Es wurden  Auktionen gel&ouml;scht. (&Auml;lter als 100 Tage und keine Transaktionen letzte 60 Tage)', 0),
(1037, '2021-04-06 00:46:55', 'Es wurden 0 alte E-Mails gel&ouml;scht. (&Auml;lter als 2 Jahre)', 0),
(1038, '2021-04-07 00:47:04', 'Es wurden alte Produkthistorien-Eintr&auml;ge gel&ouml;scht. (&Auml;lter als 2 Jahre)', 0),
(1039, '2021-04-12 00:40:28', '[CRON] Es wurden  Auktionen gel&ouml;scht. (&Auml;lter als 100 Tage und keine Transaktionen letzte 60 Tage)', 0),
(1040, '2021-04-13 00:47:14', 'Es wurden 0 alte E-Mails gel&ouml;scht. (&Auml;lter als 2 Jahre)', 0),
(1041, '2021-04-14 00:47:05', 'Es wurden alte Produkthistorien-Eintr&auml;ge gel&ouml;scht. (&Auml;lter als 2 Jahre)', 0),
(1042, '2021-04-19 00:40:37', '[CRON] Es wurden  Auktionen gel&ouml;scht. (&Auml;lter als 100 Tage und keine Transaktionen letzte 60 Tage)', 0),
(1043, '2021-04-20 00:47:09', 'Es wurden 1 alte E-Mails gel&ouml;scht. (&Auml;lter als 2 Jahre)', 0),
(1044, '2021-04-21 00:47:13', 'Es wurden alte Produkthistorien-Eintr&auml;ge gel&ouml;scht. (&Auml;lter als 2 Jahre)', 0),
(1045, '2021-04-26 00:40:41', '[CRON] Es wurden  Auktionen gel&ouml;scht. (&Auml;lter als 100 Tage und keine Transaktionen letzte 60 Tage)', 0),
(1046, '2021-04-27 00:47:24', 'Es wurden 0 alte E-Mails gel&ouml;scht. (&Auml;lter als 2 Jahre)', 0),
(1047, '2021-04-28 00:47:20', 'Es wurden alte Produkthistorien-Eintr&auml;ge gel&ouml;scht. (&Auml;lter als 2 Jahre)', 0),
(1048, '2021-05-03 00:40:33', '[CRON] Es wurden  Auktionen gel&ouml;scht. (&Auml;lter als 100 Tage und keine Transaktionen letzte 60 Tage)', 0),
(1049, '2021-05-04 00:47:26', 'Es wurden 1 alte E-Mails gel&ouml;scht. (&Auml;lter als 2 Jahre)', 0),
(1050, '2021-05-05 00:47:12', 'Es wurden alte Produkthistorien-Eintr&auml;ge gel&ouml;scht. (&Auml;lter als 2 Jahre)', 0),
(1051, '2021-05-10 00:40:45', '[CRON] Es wurden  Auktionen gel&ouml;scht. (&Auml;lter als 100 Tage und keine Transaktionen letzte 60 Tage)', 0),
(1052, '2021-05-11 00:47:16', 'Es wurden 0 alte E-Mails gel&ouml;scht. (&Auml;lter als 2 Jahre)', 0),
(1053, '2021-05-12 00:47:14', 'Es wurden alte Produkthistorien-Eintr&auml;ge gel&ouml;scht. (&Auml;lter als 2 Jahre)', 0),
(1054, '2021-05-17 00:40:32', '[CRON] Es wurden  Auktionen gel&ouml;scht. (&Auml;lter als 100 Tage und keine Transaktionen letzte 60 Tage)', 0),
(1055, '2021-05-18 00:47:22', 'Es wurden 0 alte E-Mails gel&ouml;scht. (&Auml;lter als 2 Jahre)', 0),
(1056, '2021-05-19 00:47:17', 'Es wurden alte Produkthistorien-Eintr&auml;ge gel&ouml;scht. (&Auml;lter als 2 Jahre)', 0),
(1057, '2021-05-24 00:40:39', '[CRON] Es wurden  Auktionen gel&ouml;scht. (&Auml;lter als 100 Tage und keine Transaktionen letzte 60 Tage)', 0),
(1058, '2021-05-25 00:47:13', 'Es wurden 0 alte E-Mails gel&ouml;scht. (&Auml;lter als 2 Jahre)', 0),
(1059, '2021-05-26 00:47:20', 'Es wurden alte Produkthistorien-Eintr&auml;ge gel&ouml;scht. (&Auml;lter als 2 Jahre)', 0),
(1060, '2021-05-31 00:40:32', '[CRON] Es wurden  Auktionen gel&ouml;scht. (&Auml;lter als 100 Tage und keine Transaktionen letzte 60 Tage)', 0),
(1061, '2021-06-01 00:47:17', 'Es wurden 0 alte E-Mails gel&ouml;scht. (&Auml;lter als 2 Jahre)', 0),
(1062, '2021-06-02 00:47:25', 'Es wurden alte Produkthistorien-Eintr&auml;ge gel&ouml;scht. (&Auml;lter als 2 Jahre)', 0),
(1063, '2021-06-07 00:40:23', '[CRON] Es wurden  Auktionen gel&ouml;scht. (&Auml;lter als 100 Tage und keine Transaktionen letzte 60 Tage)', 0),
(1064, '2021-06-08 00:47:20', 'Es wurden 2 alte E-Mails gel&ouml;scht. (&Auml;lter als 2 Jahre)', 0),
(1065, '2021-06-09 00:47:06', 'Es wurden alte Produkthistorien-Eintr&auml;ge gel&ouml;scht. (&Auml;lter als 2 Jahre)', 0),
(1066, '2021-06-14 00:40:24', '[CRON] Es wurden  Auktionen gel&ouml;scht. (&Auml;lter als 100 Tage und keine Transaktionen letzte 60 Tage)', 0),
(1067, '2021-06-15 00:47:12', 'Es wurden 1 alte E-Mails gel&ouml;scht. (&Auml;lter als 2 Jahre)', 0),
(1068, '2021-06-16 00:47:13', 'Es wurden alte Produkthistorien-Eintr&auml;ge gel&ouml;scht. (&Auml;lter als 2 Jahre)', 0),
(1069, '2021-06-21 00:40:24', '[CRON] Es wurden  Auktionen gel&ouml;scht. (&Auml;lter als 100 Tage und keine Transaktionen letzte 60 Tage)', 0),
(1070, '2021-06-22 00:47:08', 'Es wurden 0 alte E-Mails gel&ouml;scht. (&Auml;lter als 2 Jahre)', 0),
(1071, '2021-06-23 00:47:16', 'Es wurden alte Produkthistorien-Eintr&auml;ge gel&ouml;scht. (&Auml;lter als 2 Jahre)', 0),
(1072, '2021-06-28 00:40:24', '[CRON] Es wurden  Auktionen gel&ouml;scht. (&Auml;lter als 100 Tage und keine Transaktionen letzte 60 Tage)', 0),
(1073, '2021-06-29 00:47:09', 'Es wurden 1 alte E-Mails gel&ouml;scht. (&Auml;lter als 2 Jahre)', 0),
(1074, '2021-06-30 00:47:18', 'Es wurden alte Produkthistorien-Eintr&auml;ge gel&ouml;scht. (&Auml;lter als 2 Jahre)', 0),
(1075, '2021-07-05 00:40:39', '[CRON] Es wurden  Auktionen gel&ouml;scht. (&Auml;lter als 100 Tage und keine Transaktionen letzte 60 Tage)', 0),
(1076, '2021-07-06 00:47:09', 'Es wurden 0 alte E-Mails gel&ouml;scht. (&Auml;lter als 2 Jahre)', 0),
(1077, '2021-07-07 00:47:16', 'Es wurden alte Produkthistorien-Eintr&auml;ge gel&ouml;scht. (&Auml;lter als 2 Jahre)', 0),
(1078, '2021-07-12 00:40:30', '[CRON] Es wurden  Auktionen gel&ouml;scht. (&Auml;lter als 100 Tage und keine Transaktionen letzte 60 Tage)', 0),
(1079, '2021-07-13 00:47:06', 'Es wurden 2 alte E-Mails gel&ouml;scht. (&Auml;lter als 2 Jahre)', 0),
(1080, '2021-07-14 00:47:24', 'Es wurden alte Produkthistorien-Eintr&auml;ge gel&ouml;scht. (&Auml;lter als 2 Jahre)', 0),
(1081, '2021-07-19 00:40:22', '[CRON] Es wurden  Auktionen gel&ouml;scht. (&Auml;lter als 100 Tage und keine Transaktionen letzte 60 Tage)', 0),
(1082, '2021-07-20 00:47:14', 'Es wurden 0 alte E-Mails gel&ouml;scht. (&Auml;lter als 2 Jahre)', 0),
(1083, '2021-07-21 00:47:02', 'Es wurden alte Produkthistorien-Eintr&auml;ge gel&ouml;scht. (&Auml;lter als 2 Jahre)', 0),
(1084, '2021-07-26 00:40:34', '[CRON] Es wurden  Auktionen gel&ouml;scht. (&Auml;lter als 100 Tage und keine Transaktionen letzte 60 Tage)', 0),
(1085, '2021-07-27 00:47:05', 'Es wurden 0 alte E-Mails gel&ouml;scht. (&Auml;lter als 2 Jahre)', 0),
(1086, '2021-07-28 00:47:09', 'Es wurden alte Produkthistorien-Eintr&auml;ge gel&ouml;scht. (&Auml;lter als 2 Jahre)', 0),
(1087, '2021-08-02 00:40:25', '[CRON] Es wurden  Auktionen gel&ouml;scht. (&Auml;lter als 100 Tage und keine Transaktionen letzte 60 Tage)', 0),
(1088, '2021-08-03 00:47:17', 'Es wurden 2 alte E-Mails gel&ouml;scht. (&Auml;lter als 2 Jahre)', 0),
(1089, '2021-08-04 00:47:05', 'Es wurden alte Produkthistorien-Eintr&auml;ge gel&ouml;scht. (&Auml;lter als 2 Jahre)', 0),
(1090, '2021-08-09 00:40:26', '[CRON] Es wurden  Auktionen gel&ouml;scht. (&Auml;lter als 100 Tage und keine Transaktionen letzte 60 Tage)', 0),
(1091, '2021-08-10 00:47:14', 'Es wurden 3 alte E-Mails gel&ouml;scht. (&Auml;lter als 2 Jahre)', 0),
(1092, '2021-08-11 00:47:05', 'Es wurden alte Produkthistorien-Eintr&auml;ge gel&ouml;scht. (&Auml;lter als 2 Jahre)', 0),
(1093, '2021-08-16 00:40:20', '[CRON] Es wurden  Auktionen gel&ouml;scht. (&Auml;lter als 100 Tage und keine Transaktionen letzte 60 Tage)', 0),
(1094, '2021-08-17 00:47:06', 'Es wurden 5 alte E-Mails gel&ouml;scht. (&Auml;lter als 2 Jahre)', 0),
(1095, '2021-08-18 00:47:17', 'Es wurden alte Produkthistorien-Eintr&auml;ge gel&ouml;scht. (&Auml;lter als 2 Jahre)', 0),
(1096, '2021-08-23 00:40:23', '[CRON] Es wurden  Auktionen gel&ouml;scht. (&Auml;lter als 100 Tage und keine Transaktionen letzte 60 Tage)', 0),
(1097, '2021-08-24 00:47:04', 'Es wurden 3 alte E-Mails gel&ouml;scht. (&Auml;lter als 2 Jahre)', 0),
(1098, '2021-08-25 00:47:10', 'Es wurden alte Produkthistorien-Eintr&auml;ge gel&ouml;scht. (&Auml;lter als 2 Jahre)', 0),
(1099, '2021-08-30 00:40:26', '[CRON] Es wurden  Auktionen gel&ouml;scht. (&Auml;lter als 100 Tage und keine Transaktionen letzte 60 Tage)', 0),
(1100, '2021-08-31 00:47:10', 'Es wurden 2 alte E-Mails gel&ouml;scht. (&Auml;lter als 2 Jahre)', 0),
(1101, '2021-09-01 00:47:12', 'Es wurden alte Produkthistorien-Eintr&auml;ge gel&ouml;scht. (&Auml;lter als 2 Jahre)', 0),
(1102, '2021-09-06 00:40:23', '[CRON] Es wurden  Auktionen gel&ouml;scht. (&Auml;lter als 100 Tage und keine Transaktionen letzte 60 Tage)', 0),
(1103, '2021-09-07 00:47:07', 'Es wurden 3 alte E-Mails gel&ouml;scht. (&Auml;lter als 2 Jahre)', 0),
(1104, '2021-09-08 00:47:16', 'Es wurden alte Produkthistorien-Eintr&auml;ge gel&ouml;scht. (&Auml;lter als 2 Jahre)', 0),
(1105, '2021-09-13 00:40:34', '[CRON] Es wurden  Auktionen gel&ouml;scht. (&Auml;lter als 100 Tage und keine Transaktionen letzte 60 Tage)', 0),
(1106, '2021-09-14 00:47:17', 'Es wurden 4 alte E-Mails gel&ouml;scht. (&Auml;lter als 2 Jahre)', 0),
(1107, '2021-09-15 00:47:38', 'Es wurden alte Produkthistorien-Eintr&auml;ge gel&ouml;scht. (&Auml;lter als 2 Jahre)', 0),
(1108, '2021-09-20 00:40:46', '[CRON] Es wurden  Auktionen gel&ouml;scht. (&Auml;lter als 100 Tage und keine Transaktionen letzte 60 Tage)', 0),
(1109, '2021-09-21 00:47:47', 'Es wurden 1 alte E-Mails gel&ouml;scht. (&Auml;lter als 2 Jahre)', 0),
(1110, '2021-09-22 00:47:30', 'Es wurden alte Produkthistorien-Eintr&auml;ge gel&ouml;scht. (&Auml;lter als 2 Jahre)', 0),
(1111, '2021-09-27 00:40:49', '[CRON] Es wurden  Auktionen gel&ouml;scht. (&Auml;lter als 100 Tage und keine Transaktionen letzte 60 Tage)', 0),
(1112, '2021-09-28 00:47:42', 'Es wurden 1 alte E-Mails gel&ouml;scht. (&Auml;lter als 2 Jahre)', 0),
(1113, '2021-09-29 00:47:44', 'Es wurden alte Produkthistorien-Eintr&auml;ge gel&ouml;scht. (&Auml;lter als 2 Jahre)', 0),
(1114, '2021-10-04 00:41:00', '[CRON] Es wurden  Auktionen gel&ouml;scht. (&Auml;lter als 100 Tage und keine Transaktionen letzte 60 Tage)', 0),
(1115, '2021-10-05 00:47:29', 'Es wurden 4 alte E-Mails gel&ouml;scht. (&Auml;lter als 2 Jahre)', 0),
(1116, '2021-10-06 00:47:12', 'Es wurden alte Produkthistorien-Eintr&auml;ge gel&ouml;scht. (&Auml;lter als 2 Jahre)', 0),
(1117, '2021-10-11 00:40:30', '[CRON] Es wurden  Auktionen gel&ouml;scht. (&Auml;lter als 100 Tage und keine Transaktionen letzte 60 Tage)', 0),
(1118, '2021-10-12 00:47:09', 'Es wurden 4 alte E-Mails gel&ouml;scht. (&Auml;lter als 2 Jahre)', 0),
(1119, '2021-10-13 00:47:21', 'Es wurden alte Produkthistorien-Eintr&auml;ge gel&ouml;scht. (&Auml;lter als 2 Jahre)', 0),
(1120, '2021-10-18 00:40:41', '[CRON] Es wurden  Auktionen gel&ouml;scht. (&Auml;lter als 100 Tage und keine Transaktionen letzte 60 Tage)', 0),
(1121, '2021-10-19 00:47:15', 'Es wurden 12 alte E-Mails gel&ouml;scht. (&Auml;lter als 2 Jahre)', 0),
(1122, '2021-10-20 00:47:27', 'Es wurden alte Produkthistorien-Eintr&auml;ge gel&ouml;scht. (&Auml;lter als 2 Jahre)', 0),
(1123, '2021-10-25 00:40:24', '[CRON] Es wurden  Auktionen gel&ouml;scht. (&Auml;lter als 100 Tage und keine Transaktionen letzte 60 Tage)', 0),
(1124, '2021-10-26 00:47:25', 'Es wurden 11 alte E-Mails gel&ouml;scht. (&Auml;lter als 2 Jahre)', 0),
(1125, '2021-10-27 00:47:34', 'Es wurden alte Produkthistorien-Eintr&auml;ge gel&ouml;scht. (&Auml;lter als 2 Jahre)', 0),
(1126, '2021-11-01 00:40:21', '[CRON] Es wurden  Auktionen gel&ouml;scht. (&Auml;lter als 100 Tage und keine Transaktionen letzte 60 Tage)', 0),
(1127, '2021-11-02 00:47:01', 'Es wurden 4 alte E-Mails gel&ouml;scht. (&Auml;lter als 2 Jahre)', 0),
(1128, '2021-11-03 00:47:14', 'Es wurden alte Produkthistorien-Eintr&auml;ge gel&ouml;scht. (&Auml;lter als 2 Jahre)', 0),
(1129, '2021-11-08 00:40:30', '[CRON] Es wurden  Auktionen gel&ouml;scht. (&Auml;lter als 100 Tage und keine Transaktionen letzte 60 Tage)', 0),
(1130, '2021-11-09 00:47:28', 'Es wurden 13 alte E-Mails gel&ouml;scht. (&Auml;lter als 2 Jahre)', 0),
(1131, '2021-11-10 00:47:35', 'Es wurden alte Produkthistorien-Eintr&auml;ge gel&ouml;scht. (&Auml;lter als 2 Jahre)', 0),
(1132, '2021-11-15 00:40:29', '[CRON] Es wurden  Auktionen gel&ouml;scht. (&Auml;lter als 100 Tage und keine Transaktionen letzte 60 Tage)', 0),
(1133, '2021-11-16 00:47:18', 'Es wurden 13 alte E-Mails gel&ouml;scht. (&Auml;lter als 2 Jahre)', 0),
(1134, '2021-11-17 00:47:19', 'Es wurden alte Produkthistorien-Eintr&auml;ge gel&ouml;scht. (&Auml;lter als 2 Jahre)', 0),
(1135, '2021-11-22 00:40:28', '[CRON] Es wurden  Auktionen gel&ouml;scht. (&Auml;lter als 100 Tage und keine Transaktionen letzte 60 Tage)', 0),
(1136, '2021-11-23 00:47:19', 'Es wurden 25 alte E-Mails gel&ouml;scht. (&Auml;lter als 2 Jahre)', 0),
(1137, '2021-11-24 00:47:24', 'Es wurden alte Produkthistorien-Eintr&auml;ge gel&ouml;scht. (&Auml;lter als 2 Jahre)', 0),
(1138, '2021-11-29 00:40:29', '[CRON] Es wurden  Auktionen gel&ouml;scht. (&Auml;lter als 100 Tage und keine Transaktionen letzte 60 Tage)', 0),
(1139, '2021-11-30 00:47:19', 'Es wurden 35 alte E-Mails gel&ouml;scht. (&Auml;lter als 2 Jahre)', 0),
(1140, '2021-12-01 00:47:25', 'Es wurden alte Produkthistorien-Eintr&auml;ge gel&ouml;scht. (&Auml;lter als 2 Jahre)', 0),
(1141, '2021-12-06 00:40:33', '[CRON] Es wurden  Auktionen gel&ouml;scht. (&Auml;lter als 100 Tage und keine Transaktionen letzte 60 Tage)', 0),
(1142, '2021-12-07 00:47:44', 'Es wurden 35 alte E-Mails gel&ouml;scht. (&Auml;lter als 2 Jahre)', 0),
(1143, '2021-12-08 00:47:31', 'Es wurden alte Produkthistorien-Eintr&auml;ge gel&ouml;scht. (&Auml;lter als 2 Jahre)', 0),
(1144, '2021-12-13 00:40:24', '[CRON] Es wurden  Auktionen gel&ouml;scht. (&Auml;lter als 100 Tage und keine Transaktionen letzte 60 Tage)', 0),
(1145, '2021-12-14 00:47:38', 'Es wurden 47 alte E-Mails gel&ouml;scht. (&Auml;lter als 2 Jahre)', 0),
(1146, '2021-12-15 00:47:14', 'Es wurden alte Produkthistorien-Eintr&auml;ge gel&ouml;scht. (&Auml;lter als 2 Jahre)', 0),
(1147, '2021-12-20 00:40:31', '[CRON] Es wurden  Auktionen gel&ouml;scht. (&Auml;lter als 100 Tage und keine Transaktionen letzte 60 Tage)', 0),
(1148, '2021-12-21 00:47:35', 'Es wurden 47 alte E-Mails gel&ouml;scht. (&Auml;lter als 2 Jahre)', 0),
(1149, '2021-12-22 00:47:11', 'Es wurden alte Produkthistorien-Eintr&auml;ge gel&ouml;scht. (&Auml;lter als 2 Jahre)', 0),
(1150, '2021-12-27 00:40:22', '[CRON] Es wurden  Auktionen gel&ouml;scht. (&Auml;lter als 100 Tage und keine Transaktionen letzte 60 Tage)', 0),
(1151, '2021-12-28 00:47:16', 'Es wurden 13 alte E-Mails gel&ouml;scht. (&Auml;lter als 2 Jahre)', 0),
(1152, '2021-12-29 00:47:31', 'Es wurden alte Produkthistorien-Eintr&auml;ge gel&ouml;scht. (&Auml;lter als 2 Jahre)', 0),
(1153, '2022-01-03 00:40:22', '[CRON] Es wurden  Auktionen gel&ouml;scht. (&Auml;lter als 100 Tage und keine Transaktionen letzte 60 Tage)', 0),
(1154, '2022-01-04 00:47:14', 'Es wurden 21 alte E-Mails gel&ouml;scht. (&Auml;lter als 2 Jahre)', 0),
(1155, '2022-01-05 00:47:21', 'Es wurden alte Produkthistorien-Eintr&auml;ge gel&ouml;scht. (&Auml;lter als 2 Jahre)', 0),
(1156, '2022-01-10 00:40:29', '[CRON] Es wurden  Auktionen gel&ouml;scht. (&Auml;lter als 100 Tage und keine Transaktionen letzte 60 Tage)', 0),
(1157, '2022-01-11 00:47:31', 'Es wurden 27 alte E-Mails gel&ouml;scht. (&Auml;lter als 2 Jahre)', 0),
(1158, '2022-01-12 00:47:27', 'Es wurden alte Produkthistorien-Eintr&auml;ge gel&ouml;scht. (&Auml;lter als 2 Jahre)', 0);
INSERT INTO `history` (`history_id`, `date_added`, `comments`, `editor_id`) VALUES
(1159, '2022-01-17 00:40:26', '[CRON] Es wurden  Auktionen gel&ouml;scht. (&Auml;lter als 100 Tage und keine Transaktionen letzte 60 Tage)', 0),
(1160, '2022-01-18 00:47:19', 'Es wurden 16 alte E-Mails gel&ouml;scht. (&Auml;lter als 2 Jahre)', 0),
(1161, '2022-01-19 00:47:22', 'Es wurden alte Produkthistorien-Eintr&auml;ge gel&ouml;scht. (&Auml;lter als 2 Jahre)', 0),
(1162, '2022-01-24 00:40:31', '[CRON] Es wurden  Auktionen gel&ouml;scht. (&Auml;lter als 100 Tage und keine Transaktionen letzte 60 Tage)', 0),
(1163, '2022-01-25 00:47:25', 'Es wurden 16 alte E-Mails gel&ouml;scht. (&Auml;lter als 2 Jahre)', 0),
(1164, '2022-01-26 00:47:31', 'Es wurden alte Produkthistorien-Eintr&auml;ge gel&ouml;scht. (&Auml;lter als 2 Jahre)', 0),
(1165, '2022-01-31 00:40:28', '[CRON] Es wurden  Auktionen gel&ouml;scht. (&Auml;lter als 100 Tage und keine Transaktionen letzte 60 Tage)', 0),
(1166, '2022-02-01 00:47:29', 'Es wurden 10 alte E-Mails gel&ouml;scht. (&Auml;lter als 2 Jahre)', 0),
(1167, '2022-02-02 00:47:33', 'Es wurden alte Produkthistorien-Eintr&auml;ge gel&ouml;scht. (&Auml;lter als 2 Jahre)', 0),
(1168, '2022-02-07 00:40:31', '[CRON] Es wurden  Auktionen gel&ouml;scht. (&Auml;lter als 100 Tage und keine Transaktionen letzte 60 Tage)', 0),
(1169, '2022-02-08 00:47:19', 'Es wurden 6 alte E-Mails gel&ouml;scht. (&Auml;lter als 2 Jahre)', 0),
(1170, '2022-02-09 00:47:57', 'Es wurden alte Produkthistorien-Eintr&auml;ge gel&ouml;scht. (&Auml;lter als 2 Jahre)', 0),
(1171, '2022-02-14 00:40:22', '[CRON] Es wurden  Auktionen gel&ouml;scht. (&Auml;lter als 100 Tage und keine Transaktionen letzte 60 Tage)', 0),
(1172, '2022-02-15 00:47:21', 'Es wurden 17 alte E-Mails gel&ouml;scht. (&Auml;lter als 2 Jahre)', 0),
(1173, '2022-02-16 00:47:20', 'Es wurden alte Produkthistorien-Eintr&auml;ge gel&ouml;scht. (&Auml;lter als 2 Jahre)', 0),
(1174, '2022-02-21 00:40:35', '[CRON] Es wurden  Auktionen gel&ouml;scht. (&Auml;lter als 100 Tage und keine Transaktionen letzte 60 Tage)', 0),
(1175, '2022-02-22 00:47:43', 'Es wurden 16 alte E-Mails gel&ouml;scht. (&Auml;lter als 2 Jahre)', 0),
(1176, '2022-02-23 00:47:44', 'Es wurden alte Produkthistorien-Eintr&auml;ge gel&ouml;scht. (&Auml;lter als 2 Jahre)', 0),
(1177, '2022-02-28 00:40:32', '[CRON] Es wurden  Auktionen gel&ouml;scht. (&Auml;lter als 100 Tage und keine Transaktionen letzte 60 Tage)', 0),
(1178, '2022-03-01 00:47:25', 'Es wurden 16 alte E-Mails gel&ouml;scht. (&Auml;lter als 2 Jahre)', 0),
(1179, '2022-03-02 00:47:33', 'Es wurden alte Produkthistorien-Eintr&auml;ge gel&ouml;scht. (&Auml;lter als 2 Jahre)', 0),
(1180, '2022-03-07 00:40:41', '[CRON] Es wurden  Auktionen gel&ouml;scht. (&Auml;lter als 100 Tage und keine Transaktionen letzte 60 Tage)', 0),
(1181, '2022-03-08 00:47:09', 'Es wurden 7 alte E-Mails gel&ouml;scht. (&Auml;lter als 2 Jahre)', 0),
(1182, '2022-03-09 00:47:28', 'Es wurden alte Produkthistorien-Eintr&auml;ge gel&ouml;scht. (&Auml;lter als 2 Jahre)', 0),
(1183, '2022-03-14 00:40:39', '[CRON] Es wurden  Auktionen gel&ouml;scht. (&Auml;lter als 100 Tage und keine Transaktionen letzte 60 Tage)', 0),
(1184, '2022-03-15 00:47:25', 'Es wurden 12 alte E-Mails gel&ouml;scht. (&Auml;lter als 2 Jahre)', 0),
(1185, '2022-03-16 00:47:23', 'Es wurden alte Produkthistorien-Eintr&auml;ge gel&ouml;scht. (&Auml;lter als 2 Jahre)', 0),
(1186, '2022-03-21 00:40:34', '[CRON] Es wurden  Auktionen gel&ouml;scht. (&Auml;lter als 100 Tage und keine Transaktionen letzte 60 Tage)', 0),
(1187, '2022-03-22 00:47:18', 'Es wurden 8 alte E-Mails gel&ouml;scht. (&Auml;lter als 2 Jahre)', 0),
(1188, '2022-03-23 00:47:36', 'Es wurden alte Produkthistorien-Eintr&auml;ge gel&ouml;scht. (&Auml;lter als 2 Jahre)', 0),
(1189, '2022-03-28 00:40:39', '[CRON] Es wurden  Auktionen gel&ouml;scht. (&Auml;lter als 100 Tage und keine Transaktionen letzte 60 Tage)', 0),
(1190, '2022-03-29 00:47:32', 'Es wurden 12 alte E-Mails gel&ouml;scht. (&Auml;lter als 2 Jahre)', 0),
(1191, '2022-03-30 00:47:24', 'Es wurden alte Produkthistorien-Eintr&auml;ge gel&ouml;scht. (&Auml;lter als 2 Jahre)', 0),
(1192, '2022-04-04 00:40:36', '[CRON] Es wurden  Auktionen gel&ouml;scht. (&Auml;lter als 100 Tage und keine Transaktionen letzte 60 Tage)', 0),
(1193, '2022-04-05 00:47:39', 'Es wurden 10 alte E-Mails gel&ouml;scht. (&Auml;lter als 2 Jahre)', 0),
(1194, '2022-04-06 00:47:28', 'Es wurden alte Produkthistorien-Eintr&auml;ge gel&ouml;scht. (&Auml;lter als 2 Jahre)', 0),
(1195, '2022-04-11 00:40:46', '[CRON] Es wurden  Auktionen gel&ouml;scht. (&Auml;lter als 100 Tage und keine Transaktionen letzte 60 Tage)', 0),
(1196, '2022-04-12 00:47:36', 'Es wurden 9 alte E-Mails gel&ouml;scht. (&Auml;lter als 2 Jahre)', 0),
(1197, '2022-04-13 00:47:45', 'Es wurden alte Produkthistorien-Eintr&auml;ge gel&ouml;scht. (&Auml;lter als 2 Jahre)', 0),
(1198, '2022-04-18 00:40:58', '[CRON] Es wurden  Auktionen gel&ouml;scht. (&Auml;lter als 100 Tage und keine Transaktionen letzte 60 Tage)', 0),
(1199, '2022-04-19 00:47:42', 'Es wurden 8 alte E-Mails gel&ouml;scht. (&Auml;lter als 2 Jahre)', 0),
(1200, '2022-04-20 00:47:56', 'Es wurden alte Produkthistorien-Eintr&auml;ge gel&ouml;scht. (&Auml;lter als 2 Jahre)', 0),
(1201, '2022-04-25 00:41:20', '[CRON] Es wurden  Auktionen gel&ouml;scht. (&Auml;lter als 100 Tage und keine Transaktionen letzte 60 Tage)', 0),
(1202, '2022-04-26 00:48:21', 'Es wurden 6 alte E-Mails gel&ouml;scht. (&Auml;lter als 2 Jahre)', 0),
(1203, '2022-04-27 00:48:18', 'Es wurden alte Produkthistorien-Eintr&auml;ge gel&ouml;scht. (&Auml;lter als 2 Jahre)', 0),
(1204, '2022-05-02 00:41:37', '[CRON] Es wurden  Auktionen gel&ouml;scht. (&Auml;lter als 100 Tage und keine Transaktionen letzte 60 Tage)', 0),
(1205, '2022-05-03 00:48:15', 'Es wurden 5 alte E-Mails gel&ouml;scht. (&Auml;lter als 2 Jahre)', 0),
(1206, '2022-05-04 00:48:26', 'Es wurden alte Produkthistorien-Eintr&auml;ge gel&ouml;scht. (&Auml;lter als 2 Jahre)', 0),
(1207, '2022-05-09 00:40:48', '[CRON] Es wurden  Auktionen gel&ouml;scht. (&Auml;lter als 100 Tage und keine Transaktionen letzte 60 Tage)', 0),
(1208, '2022-05-10 00:47:35', 'Es wurden 19 alte E-Mails gel&ouml;scht. (&Auml;lter als 2 Jahre)', 0),
(1209, '2022-05-11 00:47:29', 'Es wurden alte Produkthistorien-Eintr&auml;ge gel&ouml;scht. (&Auml;lter als 2 Jahre)', 0),
(1210, '2022-05-16 00:40:43', '[CRON] Es wurden  Auktionen gel&ouml;scht. (&Auml;lter als 100 Tage und keine Transaktionen letzte 60 Tage)', 0),
(1211, '2022-05-17 00:47:34', 'Es wurden 8 alte E-Mails gel&ouml;scht. (&Auml;lter als 2 Jahre)', 0),
(1212, '2022-05-18 00:47:49', 'Es wurden alte Produkthistorien-Eintr&auml;ge gel&ouml;scht. (&Auml;lter als 2 Jahre)', 0),
(1213, '2022-05-23 00:40:45', '[CRON] Es wurden  Auktionen gel&ouml;scht. (&Auml;lter als 100 Tage und keine Transaktionen letzte 60 Tage)', 0),
(1214, '2022-05-24 00:47:33', 'Es wurden 7 alte E-Mails gel&ouml;scht. (&Auml;lter als 2 Jahre)', 0),
(1215, '2022-05-25 00:47:42', 'Es wurden alte Produkthistorien-Eintr&auml;ge gel&ouml;scht. (&Auml;lter als 2 Jahre)', 0),
(1216, '2022-05-30 00:40:46', '[CRON] Es wurden  Auktionen gel&ouml;scht. (&Auml;lter als 100 Tage und keine Transaktionen letzte 60 Tage)', 0),
(1217, '2022-05-31 00:47:30', 'Es wurden 8 alte E-Mails gel&ouml;scht. (&Auml;lter als 2 Jahre)', 0),
(1218, '2022-06-01 00:47:32', 'Es wurden alte Produkthistorien-Eintr&auml;ge gel&ouml;scht. (&Auml;lter als 2 Jahre)', 0),
(1219, '2022-06-06 00:40:46', '[CRON] Es wurden  Auktionen gel&ouml;scht. (&Auml;lter als 100 Tage und keine Transaktionen letzte 60 Tage)', 0),
(1220, '2022-06-07 00:47:20', 'Es wurden 6 alte E-Mails gel&ouml;scht. (&Auml;lter als 2 Jahre)', 0),
(1221, '2022-06-08 00:48:05', 'Es wurden alte Produkthistorien-Eintr&auml;ge gel&ouml;scht. (&Auml;lter als 2 Jahre)', 0),
(1222, '2022-06-13 00:40:47', '[CRON] Es wurden  Auktionen gel&ouml;scht. (&Auml;lter als 100 Tage und keine Transaktionen letzte 60 Tage)', 0),
(1223, '2022-06-14 00:47:45', 'Es wurden 15 alte E-Mails gel&ouml;scht. (&Auml;lter als 2 Jahre)', 0),
(1224, '2022-06-15 00:47:42', 'Es wurden alte Produkthistorien-Eintr&auml;ge gel&ouml;scht. (&Auml;lter als 2 Jahre)', 0),
(1225, '2022-06-20 00:40:52', '[CRON] Es wurden  Auktionen gel&ouml;scht. (&Auml;lter als 100 Tage und keine Transaktionen letzte 60 Tage)', 0),
(1226, '2022-06-21 00:47:49', 'Es wurden 4 alte E-Mails gel&ouml;scht. (&Auml;lter als 2 Jahre)', 0),
(1227, '2022-06-22 00:47:29', 'Es wurden alte Produkthistorien-Eintr&auml;ge gel&ouml;scht. (&Auml;lter als 2 Jahre)', 0),
(1228, '2022-06-27 00:40:55', '[CRON] Es wurden  Auktionen gel&ouml;scht. (&Auml;lter als 100 Tage und keine Transaktionen letzte 60 Tage)', 0),
(1229, '2022-06-28 00:47:30', 'Es wurden 6 alte E-Mails gel&ouml;scht. (&Auml;lter als 2 Jahre)', 0),
(1230, '2022-06-29 00:47:52', 'Es wurden alte Produkthistorien-Eintr&auml;ge gel&ouml;scht. (&Auml;lter als 2 Jahre)', 0),
(1231, '2022-07-04 00:40:52', '[CRON] Es wurden  Auktionen gel&ouml;scht. (&Auml;lter als 100 Tage und keine Transaktionen letzte 60 Tage)', 0),
(1232, '2022-07-05 00:47:39', 'Es wurden 6 alte E-Mails gel&ouml;scht. (&Auml;lter als 2 Jahre)', 0),
(1233, '2022-07-06 00:47:58', 'Es wurden alte Produkthistorien-Eintr&auml;ge gel&ouml;scht. (&Auml;lter als 2 Jahre)', 0),
(1234, '2022-07-11 00:40:57', '[CRON] Es wurden  Auktionen gel&ouml;scht. (&Auml;lter als 100 Tage und keine Transaktionen letzte 60 Tage)', 0),
(1235, '2022-07-12 00:47:41', 'Es wurden 5 alte E-Mails gel&ouml;scht. (&Auml;lter als 2 Jahre)', 0),
(1236, '2022-07-13 00:47:42', 'Es wurden alte Produkthistorien-Eintr&auml;ge gel&ouml;scht. (&Auml;lter als 2 Jahre)', 0),
(1237, '2022-07-18 00:40:59', '[CRON] Es wurden  Auktionen gel&ouml;scht. (&Auml;lter als 100 Tage und keine Transaktionen letzte 60 Tage)', 0),
(1238, '2022-07-19 00:47:41', 'Es wurden 6 alte E-Mails gel&ouml;scht. (&Auml;lter als 2 Jahre)', 0),
(1239, '2022-07-20 00:47:40', 'Es wurden alte Produkthistorien-Eintr&auml;ge gel&ouml;scht. (&Auml;lter als 2 Jahre)', 0),
(1240, '2022-07-25 00:40:50', '[CRON] Es wurden  Auktionen gel&ouml;scht. (&Auml;lter als 100 Tage und keine Transaktionen letzte 60 Tage)', 0),
(1241, '2022-07-26 00:47:39', 'Es wurden 9 alte E-Mails gel&ouml;scht. (&Auml;lter als 2 Jahre)', 0),
(1242, '2022-07-27 00:47:34', 'Es wurden alte Produkthistorien-Eintr&auml;ge gel&ouml;scht. (&Auml;lter als 2 Jahre)', 0),
(1243, '2022-08-01 00:40:57', '[CRON] Es wurden  Auktionen gel&ouml;scht. (&Auml;lter als 100 Tage und keine Transaktionen letzte 60 Tage)', 0),
(1244, '2022-08-02 00:47:33', 'Es wurden 8 alte E-Mails gel&ouml;scht. (&Auml;lter als 2 Jahre)', 0),
(1245, '2022-08-03 00:47:34', 'Es wurden alte Produkthistorien-Eintr&auml;ge gel&ouml;scht. (&Auml;lter als 2 Jahre)', 0),
(1246, '2022-08-08 00:41:07', '[CRON] Es wurden  Auktionen gel&ouml;scht. (&Auml;lter als 100 Tage und keine Transaktionen letzte 60 Tage)', 0),
(1247, '2022-08-09 00:48:04', 'Es wurden 17 alte E-Mails gel&ouml;scht. (&Auml;lter als 2 Jahre)', 0),
(1248, '2022-08-10 00:47:43', 'Es wurden alte Produkthistorien-Eintr&auml;ge gel&ouml;scht. (&Auml;lter als 2 Jahre)', 0),
(1249, '2022-08-15 00:40:52', '[CRON] Es wurden  Auktionen gel&ouml;scht. (&Auml;lter als 100 Tage und keine Transaktionen letzte 60 Tage)', 0),
(1250, '2022-08-16 00:47:40', 'Es wurden 4 alte E-Mails gel&ouml;scht. (&Auml;lter als 2 Jahre)', 0),
(1251, '2022-08-17 00:47:34', 'Es wurden alte Produkthistorien-Eintr&auml;ge gel&ouml;scht. (&Auml;lter als 2 Jahre)', 0),
(1252, '2022-08-22 00:41:31', '[CRON] Es wurden  Auktionen gel&ouml;scht. (&Auml;lter als 100 Tage und keine Transaktionen letzte 60 Tage)', 0),
(1253, '2022-08-23 00:47:43', 'Es wurden 13 alte E-Mails gel&ouml;scht. (&Auml;lter als 2 Jahre)', 0),
(1254, '2022-08-24 00:47:54', 'Es wurden alte Produkthistorien-Eintr&auml;ge gel&ouml;scht. (&Auml;lter als 2 Jahre)', 0),
(1255, '2022-08-29 00:40:54', '[CRON] Es wurden  Auktionen gel&ouml;scht. (&Auml;lter als 100 Tage und keine Transaktionen letzte 60 Tage)', 0),
(1256, '2022-08-30 00:48:20', 'Es wurden 7 alte E-Mails gel&ouml;scht. (&Auml;lter als 2 Jahre)', 0),
(1257, '2022-08-31 00:47:50', 'Es wurden alte Produkthistorien-Eintr&auml;ge gel&ouml;scht. (&Auml;lter als 2 Jahre)', 0),
(1258, '2022-09-05 00:41:05', '[CRON] Es wurden  Auktionen gel&ouml;scht. (&Auml;lter als 100 Tage und keine Transaktionen letzte 60 Tage)', 0),
(1259, '2022-09-06 00:48:05', 'Es wurden 3 alte E-Mails gel&ouml;scht. (&Auml;lter als 2 Jahre)', 0),
(1260, '2022-09-07 00:47:47', 'Es wurden alte Produkthistorien-Eintr&auml;ge gel&ouml;scht. (&Auml;lter als 2 Jahre)', 0),
(1261, '2022-09-12 00:41:07', '[CRON] Es wurden  Auktionen gel&ouml;scht. (&Auml;lter als 100 Tage und keine Transaktionen letzte 60 Tage)', 0),
(1262, '2022-09-13 00:47:57', 'Es wurden 8 alte E-Mails gel&ouml;scht. (&Auml;lter als 2 Jahre)', 0),
(1263, '2022-09-14 00:47:56', 'Es wurden alte Produkthistorien-Eintr&auml;ge gel&ouml;scht. (&Auml;lter als 2 Jahre)', 0),
(1264, '2022-09-19 00:41:00', '[CRON] Es wurden  Auktionen gel&ouml;scht. (&Auml;lter als 100 Tage und keine Transaktionen letzte 60 Tage)', 0),
(1265, '2022-09-20 00:47:53', 'Es wurden 16 alte E-Mails gel&ouml;scht. (&Auml;lter als 2 Jahre)', 0),
(1266, '2022-09-21 00:47:42', 'Es wurden alte Produkthistorien-Eintr&auml;ge gel&ouml;scht. (&Auml;lter als 2 Jahre)', 0),
(1267, '2022-09-26 00:41:04', '[CRON] Es wurden  Auktionen gel&ouml;scht. (&Auml;lter als 100 Tage und keine Transaktionen letzte 60 Tage)', 0),
(1268, '2022-09-27 00:48:07', 'Es wurden 23 alte E-Mails gel&ouml;scht. (&Auml;lter als 2 Jahre)', 0),
(1269, '2022-09-28 00:47:57', 'Es wurden alte Produkthistorien-Eintr&auml;ge gel&ouml;scht. (&Auml;lter als 2 Jahre)', 0),
(1270, '2022-10-03 00:41:05', '[CRON] Es wurden  Auktionen gel&ouml;scht. (&Auml;lter als 100 Tage und keine Transaktionen letzte 60 Tage)', 0),
(1271, '2022-10-04 00:47:48', 'Es wurden 23 alte E-Mails gel&ouml;scht. (&Auml;lter als 2 Jahre)', 0),
(1272, '2022-10-05 00:48:14', 'Es wurden alte Produkthistorien-Eintr&auml;ge gel&ouml;scht. (&Auml;lter als 2 Jahre)', 0),
(1273, '2022-10-10 00:41:18', '[CRON] Es wurden  Auktionen gel&ouml;scht. (&Auml;lter als 100 Tage und keine Transaktionen letzte 60 Tage)', 0),
(1274, '2022-10-11 00:48:26', 'Es wurden 18 alte E-Mails gel&ouml;scht. (&Auml;lter als 2 Jahre)', 0),
(1275, '2022-10-12 00:48:09', 'Es wurden alte Produkthistorien-Eintr&auml;ge gel&ouml;scht. (&Auml;lter als 2 Jahre)', 0),
(1276, '2022-10-18 00:48:12', 'Es wurden 18 alte E-Mails gel&ouml;scht. (&Auml;lter als 2 Jahre)', 0),
(1277, '2022-10-19 00:48:02', 'Es wurden alte Produkthistorien-Eintr&auml;ge gel&ouml;scht. (&Auml;lter als 2 Jahre)', 0),
(1278, '2022-10-24 17:28:34', 'Kundengruppen Konfiguration GLS / DPS Schadensrechnungen:<br />customers_status_name = GLS / DPS Schadensrechnungen<br />customers_status_public = 0<br />customers_status_show_price = 0<br />customers_status_show_price_tax = 0<br />customers_status_discount = <br />customers_status_ot_discount_flag = 0<br />customers_status_ot_discount = <br />customers_status_graduated_prices = 0<br />customers_status_add_tax_ot = 0<br />customers_status_payment_unallowed = Scheck / Nachnahme<br />customers_status_shipping_unallowed = DHL<br />customers_status_payment_target = 0<br />customers_status_skonto = <br />customers_status_default_admin_paymentmethod = <br />customers_status_delivery_conditions = <br />export_note_text = <br />export_note = 0<br />customers_fsk18 = 0<br />customers_fsk18_display = 0<br />customers_status_discount_attributes = <br />account_value_alert_status = 0<br />account_value_alert_limit = 0.0000<br />sort_order = 0<br />customers_status_id = 10<br />language_id = 2<br />', 4999),
(1279, '2022-10-24 17:49:12', 'Kundengruppen Konfiguration GLS / DPD Schadensrechnungen:<br />customers_status_name = GLS / DPD Schadensrechnungen<br />customers_status_public = 0<br />customers_status_show_price = 0<br />customers_status_show_price_tax = 0<br />customers_status_discount = 0.00<br />customers_status_ot_discount_flag = 0<br />customers_status_ot_discount = 0.00<br />customers_status_graduated_prices = 0<br />customers_status_add_tax_ot = 0<br />customers_status_payment_unallowed = Scheck / Nachnahme<br />customers_status_shipping_unallowed = DHL<br />customers_status_payment_target = 0<br />customers_status_skonto = <br />customers_status_default_admin_paymentmethod = <br />customers_status_delivery_conditions = <br />export_note_text = <br />export_note = 0<br />customers_fsk18 = 0<br />customers_fsk18_display = 0<br />customers_status_discount_attributes = <br />account_value_alert_status = 0<br />account_value_alert_limit = 0.0000<br />sort_order = 0<br />', 5000),
(1280, '2022-10-25 00:48:12', 'Es wurden 15 alte E-Mails gel&ouml;scht. (&Auml;lter als 2 Jahre)', 0),
(1281, '2022-10-26 00:48:19', 'Es wurden alte Produkthistorien-Eintr&auml;ge gel&ouml;scht. (&Auml;lter als 2 Jahre)', 0),
(1282, '2022-11-01 00:48:20', 'Es wurden 56 alte E-Mails gel&ouml;scht. (&Auml;lter als 2 Jahre)', 0),
(1283, '2022-11-02 00:48:03', 'Es wurden alte Produkthistorien-Eintr&auml;ge gel&ouml;scht. (&Auml;lter als 2 Jahre)', 0),
(1284, '2022-11-08 00:48:42', 'Es wurden 35 alte E-Mails gel&ouml;scht. (&Auml;lter als 2 Jahre)', 0),
(1285, '2022-11-09 00:48:40', 'Es wurden alte Produkthistorien-Eintr&auml;ge gel&ouml;scht. (&Auml;lter als 2 Jahre)', 0),
(1286, '2022-11-15 00:48:05', 'Es wurden 53 alte E-Mails gel&ouml;scht. (&Auml;lter als 2 Jahre)', 0),
(1287, '2022-11-16 00:48:05', 'Es wurden alte Produkthistorien-Eintr&auml;ge gel&ouml;scht. (&Auml;lter als 2 Jahre)', 0),
(1288, '2022-11-22 00:48:12', 'Es wurden 97 alte E-Mails gel&ouml;scht. (&Auml;lter als 2 Jahre)', 0),
(1289, '2022-11-23 00:48:07', 'Es wurden alte Produkthistorien-Eintr&auml;ge gel&ouml;scht. (&Auml;lter als 2 Jahre)', 0),
(1290, '2022-11-29 00:48:03', 'Es wurden 74 alte E-Mails gel&ouml;scht. (&Auml;lter als 2 Jahre)', 0),
(1291, '2022-11-30 00:48:29', 'Es wurden alte Produkthistorien-Eintr&auml;ge gel&ouml;scht. (&Auml;lter als 2 Jahre)', 0),
(1292, '2022-12-06 00:48:33', 'Es wurden 121 alte E-Mails gel&ouml;scht. (&Auml;lter als 2 Jahre)', 0),
(1293, '2022-12-07 00:48:13', 'Es wurden alte Produkthistorien-Eintr&auml;ge gel&ouml;scht. (&Auml;lter als 2 Jahre)', 0),
(1294, '2022-12-13 00:48:26', 'Es wurden 123 alte E-Mails gel&ouml;scht. (&Auml;lter als 2 Jahre)', 0),
(1295, '2022-12-14 00:48:37', 'Es wurden alte Produkthistorien-Eintr&auml;ge gel&ouml;scht. (&Auml;lter als 2 Jahre)', 0),
(1296, '2022-12-20 00:48:50', 'Es wurden 178 alte E-Mails gel&ouml;scht. (&Auml;lter als 2 Jahre)', 0),
(1297, '2022-12-21 00:48:43', 'Es wurden alte Produkthistorien-Eintr&auml;ge gel&ouml;scht. (&Auml;lter als 2 Jahre)', 0),
(1298, '2022-12-27 00:48:09', 'Es wurden 43 alte E-Mails gel&ouml;scht. (&Auml;lter als 2 Jahre)', 0),
(1299, '2022-12-28 00:48:38', 'Es wurden alte Produkthistorien-Eintr&auml;ge gel&ouml;scht. (&Auml;lter als 2 Jahre)', 0),
(1300, '2023-01-03 00:48:22', 'Es wurden 79 alte E-Mails gel&ouml;scht. (&Auml;lter als 2 Jahre)', 0),
(1301, '2023-01-04 00:48:48', 'Es wurden alte Produkthistorien-Eintr&auml;ge gel&ouml;scht. (&Auml;lter als 2 Jahre)', 0),
(1302, '2023-01-10 00:48:41', 'Es wurden 74 alte E-Mails gel&ouml;scht. (&Auml;lter als 2 Jahre)', 0),
(1303, '2023-01-11 00:49:18', 'Es wurden alte Produkthistorien-Eintr&auml;ge gel&ouml;scht. (&Auml;lter als 2 Jahre)', 0),
(1304, '2023-01-17 00:48:51', 'Es wurden 62 alte E-Mails gel&ouml;scht. (&Auml;lter als 2 Jahre)', 0),
(1305, '2023-01-18 00:48:46', 'Es wurden alte Produkthistorien-Eintr&auml;ge gel&ouml;scht. (&Auml;lter als 2 Jahre)', 0),
(1306, '2023-01-24 00:48:39', 'Es wurden 61 alte E-Mails gel&ouml;scht. (&Auml;lter als 2 Jahre)', 0),
(1307, '2023-01-25 00:48:49', 'Es wurden alte Produkthistorien-Eintr&auml;ge gel&ouml;scht. (&Auml;lter als 2 Jahre)', 0),
(1308, '2023-01-31 00:49:47', 'Es wurden 60 alte E-Mails gel&ouml;scht. (&Auml;lter als 2 Jahre)', 0),
(1309, '2023-02-01 00:49:17', 'Es wurden alte Produkthistorien-Eintr&auml;ge gel&ouml;scht. (&Auml;lter als 2 Jahre)', 0),
(1310, '2023-02-07 00:49:03', 'Es wurden 42 alte E-Mails gel&ouml;scht. (&Auml;lter als 2 Jahre)', 0),
(1311, '2023-02-08 00:49:29', 'Es wurden alte Produkthistorien-Eintr&auml;ge gel&ouml;scht. (&Auml;lter als 2 Jahre)', 0),
(1312, '2023-02-14 00:49:32', 'Es wurden 37 alte E-Mails gel&ouml;scht. (&Auml;lter als 2 Jahre)', 0),
(1313, '2023-02-15 00:50:28', 'Es wurden alte Produkthistorien-Eintr&auml;ge gel&ouml;scht. (&Auml;lter als 2 Jahre)', 0),
(1314, '2023-02-21 00:48:44', 'Es wurden 35 alte E-Mails gel&ouml;scht. (&Auml;lter als 2 Jahre)', 0),
(1315, '2023-02-22 00:48:50', 'Es wurden alte Produkthistorien-Eintr&auml;ge gel&ouml;scht. (&Auml;lter als 2 Jahre)', 0),
(1316, '2023-02-28 00:48:39', 'Es wurden 21 alte E-Mails gel&ouml;scht. (&Auml;lter als 2 Jahre)', 0),
(1317, '2023-03-01 00:48:50', 'Es wurden alte Produkthistorien-Eintr&auml;ge gel&ouml;scht. (&Auml;lter als 2 Jahre)', 0),
(1318, '2023-03-07 00:48:53', 'Es wurden 28 alte E-Mails gel&ouml;scht. (&Auml;lter als 2 Jahre)', 0),
(1319, '2023-03-08 00:48:39', 'Es wurden alte Produkthistorien-Eintr&auml;ge gel&ouml;scht. (&Auml;lter als 2 Jahre)', 0),
(1320, '2023-03-14 00:49:18', 'Es wurden 28 alte E-Mails gel&ouml;scht. (&Auml;lter als 2 Jahre)', 0),
(1321, '2023-03-15 00:49:06', 'Es wurden alte Produkthistorien-Eintr&auml;ge gel&ouml;scht. (&Auml;lter als 2 Jahre)', 0),
(1322, '2023-03-21 00:48:13', 'Es wurden 25 alte E-Mails gel&ouml;scht. (&Auml;lter als 2 Jahre)', 0),
(1323, '2023-03-22 00:48:00', 'Es wurden alte Produkthistorien-Eintr&auml;ge gel&ouml;scht. (&Auml;lter als 2 Jahre)', 0),
(1324, '2023-03-28 00:48:36', 'Es wurden 20 alte E-Mails gel&ouml;scht. (&Auml;lter als 2 Jahre)', 0),
(1325, '2023-03-29 00:48:18', 'Es wurden alte Produkthistorien-Eintr&auml;ge gel&ouml;scht. (&Auml;lter als 2 Jahre)', 0),
(1326, '2023-04-04 00:47:30', 'Es wurden 24 alte E-Mails gel&ouml;scht. (&Auml;lter als 2 Jahre)', 0),
(1327, '2023-04-05 00:47:40', 'Es wurden alte Produkthistorien-Eintr&auml;ge gel&ouml;scht. (&Auml;lter als 2 Jahre)', 0),
(1328, '2023-04-11 00:47:27', 'Es wurden 14 alte E-Mails gel&ouml;scht. (&Auml;lter als 2 Jahre)', 0),
(1329, '2023-04-12 00:47:26', 'Es wurden alte Produkthistorien-Eintr&auml;ge gel&ouml;scht. (&Auml;lter als 2 Jahre)', 0),
(1330, '2023-04-18 00:47:55', 'Es wurden 18 alte E-Mails gel&ouml;scht. (&Auml;lter als 2 Jahre)', 0),
(1331, '2023-04-19 00:47:33', 'Es wurden alte Produkthistorien-Eintr&auml;ge gel&ouml;scht. (&Auml;lter als 2 Jahre)', 0),
(1332, '2023-04-25 00:48:20', 'Es wurden 12 alte E-Mails gel&ouml;scht. (&Auml;lter als 2 Jahre)', 0),
(1333, '2023-04-26 00:48:00', 'Es wurden alte Produkthistorien-Eintr&auml;ge gel&ouml;scht. (&Auml;lter als 2 Jahre)', 0),
(1334, '2023-05-02 00:48:10', 'Es wurden 21 alte E-Mails gel&ouml;scht. (&Auml;lter als 2 Jahre)', 0),
(1335, '2023-05-03 00:48:37', 'Es wurden alte Produkthistorien-Eintr&auml;ge gel&ouml;scht. (&Auml;lter als 2 Jahre)', 0),
(1336, '2023-05-09 00:48:18', 'Es wurden 14 alte E-Mails gel&ouml;scht. (&Auml;lter als 2 Jahre)', 0),
(1337, '2023-05-10 00:48:11', 'Es wurden alte Produkthistorien-Eintr&auml;ge gel&ouml;scht. (&Auml;lter als 2 Jahre)', 0),
(1338, '2023-05-16 00:48:44', 'Es wurden 5 alte E-Mails gel&ouml;scht. (&Auml;lter als 2 Jahre)', 0),
(1339, '2023-05-17 00:48:24', 'Es wurden alte Produkthistorien-Eintr&auml;ge gel&ouml;scht. (&Auml;lter als 2 Jahre)', 0),
(1340, '2023-05-23 00:47:50', 'Es wurden 15 alte E-Mails gel&ouml;scht. (&Auml;lter als 2 Jahre)', 0),
(1341, '2023-05-24 00:47:42', 'Es wurden alte Produkthistorien-Eintr&auml;ge gel&ouml;scht. (&Auml;lter als 2 Jahre)', 0),
(1342, '2023-05-30 00:47:30', 'Es wurden 25 alte E-Mails gel&ouml;scht. (&Auml;lter als 2 Jahre)', 0),
(1343, '2023-05-31 00:48:09', 'Es wurden alte Produkthistorien-Eintr&auml;ge gel&ouml;scht. (&Auml;lter als 2 Jahre)', 0),
(1344, '2023-06-06 00:47:55', 'Es wurden 9 alte E-Mails gel&ouml;scht. (&Auml;lter als 2 Jahre)', 0),
(1345, '2023-06-07 00:48:23', 'Es wurden alte Produkthistorien-Eintr&auml;ge gel&ouml;scht. (&Auml;lter als 2 Jahre)', 0),
(1346, '2023-06-13 00:48:18', 'Es wurden 7 alte E-Mails gel&ouml;scht. (&Auml;lter als 2 Jahre)', 0),
(1347, '2023-06-14 00:48:24', 'Es wurden alte Produkthistorien-Eintr&auml;ge gel&ouml;scht. (&Auml;lter als 2 Jahre)', 0),
(1348, '2023-06-20 00:47:49', 'Es wurden 8 alte E-Mails gel&ouml;scht. (&Auml;lter als 2 Jahre)', 0),
(1349, '2023-06-27 00:45:07', 'Es wurden 9 alte E-Mails gel&ouml;scht. (&Auml;lter als 2 Jahre)', 0),
(1350, '2023-06-28 00:45:09', 'Es wurden alte Produkthistorien-Eintr&auml;ge gel&ouml;scht. (&Auml;lter als 2 Jahre)', 0),
(1351, '2023-07-04 00:45:08', 'Es wurden 10 alte E-Mails gel&ouml;scht. (&Auml;lter als 2 Jahre)', 0),
(1352, '2023-07-05 00:45:10', 'Es wurden alte Produkthistorien-Eintr&auml;ge gel&ouml;scht. (&Auml;lter als 2 Jahre)', 0),
(1353, '2023-07-11 00:45:09', 'Es wurden 19 alte E-Mails gel&ouml;scht. (&Auml;lter als 2 Jahre)', 0),
(1354, '2023-07-12 00:45:09', 'Es wurden alte Produkthistorien-Eintr&auml;ge gel&ouml;scht. (&Auml;lter als 2 Jahre)', 0),
(1355, '2023-07-18 00:45:06', 'Es wurden 9 alte E-Mails gel&ouml;scht. (&Auml;lter als 2 Jahre)', 0),
(1356, '2023-07-19 00:45:08', 'Es wurden alte Produkthistorien-Eintr&auml;ge gel&ouml;scht. (&Auml;lter als 2 Jahre)', 0),
(1357, '2023-07-25 00:45:08', 'Es wurden 1 alte E-Mails gel&ouml;scht. (&Auml;lter als 2 Jahre)', 0),
(1358, '2023-07-26 00:45:07', 'Es wurden alte Produkthistorien-Eintr&auml;ge gel&ouml;scht. (&Auml;lter als 2 Jahre)', 0),
(1359, '2023-08-01 00:45:09', 'Es wurden 13 alte E-Mails gel&ouml;scht. (&Auml;lter als 2 Jahre)', 0),
(1360, '2023-08-02 00:45:08', 'Es wurden alte Produkthistorien-Eintr&auml;ge gel&ouml;scht. (&Auml;lter als 2 Jahre)', 0),
(1361, '2023-08-08 00:45:11', 'Es wurden 12 alte E-Mails gel&ouml;scht. (&Auml;lter als 2 Jahre)', 0),
(1362, '2023-08-09 00:45:09', 'Es wurden alte Produkthistorien-Eintr&auml;ge gel&ouml;scht. (&Auml;lter als 2 Jahre)', 0),
(1363, '2023-08-15 00:45:08', 'Es wurden 24 alte E-Mails gel&ouml;scht. (&Auml;lter als 2 Jahre)', 0),
(1364, '2023-08-16 00:45:10', 'Es wurden alte Produkthistorien-Eintr&auml;ge gel&ouml;scht. (&Auml;lter als 2 Jahre)', 0),
(1365, '2023-08-22 00:45:06', 'Es wurden 13 alte E-Mails gel&ouml;scht. (&Auml;lter als 2 Jahre)', 0),
(1366, '2023-08-23 00:45:06', 'Es wurden alte Produkthistorien-Eintr&auml;ge gel&ouml;scht. (&Auml;lter als 2 Jahre)', 0),
(1367, '2023-08-29 00:45:04', 'Es wurden 16 alte E-Mails gel&ouml;scht. (&Auml;lter als 2 Jahre)', 0),
(1368, '2023-08-30 00:45:06', 'Es wurden alte Produkthistorien-Eintr&auml;ge gel&ouml;scht. (&Auml;lter als 2 Jahre)', 0),
(1369, '2023-09-05 00:45:09', 'Es wurden 15 alte E-Mails gel&ouml;scht. (&Auml;lter als 2 Jahre)', 0),
(1370, '2023-09-06 00:45:09', 'Es wurden alte Produkthistorien-Eintr&auml;ge gel&ouml;scht. (&Auml;lter als 2 Jahre)', 0),
(1371, '2023-09-12 00:45:06', 'Es wurden 16 alte E-Mails gel&ouml;scht. (&Auml;lter als 2 Jahre)', 0),
(1372, '2023-09-13 00:45:08', 'Es wurden alte Produkthistorien-Eintr&auml;ge gel&ouml;scht. (&Auml;lter als 2 Jahre)', 0),
(1373, '2023-09-19 00:45:08', 'Es wurden 33 alte E-Mails gel&ouml;scht. (&Auml;lter als 2 Jahre)', 0),
(1374, '2023-09-20 00:45:05', 'Es wurden alte Produkthistorien-Eintr&auml;ge gel&ouml;scht. (&Auml;lter als 2 Jahre)', 0),
(1375, '2023-09-26 00:45:09', 'Es wurden 33 alte E-Mails gel&ouml;scht. (&Auml;lter als 2 Jahre)', 0),
(1376, '2023-09-27 00:45:08', 'Es wurden alte Produkthistorien-Eintr&auml;ge gel&ouml;scht. (&Auml;lter als 2 Jahre)', 0),
(1377, '2023-10-03 00:45:07', 'Es wurden 21 alte E-Mails gel&ouml;scht. (&Auml;lter als 2 Jahre)', 0),
(1378, '2023-10-04 00:45:04', 'Es wurden alte Produkthistorien-Eintr&auml;ge gel&ouml;scht. (&Auml;lter als 2 Jahre)', 0),
(1379, '2023-10-10 00:45:06', 'Es wurden 32 alte E-Mails gel&ouml;scht. (&Auml;lter als 2 Jahre)', 0),
(1380, '2023-10-11 00:45:04', 'Es wurden alte Produkthistorien-Eintr&auml;ge gel&ouml;scht. (&Auml;lter als 2 Jahre)', 0),
(1381, '2023-10-17 00:45:07', 'Es wurden 35 alte E-Mails gel&ouml;scht. (&Auml;lter als 2 Jahre)', 0),
(1382, '2023-10-18 00:45:06', 'Es wurden alte Produkthistorien-Eintr&auml;ge gel&ouml;scht. (&Auml;lter als 2 Jahre)', 0),
(1383, '2023-10-24 00:45:07', 'Es wurden 21 alte E-Mails gel&ouml;scht. (&Auml;lter als 2 Jahre)', 0),
(1384, '2023-10-25 00:45:07', 'Es wurden alte Produkthistorien-Eintr&auml;ge gel&ouml;scht. (&Auml;lter als 2 Jahre)', 0),
(1385, '2023-10-31 00:45:07', 'Es wurden 32 alte E-Mails gel&ouml;scht. (&Auml;lter als 2 Jahre)', 0),
(1386, '2023-11-01 00:45:06', 'Es wurden alte Produkthistorien-Eintr&auml;ge gel&ouml;scht. (&Auml;lter als 2 Jahre)', 0),
(1387, '2023-11-07 00:45:11', 'Es wurden 45 alte E-Mails gel&ouml;scht. (&Auml;lter als 2 Jahre)', 0),
(1388, '2023-11-08 00:45:04', 'Es wurden alte Produkthistorien-Eintr&auml;ge gel&ouml;scht. (&Auml;lter als 2 Jahre)', 0),
(1389, '2023-11-09 10:10:42', 'Es wurden 12 alte E-Mails gel&ouml;scht. (&Auml;lter als 2 Jahre)', 1),
(1390, '2023-11-09 10:10:57', 'Es wurden alte Produkthistorien-Eintr&auml;ge gel&ouml;scht. (&Auml;lter als 2 Jahre)', 1),
(1391, '2023-11-16 00:45:04', 'Es wurden alte Produkthistorien-Eintr&auml;ge gel&ouml;scht. (&Auml;lter als 2 Jahre)', 0),
(1392, '2023-11-16 05:10:02', 'Es wurden 87 alte E-Mails gel&ouml;scht. (&Auml;lter als 2 Jahre)', 0),
(1393, '2023-11-23 00:45:03', 'Es wurden alte Produkthistorien-Eintr&auml;ge gel&ouml;scht. (&Auml;lter als 2 Jahre)', 0),
(1394, '2023-11-23 05:10:02', 'Es wurden 93 alte E-Mails gel&ouml;scht. (&Auml;lter als 2 Jahre)', 0),
(1395, '2023-11-30 00:45:04', 'Es wurden alte Produkthistorien-Eintr&auml;ge gel&ouml;scht. (&Auml;lter als 2 Jahre)', 0),
(1396, '2023-11-30 05:10:02', 'Es wurden 148 alte E-Mails gel&ouml;scht. (&Auml;lter als 2 Jahre)', 0),
(1397, '2023-12-07 00:45:03', 'Es wurden alte Produkthistorien-Eintr&auml;ge gel&ouml;scht. (&Auml;lter als 2 Jahre)', 0),
(1398, '2023-12-07 05:10:02', 'Es wurden 163 alte E-Mails gel&ouml;scht. (&Auml;lter als 2 Jahre)', 0),
(1399, '2023-12-14 00:45:03', 'Es wurden alte Produkthistorien-Eintr&auml;ge gel&ouml;scht. (&Auml;lter als 2 Jahre)', 0),
(1400, '2023-12-14 05:10:02', 'Es wurden 158 alte E-Mails gel&ouml;scht. (&Auml;lter als 2 Jahre)', 0),
(1401, '2023-12-21 00:45:03', 'Es wurden alte Produkthistorien-Eintr&auml;ge gel&ouml;scht. (&Auml;lter als 2 Jahre)', 0),
(1402, '2023-12-21 05:10:02', 'Es wurden 148 alte E-Mails gel&ouml;scht. (&Auml;lter als 2 Jahre)', 0),
(1403, '2023-12-28 00:45:02', 'Es wurden alte Produkthistorien-Eintr&auml;ge gel&ouml;scht. (&Auml;lter als 2 Jahre)', 0),
(1404, '2023-12-28 05:10:02', 'Es wurden 44 alte E-Mails gel&ouml;scht. (&Auml;lter als 2 Jahre)', 0),
(1405, '2024-01-03 14:51:53', 'Konfiguration YES_BOXES = admin.php;best_sellers.php;categories_groups.php;categories_struct.php;content.php;infobox.php;information.php;languages.php;last_viewed.php;loginbox.php;manufacturers.php;marketing.php;newsletter.php;pop_cart.php;product_notifications.php;search.php;search_ean.php;shopping_cart.php;specials.php;whats_new.php;yesdsgvo.php', 1),
(1406, '2024-01-04 00:45:03', 'Es wurden alte Produkthistorien-Eintr&auml;ge gel&ouml;scht. (&Auml;lter als 2 Jahre)', 0),
(1407, '2024-01-04 05:10:01', 'Es wurden 51 alte E-Mails gel&ouml;scht. (&Auml;lter als 2 Jahre)', 0),
(1408, '2024-01-11 00:45:03', 'Es wurden alte Produkthistorien-Eintr&auml;ge gel&ouml;scht. (&Auml;lter als 2 Jahre)', 0),
(1409, '2024-01-11 05:10:02', 'Es wurden 62 alte E-Mails gel&ouml;scht. (&Auml;lter als 2 Jahre)', 0),
(1410, '2024-01-18 00:45:03', 'Es wurden alte Produkthistorien-Eintr&auml;ge gel&ouml;scht. (&Auml;lter als 2 Jahre)', 0),
(1411, '2024-01-18 05:10:01', 'Es wurden 21 alte E-Mails gel&ouml;scht. (&Auml;lter als 2 Jahre)', 0),
(1412, '2024-01-25 00:45:03', 'Es wurden alte Produkthistorien-Eintr&auml;ge gel&ouml;scht. (&Auml;lter als 2 Jahre)', 0),
(1413, '2024-01-25 05:10:02', 'Es wurden 41 alte E-Mails gel&ouml;scht. (&Auml;lter als 2 Jahre)', 0),
(1414, '2024-02-01 00:45:05', 'Es wurden alte Produkthistorien-Eintr&auml;ge gel&ouml;scht. (&Auml;lter als 2 Jahre)', 0),
(1415, '2024-02-01 05:10:02', 'Es wurden 31 alte E-Mails gel&ouml;scht. (&Auml;lter als 2 Jahre)', 0),
(1416, '2024-02-08 00:45:06', 'Es wurden alte Produkthistorien-Eintr&auml;ge gel&ouml;scht. (&Auml;lter als 2 Jahre)', 0),
(1417, '2024-02-08 05:10:03', 'Es wurden 52 alte E-Mails gel&ouml;scht. (&Auml;lter als 2 Jahre)', 0),
(1418, '2024-02-15 00:45:05', 'Es wurden alte Produkthistorien-Eintr&auml;ge gel&ouml;scht. (&Auml;lter als 2 Jahre)', 0),
(1419, '2024-02-15 05:10:03', 'Es wurden 13 alte E-Mails gel&ouml;scht. (&Auml;lter als 2 Jahre)', 0),
(1420, '2024-02-22 00:45:06', 'Es wurden alte Produkthistorien-Eintr&auml;ge gel&ouml;scht. (&Auml;lter als 2 Jahre)', 0),
(1421, '2024-02-22 05:10:03', 'Es wurden 47 alte E-Mails gel&ouml;scht. (&Auml;lter als 2 Jahre)', 0),
(1422, '2024-02-29 00:45:05', 'Es wurden alte Produkthistorien-Eintr&auml;ge gel&ouml;scht. (&Auml;lter als 2 Jahre)', 0),
(1423, '2024-02-29 05:10:03', 'Es wurden 23 alte E-Mails gel&ouml;scht. (&Auml;lter als 2 Jahre)', 0),
(1424, '2024-03-07 00:45:06', 'Es wurden alte Produkthistorien-Eintr&auml;ge gel&ouml;scht. (&Auml;lter als 2 Jahre)', 0),
(1425, '2024-03-07 05:10:02', 'Es wurden 19 alte E-Mails gel&ouml;scht. (&Auml;lter als 2 Jahre)', 0),
(1426, '2024-03-14 00:45:05', 'Es wurden alte Produkthistorien-Eintr&auml;ge gel&ouml;scht. (&Auml;lter als 2 Jahre)', 0),
(1427, '2024-03-14 05:10:02', 'Es wurden 12 alte E-Mails gel&ouml;scht. (&Auml;lter als 2 Jahre)', 0),
(1428, '2024-03-21 00:45:05', 'Es wurden alte Produkthistorien-Eintr&auml;ge gel&ouml;scht. (&Auml;lter als 2 Jahre)', 0),
(1429, '2024-03-21 05:10:03', 'Es wurden 13 alte E-Mails gel&ouml;scht. (&Auml;lter als 2 Jahre)', 0),
(1430, '2024-03-28 00:45:04', 'Es wurden alte Produkthistorien-Eintr&auml;ge gel&ouml;scht. (&Auml;lter als 2 Jahre)', 0),
(1431, '2024-03-28 05:10:03', 'Es wurden 4 alte E-Mails gel&ouml;scht. (&Auml;lter als 2 Jahre)', 0),
(1432, '2024-04-04 00:45:03', 'Es wurden alte Produkthistorien-Eintr&auml;ge gel&ouml;scht. (&Auml;lter als 2 Jahre)', 0),
(1433, '2024-04-04 05:10:02', 'Es wurden 13 alte E-Mails gel&ouml;scht. (&Auml;lter als 2 Jahre)', 0),
(1434, '2024-04-11 00:45:06', 'Es wurden alte Produkthistorien-Eintr&auml;ge gel&ouml;scht. (&Auml;lter als 2 Jahre)', 0),
(1435, '2024-04-11 05:10:02', 'Es wurden 11 alte E-Mails gel&ouml;scht. (&Auml;lter als 2 Jahre)', 0),
(1436, '2024-04-18 00:45:06', 'Es wurden alte Produkthistorien-Eintr&auml;ge gel&ouml;scht. (&Auml;lter als 2 Jahre)', 0),
(1437, '2024-04-18 05:10:02', 'Es wurden 5 alte E-Mails gel&ouml;scht. (&Auml;lter als 2 Jahre)', 0),
(1438, '2024-04-25 00:45:05', 'Es wurden alte Produkthistorien-Eintr&auml;ge gel&ouml;scht. (&Auml;lter als 2 Jahre)', 0),
(1439, '2024-04-25 05:10:02', 'Es wurden 12 alte E-Mails gel&ouml;scht. (&Auml;lter als 2 Jahre)', 0),
(1440, '2024-05-02 00:45:05', 'Es wurden alte Produkthistorien-Eintr&auml;ge gel&ouml;scht. (&Auml;lter als 2 Jahre)', 0),
(1441, '2024-05-02 05:10:02', 'Es wurden 16 alte E-Mails gel&ouml;scht. (&Auml;lter als 2 Jahre)', 0),
(1442, '2024-05-09 00:45:05', 'Es wurden alte Produkthistorien-Eintr&auml;ge gel&ouml;scht. (&Auml;lter als 2 Jahre)', 0),
(1443, '2024-05-09 05:10:02', 'Es wurden 5 alte E-Mails gel&ouml;scht. (&Auml;lter als 2 Jahre)', 0),
(1444, '2024-05-16 00:45:05', 'Es wurden alte Produkthistorien-Eintr&auml;ge gel&ouml;scht. (&Auml;lter als 2 Jahre)', 0),
(1445, '2024-05-16 05:10:02', 'Es wurden 11 alte E-Mails gel&ouml;scht. (&Auml;lter als 2 Jahre)', 0),
(1446, '2024-05-23 00:45:05', 'Es wurden alte Produkthistorien-Eintr&auml;ge gel&ouml;scht. (&Auml;lter als 2 Jahre)', 0),
(1447, '2024-05-23 05:10:02', 'Es wurden 5 alte E-Mails gel&ouml;scht. (&Auml;lter als 2 Jahre)', 0),
(1448, '2024-05-30 00:45:06', 'Es wurden alte Produkthistorien-Eintr&auml;ge gel&ouml;scht. (&Auml;lter als 2 Jahre)', 0),
(1449, '2024-05-30 05:10:02', 'Es wurden 3 alte E-Mails gel&ouml;scht. (&Auml;lter als 2 Jahre)', 0),
(1450, '2024-06-06 00:45:03', 'Es wurden alte Produkthistorien-Eintr&auml;ge gel&ouml;scht. (&Auml;lter als 2 Jahre)', 0),
(1451, '2024-06-06 05:10:03', 'Es wurden 6 alte E-Mails gel&ouml;scht. (&Auml;lter als 2 Jahre)', 0),
(1452, '2024-06-13 00:45:06', 'Es wurden alte Produkthistorien-Eintr&auml;ge gel&ouml;scht. (&Auml;lter als 2 Jahre)', 0),
(1453, '2024-06-13 05:10:02', 'Es wurden 9 alte E-Mails gel&ouml;scht. (&Auml;lter als 2 Jahre)', 0),
(1454, '2024-06-20 00:45:04', 'Es wurden alte Produkthistorien-Eintr&auml;ge gel&ouml;scht. (&Auml;lter als 2 Jahre)', 0),
(1455, '2024-06-20 05:10:02', 'Es wurden 2 alte E-Mails gel&ouml;scht. (&Auml;lter als 2 Jahre)', 0),
(1456, '2024-06-27 00:45:05', 'Es wurden alte Produkthistorien-Eintr&auml;ge gel&ouml;scht. (&Auml;lter als 2 Jahre)', 0),
(1457, '2024-06-27 05:10:03', 'Es wurden 2 alte E-Mails gel&ouml;scht. (&Auml;lter als 2 Jahre)', 0),
(1458, '2024-07-04 00:45:05', 'Es wurden alte Produkthistorien-Eintr&auml;ge gel&ouml;scht. (&Auml;lter als 2 Jahre)', 0),
(1459, '2024-07-04 05:10:03', 'Es wurden 8 alte E-Mails gel&ouml;scht. (&Auml;lter als 2 Jahre)', 0),
(1460, '2024-07-11 00:45:06', 'Es wurden alte Produkthistorien-Eintr&auml;ge gel&ouml;scht. (&Auml;lter als 2 Jahre)', 0),
(1461, '2024-07-11 05:10:03', 'Es wurden 7 alte E-Mails gel&ouml;scht. (&Auml;lter als 2 Jahre)', 0),
(1462, '2024-07-18 00:45:05', 'Es wurden alte Produkthistorien-Eintr&auml;ge gel&ouml;scht. (&Auml;lter als 2 Jahre)', 0),
(1463, '2024-07-18 05:10:02', 'Es wurden 3 alte E-Mails gel&ouml;scht. (&Auml;lter als 2 Jahre)', 0),
(1464, '2024-07-25 00:45:05', 'Es wurden alte Produkthistorien-Eintr&auml;ge gel&ouml;scht. (&Auml;lter als 2 Jahre)', 0),
(1465, '2024-07-25 05:10:02', 'Es wurden 6 alte E-Mails gel&ouml;scht. (&Auml;lter als 2 Jahre)', 0),
(1466, '2024-07-30 20:27:40', 'Konfiguration DHL_VERSENDEN_APPLICATION_ID = yes4trade_1', 1),
(1467, '2024-07-30 20:27:54', 'Konfiguration DHL_VERSENDEN_APPLICATION_TOKEN = B2Fipi7JKS7Zkzb6JOf163BiBsNdOk', 1),
(1468, '2024-08-01 00:45:05', 'Es wurden alte Produkthistorien-Eintr&auml;ge gel&ouml;scht. (&Auml;lter als 2 Jahre)', 0),
(1469, '2024-08-01 05:10:02', 'Es wurden 1 alte E-Mails gel&ouml;scht. (&Auml;lter als 2 Jahre)', 0),
(1470, '2024-08-08 00:45:04', 'Es wurden alte Produkthistorien-Eintr&auml;ge gel&ouml;scht. (&Auml;lter als 2 Jahre)', 0),
(1471, '2024-08-08 05:10:03', 'Es wurden 9 alte E-Mails gel&ouml;scht. (&Auml;lter als 2 Jahre)', 0),
(1472, '2024-08-15 00:45:06', 'Es wurden alte Produkthistorien-Eintr&auml;ge gel&ouml;scht. (&Auml;lter als 2 Jahre)', 0),
(1473, '2024-08-15 05:10:03', 'Es wurden 10 alte E-Mails gel&ouml;scht. (&Auml;lter als 2 Jahre)', 0),
(1474, '2024-08-22 00:45:06', 'Es wurden alte Produkthistorien-Eintr&auml;ge gel&ouml;scht. (&Auml;lter als 2 Jahre)', 0),
(1475, '2024-08-22 05:10:02', 'Es wurden 10 alte E-Mails gel&ouml;scht. (&Auml;lter als 2 Jahre)', 0),
(1476, '2024-08-29 00:45:04', 'Es wurden alte Produkthistorien-Eintr&auml;ge gel&ouml;scht. (&Auml;lter als 2 Jahre)', 0),
(1477, '2024-08-29 05:10:02', 'Es wurden 7 alte E-Mails gel&ouml;scht. (&Auml;lter als 2 Jahre)', 0),
(1478, '2024-09-05 00:45:05', 'Es wurden alte Produkthistorien-Eintr&auml;ge gel&ouml;scht. (&Auml;lter als 2 Jahre)', 0),
(1479, '2024-09-05 05:10:02', 'Es wurden 9 alte E-Mails gel&ouml;scht. (&Auml;lter als 2 Jahre)', 0),
(1480, '2024-09-12 00:45:06', 'Es wurden alte Produkthistorien-Eintr&auml;ge gel&ouml;scht. (&Auml;lter als 2 Jahre)', 0),
(1481, '2024-09-12 05:10:02', 'Es wurden 8 alte E-Mails gel&ouml;scht. (&Auml;lter als 2 Jahre)', 0),
(1482, '2024-09-19 00:45:06', 'Es wurden alte Produkthistorien-Eintr&auml;ge gel&ouml;scht. (&Auml;lter als 2 Jahre)', 0),
(1483, '2024-09-19 05:10:03', 'Es wurden 10 alte E-Mails gel&ouml;scht. (&Auml;lter als 2 Jahre)', 0),
(1484, '2024-09-26 00:45:06', 'Es wurden alte Produkthistorien-Eintr&auml;ge gel&ouml;scht. (&Auml;lter als 2 Jahre)', 0),
(1485, '2024-09-26 05:10:02', 'Es wurden 8 alte E-Mails gel&ouml;scht. (&Auml;lter als 2 Jahre)', 0),
(1486, '2024-10-03 00:45:06', 'Es wurden alte Produkthistorien-Eintr&auml;ge gel&ouml;scht. (&Auml;lter als 2 Jahre)', 0),
(1487, '2024-10-03 05:10:03', 'Es wurden 16 alte E-Mails gel&ouml;scht. (&Auml;lter als 2 Jahre)', 0),
(1488, '2024-10-10 00:45:06', 'Es wurden alte Produkthistorien-Eintr&auml;ge gel&ouml;scht. (&Auml;lter als 2 Jahre)', 0),
(1489, '2024-10-10 05:10:03', 'Es wurden 12 alte E-Mails gel&ouml;scht. (&Auml;lter als 2 Jahre)', 0),
(1490, '2024-10-17 00:45:05', 'Es wurden alte Produkthistorien-Eintr&auml;ge gel&ouml;scht. (&Auml;lter als 2 Jahre)', 0),
(1491, '2024-10-17 05:10:02', 'Es wurden 6 alte E-Mails gel&ouml;scht. (&Auml;lter als 2 Jahre)', 0),
(1492, '2024-10-24 00:45:05', 'Es wurden alte Produkthistorien-Eintr&auml;ge gel&ouml;scht. (&Auml;lter als 2 Jahre)', 0),
(1493, '2024-10-24 05:10:03', 'Es wurden 20 alte E-Mails gel&ouml;scht. (&Auml;lter als 2 Jahre)', 0),
(1494, '2024-10-31 00:45:06', 'Es wurden alte Produkthistorien-Eintr&auml;ge gel&ouml;scht. (&Auml;lter als 2 Jahre)', 0),
(1495, '2024-10-31 05:10:02', 'Es wurden 17 alte E-Mails gel&ouml;scht. (&Auml;lter als 2 Jahre)', 0),
(1496, '2024-11-07 00:45:07', 'Es wurden alte Produkthistorien-Eintr&auml;ge gel&ouml;scht. (&Auml;lter als 2 Jahre)', 0),
(1497, '2024-11-07 05:10:03', 'Es wurden 25 alte E-Mails gel&ouml;scht. (&Auml;lter als 2 Jahre)', 0),
(1498, '2024-11-14 00:45:06', 'Es wurden alte Produkthistorien-Eintr&auml;ge gel&ouml;scht. (&Auml;lter als 2 Jahre)', 0),
(1499, '2024-11-14 05:10:02', 'Es wurden 28 alte E-Mails gel&ouml;scht. (&Auml;lter als 2 Jahre)', 0),
(1500, '2024-11-21 00:45:06', 'Es wurden alte Produkthistorien-Eintr&auml;ge gel&ouml;scht. (&Auml;lter als 2 Jahre)', 0),
(1501, '2024-11-21 05:10:03', 'Es wurden 19 alte E-Mails gel&ouml;scht. (&Auml;lter als 2 Jahre)', 0),
(1502, '2024-11-28 00:45:05', 'Es wurden alte Produkthistorien-Eintr&auml;ge gel&ouml;scht. (&Auml;lter als 2 Jahre)', 0),
(1503, '2024-11-28 05:10:04', 'Es wurden 41 alte E-Mails gel&ouml;scht. (&Auml;lter als 2 Jahre)', 0),
(1504, '2024-12-05 00:45:05', 'Es wurden alte Produkthistorien-Eintr&auml;ge gel&ouml;scht. (&Auml;lter als 2 Jahre)', 0),
(1505, '2024-12-05 05:10:04', 'Es wurden 87 alte E-Mails gel&ouml;scht. (&Auml;lter als 2 Jahre)', 0),
(1506, '2024-12-12 00:45:05', 'Es wurden alte Produkthistorien-Eintr&auml;ge gel&ouml;scht. (&Auml;lter als 2 Jahre)', 0),
(1507, '2024-12-12 05:10:03', 'Es wurden 78 alte E-Mails gel&ouml;scht. (&Auml;lter als 2 Jahre)', 0),
(1508, '2024-12-19 00:45:04', 'Es wurden alte Produkthistorien-Eintr&auml;ge gel&ouml;scht. (&Auml;lter als 2 Jahre)', 0),
(1509, '2024-12-19 05:10:04', 'Es wurden 91 alte E-Mails gel&ouml;scht. (&Auml;lter als 2 Jahre)', 0),
(1510, '2024-12-26 00:45:06', 'Es wurden alte Produkthistorien-Eintr&auml;ge gel&ouml;scht. (&Auml;lter als 2 Jahre)', 0),
(1511, '2024-12-26 05:10:04', 'Es wurden 32 alte E-Mails gel&ouml;scht. (&Auml;lter als 2 Jahre)', 0),
(1512, '2025-01-02 00:45:06', 'Es wurden alte Produkthistorien-Eintr&auml;ge gel&ouml;scht. (&Auml;lter als 2 Jahre)', 0),
(1513, '2025-01-02 05:10:04', 'Es wurden 30 alte E-Mails gel&ouml;scht. (&Auml;lter als 2 Jahre)', 0),
(1514, '2025-01-09 00:45:07', 'Es wurden alte Produkthistorien-Eintr&auml;ge gel&ouml;scht. (&Auml;lter als 2 Jahre)', 0),
(1515, '2025-01-09 05:10:04', 'Es wurden 18 alte E-Mails gel&ouml;scht. (&Auml;lter als 2 Jahre)', 0),
(1516, '2025-01-16 00:45:05', 'Es wurden alte Produkthistorien-Eintr&auml;ge gel&ouml;scht. (&Auml;lter als 2 Jahre)', 0),
(1517, '2025-01-16 05:10:04', 'Es wurden 21 alte E-Mails gel&ouml;scht. (&Auml;lter als 2 Jahre)', 0),
(1518, '2025-01-23 00:45:05', 'Es wurden alte Produkthistorien-Eintr&auml;ge gel&ouml;scht. (&Auml;lter als 2 Jahre)', 0),
(1519, '2025-01-23 05:10:02', 'Es wurden 25 alte E-Mails gel&ouml;scht. (&Auml;lter als 2 Jahre)', 0),
(1520, '2025-01-30 00:45:05', 'Es wurden alte Produkthistorien-Eintr&auml;ge gel&ouml;scht. (&Auml;lter als 2 Jahre)', 0),
(1521, '2025-01-30 05:10:04', 'Es wurden 16 alte E-Mails gel&ouml;scht. (&Auml;lter als 2 Jahre)', 0),
(1522, '2025-02-06 00:45:05', 'Es wurden alte Produkthistorien-Eintr&auml;ge gel&ouml;scht. (&Auml;lter als 2 Jahre)', 0),
(1523, '2025-02-06 05:10:04', 'Es wurden 20 alte E-Mails gel&ouml;scht. (&Auml;lter als 2 Jahre)', 0),
(1524, '2025-02-07 14:58:45', 'Kundengruppen Konfiguration DHL Schadensrechnung:<br />customers_status_name = DHL Schadensrechnung<br />customers_status_public = 0<br />customers_status_show_price = 0<br />customers_status_show_price_tax = 0<br />customers_status_discount = <br />customers_status_ot_discount_flag = 0<br />customers_status_ot_discount = <br />customers_status_graduated_prices = 0<br />customers_status_add_tax_ot = 0<br />customers_status_payment_unallowed = <br />customers_status_shipping_unallowed = <br />customers_status_payment_target = 0<br />customers_status_skonto = <br />customers_status_default_admin_paymentmethod = <br />customers_status_delivery_conditions = <br />export_note_text = <br />export_note = 0<br />customers_fsk18 = 0<br />customers_fsk18_display = 0<br />customers_status_discount_attributes = <br />account_value_alert_status = 0<br />account_value_alert_limit = <br />sort_order = 0<br />customers_status_id = 11<br />language_id = 2<br />', 5000),
(1525, '2025-02-13 00:45:05', 'Es wurden alte Produkthistorien-Eintr&auml;ge gel&ouml;scht. (&Auml;lter als 2 Jahre)', 0),
(1526, '2025-02-13 05:10:03', 'Es wurden 19 alte E-Mails gel&ouml;scht. (&Auml;lter als 2 Jahre)', 0),
(1527, '2025-02-20 00:45:06', 'Es wurden alte Produkthistorien-Eintr&auml;ge gel&ouml;scht. (&Auml;lter als 2 Jahre)', 0),
(1528, '2025-02-20 05:10:03', 'Es wurden 12 alte E-Mails gel&ouml;scht. (&Auml;lter als 2 Jahre)', 0),
(1529, '2025-02-27 00:45:05', 'Es wurden alte Produkthistorien-Eintr&auml;ge gel&ouml;scht. (&Auml;lter als 2 Jahre)', 0),
(1530, '2025-02-27 05:10:04', 'Es wurden 11 alte E-Mails gel&ouml;scht. (&Auml;lter als 2 Jahre)', 0),
(1531, '2025-03-06 00:45:06', 'Es wurden alte Produkthistorien-Eintr&auml;ge gel&ouml;scht. (&Auml;lter als 2 Jahre)', 0),
(1532, '2025-03-06 05:10:04', 'Es wurden 18 alte E-Mails gel&ouml;scht. (&Auml;lter als 2 Jahre)', 0),
(1533, '2025-03-13 00:45:07', 'Es wurden alte Produkthistorien-Eintr&auml;ge gel&ouml;scht. (&Auml;lter als 2 Jahre)', 0),
(1534, '2025-03-13 05:10:04', 'Es wurden 12 alte E-Mails gel&ouml;scht. (&Auml;lter als 2 Jahre)', 0),
(1535, '2025-03-20 00:45:07', 'Es wurden alte Produkthistorien-Eintr&auml;ge gel&ouml;scht. (&Auml;lter als 2 Jahre)', 0),
(1536, '2025-03-20 05:10:04', 'Es wurden 10 alte E-Mails gel&ouml;scht. (&Auml;lter als 2 Jahre)', 0),
(1537, '2025-03-27 00:45:05', 'Es wurden alte Produkthistorien-Eintr&auml;ge gel&ouml;scht. (&Auml;lter als 2 Jahre)', 0),
(1538, '2025-03-27 05:10:04', 'Es wurden 22 alte E-Mails gel&ouml;scht. (&Auml;lter als 2 Jahre)', 0),
(1539, '2025-04-03 00:45:06', 'Es wurden alte Produkthistorien-Eintr&auml;ge gel&ouml;scht. (&Auml;lter als 2 Jahre)', 0),
(1540, '2025-04-03 05:10:05', 'Es wurden 13 alte E-Mails gel&ouml;scht. (&Auml;lter als 2 Jahre)', 0),
(1541, '2025-04-10 00:45:07', 'Es wurden alte Produkthistorien-Eintr&auml;ge gel&ouml;scht. (&Auml;lter als 2 Jahre)', 0),
(1542, '2025-04-10 05:10:04', 'Es wurden 6 alte E-Mails gel&ouml;scht. (&Auml;lter als 2 Jahre)', 0),
(1543, '2025-04-17 00:45:06', 'Es wurden alte Produkthistorien-Eintr&auml;ge gel&ouml;scht. (&Auml;lter als 2 Jahre)', 0),
(1544, '2025-04-17 05:10:05', 'Es wurden 15 alte E-Mails gel&ouml;scht. (&Auml;lter als 2 Jahre)', 0),
(1545, '2025-04-24 00:45:07', 'Es wurden alte Produkthistorien-Eintr&auml;ge gel&ouml;scht. (&Auml;lter als 2 Jahre)', 0),
(1546, '2025-04-24 05:10:04', 'Es wurden 14 alte E-Mails gel&ouml;scht. (&Auml;lter als 2 Jahre)', 0),
(1547, '2025-05-01 00:45:07', 'Es wurden alte Produkthistorien-Eintr&auml;ge gel&ouml;scht. (&Auml;lter als 2 Jahre)', 0),
(1548, '2025-05-01 05:10:04', 'Es wurden 5 alte E-Mails gel&ouml;scht. (&Auml;lter als 2 Jahre)', 0),
(1549, '2025-05-08 00:45:07', 'Es wurden alte Produkthistorien-Eintr&auml;ge gel&ouml;scht. (&Auml;lter als 2 Jahre)', 0),
(1550, '2025-05-08 05:10:04', 'Es wurden 5 alte E-Mails gel&ouml;scht. (&Auml;lter als 2 Jahre)', 0),
(1551, '2025-05-15 00:45:07', 'Es wurden alte Produkthistorien-Eintr&auml;ge gel&ouml;scht. (&Auml;lter als 2 Jahre)', 0),
(1552, '2025-05-15 05:10:04', 'Es wurden 18 alte E-Mails gel&ouml;scht. (&Auml;lter als 2 Jahre)', 0),
(1553, '2025-05-22 00:45:07', 'Es wurden alte Produkthistorien-Eintr&auml;ge gel&ouml;scht. (&Auml;lter als 2 Jahre)', 0),
(1554, '2025-05-22 05:10:04', 'Es wurden 6 alte E-Mails gel&ouml;scht. (&Auml;lter als 2 Jahre)', 0),
(1555, '2025-05-22 12:36:18', 'Kundengruppen Konfiguration Gast:<br />customers_status_name = Gast<br />customers_status_public = 1<br />customers_status_show_price = 1<br />customers_status_show_price_tax = 1<br />customers_status_discount = 0.00<br />customers_status_ot_discount_flag = 0<br />customers_status_ot_discount = 0.00<br />customers_status_graduated_prices = 0<br />customers_status_add_tax_ot = 1<br />customers_status_payment_unallowed = invoice<br />customers_status_shipping_unallowed = <br />customers_status_payment_target = 0<br />customers_status_skonto = <br />customers_status_default_admin_paymentmethod = <br />customers_status_delivery_conditions = <br />export_note_text = <br />export_note = 0<br />customers_fsk18 = 1<br />customers_fsk18_display = 1<br />customers_status_discount_attributes = <br />account_value_alert_status = 0<br />account_value_alert_limit = 0<br />sort_order = 0<br />', 1);
